File: /var/www/vhosts/amphoragames.com/logs/access_ssl_log.webstat
216.73.216.131 - - [06/Nov/2025:06:27:36 +0000] "GET /tag/juego-del-espacio HTTP/1.1" 301 3639 "-" "Mozilla/5.0 AppleWebKit/537.36 (KHTML, like Gecko; compatible; ClaudeBot/1.0; +claudebot@anthropic.com)"
216.73.216.131 - - [06/Nov/2025:06:27:37 +0000] "GET /tag/juego-del-espacio/ HTTP/1.1" 200 16980 "https://www.amphoragames.com/tag/juego-del-espacio" "Mozilla/5.0 AppleWebKit/537.36 (KHTML, like Gecko; compatible; ClaudeBot/1.0; +claudebot@anthropic.com)"
194.164.62.186 - - [06/Nov/2025:06:28:27 +0000] "POST /wp-cron.php?doing_wp_cron=1762410507.6890699863433837890625 HTTP/1.1" 200 3647 "-" "WordPress/6.8.3; https://www.amphoragames.com"
40.77.167.123 - - [06/Nov/2025:06:28:27 +0000] "GET /entity/896531353.shtm HTTP/1.1" 404 33606 "-" "Mozilla/5.0 AppleWebKit/537.36 (KHTML, like Gecko; compatible; bingbot/2.0; +http://www.bing.com/bingbot.htm) Chrome/116.0.1938.76 Safari/537.36"
40.77.167.123 - - [06/Nov/2025:06:29:06 +0000] "GET /entity/1352305429.shtm HTTP/1.1" 404 33610 "-" "Mozilla/5.0 AppleWebKit/537.36 (KHTML, like Gecko; compatible; bingbot/2.0; +http://www.bing.com/bingbot.htm) Chrome/116.0.1938.76 Safari/537.36"
194.164.62.186 - - [06/Nov/2025:06:29:13 +0000] "POST /wp-cron.php?doing_wp_cron=1762410553.3735969066619873046875 HTTP/1.1" 200 3647 "-" "WordPress/6.8.3; https://www.amphoragames.com"
114.119.142.186 - - [06/Nov/2025:06:29:13 +0000] "GET /img-20180420-wa0034/ HTTP/1.1" 200 12388 "https://www.amphoragames.com/img-20180420-wa0034/" "Mozilla/5.0 (Linux; Android 7.0;) AppleWebKit/537.36 (KHTML, like Gecko) Mobile Safari/537.36 (compatible; PetalBot;+https://webmaster.petalsearch.com/site/petalbot)"
52.167.144.158 - - [06/Nov/2025:06:29:24 +0000] "GET /entity/1197256708.shtm HTTP/1.1" 404 33610 "-" "Mozilla/5.0 AppleWebKit/537.36 (KHTML, like Gecko; compatible; bingbot/2.0; +http://www.bing.com/bingbot.htm) Chrome/116.0.1938.76 Safari/537.36"
66.249.79.37 - - [06/Nov/2025:06:29:41 +0000] "GET /contacto HTTP/1.1" 301 3640 "-" "Mozilla/5.0 (Linux; Android 6.0.1; Nexus 5X Build/MMB29P) AppleWebKit/537.36 (KHTML, like Gecko) Chrome/141.0.7390.122 Mobile Safari/537.36 (compatible; Googlebot/2.1; +http://www.google.com/bot.html)"
66.249.79.37 - - [06/Nov/2025:06:29:44 +0000] "GET /contacta HTTP/1.1" 301 495 "-" "Mozilla/5.0 (Linux; Android 6.0.1; Nexus 5X Build/MMB29P) AppleWebKit/537.36 (KHTML, like Gecko) Chrome/141.0.7390.122 Mobile Safari/537.36 (compatible; Googlebot/2.1; +http://www.google.com/bot.html)"
194.164.62.186 - - [06/Nov/2025:06:30:17 +0000] "POST /wp-cron.php?doing_wp_cron=1762410617.4107511043548583984375 HTTP/1.1" 200 3647 "-" "WordPress/6.8.3; https://www.amphoragames.com"
52.167.144.171 - - [06/Nov/2025:06:30:17 +0000] "GET /entity/1014205520.shtm HTTP/1.1" 404 33610 "-" "Mozilla/5.0 AppleWebKit/537.36 (KHTML, like Gecko; compatible; bingbot/2.0; +http://www.bing.com/bingbot.htm) Chrome/116.0.1938.76 Safari/537.36"
52.167.144.171 - - [06/Nov/2025:06:30:27 +0000] "GET /entity/469646557.shtm HTTP/1.1" 404 33606 "-" "Mozilla/5.0 AppleWebKit/537.36 (KHTML, like Gecko; compatible; bingbot/2.0; +http://www.bing.com/bingbot.htm) Chrome/116.0.1938.76 Safari/537.36"
194.164.62.186 - - [06/Nov/2025:06:31:13 +0000] "POST /wp-cron.php?doing_wp_cron=1762410673.4073460102081298828125 HTTP/1.1" 200 3647 "-" "WordPress/6.8.3; https://www.amphoragames.com"
66.249.79.37 - - [06/Nov/2025:06:31:13 +0000] "GET /entity/51155445.shtm HTTP/1.1" 301 3813 "-" "Mozilla/5.0 (Linux; Android 6.0.1; Nexus 5X Build/MMB29P) AppleWebKit/537.36 (KHTML, like Gecko) Chrome/141.0.7390.122 Mobile Safari/537.36 (compatible; GoogleOther)"
52.167.144.171 - - [06/Nov/2025:06:31:26 +0000] "GET /entity/1345784549.shtm HTTP/1.1" 404 33610 "-" "Mozilla/5.0 AppleWebKit/537.36 (KHTML, like Gecko; compatible; bingbot/2.0; +http://www.bing.com/bingbot.htm) Chrome/116.0.1938.76 Safari/537.36"
3.83.76.234 - - [06/Nov/2025:06:31:31 +0000] "GET /2016/07/27/jornadas-de-testeo-en-algeciras/dsc_0604/ HTTP/1.1" 200 40544 "-" "TerraCotta https://github.com/CeramicTeam/CeramicTerracotta"
40.77.167.123 - - [06/Nov/2025:06:31:36 +0000] "GET /entity/30938363.shtm HTTP/1.1" 404 33602 "-" "Mozilla/5.0 AppleWebKit/537.36 (KHTML, like Gecko; compatible; bingbot/2.0; +http://www.bing.com/bingbot.htm) Chrome/116.0.1938.76 Safari/537.36"
66.249.79.37 - - [06/Nov/2025:06:31:44 +0000] "GET /entity/595796221.shtm HTTP/1.1" 301 3813 "-" "Mozilla/5.0 (Linux; Android 6.0.1; Nexus 5X Build/MMB29P) AppleWebKit/537.36 (KHTML, like Gecko) Chrome/141.0.7390.122 Mobile Safari/537.36 (compatible; Googlebot/2.1; +http://www.google.com/bot.html)"
52.167.144.158 - - [06/Nov/2025:06:32:04 +0000] "GET /entity/1231914365.shtm HTTP/1.1" 404 33610 "-" "Mozilla/5.0 AppleWebKit/537.36 (KHTML, like Gecko; compatible; bingbot/2.0; +http://www.bing.com/bingbot.htm) Chrome/116.0.1938.76 Safari/537.36"
194.164.62.186 - - [06/Nov/2025:06:32:31 +0000] "POST /wp-cron.php?doing_wp_cron=1762410751.4265460968017578125000 HTTP/1.1" 200 3647 "-" "WordPress/6.8.3; https://www.amphoragames.com"
57.141.0.2 - - [06/Nov/2025:06:32:31 +0000] "GET /sitemap-child-1323.xml HTTP/1.1" 404 33572 "-" "meta-externalagent/1.1 (+https://developers.facebook.com/docs/sharing/webmasters/crawler)"
57.141.0.59 - - [06/Nov/2025:06:32:35 +0000] "GET /sitemap-child-1720.xml HTTP/1.1" 404 33572 "-" "meta-externalagent/1.1 (+https://developers.facebook.com/docs/sharing/webmasters/crawler)"
114.119.142.126 - - [06/Nov/2025:06:32:40 +0000] "GET /20170430_113702 HTTP/1.1" 301 3637 "-" "Mozilla/5.0 (Linux; Android 7.0;) AppleWebKit/537.36 (KHTML, like Gecko) Mobile Safari/537.36 (compatible; PetalBot;+https://webmaster.petalsearch.com/site/petalbot)"
114.119.142.126 - - [06/Nov/2025:06:32:41 +0000] "GET /20170430_113702/ HTTP/1.1" 200 12768 "-" "Mozilla/5.0 (Linux; Android 7.0;) AppleWebKit/537.36 (KHTML, like Gecko) Mobile Safari/537.36 (compatible; PetalBot;+https://webmaster.petalsearch.com/site/petalbot)"
66.249.79.33 - - [06/Nov/2025:06:32:45 +0000] "GET /entity/1116471201.shtm HTTP/1.1" 301 3813 "-" "Mozilla/5.0 (Linux; Android 6.0.1; Nexus 5X Build/MMB29P) AppleWebKit/537.36 (KHTML, like Gecko) Chrome/141.0.7390.122 Mobile Safari/537.36 (compatible; Googlebot/2.1; +http://www.google.com/bot.html)"
52.167.144.171 - - [06/Nov/2025:06:32:55 +0000] "GET /entity/1262219981.shtm HTTP/1.1" 404 33610 "-" "Mozilla/5.0 AppleWebKit/537.36 (KHTML, like Gecko; compatible; bingbot/2.0; +http://www.bing.com/bingbot.htm) Chrome/116.0.1938.76 Safari/537.36"
194.164.62.186 - - [06/Nov/2025:06:33:12 +0000] "POST /wp-cron.php?doing_wp_cron=1762410792.1247770786285400390625 HTTP/1.1" 200 3647 "-" "WordPress/6.8.3; https://www.amphoragames.com"
216.73.216.131 - - [06/Nov/2025:06:33:11 +0000] "GET /?p=196 HTTP/1.1" 301 3741 "-" "Mozilla/5.0 AppleWebKit/537.36 (KHTML, like Gecko; compatible; ClaudeBot/1.0; +claudebot@anthropic.com)"
216.73.216.131 - - [06/Nov/2025:06:33:12 +0000] "GET /2016/07/21/probamos-los-juegos-pentaurus-con-los-amigos-de-mueve-ficha/ HTTP/1.1" 200 11623 "https://www.amphoragames.com/?p=196" "Mozilla/5.0 AppleWebKit/537.36 (KHTML, like Gecko; compatible; ClaudeBot/1.0; +claudebot@anthropic.com)"
52.167.144.158 - - [06/Nov/2025:06:33:14 +0000] "GET /entity/1469125731.shtm HTTP/1.1" 404 33610 "-" "Mozilla/5.0 AppleWebKit/537.36 (KHTML, like Gecko; compatible; bingbot/2.0; +http://www.bing.com/bingbot.htm) Chrome/116.0.1938.76 Safari/537.36"
216.73.216.131 - - [06/Nov/2025:06:33:14 +0000] "GET /2016/07/21/probamos-los-juegos-pentaurus-con-los-amigos-de-mueve-ficha/feed HTTP/1.1" 301 512 "-" "Mozilla/5.0 AppleWebKit/537.36 (KHTML, like Gecko; compatible; ClaudeBot/1.0; +claudebot@anthropic.com)"
216.73.216.131 - - [06/Nov/2025:06:33:14 +0000] "GET /2016/07/21/probamos-los-juegos-pentaurus-con-los-amigos-de-mueve-ficha/feed/ HTTP/1.1" 200 1193 "https://www.amphoragames.com/2016/07/21/probamos-los-juegos-pentaurus-con-los-amigos-de-mueve-ficha/feed" "Mozilla/5.0 AppleWebKit/537.36 (KHTML, like Gecko; compatible; ClaudeBot/1.0; +claudebot@anthropic.com)"
52.167.144.171 - - [06/Nov/2025:06:33:18 +0000] "GET /entity/1420163581.shtm HTTP/1.1" 404 33610 "-" "Mozilla/5.0 AppleWebKit/537.36 (KHTML, like Gecko; compatible; bingbot/2.0; +http://www.bing.com/bingbot.htm) Chrome/116.0.1938.76 Safari/537.36"
52.167.144.158 - - [06/Nov/2025:06:33:25 +0000] "GET /entity/330607387.shtm HTTP/1.1" 404 33606 "-" "Mozilla/5.0 AppleWebKit/537.36 (KHTML, like Gecko; compatible; bingbot/2.0; +http://www.bing.com/bingbot.htm) Chrome/116.0.1938.76 Safari/537.36"
40.77.167.123 - - [06/Nov/2025:06:33:46 +0000] "GET /entity/1298086629.shtm HTTP/1.1" 404 33610 "-" "Mozilla/5.0 AppleWebKit/537.36 (KHTML, like Gecko; compatible; bingbot/2.0; +http://www.bing.com/bingbot.htm) Chrome/116.0.1938.76 Safari/537.36"
66.249.79.37 - - [06/Nov/2025:06:33:46 +0000] "GET /entity/985215038.shtm HTTP/1.1" 301 3813 "-" "Mozilla/5.0 (Linux; Android 6.0.1; Nexus 5X Build/MMB29P) AppleWebKit/537.36 (KHTML, like Gecko) Chrome/141.0.7390.122 Mobile Safari/537.36 (compatible; Googlebot/2.1; +http://www.google.com/bot.html)"
216.73.216.131 - - [06/Nov/2025:06:33:55 +0000] "GET /?p=2254 HTTP/1.1" 301 3842 "-" "Mozilla/5.0 AppleWebKit/537.36 (KHTML, like Gecko; compatible; ClaudeBot/1.0; +claudebot@anthropic.com)"
216.73.216.131 - - [06/Nov/2025:06:33:56 +0000] "GET /videojuegos/javierfue_generate_a_screenshot_showcasing_the_entire_100x100_t_fa7cf2ff-081a-4d9a-b05d-ac0c5053fe20/ HTTP/1.1" 200 8696 "https://www.amphoragames.com/?p=2254" "Mozilla/5.0 AppleWebKit/537.36 (KHTML, like Gecko; compatible; ClaudeBot/1.0; +claudebot@anthropic.com)"
194.164.62.186 - - [06/Nov/2025:06:35:07 +0000] "POST /wp-cron.php?doing_wp_cron=1762410907.0282011032104492187500 HTTP/1.1" 200 3647 "-" "WordPress/6.8.3; https://www.amphoragames.com"
40.77.167.123 - - [06/Nov/2025:06:35:06 +0000] "GET /entity/567435868.shtm HTTP/1.1" 404 33606 "-" "Mozilla/5.0 AppleWebKit/537.36 (KHTML, like Gecko; compatible; bingbot/2.0; +http://www.bing.com/bingbot.htm) Chrome/116.0.1938.76 Safari/537.36"
194.164.62.186 - - [06/Nov/2025:06:35:27 +0000] "POST /wp-cron.php?doing_wp_cron=1762410927.5719330310821533203125 HTTP/1.1" 200 3647 "-" "WordPress/6.8.3; https://www.amphoragames.com"
216.73.216.131 - - [06/Nov/2025:06:35:27 +0000] "GET /2016/11/13/resena-sin-sana-sombras-sobre-londres/img_20161112_190139/feed HTTP/1.1" 301 3789 "-" "Mozilla/5.0 AppleWebKit/537.36 (KHTML, like Gecko; compatible; ClaudeBot/1.0; +claudebot@anthropic.com)"
216.73.216.131 - - [06/Nov/2025:06:35:27 +0000] "GET /2016/11/13/resena-sin-sana-sombras-sobre-londres/img_20161112_190139/feed/ HTTP/1.1" 200 1115 "https://www.amphoragames.com/2016/11/13/resena-sin-sana-sombras-sobre-londres/img_20161112_190139/feed" "Mozilla/5.0 AppleWebKit/537.36 (KHTML, like Gecko; compatible; ClaudeBot/1.0; +claudebot@anthropic.com)"
40.77.167.123 - - [06/Nov/2025:06:35:36 +0000] "GET /entity/448853697.shtm HTTP/1.1" 404 33606 "-" "Mozilla/5.0 AppleWebKit/537.36 (KHTML, like Gecko; compatible; bingbot/2.0; +http://www.bing.com/bingbot.htm) Chrome/116.0.1938.76 Safari/537.36"
52.167.144.158 - - [06/Nov/2025:06:35:44 +0000] "GET /entity/1358262535.shtm HTTP/1.1" 404 33610 "-" "Mozilla/5.0 AppleWebKit/537.36 (KHTML, like Gecko; compatible; bingbot/2.0; +http://www.bing.com/bingbot.htm) Chrome/116.0.1938.76 Safari/537.36"
20.15.133.165 - - [06/Nov/2025:06:35:46 +0000] "GET /robots.txt HTTP/1.1" 200 3888 "-" "Mozilla/5.0 AppleWebKit/537.36 (KHTML, like Gecko; compatible; bingbot/2.0; +http://www.bing.com/bingbot.htm) Chrome/116.0.1938.76 Safari/537.36"
20.15.133.184 - - [06/Nov/2025:06:35:48 +0000] "GET /entity/121113206.shtm HTTP/1.1" 404 33606 "-" "Mozilla/5.0 AppleWebKit/537.36 (KHTML, like Gecko; compatible; bingbot/2.0; +http://www.bing.com/bingbot.htm) Chrome/116.0.1938.76 Safari/537.36"
216.73.216.131 - - [06/Nov/2025:06:36:00 +0000] "GET /feed/?attachment_id=1026 HTTP/1.1" 200 4435 "-" "Mozilla/5.0 AppleWebKit/537.36 (KHTML, like Gecko; compatible; ClaudeBot/1.0; +claudebot@anthropic.com)"
194.164.62.186 - - [06/Nov/2025:06:36:19 +0000] "POST /wp-cron.php?doing_wp_cron=1762410979.7032060623168945312500 HTTP/1.1" 200 3647 "-" "WordPress/6.8.3; https://www.amphoragames.com"
66.249.79.32 - - [06/Nov/2025:06:36:19 +0000] "GET /entity/1088511217.shtm HTTP/1.1" 301 3813 "-" "Mozilla/5.0 (Linux; Android 6.0.1; Nexus 5X Build/MMB29P) AppleWebKit/537.36 (KHTML, like Gecko) Chrome/141.0.7390.122 Mobile Safari/537.36 (compatible; GoogleOther)"
40.77.167.79 - - [06/Nov/2025:06:36:25 +0000] "GET /entity/1247767228.shtm HTTP/1.1" 404 33610 "-" "Mozilla/5.0 AppleWebKit/537.36 (KHTML, like Gecko; compatible; bingbot/2.0; +http://www.bing.com/bingbot.htm) Chrome/116.0.1938.76 Safari/537.36"
216.73.216.131 - - [06/Nov/2025:06:36:30 +0000] "GET /?p=1026 HTTP/1.1" 301 3753 "-" "Mozilla/5.0 AppleWebKit/537.36 (KHTML, like Gecko; compatible; ClaudeBot/1.0; +claudebot@anthropic.com)"
216.73.216.131 - - [06/Nov/2025:06:36:30 +0000] "GET /img_20171014_141443_813/ HTTP/1.1" 200 9448 "https://www.amphoragames.com/?p=1026" "Mozilla/5.0 AppleWebKit/537.36 (KHTML, like Gecko; compatible; ClaudeBot/1.0; +claudebot@anthropic.com)"
66.249.79.32 - - [06/Nov/2025:06:36:47 +0000] "GET /entity/836407631.shtm HTTP/1.1" 301 3813 "-" "Mozilla/5.0 (Linux; Android 6.0.1; Nexus 5X Build/MMB29P) AppleWebKit/537.36 (KHTML, like Gecko) Chrome/141.0.7390.122 Mobile Safari/537.36 (compatible; Googlebot/2.1; +http://www.google.com/bot.html)"
71.6.134.232 - - [06/Nov/2025:06:37:00 +0000] "GET / HTTP/1.1" 200 13527 "-" "Mozilla/5.0 (Windows NT 10.0; Win64; x64) AppleWebKit/537.36 (KHTML, like Gecko) Chrome/133.0.0.0 Safari/537.36"
194.164.62.186 - - [06/Nov/2025:06:37:48 +0000] "POST /wp-cron.php?doing_wp_cron=1762411068.8655550479888916015625 HTTP/1.1" 200 3647 "-" "WordPress/6.8.3; https://www.amphoragames.com"
66.249.79.37 - - [06/Nov/2025:06:37:48 +0000] "GET /entity/348764671.shtm HTTP/1.1" 301 3813 "-" "Mozilla/5.0 (Linux; Android 6.0.1; Nexus 5X Build/MMB29P) AppleWebKit/537.36 (KHTML, like Gecko) Chrome/141.0.7390.122 Mobile Safari/537.36 (compatible; Googlebot/2.1; +http://www.google.com/bot.html)"
66.249.79.33 - - [06/Nov/2025:06:37:51 +0000] "GET /entity/4284701.shtm HTTP/1.1" 301 3813 "-" "Mozilla/5.0 (Linux; Android 6.0.1; Nexus 5X Build/MMB29P) AppleWebKit/537.36 (KHTML, like Gecko) Chrome/141.0.7390.122 Mobile Safari/537.36 (compatible; GoogleOther)"
216.73.216.131 - - [06/Nov/2025:06:38:01 +0000] "GET /2017/03/09/reserva-juego-cartas-pentaurus-duel/feed HTTP/1.1" 301 3820 "-" "Mozilla/5.0 AppleWebKit/537.36 (KHTML, like Gecko; compatible; ClaudeBot/1.0; +claudebot@anthropic.com)"
216.73.216.131 - - [06/Nov/2025:06:38:01 +0000] "GET /2017/03/09/reserva-juego-cartas-pentaurus-duel/feed/ HTTP/1.1" 200 1183 "https://www.amphoragames.com/2017/03/09/reserva-juego-cartas-pentaurus-duel/feed" "Mozilla/5.0 AppleWebKit/537.36 (KHTML, like Gecko; compatible; ClaudeBot/1.0; +claudebot@anthropic.com)"
194.164.62.186 - - [06/Nov/2025:06:38:25 +0000] "POST /wp-cron.php?doing_wp_cron=1762411105.9518001079559326171875 HTTP/1.1" 200 3647 "-" "WordPress/6.8.3; https://www.amphoragames.com"
40.77.167.79 - - [06/Nov/2025:06:38:25 +0000] "GET /entity/799571391.shtm HTTP/1.1" 404 33606 "-" "Mozilla/5.0 AppleWebKit/537.36 (KHTML, like Gecko; compatible; bingbot/2.0; +http://www.bing.com/bingbot.htm) Chrome/116.0.1938.76 Safari/537.36"
40.77.167.79 - - [06/Nov/2025:06:38:30 +0000] "GET /entity/448923639.shtm HTTP/1.1" 404 30183 "-" "Mozilla/5.0 AppleWebKit/537.36 (KHTML, like Gecko; compatible; bingbot/2.0; +http://www.bing.com/bingbot.htm) Chrome/116.0.1938.76 Safari/537.36"
216.73.216.131 - - [06/Nov/2025:06:38:38 +0000] "GET /?p=473 HTTP/1.1" 301 3798 "-" "Mozilla/5.0 AppleWebKit/537.36 (KHTML, like Gecko; compatible; ClaudeBot/1.0; +claudebot@anthropic.com)"
216.73.216.131 - - [06/Nov/2025:06:38:38 +0000] "GET /2016/11/13/resena-sin-sana-sombras-sobre-londres/img_20161112_190139/ HTTP/1.1" 200 9509 "https://www.amphoragames.com/?p=473" "Mozilla/5.0 AppleWebKit/537.36 (KHTML, like Gecko; compatible; ClaudeBot/1.0; +claudebot@anthropic.com)"
66.249.79.33 - - [06/Nov/2025:06:38:49 +0000] "GET /entity/621862268.shtm HTTP/1.1" 301 3813 "-" "Mozilla/5.0 (Linux; Android 6.0.1; Nexus 5X Build/MMB29P) AppleWebKit/537.36 (KHTML, like Gecko) Chrome/141.0.7390.122 Mobile Safari/537.36 (compatible; Googlebot/2.1; +http://www.google.com/bot.html)"
194.164.62.186 - - [06/Nov/2025:06:39:55 +0000] "POST /wp-cron.php?doing_wp_cron=1762411195.5862588882446289062500 HTTP/1.1" 200 3647 "-" "WordPress/6.8.3; https://www.amphoragames.com"
216.73.216.131 - - [06/Nov/2025:06:39:55 +0000] "GET /?p=641 HTTP/1.1" 301 3717 "-" "Mozilla/5.0 AppleWebKit/537.36 (KHTML, like Gecko; compatible; ClaudeBot/1.0; +claudebot@anthropic.com)"
216.73.216.131 - - [06/Nov/2025:06:39:55 +0000] "GET /2017/03/09/reserva-juego-cartas-pentaurus-duel/ HTTP/1.1" 200 12879 "https://www.amphoragames.com/?p=641" "Mozilla/5.0 AppleWebKit/537.36 (KHTML, like Gecko; compatible; ClaudeBot/1.0; +claudebot@anthropic.com)"
194.164.62.186 - - [06/Nov/2025:06:40:36 +0000] "POST /wp-cron.php?doing_wp_cron=1762411236.1987619400024414062500 HTTP/1.1" 200 3647 "-" "WordPress/6.8.3; https://www.amphoragames.com"
71.6.134.232 - - [06/Nov/2025:06:40:35 +0000] "GET /favicon.ico HTTP/1.1" 302 3743 "-" "Mozilla/5.0 (Windows NT 10.0; Win64; x64) AppleWebKit/537.36 (KHTML, like Gecko) Chrome/133.0.0.0 Safari/537.36"
66.249.79.37 - - [06/Nov/2025:06:40:50 +0000] "GET /entity/836412398.shtm HTTP/1.1" 301 3813 "-" "Mozilla/5.0 (Linux; Android 6.0.1; Nexus 5X Build/MMB29P) AppleWebKit/537.36 (KHTML, like Gecko) Chrome/141.0.7390.122 Mobile Safari/537.36 (compatible; Googlebot/2.1; +http://www.google.com/bot.html)"
194.164.62.186 - - [06/Nov/2025:06:41:11 +0000] "POST /wp-cron.php?doing_wp_cron=1762411271.8882639408111572265625 HTTP/1.1" 200 3647 "-" "WordPress/6.8.3; https://www.amphoragames.com"
216.73.216.131 - - [06/Nov/2025:06:41:11 +0000] "GET /entity/150528067.shtm HTTP/1.1" 404 33514 "-" "Mozilla/5.0 AppleWebKit/537.36 (KHTML, like Gecko; compatible; ClaudeBot/1.0; +claudebot@anthropic.com)"
216.73.216.131 - - [06/Nov/2025:06:41:14 +0000] "GET /entity/150147487.shtm HTTP/1.1" 404 33514 "-" "Mozilla/5.0 AppleWebKit/537.36 (KHTML, like Gecko; compatible; ClaudeBot/1.0; +claudebot@anthropic.com)"
216.73.216.131 - - [06/Nov/2025:06:41:17 +0000] "GET /entity/149968009.shtm HTTP/1.1" 404 30521 "-" "Mozilla/5.0 AppleWebKit/537.36 (KHTML, like Gecko; compatible; ClaudeBot/1.0; +claudebot@anthropic.com)"
216.73.216.131 - - [06/Nov/2025:06:41:20 +0000] "GET /entity/191487029.shtm HTTP/1.1" 404 30521 "-" "Mozilla/5.0 AppleWebKit/537.36 (KHTML, like Gecko; compatible; ClaudeBot/1.0; +claudebot@anthropic.com)"
216.73.216.131 - - [06/Nov/2025:06:41:23 +0000] "GET /entity/150377029.shtm HTTP/1.1" 404 30521 "-" "Mozilla/5.0 AppleWebKit/537.36 (KHTML, like Gecko; compatible; ClaudeBot/1.0; +claudebot@anthropic.com)"
52.167.144.20 - - [06/Nov/2025:06:42:08 +0000] "GET /entity/965954831.shtm HTTP/1.1" 404 33606 "-" "Mozilla/5.0 AppleWebKit/537.36 (KHTML, like Gecko; compatible; bingbot/2.0; +http://www.bing.com/bingbot.htm) Chrome/116.0.1938.76 Safari/537.36"
194.164.62.186 - - [06/Nov/2025:06:42:58 +0000] "POST /wp-cron.php?doing_wp_cron=1762411377.9693899154663085937500 HTTP/1.1" 200 3647 "-" "WordPress/6.8.3; https://www.amphoragames.com"
52.167.144.20 - - [06/Nov/2025:06:42:57 +0000] "GET /entity/656760787.shtm HTTP/1.1" 404 33606 "-" "Mozilla/5.0 AppleWebKit/537.36 (KHTML, like Gecko; compatible; bingbot/2.0; +http://www.bing.com/bingbot.htm) Chrome/116.0.1938.76 Safari/537.36"
216.73.216.131 - - [06/Nov/2025:06:42:59 +0000] "GET /entity/1130758867.shtm HTTP/1.1" 404 33518 "-" "Mozilla/5.0 AppleWebKit/537.36 (KHTML, like Gecko; compatible; ClaudeBot/1.0; +claudebot@anthropic.com)"
185.191.171.4 - - [06/Nov/2025:06:42:59 +0000] "GET /tag/ferias/ HTTP/1.1" 200 26730 "-" "Mozilla/5.0 (compatible; SemrushBot/7~bl; +http://www.semrush.com/bot.html)"
216.73.216.131 - - [06/Nov/2025:06:43:02 +0000] "GET /entity/150436638.shtm HTTP/1.1" 404 33514 "-" "Mozilla/5.0 AppleWebKit/537.36 (KHTML, like Gecko; compatible; ClaudeBot/1.0; +claudebot@anthropic.com)"
216.73.216.131 - - [06/Nov/2025:06:43:05 +0000] "GET /entity/150496629.shtm HTTP/1.1" 404 30521 "-" "Mozilla/5.0 AppleWebKit/537.36 (KHTML, like Gecko; compatible; ClaudeBot/1.0; +claudebot@anthropic.com)"
52.167.144.20 - - [06/Nov/2025:06:43:07 +0000] "GET /product/edit/A421037468 HTTP/1.1" 404 33618 "-" "Mozilla/5.0 AppleWebKit/537.36 (KHTML, like Gecko; compatible; bingbot/2.0; +http://www.bing.com/bingbot.htm) Chrome/116.0.1938.76 Safari/537.36"
216.73.216.131 - - [06/Nov/2025:06:43:08 +0000] "GET /entity/149946234.shtm HTTP/1.1" 404 30521 "-" "Mozilla/5.0 AppleWebKit/537.36 (KHTML, like Gecko; compatible; ClaudeBot/1.0; +claudebot@anthropic.com)"
194.164.62.186 - - [06/Nov/2025:06:43:11 +0000] "POST /wp-cron.php?doing_wp_cron=1762411391.5960209369659423828125 HTTP/1.1" 200 3647 "-" "WordPress/6.8.3; https://www.amphoragames.com"
216.73.216.131 - - [06/Nov/2025:06:43:11 +0000] "GET /entity/150185200.shtm HTTP/1.1" 404 33514 "-" "Mozilla/5.0 AppleWebKit/537.36 (KHTML, like Gecko; compatible; ClaudeBot/1.0; +claudebot@anthropic.com)"
52.167.144.191 - - [06/Nov/2025:06:43:15 +0000] "GET /entity/145798114.shtm HTTP/1.1" 404 33606 "-" "Mozilla/5.0 AppleWebKit/537.36 (KHTML, like Gecko; compatible; bingbot/2.0; +http://www.bing.com/bingbot.htm) Chrome/116.0.1938.76 Safari/537.36"
52.167.144.20 - - [06/Nov/2025:06:43:19 +0000] "GET /entity/990927175.shtm HTTP/1.1" 404 33606 "-" "Mozilla/5.0 AppleWebKit/537.36 (KHTML, like Gecko; compatible; bingbot/2.0; +http://www.bing.com/bingbot.htm) Chrome/116.0.1938.76 Safari/537.36"
66.249.79.33 - - [06/Nov/2025:06:43:51 +0000] "GET /zhHant/product/surugaya/A3652366328?campaign_uid=f64d716db5e979ed2f947dbaf4296895b951ae7f HTTP/1.1" 301 3813 "-" "Mozilla/5.0 (Linux; Android 6.0.1; Nexus 5X Build/MMB29P) AppleWebKit/537.36 (KHTML, like Gecko) Chrome/141.0.7390.122 Mobile Safari/537.36 (compatible; Googlebot/2.1; +http://www.google.com/bot.html)"
66.249.79.33 - - [06/Nov/2025:06:43:54 +0000] "GET /entity/10696960.shtm HTTP/1.1" 301 495 "-" "Mozilla/5.0 (Linux; Android 6.0.1; Nexus 5X Build/MMB29P) AppleWebKit/537.36 (KHTML, like Gecko) Chrome/141.0.7390.122 Mobile Safari/537.36 (compatible; Googlebot/2.1; +http://www.google.com/bot.html)"
66.249.79.32 - - [06/Nov/2025:06:43:57 +0000] "GET /entity/118949565.shtm HTTP/1.1" 301 3813 "-" "Mozilla/5.0 (Linux; Android 6.0.1; Nexus 5X Build/MMB29P) AppleWebKit/537.36 (KHTML, like Gecko) Chrome/141.0.7390.122 Mobile Safari/537.36 (compatible; Googlebot/2.1; +http://www.google.com/bot.html)"
66.249.79.37 - - [06/Nov/2025:06:43:59 +0000] "GET /pandebonus/punchboard-pandebonus-sample HTTP/1.1" 301 3698 "-" "Mozilla/5.0 (Linux; Android 6.0.1; Nexus 5X Build/MMB29P) AppleWebKit/537.36 (KHTML, like Gecko) Chrome/141.0.7390.122 Mobile Safari/537.36 (compatible; Googlebot/2.1; +http://www.google.com/bot.html)"
66.249.79.37 - - [06/Nov/2025:06:44:01 +0000] "GET /pandebonus/punchboard-pandebonus-sample/ HTTP/1.1" 301 551 "-" "Mozilla/5.0 (Linux; Android 6.0.1; Nexus 5X Build/MMB29P) AppleWebKit/537.36 (KHTML, like Gecko) Chrome/141.0.7390.122 Mobile Safari/537.36 (compatible; Googlebot/2.1; +http://www.google.com/bot.html)"
66.249.79.37 - - [06/Nov/2025:06:44:03 +0000] "GET /entity/1219655158.shtm HTTP/1.1" 301 495 "-" "Mozilla/5.0 (Linux; Android 6.0.1; Nexus 5X Build/MMB29P) AppleWebKit/537.36 (KHTML, like Gecko) Chrome/141.0.7390.122 Mobile Safari/537.36 (compatible; Googlebot/2.1; +http://www.google.com/bot.html)"
66.249.79.32 - - [06/Nov/2025:06:44:06 +0000] "GET /entity/299924582.shtm HTTP/1.1" 301 3813 "-" "Mozilla/5.0 (Linux; Android 6.0.1; Nexus 5X Build/MMB29P) AppleWebKit/537.36 (KHTML, like Gecko) Chrome/141.0.7390.122 Mobile Safari/537.36 (compatible; Googlebot/2.1; +http://www.google.com/bot.html)"
194.164.62.186 - - [06/Nov/2025:06:44:09 +0000] "POST /wp-cron.php?doing_wp_cron=1762411449.0522949695587158203125 HTTP/1.1" 200 3647 "-" "WordPress/6.8.3; https://www.amphoragames.com"
66.249.79.32 - - [06/Nov/2025:06:44:08 +0000] "GET /entity/1181090081.shtm HTTP/1.1" 301 495 "-" "Mozilla/5.0 (Linux; Android 6.0.1; Nexus 5X Build/MMB29P) AppleWebKit/537.36 (KHTML, like Gecko) Chrome/141.0.7390.122 Mobile Safari/537.36 (compatible; Googlebot/2.1; +http://www.google.com/bot.html)"
52.167.144.191 - - [06/Nov/2025:06:44:25 +0000] "GET /entity/413741975.shtm HTTP/1.1" 404 33606 "-" "Mozilla/5.0 AppleWebKit/537.36 (KHTML, like Gecko; compatible; bingbot/2.0; +http://www.bing.com/bingbot.htm) Chrome/116.0.1938.76 Safari/537.36"
216.73.216.131 - - [06/Nov/2025:06:45:03 +0000] "GET /entity/191346200.shtm HTTP/1.1" 404 33514 "-" "Mozilla/5.0 AppleWebKit/537.36 (KHTML, like Gecko; compatible; ClaudeBot/1.0; +claudebot@anthropic.com)"
216.73.216.131 - - [06/Nov/2025:06:45:05 +0000] "GET /entity/149969363.shtm HTTP/1.1" 404 33514 "-" "Mozilla/5.0 AppleWebKit/537.36 (KHTML, like Gecko; compatible; ClaudeBot/1.0; +claudebot@anthropic.com)"
194.164.62.186 - - [06/Nov/2025:06:45:09 +0000] "POST /wp-cron.php?doing_wp_cron=1762411509.1891829967498779296875 HTTP/1.1" 200 3647 "-" "WordPress/6.8.3; https://www.amphoragames.com"
216.73.216.131 - - [06/Nov/2025:06:45:08 +0000] "GET /entity/191259793.shtm HTTP/1.1" 404 30521 "-" "Mozilla/5.0 AppleWebKit/537.36 (KHTML, like Gecko; compatible; ClaudeBot/1.0; +claudebot@anthropic.com)"
216.73.216.131 - - [06/Nov/2025:06:45:11 +0000] "GET /entity/191503485.shtm HTTP/1.1" 404 33514 "-" "Mozilla/5.0 AppleWebKit/537.36 (KHTML, like Gecko; compatible; ClaudeBot/1.0; +claudebot@anthropic.com)"
216.73.216.131 - - [06/Nov/2025:06:45:14 +0000] "GET /entity/150097959.shtm HTTP/1.1" 404 30521 "-" "Mozilla/5.0 AppleWebKit/537.36 (KHTML, like Gecko; compatible; ClaudeBot/1.0; +claudebot@anthropic.com)"
66.249.79.37 - - [06/Nov/2025:06:45:15 +0000] "GET /entity/835140014.shtm HTTP/1.1" 301 3813 "-" "Mozilla/5.0 (Linux; Android 6.0.1; Nexus 5X Build/MMB29P) AppleWebKit/537.36 (KHTML, like Gecko) Chrome/141.0.7390.122 Mobile Safari/537.36 (compatible; Googlebot/2.1; +http://www.google.com/bot.html)"
194.164.62.186 - - [06/Nov/2025:06:46:21 +0000] "POST /wp-cron.php?doing_wp_cron=1762411581.1609749794006347656250 HTTP/1.1" 200 3647 "-" "WordPress/6.8.3; https://www.amphoragames.com"
66.249.79.33 - - [06/Nov/2025:06:46:20 +0000] "GET /entity/1097407941.shtm HTTP/1.1" 301 3813 "-" "Mozilla/5.0 (Linux; Android 6.0.1; Nexus 5X Build/MMB29P) AppleWebKit/537.36 (KHTML, like Gecko) Chrome/141.0.7390.122 Mobile Safari/537.36 (compatible; Googlebot/2.1; +http://www.google.com/bot.html)"
216.73.216.131 - - [06/Nov/2025:06:47:02 +0000] "GET /entity/1130606975.shtm HTTP/1.1" 404 33518 "-" "Mozilla/5.0 AppleWebKit/537.36 (KHTML, like Gecko; compatible; ClaudeBot/1.0; +claudebot@anthropic.com)"
216.73.216.131 - - [06/Nov/2025:06:47:05 +0000] "GET /entity/1130779827.shtm HTTP/1.1" 404 33518 "-" "Mozilla/5.0 AppleWebKit/537.36 (KHTML, like Gecko; compatible; ClaudeBot/1.0; +claudebot@anthropic.com)"
216.73.216.131 - - [06/Nov/2025:06:47:08 +0000] "GET /entity/150166121.shtm HTTP/1.1" 404 30521 "-" "Mozilla/5.0 AppleWebKit/537.36 (KHTML, like Gecko; compatible; ClaudeBot/1.0; +claudebot@anthropic.com)"
194.164.62.186 - - [06/Nov/2025:06:47:11 +0000] "POST /wp-cron.php?doing_wp_cron=1762411631.9373428821563720703125 HTTP/1.1" 200 3647 "-" "WordPress/6.8.3; https://www.amphoragames.com"
216.73.216.131 - - [06/Nov/2025:06:47:11 +0000] "GET /entity/1130760053.shtm HTTP/1.1" 404 30525 "-" "Mozilla/5.0 AppleWebKit/537.36 (KHTML, like Gecko; compatible; ClaudeBot/1.0; +claudebot@anthropic.com)"
52.167.144.20 - - [06/Nov/2025:06:47:26 +0000] "GET /entity/816054182.shtm HTTP/1.1" 404 33606 "-" "Mozilla/5.0 AppleWebKit/537.36 (KHTML, like Gecko; compatible; bingbot/2.0; +http://www.bing.com/bingbot.htm) Chrome/116.0.1938.76 Safari/537.36"
52.167.144.191 - - [06/Nov/2025:06:47:46 +0000] "GET /entity/10511261.shtm HTTP/1.1" 404 33602 "-" "Mozilla/5.0 AppleWebKit/537.36 (KHTML, like Gecko; compatible; bingbot/2.0; +http://www.bing.com/bingbot.htm) Chrome/116.0.1938.76 Safari/537.36"
194.164.62.186 - - [06/Nov/2025:06:48:22 +0000] "POST /wp-cron.php?doing_wp_cron=1762411702.1364619731903076171875 HTTP/1.1" 200 3647 "-" "WordPress/6.8.3; https://www.amphoragames.com"
66.249.79.33 - - [06/Nov/2025:06:48:21 +0000] "GET /entity/17065744.shtm HTTP/1.1" 301 3813 "-" "Mozilla/5.0 (Linux; Android 6.0.1; Nexus 5X Build/MMB29P) AppleWebKit/537.36 (KHTML, like Gecko) Chrome/141.0.7390.122 Mobile Safari/537.36 (compatible; Googlebot/2.1; +http://www.google.com/bot.html)"
66.249.79.32 - - [06/Nov/2025:06:48:25 +0000] "GET /entity/47892532.shtm HTTP/1.1" 301 3813 "-" "Mozilla/5.0 (Linux; Android 6.0.1; Nexus 5X Build/MMB29P) AppleWebKit/537.36 (KHTML, like Gecko) Chrome/141.0.7390.122 Mobile Safari/537.36 (compatible; Googlebot/2.1; +http://www.google.com/bot.html)"
66.249.79.37 - - [06/Nov/2025:06:48:27 +0000] "GET /entity/45237062.shtm HTTP/1.1" 301 3813 "-" "Mozilla/5.0 (Linux; Android 6.0.1; Nexus 5X Build/MMB29P) AppleWebKit/537.36 (KHTML, like Gecko) Chrome/141.0.7390.122 Mobile Safari/537.36 (compatible; Googlebot/2.1; +http://www.google.com/bot.html)"
216.73.216.131 - - [06/Nov/2025:06:49:06 +0000] "GET /entity/191567108.shtm HTTP/1.1" 404 33514 "-" "Mozilla/5.0 AppleWebKit/537.36 (KHTML, like Gecko; compatible; ClaudeBot/1.0; +claudebot@anthropic.com)"
194.164.62.186 - - [06/Nov/2025:06:49:09 +0000] "POST /wp-cron.php?doing_wp_cron=1762411749.8840050697326660156250 HTTP/1.1" 200 3647 "-" "WordPress/6.8.3; https://www.amphoragames.com"
216.73.216.131 - - [06/Nov/2025:06:49:09 +0000] "GET /entity/191567441.shtm HTTP/1.1" 404 33514 "-" "Mozilla/5.0 AppleWebKit/537.36 (KHTML, like Gecko; compatible; ClaudeBot/1.0; +claudebot@anthropic.com)"
216.73.216.131 - - [06/Nov/2025:06:49:12 +0000] "GET /entity/191569181.shtm HTTP/1.1" 404 30521 "-" "Mozilla/5.0 AppleWebKit/537.36 (KHTML, like Gecko; compatible; ClaudeBot/1.0; +claudebot@anthropic.com)"
216.73.216.131 - - [06/Nov/2025:06:49:15 +0000] "GET /entity/150328045.shtm HTTP/1.1" 404 33514 "-" "Mozilla/5.0 AppleWebKit/537.36 (KHTML, like Gecko; compatible; ClaudeBot/1.0; +claudebot@anthropic.com)"
216.73.216.131 - - [06/Nov/2025:06:49:18 +0000] "GET /entity/191170469.shtm HTTP/1.1" 404 30521 "-" "Mozilla/5.0 AppleWebKit/537.36 (KHTML, like Gecko; compatible; ClaudeBot/1.0; +claudebot@anthropic.com)"
47.128.52.199 - - [06/Nov/2025:06:49:52 +0000] "GET /tag/diseno-de-juegos-de-mesa/ HTTP/1.1" 200 13263 "-" "Mozilla/5.0 (Linux; Android 5.0) AppleWebKit/537.36 (KHTML, like Gecko) Mobile Safari/537.36 (compatible; Bytespider; spider-feedback@bytedance.com)"
47.128.52.199 - - [06/Nov/2025:06:49:53 +0000] "GET /wp-content/themes/ibuki/_include/css/color.css.php?ver=6.8.3 HTTP/1.1" 403 1347 "https://www.amphoragames.com/tag/diseno-de-juegos-de-mesa/" "Mozilla/5.0 (Linux; Android 5.0) AppleWebKit/537.36 (KHTML, like Gecko) Mobile Safari/537.36 (compatible; Bytespider; spider-feedback@bytedance.com)"
66.249.79.37 - - [06/Nov/2025:06:49:56 +0000] "GET /entity/836406147.shtm HTTP/1.1" 301 3813 "-" "Mozilla/5.0 (Linux; Android 6.0.1; Nexus 5X Build/MMB29P) AppleWebKit/537.36 (KHTML, like Gecko) Chrome/141.0.7390.122 Mobile Safari/537.36 (compatible; Googlebot/2.1; +http://www.google.com/bot.html)"
216.73.216.131 - - [06/Nov/2025:06:50:07 +0000] "GET /entity/150186266.shtm HTTP/1.1" 404 33514 "-" "Mozilla/5.0 AppleWebKit/537.36 (KHTML, like Gecko; compatible; ClaudeBot/1.0; +claudebot@anthropic.com)"
194.164.62.186 - - [06/Nov/2025:06:50:10 +0000] "POST /wp-cron.php?doing_wp_cron=1762411810.4680089950561523437500 HTTP/1.1" 200 3647 "-" "WordPress/6.8.3; https://www.amphoragames.com"
216.73.216.131 - - [06/Nov/2025:06:50:10 +0000] "GET /entity/1130711079.shtm HTTP/1.1" 404 33518 "-" "Mozilla/5.0 AppleWebKit/537.36 (KHTML, like Gecko; compatible; ClaudeBot/1.0; +claudebot@anthropic.com)"
216.73.216.131 - - [06/Nov/2025:06:50:13 +0000] "GET /entity/149989737.shtm HTTP/1.1" 404 30521 "-" "Mozilla/5.0 AppleWebKit/537.36 (KHTML, like Gecko; compatible; ClaudeBot/1.0; +claudebot@anthropic.com)"
216.73.216.131 - - [06/Nov/2025:06:50:16 +0000] "GET /entity/1130630111.shtm HTTP/1.1" 404 33518 "-" "Mozilla/5.0 AppleWebKit/537.36 (KHTML, like Gecko; compatible; ClaudeBot/1.0; +claudebot@anthropic.com)"
52.167.144.145 - - [06/Nov/2025:06:50:26 +0000] "GET /entity/180570108.shtm HTTP/1.1" 404 33606 "-" "Mozilla/5.0 AppleWebKit/537.36 (KHTML, like Gecko; compatible; bingbot/2.0; +http://www.bing.com/bingbot.htm) Chrome/116.0.1938.76 Safari/537.36"
40.77.167.47 - - [06/Nov/2025:06:51:05 +0000] "GET /entity/702766845.shtm HTTP/1.1" 404 33606 "-" "Mozilla/5.0 AppleWebKit/537.36 (KHTML, like Gecko; compatible; bingbot/2.0; +http://www.bing.com/bingbot.htm) Chrome/116.0.1938.76 Safari/537.36"
194.164.62.186 - - [06/Nov/2025:06:51:29 +0000] "POST /wp-cron.php?doing_wp_cron=1762411889.1898899078369140625000 HTTP/1.1" 200 3647 "-" "WordPress/6.8.3; https://www.amphoragames.com"
66.249.79.32 - - [06/Nov/2025:06:51:28 +0000] "GET /entity/51444596.shtm HTTP/1.1" 301 3813 "-" "Mozilla/5.0 (Linux; Android 6.0.1; Nexus 5X Build/MMB29P) AppleWebKit/537.36 (KHTML, like Gecko) Chrome/141.0.7390.122 Mobile Safari/537.36 (compatible; GoogleOther)"
194.164.62.186 - - [06/Nov/2025:06:52:17 +0000] "POST /wp-cron.php?doing_wp_cron=1762411937.5384199619293212890625 HTTP/1.1" 200 3647 "-" "WordPress/6.8.3; https://www.amphoragames.com"
66.249.79.37 - - [06/Nov/2025:06:52:17 +0000] "GET /entity/47964451.shtm HTTP/1.1" 301 3813 "-" "Mozilla/5.0 (Linux; Android 6.0.1; Nexus 5X Build/MMB29P) AppleWebKit/537.36 (KHTML, like Gecko) Chrome/141.0.7390.122 Mobile Safari/537.36 (compatible; Googlebot/2.1; +http://www.google.com/bot.html)"
66.249.79.37 - - [06/Nov/2025:06:52:38 +0000] "GET /entity/1156082654.shtm HTTP/1.1" 301 3813 "-" "Mozilla/5.0 (Linux; Android 6.0.1; Nexus 5X Build/MMB29P) AppleWebKit/537.36 (KHTML, like Gecko) Chrome/141.0.7390.122 Mobile Safari/537.36 (compatible; GoogleOther)"
40.77.167.10 - - [06/Nov/2025:06:52:38 +0000] "GET /entity/1353483965.shtm HTTP/1.1" 404 33610 "-" "Mozilla/5.0 AppleWebKit/537.36 (KHTML, like Gecko; compatible; bingbot/2.0; +http://www.bing.com/bingbot.htm) Chrome/116.0.1938.76 Safari/537.36"
216.73.216.131 - - [06/Nov/2025:06:52:39 +0000] "GET /entity/1130919904.shtm HTTP/1.1" 404 33518 "-" "Mozilla/5.0 AppleWebKit/537.36 (KHTML, like Gecko; compatible; ClaudeBot/1.0; +claudebot@anthropic.com)"
216.73.216.131 - - [06/Nov/2025:06:52:42 +0000] "GET /entity/150352364.shtm HTTP/1.1" 404 33514 "-" "Mozilla/5.0 AppleWebKit/537.36 (KHTML, like Gecko; compatible; ClaudeBot/1.0; +claudebot@anthropic.com)"
216.73.216.131 - - [06/Nov/2025:06:52:45 +0000] "GET /entity/150054448.shtm HTTP/1.1" 404 30521 "-" "Mozilla/5.0 AppleWebKit/537.36 (KHTML, like Gecko; compatible; ClaudeBot/1.0; +claudebot@anthropic.com)"
216.73.216.131 - - [06/Nov/2025:06:52:48 +0000] "GET /entity/1130938145.shtm HTTP/1.1" 404 30525 "-" "Mozilla/5.0 AppleWebKit/537.36 (KHTML, like Gecko; compatible; ClaudeBot/1.0; +claudebot@anthropic.com)"
194.164.62.186 - - [06/Nov/2025:06:53:29 +0000] "POST /wp-cron.php?doing_wp_cron=1762412009.7167789936065673828125 HTTP/1.1" 200 3647 "-" "WordPress/6.8.3; https://www.amphoragames.com"
40.77.167.10 - - [06/Nov/2025:06:53:29 +0000] "GET /entity/1081717083.shtm HTTP/1.1" 404 33610 "-" "Mozilla/5.0 AppleWebKit/537.36 (KHTML, like Gecko; compatible; bingbot/2.0; +http://www.bing.com/bingbot.htm) Chrome/116.0.1938.76 Safari/537.36"
52.167.144.145 - - [06/Nov/2025:06:53:46 +0000] "GET /entity/517937415.shtm HTTP/1.1" 404 33606 "-" "Mozilla/5.0 AppleWebKit/537.36 (KHTML, like Gecko; compatible; bingbot/2.0; +http://www.bing.com/bingbot.htm) Chrome/116.0.1938.76 Safari/537.36"
194.164.62.186 - - [06/Nov/2025:06:54:27 +0000] "POST /wp-cron.php?doing_wp_cron=1762412067.6598539352416992187500 HTTP/1.1" 200 3647 "-" "WordPress/6.8.3; https://www.amphoragames.com"
216.73.216.131 - - [06/Nov/2025:06:54:27 +0000] "GET /entity/1130586738.shtm HTTP/1.1" 404 33518 "-" "Mozilla/5.0 AppleWebKit/537.36 (KHTML, like Gecko; compatible; ClaudeBot/1.0; +claudebot@anthropic.com)"
216.73.216.131 - - [06/Nov/2025:06:54:29 +0000] "GET /entity/1130655117.shtm HTTP/1.1" 404 33518 "-" "Mozilla/5.0 AppleWebKit/537.36 (KHTML, like Gecko; compatible; ClaudeBot/1.0; +claudebot@anthropic.com)"
216.73.216.131 - - [06/Nov/2025:06:54:32 +0000] "GET /entity/150418531.shtm HTTP/1.1" 404 30521 "-" "Mozilla/5.0 AppleWebKit/537.36 (KHTML, like Gecko; compatible; ClaudeBot/1.0; +claudebot@anthropic.com)"
216.73.216.131 - - [06/Nov/2025:06:54:35 +0000] "GET /entity/150536615.shtm HTTP/1.1" 404 30521 "-" "Mozilla/5.0 AppleWebKit/537.36 (KHTML, like Gecko; compatible; ClaudeBot/1.0; +claudebot@anthropic.com)"
66.249.79.33 - - [06/Nov/2025:06:54:38 +0000] "GET /entity/835172830.shtm HTTP/1.1" 301 3813 "-" "Mozilla/5.0 (Linux; Android 6.0.1; Nexus 5X Build/MMB29P) AppleWebKit/537.36 (KHTML, like Gecko) Chrome/141.0.7390.122 Mobile Safari/537.36 (compatible; Googlebot/2.1; +http://www.google.com/bot.html)"
194.164.62.186 - - [06/Nov/2025:06:55:17 +0000] "POST /wp-cron.php?doing_wp_cron=1762412117.4625780582427978515625 HTTP/1.1" 200 3647 "-" "WordPress/6.8.3; https://www.amphoragames.com"
52.167.144.145 - - [06/Nov/2025:06:55:17 +0000] "GET /entity/859466776.shtm HTTP/1.1" 404 33606 "-" "Mozilla/5.0 AppleWebKit/537.36 (KHTML, like Gecko; compatible; bingbot/2.0; +http://www.bing.com/bingbot.htm) Chrome/116.0.1938.76 Safari/537.36"
194.164.62.186 - - [06/Nov/2025:06:56:27 +0000] "POST /wp-cron.php?doing_wp_cron=1762412187.5911428928375244140625 HTTP/1.1" 200 3647 "-" "WordPress/6.8.3; https://www.amphoragames.com"
52.167.144.145 - - [06/Nov/2025:06:56:27 +0000] "GET /entity/122089887.shtm HTTP/1.1" 404 33606 "-" "Mozilla/5.0 AppleWebKit/537.36 (KHTML, like Gecko; compatible; bingbot/2.0; +http://www.bing.com/bingbot.htm) Chrome/116.0.1938.76 Safari/537.36"
66.249.79.33 - - [06/Nov/2025:06:56:58 +0000] "GET /entity/564396416.shtm HTTP/1.1" 301 3813 "-" "Mozilla/5.0 (Linux; Android 6.0.1; Nexus 5X Build/MMB29P) AppleWebKit/537.36 (KHTML, like Gecko) Chrome/141.0.7390.122 Mobile Safari/537.36 (compatible; Googlebot/2.1; +http://www.google.com/bot.html)"
194.164.62.186 - - [06/Nov/2025:06:57:33 +0000] "POST /wp-cron.php?doing_wp_cron=1762412253.8111159801483154296875 HTTP/1.1" 200 3647 "-" "WordPress/6.8.3; https://www.amphoragames.com"
216.73.216.131 - - [06/Nov/2025:06:57:33 +0000] "GET /entity/150104114.shtm HTTP/1.1" 404 33514 "-" "Mozilla/5.0 AppleWebKit/537.36 (KHTML, like Gecko; compatible; ClaudeBot/1.0; +claudebot@anthropic.com)"
216.73.216.131 - - [06/Nov/2025:06:57:36 +0000] "GET /entity/1130743565.shtm HTTP/1.1" 404 33518 "-" "Mozilla/5.0 AppleWebKit/537.36 (KHTML, like Gecko; compatible; ClaudeBot/1.0; +claudebot@anthropic.com)"
216.73.216.131 - - [06/Nov/2025:06:57:39 +0000] "GET /entity/1130974375.shtm HTTP/1.1" 404 30525 "-" "Mozilla/5.0 AppleWebKit/537.36 (KHTML, like Gecko; compatible; ClaudeBot/1.0; +claudebot@anthropic.com)"
216.73.216.131 - - [06/Nov/2025:06:57:42 +0000] "GET /entity/150091702.shtm HTTP/1.1" 404 33514 "-" "Mozilla/5.0 AppleWebKit/537.36 (KHTML, like Gecko; compatible; ClaudeBot/1.0; +claudebot@anthropic.com)"
40.77.167.10 - - [06/Nov/2025:06:57:57 +0000] "GET /entity/915355934.shtm HTTP/1.1" 404 33606 "-" "Mozilla/5.0 AppleWebKit/537.36 (KHTML, like Gecko; compatible; bingbot/2.0; +http://www.bing.com/bingbot.htm) Chrome/116.0.1938.76 Safari/537.36"
43.153.26.165 - - [06/Nov/2025:06:58:00 +0000] "GET /contacta HTTP/1.1" 404 33474 "-" "Mozilla/5.0 (iPhone; CPU iPhone OS 13_2_3 like Mac OS X) AppleWebKit/605.1.15 (KHTML, like Gecko) Version/13.0.3 Mobile/15E148 Safari/604.1"
194.164.62.186 - - [06/Nov/2025:06:58:49 +0000] "POST /wp-cron.php?doing_wp_cron=1762412329.7707560062408447265625 HTTP/1.1" 200 3647 "-" "WordPress/6.8.3; https://www.amphoragames.com"
57.141.0.45 - - [06/Nov/2025:06:58:49 +0000] "GET /sitemap-child-2187.xml HTTP/1.1" 404 33572 "-" "meta-externalagent/1.1 (+https://developers.facebook.com/docs/sharing/webmasters/crawler)"
40.77.167.10 - - [06/Nov/2025:06:58:58 +0000] "GET /entity/1217691546.shtm HTTP/1.1" 404 33610 "-" "Mozilla/5.0 AppleWebKit/537.36 (KHTML, like Gecko; compatible; bingbot/2.0; +http://www.bing.com/bingbot.htm) Chrome/116.0.1938.76 Safari/537.36"
194.164.62.186 - - [06/Nov/2025:06:59:09 +0000] "POST /wp-cron.php?doing_wp_cron=1762412349.0168879032135009765625 HTTP/1.1" 200 3647 "-" "WordPress/6.8.3; https://www.amphoragames.com"
52.167.144.173 - - [06/Nov/2025:06:59:08 +0000] "GET /entity/469856586.shtm HTTP/1.1" 404 33606 "-" "Mozilla/5.0 AppleWebKit/537.36 (KHTML, like Gecko; compatible; bingbot/2.0; +http://www.bing.com/bingbot.htm) Chrome/116.0.1938.76 Safari/537.36"
194.187.171.132 - - [06/Nov/2025:06:59:11 +0000] "GET /en/pandemain-traditional-farmers-bread HTTP/1.1" 404 33579 "-" "Mozilla/5.0 (compatible; Qwantbot/1.0_406338; +https://help.qwant.com/bot/)"
3.83.76.234 - - [06/Nov/2025:06:59:22 +0000] "GET /img_20171012_203623_123/ HTTP/1.1" 200 40229 "-" "TerraCotta https://github.com/CeramicTeam/CeramicTerracotta"
40.77.167.47 - - [06/Nov/2025:06:59:56 +0000] "GET /entity/820129628.shtm HTTP/1.1" 404 33606 "-" "Mozilla/5.0 AppleWebKit/537.36 (KHTML, like Gecko; compatible; bingbot/2.0; +http://www.bing.com/bingbot.htm) Chrome/116.0.1938.76 Safari/537.36"
164.92.120.72 - - [06/Nov/2025:07:01:59 +0000] "GET / HTTP/1.1" 301 3893 "-" "Mozilla/5.0 (X11; Linux x86_64) AppleWebKit/537.36 (KHTML, like Gecko) Chrome/139.0.0.0 Safari/537.36"
164.92.120.72 - - [06/Nov/2025:07:02:03 +0000] "GET /favicon.ico HTTP/1.1" 301 3915 "https://amphoragames.com/" "Mozilla/5.0 (X11; Linux x86_64) AppleWebKit/537.36 (KHTML, like Gecko) Chrome/139.0.0.0 Safari/537.36"
194.164.62.186 - - [06/Nov/2025:07:02:08 +0000] "POST /wp-cron.php?doing_wp_cron=1762412528.1472198963165283203125 HTTP/1.1" 200 3647 "-" "WordPress/6.8.3; https://www.amphoragames.com"
66.249.79.37 - - [06/Nov/2025:07:02:07 +0000] "GET /entity/38581273.shtm HTTP/1.1" 301 3813 "-" "Mozilla/5.0 (Linux; Android 6.0.1; Nexus 5X Build/MMB29P) AppleWebKit/537.36 (KHTML, like Gecko) Chrome/141.0.7390.122 Mobile Safari/537.36 (compatible; Googlebot/2.1; +http://www.google.com/bot.html)"
194.164.62.186 - - [06/Nov/2025:07:02:23 +0000] "POST /wp-cron.php?doing_wp_cron=1762412543.7209529876708984375000 HTTP/1.1" 200 3647 "-" "WordPress/6.8.3; https://www.amphoragames.com"
216.73.216.131 - - [06/Nov/2025:07:02:23 +0000] "GET /?p=84 HTTP/1.1" 301 3744 "-" "Mozilla/5.0 AppleWebKit/537.36 (KHTML, like Gecko; compatible; ClaudeBot/1.0; +claudebot@anthropic.com)"
216.73.216.131 - - [06/Nov/2025:07:02:23 +0000] "GET /logo-pentaurus/ HTTP/1.1" 200 9446 "https://www.amphoragames.com/?p=84" "Mozilla/5.0 AppleWebKit/537.36 (KHTML, like Gecko; compatible; ClaudeBot/1.0; +claudebot@anthropic.com)"
52.167.144.23 - - [06/Nov/2025:07:02:28 +0000] "GET /entity/469891868.shtm HTTP/1.1" 404 33606 "-" "Mozilla/5.0 AppleWebKit/537.36 (KHTML, like Gecko; compatible; bingbot/2.0; +http://www.bing.com/bingbot.htm) Chrome/116.0.1938.76 Safari/537.36"
194.164.62.186 - - [06/Nov/2025:07:04:09 +0000] "POST /wp-cron.php?doing_wp_cron=1762412649.2834250926971435546875 HTTP/1.1" 200 3647 "-" "WordPress/6.8.3; https://www.amphoragames.com"
66.249.79.33 - - [06/Nov/2025:07:04:09 +0000] "GET /entity/154983579.shtm HTTP/1.1" 301 3813 "-" "Mozilla/5.0 (Linux; Android 6.0.1; Nexus 5X Build/MMB29P) AppleWebKit/537.36 (KHTML, like Gecko) Chrome/141.0.7390.122 Mobile Safari/537.36 (compatible; Googlebot/2.1; +http://www.google.com/bot.html)"
66.249.79.37 - - [06/Nov/2025:07:04:12 +0000] "GET /entity/839995998.shtm HTTP/1.1" 301 3813 "-" "Mozilla/5.0 (Linux; Android 6.0.1; Nexus 5X Build/MMB29P) AppleWebKit/537.36 (KHTML, like Gecko) Chrome/141.0.7390.122 Mobile Safari/537.36 (compatible; Googlebot/2.1; +http://www.google.com/bot.html)"
40.77.167.72 - - [06/Nov/2025:07:04:19 +0000] "GET /entity/395705238.shtm HTTP/1.1" 404 33606 "-" "Mozilla/5.0 AppleWebKit/537.36 (KHTML, like Gecko; compatible; bingbot/2.0; +http://www.bing.com/bingbot.htm) Chrome/116.0.1938.76 Safari/537.36"
161.132.40.223 - - [06/Nov/2025:07:04:57 +0000] "GET / HTTP/1.1" 200 13542 "http://amphora.es" "Mozilla/5.0 (Macintosh; Intel Mac OS X 14.3) AppleWebKit/614.31.14 (KHTML, like Gecko) Version/17.0.96 Safari/614.31.14"
161.132.40.223 - - [06/Nov/2025:07:04:58 +0000] "GET /index.php?author=1 HTTP/1.1" 301 644 "https://www.amphoragames.com" "Mozilla/5.0 (Macintosh; Intel Mac OS X 10_15_7) AppleWebKit/537.36 (KHTML, like Gecko) Chrome/113.0.5672.93 Safari/537.36"
161.132.40.223 - - [06/Nov/2025:07:04:58 +0000] "GET /author/amphoragames/ HTTP/1.1" 200 20805 "https://www.amphoragames.com" "Mozilla/5.0 (Macintosh; Intel Mac OS X 10_15_7) AppleWebKit/537.36 (KHTML, like Gecko) Chrome/113.0.5672.93 Safari/537.36"
161.132.40.223 - - [06/Nov/2025:07:04:59 +0000] "GET /index.php?author=2 HTTP/1.1" 301 294 "https://www.amphoragames.com" "Mozilla/5.0 (Windows NT 10.0; Win64; x64) AppleWebKit/537.36 (KHTML, like Gecko) Chrome/126.0.0.0 Safari/537.36"
161.132.40.223 - - [06/Nov/2025:07:04:59 +0000] "GET /?author=2 HTTP/1.1" 200 8242 "https://www.amphoragames.com" "Mozilla/5.0 (Windows NT 10.0; Win64; x64) AppleWebKit/537.36 (KHTML, like Gecko) Chrome/126.0.0.0 Safari/537.36"
161.132.40.223 - - [06/Nov/2025:07:05:00 +0000] "GET /index.php?author=3 HTTP/1.1" 301 406 "https://www.amphoragames.com" "Mozilla/5.0 (Macintosh; Intel Mac OS X 10_15_7; rv:128.0) Gecko/20100101 Firefox/128.0"
161.132.40.223 - - [06/Nov/2025:07:05:00 +0000] "GET /?author=3 HTTP/1.1" 404 30090 "https://www.amphoragames.com" "Mozilla/5.0 (Macintosh; Intel Mac OS X 10_15_7; rv:128.0) Gecko/20100101 Firefox/128.0"
66.249.79.33 - - [06/Nov/2025:07:05:07 +0000] "GET /entity/69200350.shtm HTTP/1.1" 301 3813 "-" "Mozilla/5.0 (Linux; Android 6.0.1; Nexus 5X Build/MMB29P) AppleWebKit/537.36 (KHTML, like Gecko) Chrome/141.0.7390.122 Mobile Safari/537.36 (compatible; GoogleOther)"
194.164.62.186 - - [06/Nov/2025:07:05:50 +0000] "POST /wp-cron.php?doing_wp_cron=1762412750.2371408939361572265625 HTTP/1.1" 200 3647 "-" "WordPress/6.8.3; https://www.amphoragames.com"
40.77.167.72 - - [06/Nov/2025:07:05:49 +0000] "GET /entity/232886372.shtm HTTP/1.1" 404 33606 "-" "Mozilla/5.0 AppleWebKit/537.36 (KHTML, like Gecko; compatible; bingbot/2.0; +http://www.bing.com/bingbot.htm) Chrome/116.0.1938.76 Safari/537.36"
43.157.62.101 - - [06/Nov/2025:07:06:10 +0000] "GET /contacto HTTP/1.1" 301 3603 "-" "Mozilla/5.0 (iPhone; CPU iPhone OS 13_2_3 like Mac OS X) AppleWebKit/605.1.15 (KHTML, like Gecko) Version/13.0.3 Mobile/15E148 Safari/604.1"
194.164.62.186 - - [06/Nov/2025:07:06:12 +0000] "POST /wp-cron.php?doing_wp_cron=1762412772.0860168933868408203125 HTTP/1.1" 200 3647 "-" "WordPress/6.8.3; https://www.amphoragames.com"
43.157.62.101 - - [06/Nov/2025:07:06:11 +0000] "GET /contacta HTTP/1.1" 404 33474 "https://www.amphoragames.com/contacto" "Mozilla/5.0 (iPhone; CPU iPhone OS 13_2_3 like Mac OS X) AppleWebKit/605.1.15 (KHTML, like Gecko) Version/13.0.3 Mobile/15E148 Safari/604.1"
66.249.79.33 - - [06/Nov/2025:07:06:13 +0000] "GET /entity/1097505308.shtm HTTP/1.1" 301 3813 "-" "Mozilla/5.0 (Linux; Android 6.0.1; Nexus 5X Build/MMB29P) AppleWebKit/537.36 (KHTML, like Gecko) Chrome/141.0.7390.122 Mobile Safari/537.36 (compatible; Googlebot/2.1; +http://www.google.com/bot.html)"
40.77.167.72 - - [06/Nov/2025:07:06:29 +0000] "GET /entity/1001772696.shtm HTTP/1.1" 404 33610 "-" "Mozilla/5.0 AppleWebKit/537.36 (KHTML, like Gecko; compatible; bingbot/2.0; +http://www.bing.com/bingbot.htm) Chrome/116.0.1938.76 Safari/537.36"
52.167.144.173 - - [06/Nov/2025:07:06:39 +0000] "GET /entity/413797897.shtm HTTP/1.1" 404 33606 "-" "Mozilla/5.0 AppleWebKit/537.36 (KHTML, like Gecko; compatible; bingbot/2.0; +http://www.bing.com/bingbot.htm) Chrome/116.0.1938.76 Safari/537.36"
52.167.144.23 - - [06/Nov/2025:07:06:46 +0000] "GET /entity/172577504.shtm HTTP/1.1" 404 33606 "-" "Mozilla/5.0 AppleWebKit/537.36 (KHTML, like Gecko; compatible; bingbot/2.0; +http://www.bing.com/bingbot.htm) Chrome/116.0.1938.76 Safari/537.36"
194.164.62.186 - - [06/Nov/2025:07:07:09 +0000] "POST /wp-cron.php?doing_wp_cron=1762412829.4809670448303222656250 HTTP/1.1" 200 3647 "-" "WordPress/6.8.3; https://www.amphoragames.com"
52.167.144.173 - - [06/Nov/2025:07:07:09 +0000] "GET /entity/751083046.shtm HTTP/1.1" 404 33606 "-" "Mozilla/5.0 AppleWebKit/537.36 (KHTML, like Gecko; compatible; bingbot/2.0; +http://www.bing.com/bingbot.htm) Chrome/116.0.1938.76 Safari/537.36"
66.249.79.32 - - [06/Nov/2025:07:07:14 +0000] "GET /entity/783672477.shtm HTTP/1.1" 301 3813 "-" "Mozilla/5.0 (Linux; Android 6.0.1; Nexus 5X Build/MMB29P) AppleWebKit/537.36 (KHTML, like Gecko) Chrome/141.0.7390.122 Mobile Safari/537.36 (compatible; Googlebot/2.1; +http://www.google.com/bot.html)"
194.164.62.186 - - [06/Nov/2025:07:08:20 +0000] "POST /wp-cron.php?doing_wp_cron=1762412900.1474161148071289062500 HTTP/1.1" 200 3647 "-" "WordPress/6.8.3; https://www.amphoragames.com"
216.73.216.131 - - [06/Nov/2025:07:08:19 +0000] "GET /feed/?attachment_id=84 HTTP/1.1" 200 4421 "-" "Mozilla/5.0 AppleWebKit/537.36 (KHTML, like Gecko; compatible; ClaudeBot/1.0; +claudebot@anthropic.com)"
66.249.79.37 - - [06/Nov/2025:07:08:28 +0000] "GET /entity/h_296 HTTP/1.1" 301 3813 "https://www.amphoragames.com/entity/37416491.shtm" "Mozilla/5.0 AppleWebKit/537.36 (KHTML, like Gecko; compatible; GoogleOther) Chrome/141.0.7390.122 Safari/537.36"
66.249.79.32 - - [06/Nov/2025:07:08:31 +0000] "GET /entity/h_0.900 HTTP/1.1" 301 3813 "https://www.amphoragames.com/entity/37416491.shtm" "Mozilla/5.0 AppleWebKit/537.36 (KHTML, like Gecko; compatible; GoogleOther) Chrome/141.0.7390.122 Safari/537.36"
