66.249.79.37 - - [06/Nov/2025:13:50:44 +0000] "GET /entity/836369575.shtm HTTP/1.1" 301 3813 "-" "Mozilla/5.0 (Linux; Android 6.0.1; Nexus 5X Build/MMB29P) AppleWebKit/537.36 (KHTML, like Gecko) Chrome/141.0.7390.122 Mobile Safari/537.36 (compatible; Googlebot/2.1; +http://www.google.com/bot.html)"
52.167.144.181 - - [06/Nov/2025:13:50:50 +0000] "GET /entity/43942428.shtm HTTP/1.1" 404 33602 "-" "Mozilla/5.0 AppleWebKit/537.36 (KHTML, like Gecko; compatible; bingbot/2.0; +http://www.bing.com/bingbot.htm) Chrome/116.0.1938.76 Safari/537.36"
52.167.144.181 - - [06/Nov/2025:13:50:53 +0000] "GET /entity/1097362393.shtm HTTP/1.1" 404 30187 "-" "Mozilla/5.0 AppleWebKit/537.36 (KHTML, like Gecko; compatible; bingbot/2.0; +http://www.bing.com/bingbot.htm) Chrome/116.0.1938.76 Safari/537.36"
66.249.79.37 - - [06/Nov/2025:13:51:02 +0000] "GET /entity/551952184.shtm HTTP/1.1" 301 3813 "-" "Mozilla/5.0 (Linux; Android 6.0.1; Nexus 5X Build/MMB29P) AppleWebKit/537.36 (KHTML, like Gecko) Chrome/141.0.7390.122 Mobile Safari/537.36 (compatible; Googlebot/2.1; +http://www.google.com/bot.html)"
194.164.62.186 - - [06/Nov/2025:13:51:19 +0000] "POST /wp-cron.php?doing_wp_cron=1762437079.6025760173797607421875 HTTP/1.1" 200 3647 "-" "WordPress/6.8.3; https://www.amphoragames.com"
66.249.79.37 - - [06/Nov/2025:13:51:19 +0000] "GET /entity/1160552001.shtm HTTP/1.1" 301 3813 "-" "Mozilla/5.0 (Linux; Android 6.0.1; Nexus 5X Build/MMB29P) AppleWebKit/537.36 (KHTML, like Gecko) Chrome/141.0.7390.122 Mobile Safari/537.36 (compatible; Googlebot/2.1; +http://www.google.com/bot.html)"
66.249.79.37 - - [06/Nov/2025:13:51:36 +0000] "GET /entity/1097898473.shtm HTTP/1.1" 301 3813 "-" "Mozilla/5.0 (Linux; Android 6.0.1; Nexus 5X Build/MMB29P) AppleWebKit/537.36 (KHTML, like Gecko) Chrome/141.0.7390.122 Mobile Safari/537.36 (compatible; Googlebot/2.1; +http://www.google.com/bot.html)"
66.249.79.37 - - [06/Nov/2025:13:51:53 +0000] "GET /entity/1064966341.shtm HTTP/1.1" 301 3813 "-" "Mozilla/5.0 (Linux; Android 6.0.1; Nexus 5X Build/MMB29P) AppleWebKit/537.36 (KHTML, like Gecko) Chrome/141.0.7390.122 Mobile Safari/537.36 (compatible; Googlebot/2.1; +http://www.google.com/bot.html)"
194.164.62.186 - - [06/Nov/2025:13:52:11 +0000] "POST /wp-cron.php?doing_wp_cron=1762437131.5584549903869628906250 HTTP/1.1" 200 3647 "-" "WordPress/6.8.3; https://www.amphoragames.com"
66.249.79.33 - - [06/Nov/2025:13:52:11 +0000] "GET /entity/764666852.shtm HTTP/1.1" 301 3813 "-" "Mozilla/5.0 (Linux; Android 6.0.1; Nexus 5X Build/MMB29P) AppleWebKit/537.36 (KHTML, like Gecko) Chrome/141.0.7390.122 Mobile Safari/537.36 (compatible; Googlebot/2.1; +http://www.google.com/bot.html)"
180.153.236.111 - - [06/Nov/2025:13:52:17 +0000] "GET / HTTP/1.1" 200 13600 "https://www.amphoragames.com/" "Mozilla/5.0 (Windows NT 10.0; Win64; x64) AppleWebKit/537.36 (KHTML, like Gecko) Chrome/140.0.0.0 Safari/537.36 Edg/140.0.0.0; 360Spider"
66.249.79.32 - - [06/Nov/2025:13:52:28 +0000] "GET /entity/353890460.shtm HTTP/1.1" 301 3813 "-" "Mozilla/5.0 (Linux; Android 6.0.1; Nexus 5X Build/MMB29P) AppleWebKit/537.36 (KHTML, like Gecko) Chrome/141.0.7390.122 Mobile Safari/537.36 (compatible; Googlebot/2.1; +http://www.google.com/bot.html)"
66.249.79.37 - - [06/Nov/2025:13:52:45 +0000] "GET /entity/511877879.shtm HTTP/1.1" 301 3813 "-" "Mozilla/5.0 (Linux; Android 6.0.1; Nexus 5X Build/MMB29P) AppleWebKit/537.36 (KHTML, like Gecko) Chrome/141.0.7390.122 Mobile Safari/537.36 (compatible; Googlebot/2.1; +http://www.google.com/bot.html)"
52.167.144.169 - - [06/Nov/2025:13:52:47 +0000] "GET /entity/1302876840.shtm HTTP/1.1" 404 33610 "-" "Mozilla/5.0 AppleWebKit/537.36 (KHTML, like Gecko; compatible; bingbot/2.0; +http://www.bing.com/bingbot.htm) Chrome/116.0.1938.76 Safari/537.36"
207.46.13.116 - - [06/Nov/2025:13:53:00 +0000] "GET /entity/1418664106.shtm HTTP/1.1" 404 33610 "-" "Mozilla/5.0 AppleWebKit/537.36 (KHTML, like Gecko; compatible; bingbot/2.0; +http://www.bing.com/bingbot.htm) Chrome/116.0.1938.76 Safari/537.36"
66.249.79.37 - - [06/Nov/2025:13:53:02 +0000] "GET /entity/1097782690.shtm HTTP/1.1" 301 3813 "-" "Mozilla/5.0 (Linux; Android 6.0.1; Nexus 5X Build/MMB29P) AppleWebKit/537.36 (KHTML, like Gecko) Chrome/141.0.7390.122 Mobile Safari/537.36 (compatible; Googlebot/2.1; +http://www.google.com/bot.html)"
194.164.62.186 - - [06/Nov/2025:13:53:15 +0000] "POST /wp-cron.php?doing_wp_cron=1762437195.3140149116516113281250 HTTP/1.1" 200 3647 "-" "WordPress/6.8.3; https://www.amphoragames.com"
66.249.79.37 - - [06/Nov/2025:13:53:15 +0000] "GET /entity/763504337.shtm HTTP/1.1" 301 3813 "-" "Mozilla/5.0 (Linux; Android 6.0.1; Nexus 5X Build/MMB29P) AppleWebKit/537.36 (KHTML, like Gecko) Chrome/141.0.7390.122 Mobile Safari/537.36 (compatible; GoogleOther)"
40.77.167.0 - - [06/Nov/2025:13:53:16 +0000] "GET /entity/1359202257.shtm HTTP/1.1" 404 33610 "-" "Mozilla/5.0 AppleWebKit/537.36 (KHTML, like Gecko; compatible; bingbot/2.0; +http://www.bing.com/bingbot.htm) Chrome/116.0.1938.76 Safari/537.36"
66.249.79.37 - - [06/Nov/2025:13:53:20 +0000] "GET /entity/53570004.shtm HTTP/1.1" 301 3813 "-" "Mozilla/5.0 (Linux; Android 6.0.1; Nexus 5X Build/MMB29P) AppleWebKit/537.36 (KHTML, like Gecko) Chrome/141.0.7390.122 Mobile Safari/537.36 (compatible; Googlebot/2.1; +http://www.google.com/bot.html)"
66.249.79.37 - - [06/Nov/2025:13:53:22 +0000] "GET /entity/555407947.shtm HTTP/1.1" 301 495 "-" "Mozilla/5.0 (Linux; Android 6.0.1; Nexus 5X Build/MMB29P) AppleWebKit/537.36 (KHTML, like Gecko) Chrome/141.0.7390.122 Mobile Safari/537.36 (compatible; Googlebot/2.1; +http://www.google.com/bot.html)"
66.249.79.37 - - [06/Nov/2025:13:53:28 +0000] "GET /entity/44822216.shtm HTTP/1.1" 301 3813 "-" "Mozilla/5.0 (Linux; Android 6.0.1; Nexus 5X Build/MMB29P) AppleWebKit/537.36 (KHTML, like Gecko) Chrome/141.0.7390.122 Mobile Safari/537.36 (compatible; Googlebot/2.1; +http://www.google.com/bot.html)"
66.249.79.37 - - [06/Nov/2025:13:53:39 +0000] "GET /entity/511883970.shtm HTTP/1.1" 301 3813 "-" "Mozilla/5.0 (Linux; Android 6.0.1; Nexus 5X Build/MMB29P) AppleWebKit/537.36 (KHTML, like Gecko) Chrome/141.0.7390.122 Mobile Safari/537.36 (compatible; Googlebot/2.1; +http://www.google.com/bot.html)"
66.249.79.37 - - [06/Nov/2025:13:53:56 +0000] "GET /entity/637240172.shtm HTTP/1.1" 301 3813 "-" "Mozilla/5.0 (Linux; Android 6.0.1; Nexus 5X Build/MMB29P) AppleWebKit/537.36 (KHTML, like Gecko) Chrome/141.0.7390.122 Mobile Safari/537.36 (compatible; Googlebot/2.1; +http://www.google.com/bot.html)"
66.249.79.37 - - [06/Nov/2025:13:53:59 +0000] "GET /tag/juego-de-mesa-del-espacio HTTP/1.1" 301 370 "-" "Mozilla/5.0 (Linux; Android 6.0.1; Nexus 5X Build/MMB29P) AppleWebKit/537.36 (KHTML, like Gecko) Chrome/141.0.7390.122 Mobile Safari/537.36 (compatible; Googlebot/2.1; +http://www.google.com/bot.html)"
66.249.79.32 - - [06/Nov/2025:13:54:01 +0000] "GET /tag/juego-de-mesa-del-espacio/ HTTP/1.1" 301 3811 "-" "Mozilla/5.0 (Linux; Android 6.0.1; Nexus 5X Build/MMB29P) AppleWebKit/537.36 (KHTML, like Gecko) Chrome/141.0.7390.122 Mobile Safari/537.36 (compatible; Googlebot/2.1; +http://www.google.com/bot.html)"
66.249.79.33 - - [06/Nov/2025:13:54:04 +0000] "GET /entity/44829561.shtm HTTP/1.1" 301 3813 "-" "Mozilla/5.0 (Linux; Android 6.0.1; Nexus 5X Build/MMB29P) AppleWebKit/537.36 (KHTML, like Gecko) Chrome/141.0.7390.122 Mobile Safari/537.36 (compatible; Googlebot/2.1; +http://www.google.com/bot.html)"
66.249.79.32 - - [06/Nov/2025:13:54:06 +0000] "GET /entity/991281715.shtm HTTP/1.1" 301 3813 "-" "Mozilla/5.0 (Linux; Android 6.0.1; Nexus 5X Build/MMB29P) AppleWebKit/537.36 (KHTML, like Gecko) Chrome/141.0.7390.122 Mobile Safari/537.36 (compatible; GoogleOther)"
194.164.62.186 - - [06/Nov/2025:13:54:13 +0000] "POST /wp-cron.php?doing_wp_cron=1762437253.9635639190673828125000 HTTP/1.1" 200 3647 "-" "WordPress/6.8.3; https://www.amphoragames.com"
66.249.79.37 - - [06/Nov/2025:13:54:13 +0000] "GET /entity/510660730.shtm HTTP/1.1" 301 3813 "-" "Mozilla/5.0 (Linux; Android 6.0.1; Nexus 5X Build/MMB29P) AppleWebKit/537.36 (KHTML, like Gecko) Chrome/141.0.7390.122 Mobile Safari/537.36 (compatible; Googlebot/2.1; +http://www.google.com/bot.html)"
66.249.79.37 - - [06/Nov/2025:13:54:32 +0000] "GET /entity/806211765.shtm HTTP/1.1" 301 3813 "-" "Mozilla/5.0 (Linux; Android 6.0.1; Nexus 5X Build/MMB29P) AppleWebKit/537.36 (KHTML, like Gecko) Chrome/141.0.7390.122 Mobile Safari/537.36 (compatible; Googlebot/2.1; +http://www.google.com/bot.html)"
66.249.79.37 - - [06/Nov/2025:13:54:51 +0000] "GET /entity/510635387.shtm HTTP/1.1" 301 3813 "-" "Mozilla/5.0 (Linux; Android 6.0.1; Nexus 5X Build/MMB29P) AppleWebKit/537.36 (KHTML, like Gecko) Chrome/141.0.7390.122 Mobile Safari/537.36 (compatible; Googlebot/2.1; +http://www.google.com/bot.html)"
207.46.13.116 - - [06/Nov/2025:13:55:01 +0000] "GET /entity/1097343311.shtm HTTP/1.1" 404 33610 "-" "Mozilla/5.0 AppleWebKit/537.36 (KHTML, like Gecko; compatible; bingbot/2.0; +http://www.bing.com/bingbot.htm) Chrome/116.0.1938.76 Safari/537.36"
194.164.62.186 - - [06/Nov/2025:13:55:10 +0000] "POST /wp-cron.php?doing_wp_cron=1762437310.7747919559478759765625 HTTP/1.1" 200 3647 "-" "WordPress/6.8.3; https://www.amphoragames.com"
66.249.79.32 - - [06/Nov/2025:13:55:10 +0000] "GET /entity/1097846085.shtm HTTP/1.1" 301 3813 "-" "Mozilla/5.0 (Linux; Android 6.0.1; Nexus 5X Build/MMB29P) AppleWebKit/537.36 (KHTML, like Gecko) Chrome/141.0.7390.122 Mobile Safari/537.36 (compatible; Googlebot/2.1; +http://www.google.com/bot.html)"
66.249.79.37 - - [06/Nov/2025:13:55:29 +0000] "GET /entity/1065001074.shtm HTTP/1.1" 301 3813 "-" "Mozilla/5.0 (Linux; Android 6.0.1; Nexus 5X Build/MMB29P) AppleWebKit/537.36 (KHTML, like Gecko) Chrome/141.0.7390.122 Mobile Safari/537.36 (compatible; Googlebot/2.1; +http://www.google.com/bot.html)"
66.249.79.37 - - [06/Nov/2025:13:55:34 +0000] "GET /entity/44832293.shtm HTTP/1.1" 301 3813 "-" "Mozilla/5.0 (Linux; Android 6.0.1; Nexus 5X Build/MMB29P) AppleWebKit/537.36 (KHTML, like Gecko) Chrome/141.0.7390.122 Mobile Safari/537.36 (compatible; Googlebot/2.1; +http://www.google.com/bot.html)"
66.249.79.37 - - [06/Nov/2025:13:55:48 +0000] "GET /entity/44813105.shtm HTTP/1.1" 301 3813 "-" "Mozilla/5.0 (Linux; Android 6.0.1; Nexus 5X Build/MMB29P) AppleWebKit/537.36 (KHTML, like Gecko) Chrome/141.0.7390.122 Mobile Safari/537.36 (compatible; Googlebot/2.1; +http://www.google.com/bot.html)"
66.249.79.37 - - [06/Nov/2025:13:55:50 +0000] "GET /entity/510628042.shtm HTTP/1.1" 301 495 "-" "Mozilla/5.0 (Linux; Android 6.0.1; Nexus 5X Build/MMB29P) AppleWebKit/537.36 (KHTML, like Gecko) Chrome/141.0.7390.122 Mobile Safari/537.36 (compatible; Googlebot/2.1; +http://www.google.com/bot.html)"
66.249.79.32 - - [06/Nov/2025:13:56:02 +0000] "GET /entity/39841383.shtm HTTP/1.1" 301 3813 "-" "Mozilla/5.0 (Linux; Android 6.0.1; Nexus 5X Build/MMB29P) AppleWebKit/537.36 (KHTML, like Gecko) Chrome/141.0.7390.122 Mobile Safari/537.36 (compatible; GoogleOther)"
66.249.79.32 - - [06/Nov/2025:13:56:07 +0000] "GET /entity/1295216239.shtm HTTP/1.1" 301 3813 "-" "Mozilla/5.0 (Linux; Android 6.0.1; Nexus 5X Build/MMB29P) AppleWebKit/537.36 (KHTML, like Gecko) Chrome/141.0.7390.122 Mobile Safari/537.36 (compatible; Googlebot/2.1; +http://www.google.com/bot.html)"
194.164.62.186 - - [06/Nov/2025:13:56:26 +0000] "POST /wp-cron.php?doing_wp_cron=1762437386.1427559852600097656250 HTTP/1.1" 200 3647 "-" "WordPress/6.8.3; https://www.amphoragames.com"
66.249.79.37 - - [06/Nov/2025:13:56:25 +0000] "GET /entity/44818170.shtm HTTP/1.1" 301 3813 "-" "Mozilla/5.0 (Linux; Android 6.0.1; Nexus 5X Build/MMB29P) AppleWebKit/537.36 (KHTML, like Gecko) Chrome/141.0.7390.122 Mobile Safari/537.36 (compatible; Googlebot/2.1; +http://www.google.com/bot.html)"
66.249.79.37 - - [06/Nov/2025:13:56:28 +0000] "GET /entity/764719954.shtm HTTP/1.1" 301 495 "-" "Mozilla/5.0 (Linux; Android 6.0.1; Nexus 5X Build/MMB29P) AppleWebKit/537.36 (KHTML, like Gecko) Chrome/141.0.7390.122 Mobile Safari/537.36 (compatible; Googlebot/2.1; +http://www.google.com/bot.html)"
66.249.79.37 - - [06/Nov/2025:13:56:52 +0000] "GET /product/edit/A2571454280 HTTP/1.1" 301 3813 "-" "Mozilla/5.0 (Linux; Android 6.0.1; Nexus 5X Build/MMB29P) AppleWebKit/537.36 (KHTML, like Gecko) Chrome/141.0.7390.122 Mobile Safari/537.36 (compatible; Googlebot/2.1; +http://www.google.com/bot.html)"
66.249.79.37 - - [06/Nov/2025:13:56:59 +0000] "GET /entity/44792827.shtm HTTP/1.1" 301 3813 "-" "Mozilla/5.0 (Linux; Android 6.0.1; Nexus 5X Build/MMB29P) AppleWebKit/537.36 (KHTML, like Gecko) Chrome/141.0.7390.122 Mobile Safari/537.36 (compatible; Googlebot/2.1; +http://www.google.com/bot.html)"
207.46.13.116 - - [06/Nov/2025:13:57:01 +0000] "GET /entity/1255420306.shtm HTTP/1.1" 404 33610 "-" "Mozilla/5.0 AppleWebKit/537.36 (KHTML, like Gecko; compatible; bingbot/2.0; +http://www.bing.com/bingbot.htm) Chrome/116.0.1938.76 Safari/537.36"
194.164.62.186 - - [06/Nov/2025:13:57:09 +0000] "POST /wp-cron.php?doing_wp_cron=1762437429.5991311073303222656250 HTTP/1.1" 200 3647 "-" "WordPress/6.8.3; https://www.amphoragames.com"
66.249.79.33 - - [06/Nov/2025:13:57:09 +0000] "GET /ks-header-funded HTTP/1.1" 301 3675 "-" "Mozilla/5.0 (Linux; Android 6.0.1; Nexus 5X Build/MMB29P) AppleWebKit/537.36 (KHTML, like Gecko) Chrome/141.0.7390.122 Mobile Safari/537.36 (compatible; Googlebot/2.1; +http://www.google.com/bot.html)"
66.249.79.37 - - [06/Nov/2025:13:57:11 +0000] "GET /ks-header-funded/ HTTP/1.1" 301 3869 "-" "Mozilla/5.0 (Linux; Android 6.0.1; Nexus 5X Build/MMB29P) AppleWebKit/537.36 (KHTML, like Gecko) Chrome/141.0.7390.122 Mobile Safari/537.36 (compatible; Googlebot/2.1; +http://www.google.com/bot.html)"
207.46.13.116 - - [06/Nov/2025:13:57:12 +0000] "GET /entity/1318790367.shtm HTTP/1.1" 404 33610 "-" "Mozilla/5.0 AppleWebKit/537.36 (KHTML, like Gecko; compatible; bingbot/2.0; +http://www.bing.com/bingbot.htm) Chrome/116.0.1938.76 Safari/537.36"
66.249.79.32 - - [06/Nov/2025:13:57:29 +0000] "GET /entity/153387610.shtm HTTP/1.1" 301 3813 "-" "Mozilla/5.0 (Linux; Android 6.0.1; Nexus 5X Build/MMB29P) AppleWebKit/537.36 (KHTML, like Gecko) Chrome/141.0.7390.122 Mobile Safari/537.36 (compatible; Googlebot/2.1; +http://www.google.com/bot.html)"
66.249.79.37 - - [06/Nov/2025:13:57:42 +0000] "GET /entity/32427473.shtm HTTP/1.1" 301 3813 "-" "Mozilla/5.0 (Linux; Android 6.0.1; Nexus 5X Build/MMB29P) AppleWebKit/537.36 (KHTML, like Gecko) Chrome/141.0.7390.122 Mobile Safari/537.36 (compatible; Googlebot/2.1; +http://www.google.com/bot.html)"
66.249.79.37 - - [06/Nov/2025:13:58:00 +0000] "GET /entity/48518971.shtm HTTP/1.1" 301 3813 "-" "Mozilla/5.0 (Linux; Android 6.0.1; Nexus 5X Build/MMB29P) AppleWebKit/537.36 (KHTML, like Gecko) Chrome/141.0.7390.122 Mobile Safari/537.36 (compatible; Googlebot/2.1; +http://www.google.com/bot.html)"
194.164.62.186 - - [06/Nov/2025:13:58:20 +0000] "POST /wp-cron.php?doing_wp_cron=1762437500.2248599529266357421875 HTTP/1.1" 200 3647 "-" "WordPress/6.8.3; https://www.amphoragames.com"
66.249.79.37 - - [06/Nov/2025:13:58:19 +0000] "GET /entity/1316967580.shtm HTTP/1.1" 301 3813 "-" "Mozilla/5.0 (Linux; Android 6.0.1; Nexus 5X Build/MMB29P) AppleWebKit/537.36 (KHTML, like Gecko) Chrome/141.0.7390.122 Mobile Safari/537.36 (compatible; Googlebot/2.1; +http://www.google.com/bot.html)"
66.249.79.37 - - [06/Nov/2025:13:58:40 +0000] "GET /entity/509532537.shtm HTTP/1.1" 301 3813 "-" "Mozilla/5.0 (Linux; Android 6.0.1; Nexus 5X Build/MMB29P) AppleWebKit/537.36 (KHTML, like Gecko) Chrome/141.0.7390.122 Mobile Safari/537.36 (compatible; Googlebot/2.1; +http://www.google.com/bot.html)"
66.249.79.37 - - [06/Nov/2025:13:58:58 +0000] "GET /entity/1097759855.shtm HTTP/1.1" 301 3813 "-" "Mozilla/5.0 (Linux; Android 6.0.1; Nexus 5X Build/MMB29P) AppleWebKit/537.36 (KHTML, like Gecko) Chrome/141.0.7390.122 Mobile Safari/537.36 (compatible; Googlebot/2.1; +http://www.google.com/bot.html)"
194.164.62.186 - - [06/Nov/2025:13:59:10 +0000] "POST /wp-cron.php?doing_wp_cron=1762437550.2649409770965576171875 HTTP/1.1" 200 3647 "-" "WordPress/6.8.3; https://www.amphoragames.com"
52.167.144.138 - - [06/Nov/2025:13:59:10 +0000] "GET /entity/330261862.shtm HTTP/1.1" 404 33606 "-" "Mozilla/5.0 AppleWebKit/537.36 (KHTML, like Gecko; compatible; bingbot/2.0; +http://www.bing.com/bingbot.htm) Chrome/116.0.1938.76 Safari/537.36"
66.249.79.32 - - [06/Nov/2025:13:59:16 +0000] "GET /entity/1120242507.shtm HTTP/1.1" 301 3813 "-" "Mozilla/5.0 (Linux; Android 6.0.1; Nexus 5X Build/MMB29P) AppleWebKit/537.36 (KHTML, like Gecko) Chrome/141.0.7390.122 Mobile Safari/537.36 (compatible; Googlebot/2.1; +http://www.google.com/bot.html)"
66.249.79.37 - - [06/Nov/2025:13:59:18 +0000] "GET /entity/943571340.shtm HTTP/1.1" 301 3813 "-" "Mozilla/5.0 (Linux; Android 6.0.1; Nexus 5X Build/MMB29P) AppleWebKit/537.36 (KHTML, like Gecko) Chrome/141.0.7390.122 Mobile Safari/537.36 (compatible; Googlebot/2.1; +http://www.google.com/bot.html)"
66.249.79.32 - - [06/Nov/2025:13:59:36 +0000] "GET /entity/509523187.shtm HTTP/1.1" 301 3813 "-" "Mozilla/5.0 (Linux; Android 6.0.1; Nexus 5X Build/MMB29P) AppleWebKit/537.36 (KHTML, like Gecko) Chrome/141.0.7390.122 Mobile Safari/537.36 (compatible; Googlebot/2.1; +http://www.google.com/bot.html)"
66.249.79.37 - - [06/Nov/2025:13:59:53 +0000] "GET /entity/1093445661.shtm HTTP/1.1" 301 3813 "-" "Mozilla/5.0 (Linux; Android 6.0.1; Nexus 5X Build/MMB29P) AppleWebKit/537.36 (KHTML, like Gecko) Chrome/141.0.7390.122 Mobile Safari/537.36 (compatible; Googlebot/2.1; +http://www.google.com/bot.html)"
52.167.144.231 - - [06/Nov/2025:14:00:00 +0000] "GET /entity/135253250.shtm HTTP/1.1" 404 33606 "-" "Mozilla/5.0 AppleWebKit/537.36 (KHTML, like Gecko; compatible; bingbot/2.0; +http://www.bing.com/bingbot.htm) Chrome/116.0.1938.76 Safari/537.36"
194.164.62.186 - - [06/Nov/2025:14:00:10 +0000] "POST /wp-cron.php?doing_wp_cron=1762437610.7193529605865478515625 HTTP/1.1" 200 3647 "-" "WordPress/6.8.3; https://www.amphoragames.com"
66.249.79.37 - - [06/Nov/2025:14:00:10 +0000] "GET /entity/1017861720.shtm HTTP/1.1" 301 3813 "-" "Mozilla/5.0 (Linux; Android 6.0.1; Nexus 5X Build/MMB29P) AppleWebKit/537.36 (KHTML, like Gecko) Chrome/141.0.7390.122 Mobile Safari/537.36 (compatible; Googlebot/2.1; +http://www.google.com/bot.html)"
52.167.144.138 - - [06/Nov/2025:14:00:20 +0000] "GET /entity/257186270.shtm HTTP/1.1" 404 33606 "-" "Mozilla/5.0 AppleWebKit/537.36 (KHTML, like Gecko; compatible; bingbot/2.0; +http://www.bing.com/bingbot.htm) Chrome/116.0.1938.76 Safari/537.36"
66.249.79.37 - - [06/Nov/2025:14:00:27 +0000] "GET /entity/509510809.shtm HTTP/1.1" 301 3813 "-" "Mozilla/5.0 (Linux; Android 6.0.1; Nexus 5X Build/MMB29P) AppleWebKit/537.36 (KHTML, like Gecko) Chrome/141.0.7390.122 Mobile Safari/537.36 (compatible; Googlebot/2.1; +http://www.google.com/bot.html)"
52.167.144.231 - - [06/Nov/2025:14:00:30 +0000] "GET /entity/1229333171.shtm HTTP/1.1" 404 33610 "-" "Mozilla/5.0 AppleWebKit/537.36 (KHTML, like Gecko; compatible; bingbot/2.0; +http://www.bing.com/bingbot.htm) Chrome/116.0.1938.76 Safari/537.36"
52.167.144.231 - - [06/Nov/2025:14:00:40 +0000] "GET /entity/1386268758.shtm HTTP/1.1" 404 33595 "-" "Mozilla/5.0 AppleWebKit/537.36 (KHTML, like Gecko; compatible; bingbot/2.0; +http://www.bing.com/bingbot.htm) Chrome/116.0.1938.76 Safari/537.36"
66.249.79.37 - - [06/Nov/2025:14:00:44 +0000] "GET /entity/1097865337.shtm HTTP/1.1" 301 3813 "-" "Mozilla/5.0 (Linux; Android 6.0.1; Nexus 5X Build/MMB29P) AppleWebKit/537.36 (KHTML, like Gecko) Chrome/141.0.7390.122 Mobile Safari/537.36 (compatible; Googlebot/2.1; +http://www.google.com/bot.html)"
207.46.13.116 - - [06/Nov/2025:14:00:44 +0000] "GET /product/edit/A1317384097 HTTP/1.1" 404 33622 "-" "Mozilla/5.0 AppleWebKit/537.36 (KHTML, like Gecko; compatible; bingbot/2.0; +http://www.bing.com/bingbot.htm) Chrome/116.0.1938.76 Safari/537.36"
66.249.79.33 - - [06/Nov/2025:14:01:02 +0000] "GET /entity/1117585736.shtm HTTP/1.1" 301 3813 "-" "Mozilla/5.0 (Linux; Android 6.0.1; Nexus 5X Build/MMB29P) AppleWebKit/537.36 (KHTML, like Gecko) Chrome/141.0.7390.122 Mobile Safari/537.36 (compatible; Googlebot/2.1; +http://www.google.com/bot.html)"
66.249.79.37 - - [06/Nov/2025:14:01:04 +0000] "GET /entity/531045904.shtm HTTP/1.1" 301 3813 "-" "Mozilla/5.0 (Linux; Android 6.0.1; Nexus 5X Build/MMB29P) AppleWebKit/537.36 (KHTML, like Gecko) Chrome/141.0.7390.122 Mobile Safari/537.36 (compatible; Googlebot/2.1; +http://www.google.com/bot.html)"
66.249.79.37 - - [06/Nov/2025:14:01:07 +0000] "GET /entity/44830252.shtm HTTP/1.1" 301 495 "-" "Mozilla/5.0 (Linux; Android 6.0.1; Nexus 5X Build/MMB29P) AppleWebKit/537.36 (KHTML, like Gecko) Chrome/141.0.7390.122 Mobile Safari/537.36 (compatible; Googlebot/2.1; +http://www.google.com/bot.html)"
194.164.62.186 - - [06/Nov/2025:14:01:22 +0000] "POST /wp-cron.php?doing_wp_cron=1762437682.3614759445190429687500 HTTP/1.1" 200 3647 "-" "WordPress/6.8.3; https://www.amphoragames.com"
66.249.79.37 - - [06/Nov/2025:14:01:22 +0000] "GET /entity/837545731.shtm HTTP/1.1" 301 3813 "-" "Mozilla/5.0 (Linux; Android 6.0.1; Nexus 5X Build/MMB29P) AppleWebKit/537.36 (KHTML, like Gecko) Chrome/141.0.7390.122 Mobile Safari/537.36 (compatible; Googlebot/2.1; +http://www.google.com/bot.html)"
66.249.79.37 - - [06/Nov/2025:14:01:24 +0000] "GET /entity/831502384.shtm HTTP/1.1" 301 495 "-" "Mozilla/5.0 (Linux; Android 6.0.1; Nexus 5X Build/MMB29P) AppleWebKit/537.36 (KHTML, like Gecko) Chrome/141.0.7390.122 Mobile Safari/537.36 (compatible; Googlebot/2.1; +http://www.google.com/bot.html)"
66.249.79.37 - - [06/Nov/2025:14:01:41 +0000] "GET /entity/70391640.shtm HTTP/1.1" 301 3813 "-" "Mozilla/5.0 (Linux; Android 6.0.1; Nexus 5X Build/MMB29P) AppleWebKit/537.36 (KHTML, like Gecko) Chrome/141.0.7390.122 Mobile Safari/537.36 (compatible; Googlebot/2.1; +http://www.google.com/bot.html)"
207.46.13.116 - - [06/Nov/2025:14:01:42 +0000] "GET /entity/675972451.shtm HTTP/1.1" 404 33606 "-" "Mozilla/5.0 AppleWebKit/537.36 (KHTML, like Gecko; compatible; bingbot/2.0; +http://www.bing.com/bingbot.htm) Chrome/116.0.1938.76 Safari/537.36"
66.249.79.37 - - [06/Nov/2025:14:01:58 +0000] "GET /entity/1159318394.shtm HTTP/1.1" 301 3813 "-" "Mozilla/5.0 (Linux; Android 6.0.1; Nexus 5X Build/MMB29P) AppleWebKit/537.36 (KHTML, like Gecko) Chrome/141.0.7390.122 Mobile Safari/537.36 (compatible; Googlebot/2.1; +http://www.google.com/bot.html)"
194.164.62.186 - - [06/Nov/2025:14:02:16 +0000] "POST /wp-cron.php?doing_wp_cron=1762437736.1684570312500000000000 HTTP/1.1" 200 3647 "-" "WordPress/6.8.3; https://www.amphoragames.com"
66.249.79.32 - - [06/Nov/2025:14:02:15 +0000] "GET /entity/914276348.shtm HTTP/1.1" 301 3813 "-" "Mozilla/5.0 (Linux; Android 6.0.1; Nexus 5X Build/MMB29P) AppleWebKit/537.36 (KHTML, like Gecko) Chrome/141.0.7390.122 Mobile Safari/537.36 (compatible; Googlebot/2.1; +http://www.google.com/bot.html)"
66.249.79.32 - - [06/Nov/2025:14:02:33 +0000] "GET /entity/764716518.shtm HTTP/1.1" 301 3813 "-" "Mozilla/5.0 (Linux; Android 6.0.1; Nexus 5X Build/MMB29P) AppleWebKit/537.36 (KHTML, like Gecko) Chrome/141.0.7390.122 Mobile Safari/537.36 (compatible; Googlebot/2.1; +http://www.google.com/bot.html)"
66.249.79.37 - - [06/Nov/2025:14:02:50 +0000] "GET /entity/913153230.shtm HTTP/1.1" 301 3813 "-" "Mozilla/5.0 (Linux; Android 6.0.1; Nexus 5X Build/MMB29P) AppleWebKit/537.36 (KHTML, like Gecko) Chrome/141.0.7390.122 Mobile Safari/537.36 (compatible; Googlebot/2.1; +http://www.google.com/bot.html)"
66.249.79.32 - - [06/Nov/2025:14:03:07 +0000] "GET /entity/764704473.shtm HTTP/1.1" 301 3813 "-" "Mozilla/5.0 (Linux; Android 6.0.1; Nexus 5X Build/MMB29P) AppleWebKit/537.36 (KHTML, like Gecko) Chrome/141.0.7390.122 Mobile Safari/537.36 (compatible; Googlebot/2.1; +http://www.google.com/bot.html)"
194.164.62.186 - - [06/Nov/2025:14:03:10 +0000] "POST /wp-cron.php?doing_wp_cron=1762437790.3226449489593505859375 HTTP/1.1" 200 3647 "-" "WordPress/6.8.3; https://www.amphoragames.com"
66.249.79.33 - - [06/Nov/2025:14:03:10 +0000] "GET /entity/391351817.shtm HTTP/1.1" 301 3813 "-" "Mozilla/5.0 (Linux; Android 6.0.1; Nexus 5X Build/MMB29P) AppleWebKit/537.36 (KHTML, like Gecko) Chrome/141.0.7390.122 Mobile Safari/537.36 (compatible; Googlebot/2.1; +http://www.google.com/bot.html)"
66.249.79.32 - - [06/Nov/2025:14:03:27 +0000] "GET /entity/388684683.shtm HTTP/1.1" 301 3813 "-" "Mozilla/5.0 (Linux; Android 6.0.1; Nexus 5X Build/MMB29P) AppleWebKit/537.36 (KHTML, like Gecko) Chrome/141.0.7390.122 Mobile Safari/537.36 (compatible; Googlebot/2.1; +http://www.google.com/bot.html)"
66.249.79.37 - - [06/Nov/2025:14:03:29 +0000] "GET /entity/52744035.shtm HTTP/1.1" 301 3813 "-" "Mozilla/5.0 (Linux; Android 6.0.1; Nexus 5X Build/MMB29P) AppleWebKit/537.36 (KHTML, like Gecko) Chrome/141.0.7390.122 Mobile Safari/537.36 (compatible; GoogleOther)"
66.249.79.37 - - [06/Nov/2025:14:03:32 +0000] "GET /entity/652270354.shtm HTTP/1.1" 301 3813 "-" "Mozilla/5.0 (Linux; Android 6.0.1; Nexus 5X Build/MMB29P) AppleWebKit/537.36 (KHTML, like Gecko) Chrome/141.0.7390.122 Mobile Safari/537.36 (compatible; Googlebot/2.1; +http://www.google.com/bot.html)"
157.55.39.13 - - [06/Nov/2025:14:03:33 +0000] "GET /entity/737732678.shtm HTTP/1.1" 404 33606 "-" "Mozilla/5.0 AppleWebKit/537.36 (KHTML, like Gecko; compatible; bingbot/2.0; +http://www.bing.com/bingbot.htm) Chrome/116.0.1938.76 Safari/537.36"
66.249.79.37 - - [06/Nov/2025:14:03:34 +0000] "GET /entity/595888422.shtm HTTP/1.1" 301 495 "-" "Mozilla/5.0 (Linux; Android 6.0.1; Nexus 5X Build/MMB29P) AppleWebKit/537.36 (KHTML, like Gecko) Chrome/141.0.7390.122 Mobile Safari/537.36 (compatible; Googlebot/2.1; +http://www.google.com/bot.html)"
66.249.79.37 - - [06/Nov/2025:14:03:37 +0000] "GET /entity/39053564.shtm HTTP/1.1" 301 495 "-" "Mozilla/5.0 (Linux; Android 6.0.1; Nexus 5X Build/MMB29P) AppleWebKit/537.36 (KHTML, like Gecko) Chrome/141.0.7390.122 Mobile Safari/537.36 (compatible; Googlebot/2.1; +http://www.google.com/bot.html)"
66.249.79.37 - - [06/Nov/2025:14:03:39 +0000] "GET /entity/1441463971.shtm HTTP/1.1" 301 495 "-" "Mozilla/5.0 (Linux; Android 6.0.1; Nexus 5X Build/MMB29P) AppleWebKit/537.36 (KHTML, like Gecko) Chrome/141.0.7390.122 Mobile Safari/537.36 (compatible; Googlebot/2.1; +http://www.google.com/bot.html)"
66.249.79.37 - - [06/Nov/2025:14:03:47 +0000] "GET /entity/239412313.shtm HTTP/1.1" 301 3813 "-" "Mozilla/5.0 (Linux; Android 6.0.1; Nexus 5X Build/MMB29P) AppleWebKit/537.36 (KHTML, like Gecko) Chrome/141.0.7390.122 Mobile Safari/537.36 (compatible; Googlebot/2.1; +http://www.google.com/bot.html)"
66.249.79.33 - - [06/Nov/2025:14:04:00 +0000] "GET /entity/1160558838.shtm HTTP/1.1" 301 3813 "-" "Mozilla/5.0 (Linux; Android 6.0.1; Nexus 5X Build/MMB29P) AppleWebKit/537.36 (KHTML, like Gecko) Chrome/141.0.7390.122 Mobile Safari/537.36 (compatible; Googlebot/2.1; +http://www.google.com/bot.html)"
194.164.62.186 - - [06/Nov/2025:14:04:19 +0000] "POST /wp-cron.php?doing_wp_cron=1762437859.5815670490264892578125 HTTP/1.1" 200 3647 "-" "WordPress/6.8.3; https://www.amphoragames.com"
52.167.144.231 - - [06/Nov/2025:14:04:19 +0000] "GET /entity/766173177.shtm HTTP/1.1" 404 33606 "-" "Mozilla/5.0 AppleWebKit/537.36 (KHTML, like Gecko; compatible; bingbot/2.0; +http://www.bing.com/bingbot.htm) Chrome/116.0.1938.76 Safari/537.36"
66.249.79.32 - - [06/Nov/2025:14:04:19 +0000] "GET /entity/778456240.shtm HTTP/1.1" 301 3813 "-" "Mozilla/5.0 (Linux; Android 6.0.1; Nexus 5X Build/MMB29P) AppleWebKit/537.36 (KHTML, like Gecko) Chrome/141.0.7390.122 Mobile Safari/537.36 (compatible; Googlebot/2.1; +http://www.google.com/bot.html)"
66.249.79.37 - - [06/Nov/2025:14:04:38 +0000] "GET /entity/1096321628.shtm HTTP/1.1" 301 3813 "-" "Mozilla/5.0 (Linux; Android 6.0.1; Nexus 5X Build/MMB29P) AppleWebKit/537.36 (KHTML, like Gecko) Chrome/141.0.7390.122 Mobile Safari/537.36 (compatible; Googlebot/2.1; +http://www.google.com/bot.html)"
157.55.39.13 - - [06/Nov/2025:14:04:44 +0000] "GET /entity/702946325.shtm HTTP/1.1" 404 33606 "-" "Mozilla/5.0 AppleWebKit/537.36 (KHTML, like Gecko; compatible; bingbot/2.0; +http://www.bing.com/bingbot.htm) Chrome/116.0.1938.76 Safari/537.36"
66.249.79.37 - - [06/Nov/2025:14:04:57 +0000] "GET /entity/764710436.shtm HTTP/1.1" 301 3813 "-" "Mozilla/5.0 (Linux; Android 6.0.1; Nexus 5X Build/MMB29P) AppleWebKit/537.36 (KHTML, like Gecko) Chrome/141.0.7390.122 Mobile Safari/537.36 (compatible; Googlebot/2.1; +http://www.google.com/bot.html)"
66.249.79.37 - - [06/Nov/2025:14:04:59 +0000] "GET /entity/44821269.shtm HTTP/1.1" 301 495 "-" "Mozilla/5.0 (Linux; Android 6.0.1; Nexus 5X Build/MMB29P) AppleWebKit/537.36 (KHTML, like Gecko) Chrome/141.0.7390.122 Mobile Safari/537.36 (compatible; Googlebot/2.1; +http://www.google.com/bot.html)"
52.167.144.231 - - [06/Nov/2025:14:05:07 +0000] "GET /entity/1270800283.shtm HTTP/1.1" 404 33610 "-" "Mozilla/5.0 AppleWebKit/537.36 (KHTML, like Gecko; compatible; bingbot/2.0; +http://www.bing.com/bingbot.htm) Chrome/116.0.1938.76 Safari/537.36"
194.164.62.186 - - [06/Nov/2025:14:05:16 +0000] "POST /wp-cron.php?doing_wp_cron=1762437916.6880109310150146484375 HTTP/1.1" 200 3647 "-" "WordPress/6.8.3; https://www.amphoragames.com"
66.249.79.37 - - [06/Nov/2025:14:05:16 +0000] "GET /entity/357679965.shtm HTTP/1.1" 301 3813 "-" "Mozilla/5.0 (Linux; Android 6.0.1; Nexus 5X Build/MMB29P) AppleWebKit/537.36 (KHTML, like Gecko) Chrome/141.0.7390.122 Mobile Safari/537.36 (compatible; Googlebot/2.1; +http://www.google.com/bot.html)"
52.167.144.138 - - [06/Nov/2025:14:05:19 +0000] "GET /entity/1163064560.shtm HTTP/1.1" 404 33610 "-" "Mozilla/5.0 AppleWebKit/537.36 (KHTML, like Gecko; compatible; bingbot/2.0; +http://www.bing.com/bingbot.htm) Chrome/116.0.1938.76 Safari/537.36"
66.249.79.37 - - [06/Nov/2025:14:05:35 +0000] "GET /entity/1295168473.shtm HTTP/1.1" 301 3813 "-" "Mozilla/5.0 (Linux; Android 6.0.1; Nexus 5X Build/MMB29P) AppleWebKit/537.36 (KHTML, like Gecko) Chrome/141.0.7390.122 Mobile Safari/537.36 (compatible; Googlebot/2.1; +http://www.google.com/bot.html)"
66.249.79.37 - - [06/Nov/2025:14:05:54 +0000] "GET /entity/296026177.shtm HTTP/1.1" 301 3813 "-" "Mozilla/5.0 (Linux; Android 6.0.1; Nexus 5X Build/MMB29P) AppleWebKit/537.36 (KHTML, like Gecko) Chrome/141.0.7390.122 Mobile Safari/537.36 (compatible; Googlebot/2.1; +http://www.google.com/bot.html)"
194.164.62.186 - - [06/Nov/2025:14:06:13 +0000] "POST /wp-cron.php?doing_wp_cron=1762437973.5809578895568847656250 HTTP/1.1" 200 3647 "-" "WordPress/6.8.3; https://www.amphoragames.com"
66.249.79.32 - - [06/Nov/2025:14:06:13 +0000] "GET /entity/1097821770.shtm HTTP/1.1" 301 3813 "-" "Mozilla/5.0 (Linux; Android 6.0.1; Nexus 5X Build/MMB29P) AppleWebKit/537.36 (KHTML, like Gecko) Chrome/141.0.7390.122 Mobile Safari/537.36 (compatible; Googlebot/2.1; +http://www.google.com/bot.html)"
66.249.79.37 - - [06/Nov/2025:14:06:32 +0000] "GET /entity/30014927.shtm HTTP/1.1" 301 3813 "-" "Mozilla/5.0 (Linux; Android 6.0.1; Nexus 5X Build/MMB29P) AppleWebKit/537.36 (KHTML, like Gecko) Chrome/141.0.7390.122 Mobile Safari/537.36 (compatible; Googlebot/2.1; +http://www.google.com/bot.html)"
66.249.79.37 - - [06/Nov/2025:14:06:34 +0000] "GET /entity/345484547.shtm HTTP/1.1" 301 3813 "-" "Mozilla/5.0 (Linux; Android 6.0.1; Nexus 5X Build/MMB29P) AppleWebKit/537.36 (KHTML, like Gecko) Chrome/141.0.7390.122 Mobile Safari/537.36 (compatible; GoogleOther)"
66.249.79.37 - - [06/Nov/2025:14:06:51 +0000] "GET /entity/1086085574.shtm HTTP/1.1" 301 3813 "-" "Mozilla/5.0 (Linux; Android 6.0.1; Nexus 5X Build/MMB29P) AppleWebKit/537.36 (KHTML, like Gecko) Chrome/141.0.7390.122 Mobile Safari/537.36 (compatible; Googlebot/2.1; +http://www.google.com/bot.html)"
194.164.62.186 - - [06/Nov/2025:14:07:10 +0000] "POST /wp-cron.php?doing_wp_cron=1762438030.3689620494842529296875 HTTP/1.1" 200 3647 "-" "WordPress/6.8.3; https://www.amphoragames.com"
66.249.79.37 - - [06/Nov/2025:14:07:10 +0000] "GET /entity/20577672.shtm HTTP/1.1" 301 3813 "-" "Mozilla/5.0 (Linux; Android 6.0.1; Nexus 5X Build/MMB29P) AppleWebKit/537.36 (KHTML, like Gecko) Chrome/141.0.7390.122 Mobile Safari/537.36 (compatible; Googlebot/2.1; +http://www.google.com/bot.html)"
66.249.79.37 - - [06/Nov/2025:14:07:28 +0000] "GET /entity/1299102089.shtm HTTP/1.1" 301 3813 "-" "Mozilla/5.0 (Linux; Android 6.0.1; Nexus 5X Build/MMB29P) AppleWebKit/537.36 (KHTML, like Gecko) Chrome/141.0.7390.122 Mobile Safari/537.36 (compatible; Googlebot/2.1; +http://www.google.com/bot.html)"
66.249.79.37 - - [06/Nov/2025:14:07:47 +0000] "GET /entity/931373523.shtm HTTP/1.1" 301 3813 "-" "Mozilla/5.0 (Linux; Android 6.0.1; Nexus 5X Build/MMB29P) AppleWebKit/537.36 (KHTML, like Gecko) Chrome/141.0.7390.122 Mobile Safari/537.36 (compatible; Googlebot/2.1; +http://www.google.com/bot.html)"
66.249.79.37 - - [06/Nov/2025:14:07:56 +0000] "GET /entity/840544320.shtm HTTP/1.1" 301 3813 "-" "Mozilla/5.0 (Linux; Android 6.0.1; Nexus 5X Build/MMB29P) AppleWebKit/537.36 (KHTML, like Gecko) Chrome/141.0.7390.122 Mobile Safari/537.36 (compatible; GoogleOther)"
66.249.79.33 - - [06/Nov/2025:14:08:06 +0000] "GET /entity/45124026.shtm HTTP/1.1" 301 3813 "-" "Mozilla/5.0 (Linux; Android 6.0.1; Nexus 5X Build/MMB29P) AppleWebKit/537.36 (KHTML, like Gecko) Chrome/141.0.7390.122 Mobile Safari/537.36 (compatible; Googlebot/2.1; +http://www.google.com/bot.html)"
194.164.62.186 - - [06/Nov/2025:14:08:20 +0000] "POST /wp-cron.php?doing_wp_cron=1762438100.3995258808135986328125 HTTP/1.1" 200 3647 "-" "WordPress/6.8.3; https://www.amphoragames.com"
66.249.79.32 - - [06/Nov/2025:14:08:20 +0000] "GET /entity/991268714.shtm HTTP/1.1" 301 3813 "-" "Mozilla/5.0 (Linux; Android 6.0.1; Nexus 5X Build/MMB29P) AppleWebKit/537.36 (KHTML, like Gecko) Chrome/141.0.7390.122 Mobile Safari/537.36 (compatible; Googlebot/2.1; +http://www.google.com/bot.html)"
52.167.144.198 - - [06/Nov/2025:14:08:21 +0000] "GET /entity/305612131.shtm HTTP/1.1" 404 33606 "-" "Mozilla/5.0 AppleWebKit/537.36 (KHTML, like Gecko; compatible; bingbot/2.0; +http://www.bing.com/bingbot.htm) Chrome/116.0.1938.76 Safari/537.36"
66.249.79.37 - - [06/Nov/2025:14:08:25 +0000] "GET /entity/1097490989.shtm HTTP/1.1" 301 3813 "-" "Mozilla/5.0 (Linux; Android 6.0.1; Nexus 5X Build/MMB29P) AppleWebKit/537.36 (KHTML, like Gecko) Chrome/141.0.7390.122 Mobile Safari/537.36 (compatible; Googlebot/2.1; +http://www.google.com/bot.html)"
52.167.144.198 - - [06/Nov/2025:14:08:41 +0000] "GET /entity/413483736.shtm HTTP/1.1" 404 33606 "-" "Mozilla/5.0 AppleWebKit/537.36 (KHTML, like Gecko; compatible; bingbot/2.0; +http://www.bing.com/bingbot.htm) Chrome/116.0.1938.76 Safari/537.36"
157.55.39.13 - - [06/Nov/2025:14:08:55 +0000] "GET /entity/930347730.shtm HTTP/1.1" 404 33606 "-" "Mozilla/5.0 AppleWebKit/537.36 (KHTML, like Gecko; compatible; bingbot/2.0; +http://www.bing.com/bingbot.htm) Chrome/116.0.1938.76 Safari/537.36"
66.249.79.37 - - [06/Nov/2025:14:09:00 +0000] "GET /entity/348851925.shtm HTTP/1.1" 301 3813 "-" "Mozilla/5.0 (Linux; Android 6.0.1; Nexus 5X Build/MMB29P) AppleWebKit/537.36 (KHTML, like Gecko) Chrome/141.0.7390.122 Mobile Safari/537.36 (compatible; Googlebot/2.1; +http://www.google.com/bot.html)"
66.249.79.37 - - [06/Nov/2025:14:09:02 +0000] "GET /entity/3058160.shtm HTTP/1.1" 301 495 "-" "Mozilla/5.0 (Linux; Android 6.0.1; Nexus 5X Build/MMB29P) AppleWebKit/537.36 (KHTML, like Gecko) Chrome/141.0.7390.122 Mobile Safari/537.36 (compatible; Googlebot/2.1; +http://www.google.com/bot.html)"
216.73.216.131 - - [06/Nov/2025:14:09:04 +0000] "GET /robots.txt HTTP/1.1" 200 3741 "-" "Mozilla/5.0 AppleWebKit/537.36 (KHTML, like Gecko; compatible; ClaudeBot/1.0; +claudebot@anthropic.com)"
216.73.216.131 - - [06/Nov/2025:14:09:04 +0000] "GET /category/pandemain HTTP/1.1" 301 304 "-" "Mozilla/5.0 AppleWebKit/537.36 (KHTML, like Gecko; compatible; ClaudeBot/1.0; +claudebot@anthropic.com)"
216.73.216.131 - - [06/Nov/2025:14:09:04 +0000] "GET /category/pandemain/ HTTP/1.1" 200 20624 "https://www.amphoragames.com/category/pandemain" "Mozilla/5.0 AppleWebKit/537.36 (KHTML, like Gecko; compatible; ClaudeBot/1.0; +claudebot@anthropic.com)"
194.164.62.186 - - [06/Nov/2025:14:09:10 +0000] "POST /wp-cron.php?doing_wp_cron=1762438150.9328250885009765625000 HTTP/1.1" 200 3647 "-" "WordPress/6.8.3; https://www.amphoragames.com"
66.249.79.37 - - [06/Nov/2025:14:09:10 +0000] "GET /entity/1120122638.shtm HTTP/1.1" 301 3813 "-" "Mozilla/5.0 (Linux; Android 6.0.1; Nexus 5X Build/MMB29P) AppleWebKit/537.36 (KHTML, like Gecko) Chrome/141.0.7390.122 Mobile Safari/537.36 (compatible; Googlebot/2.1; +http://www.google.com/bot.html)"
66.249.79.37 - - [06/Nov/2025:14:09:22 +0000] "GET /entity/323342615.shtm HTTP/1.1" 301 3813 "-" "Mozilla/5.0 (Linux; Android 6.0.1; Nexus 5X Build/MMB29P) AppleWebKit/537.36 (KHTML, like Gecko) Chrome/141.0.7390.122 Mobile Safari/537.36 (compatible; Googlebot/2.1; +http://www.google.com/bot.html)"
66.249.79.37 - - [06/Nov/2025:14:09:41 +0000] "GET /entity/412857011.shtm HTTP/1.1" 301 3813 "-" "Mozilla/5.0 (Linux; Android 6.0.1; Nexus 5X Build/MMB29P) AppleWebKit/537.36 (KHTML, like Gecko) Chrome/141.0.7390.122 Mobile Safari/537.36 (compatible; Googlebot/2.1; +http://www.google.com/bot.html)"
66.249.79.37 - - [06/Nov/2025:14:10:00 +0000] "GET /entity/323390211.shtm HTTP/1.1" 301 3813 "-" "Mozilla/5.0 (Linux; Android 6.0.1; Nexus 5X Build/MMB29P) AppleWebKit/537.36 (KHTML, like Gecko) Chrome/141.0.7390.122 Mobile Safari/537.36 (compatible; Googlebot/2.1; +http://www.google.com/bot.html)"
194.164.62.186 - - [06/Nov/2025:14:10:19 +0000] "POST /wp-cron.php?doing_wp_cron=1762438219.6672680377960205078125 HTTP/1.1" 200 3647 "-" "WordPress/6.8.3; https://www.amphoragames.com"
66.249.79.32 - - [06/Nov/2025:14:10:19 +0000] "GET /entity/981465601.shtm HTTP/1.1" 301 3813 "-" "Mozilla/5.0 (Linux; Android 6.0.1; Nexus 5X Build/MMB29P) AppleWebKit/537.36 (KHTML, like Gecko) Chrome/141.0.7390.122 Mobile Safari/537.36 (compatible; Googlebot/2.1; +http://www.google.com/bot.html)"
66.249.79.37 - - [06/Nov/2025:14:10:38 +0000] "GET /entity/39113137.shtm HTTP/1.1" 301 3813 "-" "Mozilla/5.0 (Linux; Android 6.0.1; Nexus 5X Build/MMB29P) AppleWebKit/537.36 (KHTML, like Gecko) Chrome/141.0.7390.122 Mobile Safari/537.36 (compatible; Googlebot/2.1; +http://www.google.com/bot.html)"
66.249.79.37 - - [06/Nov/2025:14:10:57 +0000] "GET /entity/637205479.shtm HTTP/1.1" 301 3813 "-" "Mozilla/5.0 (Linux; Android 6.0.1; Nexus 5X Build/MMB29P) AppleWebKit/537.36 (KHTML, like Gecko) Chrome/141.0.7390.122 Mobile Safari/537.36 (compatible; Googlebot/2.1; +http://www.google.com/bot.html)"
194.164.62.186 - - [06/Nov/2025:14:11:16 +0000] "POST /wp-cron.php?doing_wp_cron=1762438276.5646080970764160156250 HTTP/1.1" 200 3647 "-" "WordPress/6.8.3; https://www.amphoragames.com"
66.249.79.33 - - [06/Nov/2025:14:11:16 +0000] "GET /product/edit/A3254210371 HTTP/1.1" 301 3813 "-" "Mozilla/5.0 (Linux; Android 6.0.1; Nexus 5X Build/MMB29P) AppleWebKit/537.36 (KHTML, like Gecko) Chrome/141.0.7390.122 Mobile Safari/537.36 (compatible; Googlebot/2.1; +http://www.google.com/bot.html)"
52.167.144.198 - - [06/Nov/2025:14:11:29 +0000] "GET /entity/278078400.shtm HTTP/1.1" 404 33606 "-" "Mozilla/5.0 AppleWebKit/537.36 (KHTML, like Gecko; compatible; bingbot/2.0; +http://www.bing.com/bingbot.htm) Chrome/116.0.1938.76 Safari/537.36"
52.167.144.217 - - [06/Nov/2025:14:11:34 +0000] "GET /entity/155328473.shtm HTTP/1.1" 404 33606 "-" "Mozilla/5.0 AppleWebKit/537.36 (KHTML, like Gecko; compatible; bingbot/2.0; +http://www.bing.com/bingbot.htm) Chrome/116.0.1938.76 Safari/537.36"
66.249.79.37 - - [06/Nov/2025:14:11:35 +0000] "GET /entity/637227834.shtm HTTP/1.1" 301 3813 "-" "Mozilla/5.0 (Linux; Android 6.0.1; Nexus 5X Build/MMB29P) AppleWebKit/537.36 (KHTML, like Gecko) Chrome/141.0.7390.122 Mobile Safari/537.36 (compatible; Googlebot/2.1; +http://www.google.com/bot.html)"
52.167.144.217 - - [06/Nov/2025:14:11:38 +0000] "GET /entity/316392267.shtm HTTP/1.1" 404 30183 "-" "Mozilla/5.0 AppleWebKit/537.36 (KHTML, like Gecko; compatible; bingbot/2.0; +http://www.bing.com/bingbot.htm) Chrome/116.0.1938.76 Safari/537.36"
52.167.144.198 - - [06/Nov/2025:14:11:43 +0000] "GET /entity/1357896801.shtm HTTP/1.1" 404 33610 "-" "Mozilla/5.0 AppleWebKit/537.36 (KHTML, like Gecko; compatible; bingbot/2.0; +http://www.bing.com/bingbot.htm) Chrome/116.0.1938.76 Safari/537.36"
66.249.79.37 - - [06/Nov/2025:14:11:54 +0000] "GET /entity/815682229.shtm HTTP/1.1" 301 3813 "-" "Mozilla/5.0 (Linux; Android 6.0.1; Nexus 5X Build/MMB29P) AppleWebKit/537.36 (KHTML, like Gecko) Chrome/141.0.7390.122 Mobile Safari/537.36 (compatible; Googlebot/2.1; +http://www.google.com/bot.html)"
194.164.62.186 - - [06/Nov/2025:14:12:13 +0000] "POST /wp-cron.php?doing_wp_cron=1762438333.2897388935089111328125 HTTP/1.1" 200 3647 "-" "WordPress/6.8.3; https://www.amphoragames.com"
66.249.79.32 - - [06/Nov/2025:14:12:13 +0000] "GET /entity/353923050.shtm HTTP/1.1" 301 3813 "-" "Mozilla/5.0 (Linux; Android 6.0.1; Nexus 5X Build/MMB29P) AppleWebKit/537.36 (KHTML, like Gecko) Chrome/141.0.7390.122 Mobile Safari/537.36 (compatible; Googlebot/2.1; +http://www.google.com/bot.html)"
66.249.79.37 - - [06/Nov/2025:14:12:21 +0000] "GET /entity/44794906.shtm HTTP/1.1" 301 3813 "-" "Mozilla/5.0 (Linux; Android 6.0.1; Nexus 5X Build/MMB29P) AppleWebKit/537.36 (KHTML, like Gecko) Chrome/141.0.7390.122 Mobile Safari/537.36 (compatible; Googlebot/2.1; +http://www.google.com/bot.html)"
52.167.144.198 - - [06/Nov/2025:14:12:32 +0000] "GET /entity/277930127.shtm HTTP/1.1" 404 33606 "-" "Mozilla/5.0 AppleWebKit/537.36 (KHTML, like Gecko; compatible; bingbot/2.0; +http://www.bing.com/bingbot.htm) Chrome/116.0.1938.76 Safari/537.36"
157.55.39.13 - - [06/Nov/2025:14:12:36 +0000] "GET /entity/1194531095.shtm HTTP/1.1" 404 33610 "-" "Mozilla/5.0 AppleWebKit/537.36 (KHTML, like Gecko; compatible; bingbot/2.0; +http://www.bing.com/bingbot.htm) Chrome/116.0.1938.76 Safari/537.36"
66.249.79.37 - - [06/Nov/2025:14:12:45 +0000] "GET /zhHant/product/surugaya/A4239469925?campaign_uid=f64d716db5e979ed2f947dbaf4296895b951ae7f HTTP/1.1" 301 3813 "-" "Mozilla/5.0 (Linux; Android 6.0.1; Nexus 5X Build/MMB29P) AppleWebKit/537.36 (KHTML, like Gecko) Chrome/141.0.7390.122 Mobile Safari/537.36 (compatible; Googlebot/2.1; +http://www.google.com/bot.html)"
47.128.20.40 - - [06/Nov/2025:14:12:47 +0000] "GET /robots.txt HTTP/1.1" 301 3674 "-" "Mozilla/5.0 (Linux; Android 5.0) AppleWebKit/537.36 (KHTML, like Gecko) Mobile Safari/537.36 (compatible; Bytespider; spider-feedback@bytedance.com)"
47.128.20.40 - - [06/Nov/2025:14:12:49 +0000] "GET /robots.txt HTTP/1.1" 200 3543 "-" "Mozilla/5.0 (Linux; Android 5.0) AppleWebKit/537.36 (KHTML, like Gecko) Mobile Safari/537.36 (compatible; Bytespider; spider-feedback@bytedance.com)"
66.249.79.37 - - [06/Nov/2025:14:12:49 +0000] "GET /entity/52735775.shtm HTTP/1.1" 301 3813 "-" "Mozilla/5.0 (Linux; Android 6.0.1; Nexus 5X Build/MMB29P) AppleWebKit/537.36 (KHTML, like Gecko) Chrome/141.0.7390.122 Mobile Safari/537.36 (compatible; GoogleOther)"
52.167.144.217 - - [06/Nov/2025:14:12:55 +0000] "GET /entity/469855134.shtm HTTP/1.1" 404 33606 "-" "Mozilla/5.0 AppleWebKit/537.36 (KHTML, like Gecko; compatible; bingbot/2.0; +http://www.bing.com/bingbot.htm) Chrome/116.0.1938.76 Safari/537.36"
66.249.79.32 - - [06/Nov/2025:14:13:02 +0000] "GET /entity/1097762481.shtm HTTP/1.1" 301 3813 "-" "Mozilla/5.0 (Linux; Android 6.0.1; Nexus 5X Build/MMB29P) AppleWebKit/537.36 (KHTML, like Gecko) Chrome/141.0.7390.122 Mobile Safari/537.36 (compatible; Googlebot/2.1; +http://www.google.com/bot.html)"
194.164.62.186 - - [06/Nov/2025:14:13:10 +0000] "POST /wp-cron.php?doing_wp_cron=1762438389.9734508991241455078125 HTTP/1.1" 200 3647 "-" "WordPress/6.8.3; https://www.amphoragames.com"
52.167.144.217 - - [06/Nov/2025:14:13:09 +0000] "GET /entity/1402352894.shtm HTTP/1.1" 404 33610 "-" "Mozilla/5.0 AppleWebKit/537.36 (KHTML, like Gecko; compatible; bingbot/2.0; +http://www.bing.com/bingbot.htm) Chrome/116.0.1938.76 Safari/537.36"
157.55.39.7 - - [06/Nov/2025:14:13:16 +0000] "GET /entity/875417396.shtm HTTP/1.1" 404 33606 "-" "Mozilla/5.0 AppleWebKit/537.36 (KHTML, like Gecko; compatible; bingbot/2.0; +http://www.bing.com/bingbot.htm) Chrome/116.0.1938.76 Safari/537.36"
66.249.79.37 - - [06/Nov/2025:14:13:19 +0000] "GET /entity/353916961.shtm HTTP/1.1" 301 3813 "-" "Mozilla/5.0 (Linux; Android 6.0.1; Nexus 5X Build/MMB29P) AppleWebKit/537.36 (KHTML, like Gecko) Chrome/141.0.7390.122 Mobile Safari/537.36 (compatible; Googlebot/2.1; +http://www.google.com/bot.html)"
52.167.144.198 - - [06/Nov/2025:14:13:27 +0000] "GET /entity/737648050.shtm HTTP/1.1" 404 33606 "-" "Mozilla/5.0 AppleWebKit/537.36 (KHTML, like Gecko; compatible; bingbot/2.0; +http://www.bing.com/bingbot.htm) Chrome/116.0.1938.76 Safari/537.36"
52.167.144.198 - - [06/Nov/2025:14:13:32 +0000] "GET /entity/1408737091.shtm HTTP/1.1" 404 30187 "-" "Mozilla/5.0 AppleWebKit/537.36 (KHTML, like Gecko; compatible; bingbot/2.0; +http://www.bing.com/bingbot.htm) Chrome/116.0.1938.76 Safari/537.36"
52.167.144.198 - - [06/Nov/2025:14:13:36 +0000] "GET /entity/1104977584.shtm HTTP/1.1" 404 30187 "-" "Mozilla/5.0 AppleWebKit/537.36 (KHTML, like Gecko; compatible; bingbot/2.0; +http://www.bing.com/bingbot.htm) Chrome/116.0.1938.76 Safari/537.36"
66.249.79.37 - - [06/Nov/2025:14:13:37 +0000] "GET /zhHant/product/surugaya/A397795113?campaign_uid=f64d716db5e979ed2f947dbaf4296895b951ae7f HTTP/1.1" 301 3813 "-" "Mozilla/5.0 (Linux; Android 6.0.1; Nexus 5X Build/MMB29P) AppleWebKit/537.36 (KHTML, like Gecko) Chrome/141.0.7390.122 Mobile Safari/537.36 (compatible; Googlebot/2.1; +http://www.google.com/bot.html)"
104.210.140.135 - - [06/Nov/2025:14:13:50 +0000] "GET /robots.txt HTTP/1.1" 200 3741 "-" "Mozilla/5.0 (Macintosh; Intel Mac OS X 10_15_7) AppleWebKit/537.36 (KHTML, like Gecko) Chrome/131.0.0.0 Safari/537.36; compatible; OAI-SearchBot/1.0; +https://openai.com/searchbot"
66.249.79.37 - - [06/Nov/2025:14:13:54 +0000] "GET /entity/546970125.shtm HTTP/1.1" 301 3813 "-" "Mozilla/5.0 (Linux; Android 6.0.1; Nexus 5X Build/MMB29P) AppleWebKit/537.36 (KHTML, like Gecko) Chrome/141.0.7390.122 Mobile Safari/537.36 (compatible; Googlebot/2.1; +http://www.google.com/bot.html)"
66.249.79.33 - - [06/Nov/2025:14:14:08 +0000] "GET /entity/44835652.shtm HTTP/1.1" 301 3813 "-" "Mozilla/5.0 (Linux; Android 6.0.1; Nexus 5X Build/MMB29P) AppleWebKit/537.36 (KHTML, like Gecko) Chrome/141.0.7390.122 Mobile Safari/537.36 (compatible; Googlebot/2.1; +http://www.google.com/bot.html)"
194.164.62.186 - - [06/Nov/2025:14:14:11 +0000] "POST /wp-cron.php?doing_wp_cron=1762438451.6727049350738525390625 HTTP/1.1" 200 3647 "-" "WordPress/6.8.3; https://www.amphoragames.com"
66.249.79.37 - - [06/Nov/2025:14:14:11 +0000] "GET /entity/981463551.shtm HTTP/1.1" 301 3813 "-" "Mozilla/5.0 (Linux; Android 6.0.1; Nexus 5X Build/MMB29P) AppleWebKit/537.36 (KHTML, like Gecko) Chrome/141.0.7390.122 Mobile Safari/537.36 (compatible; Googlebot/2.1; +http://www.google.com/bot.html)"
66.249.79.32 - - [06/Nov/2025:14:14:28 +0000] "GET /entity/969812709.shtm HTTP/1.1" 301 3813 "-" "Mozilla/5.0 (Linux; Android 6.0.1; Nexus 5X Build/MMB29P) AppleWebKit/537.36 (KHTML, like Gecko) Chrome/141.0.7390.122 Mobile Safari/537.36 (compatible; Googlebot/2.1; +http://www.google.com/bot.html)"
66.249.79.37 - - [06/Nov/2025:14:14:31 +0000] "GET /entity/967364519.shtm HTTP/1.1" 301 3813 "-" "Mozilla/5.0 (Linux; Android 6.0.1; Nexus 5X Build/MMB29P) AppleWebKit/537.36 (KHTML, like Gecko) Chrome/141.0.7390.122 Mobile Safari/537.36 (compatible; Googlebot/2.1; +http://www.google.com/bot.html)"
66.249.79.37 - - [06/Nov/2025:14:14:33 +0000] "GET /entity/546938663.shtm HTTP/1.1" 301 495 "-" "Mozilla/5.0 (Linux; Android 6.0.1; Nexus 5X Build/MMB29P) AppleWebKit/537.36 (KHTML, like Gecko) Chrome/141.0.7390.122 Mobile Safari/537.36 (compatible; Googlebot/2.1; +http://www.google.com/bot.html)"
66.249.79.37 - - [06/Nov/2025:14:14:44 +0000] "GET /entity/346630971.shtm HTTP/1.1" 301 3813 "-" "Mozilla/5.0 (Linux; Android 6.0.1; Nexus 5X Build/MMB29P) AppleWebKit/537.36 (KHTML, like Gecko) Chrome/141.0.7390.122 Mobile Safari/537.36 (compatible; Googlebot/2.1; +http://www.google.com/bot.html)"
52.167.144.217 - - [06/Nov/2025:14:14:44 +0000] "GET /entity/1429162701.shtm HTTP/1.1" 404 33610 "-" "Mozilla/5.0 AppleWebKit/537.36 (KHTML, like Gecko; compatible; bingbot/2.0; +http://www.bing.com/bingbot.htm) Chrome/116.0.1938.76 Safari/537.36"
66.249.79.37 - - [06/Nov/2025:14:14:48 +0000] "GET /entity/44823988.shtm HTTP/1.1" 301 495 "-" "Mozilla/5.0 (Linux; Android 6.0.1; Nexus 5X Build/MMB29P) AppleWebKit/537.36 (KHTML, like Gecko) Chrome/141.0.7390.122 Mobile Safari/537.36 (compatible; Googlebot/2.1; +http://www.google.com/bot.html)"
66.249.79.33 - - [06/Nov/2025:14:15:03 +0000] "GET /entity/41637405.shtm HTTP/1.1" 301 3813 "-" "Mozilla/5.0 (Linux; Android 6.0.1; Nexus 5X Build/MMB29P) AppleWebKit/537.36 (KHTML, like Gecko) Chrome/141.0.7390.122 Mobile Safari/537.36 (compatible; Googlebot/2.1; +http://www.google.com/bot.html)"
194.164.62.186 - - [06/Nov/2025:14:15:22 +0000] "POST /wp-cron.php?doing_wp_cron=1762438522.6702260971069335937500 HTTP/1.1" 200 3647 "-" "WordPress/6.8.3; https://www.amphoragames.com"
66.249.79.37 - - [06/Nov/2025:14:15:22 +0000] "GET /entity/546952982.shtm HTTP/1.1" 301 3813 "-" "Mozilla/5.0 (Linux; Android 6.0.1; Nexus 5X Build/MMB29P) AppleWebKit/537.36 (KHTML, like Gecko) Chrome/141.0.7390.122 Mobile Safari/537.36 (compatible; Googlebot/2.1; +http://www.google.com/bot.html)"
66.249.79.37 - - [06/Nov/2025:14:15:41 +0000] "GET /entity/987815977.shtm HTTP/1.1" 301 3813 "-" "Mozilla/5.0 (Linux; Android 6.0.1; Nexus 5X Build/MMB29P) AppleWebKit/537.36 (KHTML, like Gecko) Chrome/141.0.7390.122 Mobile Safari/537.36 (compatible; Googlebot/2.1; +http://www.google.com/bot.html)"
