200.59.186.15 - - [06/Nov/2025:16:32:29 +0000] "GET /wp-content/themes/ibuki/style.css?ver=6.8.3 HTTP/1.1" 200 49367 "https://www.amphoragames.com/" "Mozilla/5.0 (Windows NT 6.1; Win64; x64) AppleWebKit/537.36 (KHTML, like Gecko) Chrome/97.0.4692.71 Safari/537.36"
200.59.186.15 - - [06/Nov/2025:16:32:29 +0000] "GET /wp-includes/js/jquery/jquery-migrate.min.js?ver=3.4.1 HTTP/1.1" 200 8362 "https://www.amphoragames.com/" "Mozilla/5.0 (Windows NT 6.1; Win64; x64) AppleWebKit/537.36 (KHTML, like Gecko) Chrome/97.0.4692.71 Safari/537.36"
200.59.186.15 - - [06/Nov/2025:16:32:29 +0000] "GET /wp-content/themes/ibuki/_include/js/modernizr.js?ver=2.7.1 HTTP/1.1" 200 8026 "https://www.amphoragames.com/" "Mozilla/5.0 (Windows NT 6.1; Win64; x64) AppleWebKit/537.36 (KHTML, like Gecko) Chrome/97.0.4692.71 Safari/537.36"
200.59.186.15 - - [06/Nov/2025:16:32:29 +0000] "GET /wp-includes/js/dist/hooks.min.js?ver=4d63a3d491d11ffd8ac6 HTTP/1.1" 200 2029 "https://www.amphoragames.com/" "Mozilla/5.0 (Windows NT 6.1; Win64; x64) AppleWebKit/537.36 (KHTML, like Gecko) Chrome/97.0.4692.71 Safari/537.36"
200.59.186.15 - - [06/Nov/2025:16:32:29 +0000] "GET /wp-includes/js/jquery/jquery.min.js?ver=3.7.1 HTTP/1.1" 200 34005 "https://www.amphoragames.com/" "Mozilla/5.0 (Windows NT 6.1; Win64; x64) AppleWebKit/537.36 (KHTML, like Gecko) Chrome/97.0.4692.71 Safari/537.36"
200.59.186.15 - - [06/Nov/2025:16:32:29 +0000] "GET /wp-includes/js/dist/i18n.min.js?ver=5e580eb46a90c2b997e6 HTTP/1.1" 200 4048 "https://www.amphoragames.com/" "Mozilla/5.0 (Windows NT 6.1; Win64; x64) AppleWebKit/537.36 (KHTML, like Gecko) Chrome/97.0.4692.71 Safari/537.36"
200.59.186.15 - - [06/Nov/2025:16:32:29 +0000] "GET /wp-content/plugins/contact-form-7/includes/swv/js/index.js?ver=6.1.3 HTTP/1.1" 200 3884 "https://www.amphoragames.com/" "Mozilla/5.0 (Windows NT 6.1; Win64; x64) AppleWebKit/537.36 (KHTML, like Gecko) Chrome/97.0.4692.71 Safari/537.36"
200.59.186.15 - - [06/Nov/2025:16:32:29 +0000] "GET /wp-content/plugins/contact-form-7/includes/js/index.js?ver=6.1.3 HTTP/1.1" 200 4646 "https://www.amphoragames.com/" "Mozilla/5.0 (Windows NT 6.1; Win64; x64) AppleWebKit/537.36 (KHTML, like Gecko) Chrome/97.0.4692.71 Safari/537.36"
200.59.186.15 - - [06/Nov/2025:16:32:29 +0000] "GET /wp-content/themes/ibuki/_include/js/isotope.js?ver=1.0.0 HTTP/1.1" 200 10186 "https://www.amphoragames.com/" "Mozilla/5.0 (Windows NT 6.1; Win64; x64) AppleWebKit/537.36 (KHTML, like Gecko) Chrome/97.0.4692.71 Safari/537.36"
200.59.186.15 - - [06/Nov/2025:16:32:29 +0000] "GET /wp-content/themes/ibuki/_include/js/plugins.js?ver=1.0.0 HTTP/1.1" 200 104644 "https://www.amphoragames.com/" "Mozilla/5.0 (Windows NT 6.1; Win64; x64) AppleWebKit/537.36 (KHTML, like Gecko) Chrome/97.0.4692.71 Safari/537.36"
200.59.186.15 - - [06/Nov/2025:16:32:30 +0000] "GET /wp-content/themes/ibuki/_include/js/main.js?ver=1.0.0 HTTP/1.1" 200 13377 "https://www.amphoragames.com/" "Mozilla/5.0 (Windows NT 6.1; Win64; x64) AppleWebKit/537.36 (KHTML, like Gecko) Chrome/97.0.4692.71 Safari/537.36"
200.59.186.15 - - [06/Nov/2025:16:32:30 +0000] "GET /wp-content/uploads/2016/11/logotipo-plano-50x50.png HTTP/1.1" 200 2147 "https://www.amphoragames.com/" "Mozilla/5.0 (Windows NT 6.1; Win64; x64) AppleWebKit/537.36 (KHTML, like Gecko) Chrome/97.0.4692.71 Safari/537.36"
200.59.186.15 - - [06/Nov/2025:16:32:30 +0000] "GET /wp-content/uploads/2022/11/IMG-20221105-WA0010-cuadrado-300x300.jpg HTTP/1.1" 200 17164 "https://www.amphoragames.com/" "Mozilla/5.0 (Windows NT 6.1; Win64; x64) AppleWebKit/537.36 (KHTML, like Gecko) Chrome/97.0.4692.71 Safari/537.36"
200.59.186.15 - - [06/Nov/2025:16:32:30 +0000] "GET /wp-content/uploads/2019/02/caja-pentaurus-duel-300x300.png HTTP/1.1" 200 101517 "https://www.amphoragames.com/" "Mozilla/5.0 (Windows NT 6.1; Win64; x64) AppleWebKit/537.36 (KHTML, like Gecko) Chrome/97.0.4692.71 Safari/537.36"
200.59.186.15 - - [06/Nov/2025:16:32:30 +0000] "GET /wp-content/uploads/2022/11/caja-vista-tres-cuartos-v3-277x300.jpg HTTP/1.1" 200 36856 "https://www.amphoragames.com/" "Mozilla/5.0 (Windows NT 6.1; Win64; x64) AppleWebKit/537.36 (KHTML, like Gecko) Chrome/97.0.4692.71 Safari/537.36"
200.59.186.15 - - [06/Nov/2025:16:32:30 +0000] "GET /wp-content/themes/ibuki/_include/css/fonts/Icons.svg HTTP/1.1" 200 179705 "https://www.amphoragames.com/" "Mozilla/5.0 (Windows NT 6.1; Win64; x64) AppleWebKit/537.36 (KHTML, like Gecko) Chrome/97.0.4692.71 Safari/537.36"
200.59.186.15 - - [06/Nov/2025:16:32:30 +0000] "GET /wp-content/uploads/2019/08/pandemain-on-kickstarter.jpg HTTP/1.1" 200 586843 "https://www.amphoragames.com/" "Mozilla/5.0 (Windows NT 6.1; Win64; x64) AppleWebKit/537.36 (KHTML, like Gecko) Chrome/97.0.4692.71 Safari/537.36"
52.167.144.162 - - [06/Nov/2025:16:32:36 +0000] "GET /entity/673977667.shtm HTTP/1.1" 404 33606 "-" "Mozilla/5.0 AppleWebKit/537.36 (KHTML, like Gecko; compatible; bingbot/2.0; +http://www.bing.com/bingbot.htm) Chrome/116.0.1938.76 Safari/537.36"
52.167.144.162 - - [06/Nov/2025:16:32:58 +0000] "GET /entity/433119946.shtm HTTP/1.1" 404 33606 "-" "Mozilla/5.0 AppleWebKit/537.36 (KHTML, like Gecko; compatible; bingbot/2.0; +http://www.bing.com/bingbot.htm) Chrome/116.0.1938.76 Safari/537.36"
194.164.62.186 - - [06/Nov/2025:16:33:27 +0000] "POST /wp-cron.php?doing_wp_cron=1762446807.6682510375976562500000 HTTP/1.1" 200 3647 "-" "WordPress/6.8.3; https://www.amphoragames.com"
66.249.79.37 - - [06/Nov/2025:16:33:27 +0000] "GET /entity/583715618.shtm HTTP/1.1" 301 3813 "-" "Mozilla/5.0 (Linux; Android 6.0.1; Nexus 5X Build/MMB29P) AppleWebKit/537.36 (KHTML, like Gecko) Chrome/141.0.7390.122 Mobile Safari/537.36 (compatible; GoogleOther)"
66.249.79.37 - - [06/Nov/2025:16:33:38 +0000] "GET /entity/167966805.shtm HTTP/1.1" 301 3813 "-" "Mozilla/5.0 (Linux; Android 6.0.1; Nexus 5X Build/MMB29P) AppleWebKit/537.36 (KHTML, like Gecko) Chrome/141.0.7390.122 Mobile Safari/537.36 (compatible; Googlebot/2.1; +http://www.google.com/bot.html)"
194.164.62.186 - - [06/Nov/2025:16:34:50 +0000] "POST /wp-cron.php?doing_wp_cron=1762446890.2227199077606201171875 HTTP/1.1" 200 3647 "-" "WordPress/6.8.3; https://www.amphoragames.com"
157.55.39.13 - - [06/Nov/2025:16:34:49 +0000] "GET /entity/16980828.shtm HTTP/1.1" 404 33602 "-" "Mozilla/5.0 AppleWebKit/537.36 (KHTML, like Gecko; compatible; bingbot/2.0; +http://www.bing.com/bingbot.htm) Chrome/116.0.1938.76 Safari/537.36"
194.164.62.186 - - [06/Nov/2025:16:35:39 +0000] "POST /wp-cron.php?doing_wp_cron=1762446939.7173049449920654296875 HTTP/1.1" 200 3647 "-" "WordPress/6.8.3; https://www.amphoragames.com"
66.249.79.32 - - [06/Nov/2025:16:35:39 +0000] "GET /entity/39744643.shtm HTTP/1.1" 301 3813 "-" "Mozilla/5.0 (Linux; Android 6.0.1; Nexus 5X Build/MMB29P) AppleWebKit/537.36 (KHTML, like Gecko) Chrome/141.0.7390.122 Mobile Safari/537.36 (compatible; Googlebot/2.1; +http://www.google.com/bot.html)"
52.167.144.141 - - [06/Nov/2025:16:35:47 +0000] "GET /entity/226049405.shtm HTTP/1.1" 404 33606 "-" "Mozilla/5.0 AppleWebKit/537.36 (KHTML, like Gecko; compatible; bingbot/2.0; +http://www.bing.com/bingbot.htm) Chrome/116.0.1938.76 Safari/537.36"
194.164.62.186 - - [06/Nov/2025:16:36:10 +0000] "POST /wp-cron.php?doing_wp_cron=1762446970.2864089012145996093750 HTTP/1.1" 200 3647 "-" "WordPress/6.8.3; https://www.amphoragames.com"
157.55.39.13 - - [06/Nov/2025:16:36:10 +0000] "GET /product/edit/A750121289 HTTP/1.1" 404 33618 "-" "Mozilla/5.0 AppleWebKit/537.36 (KHTML, like Gecko; compatible; bingbot/2.0; +http://www.bing.com/bingbot.htm) Chrome/116.0.1938.76 Safari/537.36"
52.167.144.141 - - [06/Nov/2025:16:36:26 +0000] "GET /entity/933640970.shtm HTTP/1.1" 404 33606 "-" "Mozilla/5.0 AppleWebKit/537.36 (KHTML, like Gecko; compatible; bingbot/2.0; +http://www.bing.com/bingbot.htm) Chrome/116.0.1938.76 Safari/537.36"
194.164.62.186 - - [06/Nov/2025:16:37:40 +0000] "POST /wp-cron.php?doing_wp_cron=1762447060.9078800678253173828125 HTTP/1.1" 200 3647 "-" "WordPress/6.8.3; https://www.amphoragames.com"
66.249.79.33 - - [06/Nov/2025:16:37:40 +0000] "GET /entity/509511971.shtm HTTP/1.1" 301 3813 "-" "Mozilla/5.0 (Linux; Android 6.0.1; Nexus 5X Build/MMB29P) AppleWebKit/537.36 (KHTML, like Gecko) Chrome/141.0.7390.122 Mobile Safari/537.36 (compatible; Googlebot/2.1; +http://www.google.com/bot.html)"
194.164.62.186 - - [06/Nov/2025:16:38:41 +0000] "POST /wp-cron.php?doing_wp_cron=1762447121.8606069087982177734375 HTTP/1.1" 200 3647 "-" "WordPress/6.8.3; https://www.amphoragames.com"
66.249.79.32 - - [06/Nov/2025:16:38:41 +0000] "GET /entity/831452726.shtm HTTP/1.1" 301 3813 "-" "Mozilla/5.0 (Linux; Android 6.0.1; Nexus 5X Build/MMB29P) AppleWebKit/537.36 (KHTML, like Gecko) Chrome/141.0.7390.122 Mobile Safari/537.36 (compatible; Googlebot/2.1; +http://www.google.com/bot.html)"
194.164.62.186 - - [06/Nov/2025:16:39:18 +0000] "POST /wp-cron.php?doing_wp_cron=1762447158.2419199943542480468750 HTTP/1.1" 200 3647 "-" "WordPress/6.8.3; https://www.amphoragames.com"
52.167.144.162 - - [06/Nov/2025:16:39:17 +0000] "GET /entity/330014084.shtm HTTP/1.1" 404 33606 "-" "Mozilla/5.0 AppleWebKit/537.36 (KHTML, like Gecko; compatible; bingbot/2.0; +http://www.bing.com/bingbot.htm) Chrome/116.0.1938.76 Safari/537.36"
194.164.62.186 - - [06/Nov/2025:16:40:43 +0000] "POST /wp-cron.php?doing_wp_cron=1762447242.9850649833679199218750 HTTP/1.1" 200 3647 "-" "WordPress/6.8.3; https://www.amphoragames.com"
66.249.79.37 - - [06/Nov/2025:16:40:42 +0000] "GET /entity/693554616.shtm HTTP/1.1" 301 3813 "-" "Mozilla/5.0 (Linux; Android 6.0.1; Nexus 5X Build/MMB29P) AppleWebKit/537.36 (KHTML, like Gecko) Chrome/141.0.7390.122 Mobile Safari/537.36 (compatible; Googlebot/2.1; +http://www.google.com/bot.html)"
66.249.79.32 - - [06/Nov/2025:16:40:46 +0000] "GET /zhHant/product/surugaya/A2095116551?campaign_uid=f64d716db5e979ed2f947dbaf4296895b951ae7f HTTP/1.1" 301 3813 "-" "Mozilla/5.0 (Linux; Android 6.0.1; Nexus 5X Build/MMB29P) AppleWebKit/537.36 (KHTML, like Gecko) Chrome/141.0.7390.122 Mobile Safari/537.36 (compatible; Googlebot/2.1; +http://www.google.com/bot.html)"
66.249.79.37 - - [06/Nov/2025:16:40:49 +0000] "GET /entity/39022115.shtm HTTP/1.1" 301 3813 "-" "Mozilla/5.0 (Linux; Android 6.0.1; Nexus 5X Build/MMB29P) AppleWebKit/537.36 (KHTML, like Gecko) Chrome/141.0.7390.122 Mobile Safari/537.36 (compatible; Googlebot/2.1; +http://www.google.com/bot.html)"
207.46.13.86 - - [06/Nov/2025:16:40:51 +0000] "GET /entity/810025094.shtm HTTP/1.1" 404 33606 "-" "Mozilla/5.0 AppleWebKit/537.36 (KHTML, like Gecko; compatible; bingbot/2.0; +http://www.bing.com/bingbot.htm) Chrome/116.0.1938.76 Safari/537.36"
207.46.13.86 - - [06/Nov/2025:16:41:00 +0000] "GET /entity/1357906744.shtm HTTP/1.1" 404 33595 "-" "Mozilla/5.0 AppleWebKit/537.36 (KHTML, like Gecko; compatible; bingbot/2.0; +http://www.bing.com/bingbot.htm) Chrome/116.0.1938.76 Safari/537.36"
43.159.128.247 - - [06/Nov/2025:16:41:05 +0000] "GET / HTTP/1.1" 200 13551 "http://www.amphoragames.com" "Mozilla/5.0 (iPhone; CPU iPhone OS 13_2_3 like Mac OS X) AppleWebKit/605.1.15 (KHTML, like Gecko) Version/13.0.3 Mobile/15E148 Safari/604.1"
194.164.62.186 - - [06/Nov/2025:16:41:28 +0000] "POST /wp-cron.php?doing_wp_cron=1762447288.6625978946685791015625 HTTP/1.1" 200 3647 "-" "WordPress/6.8.3; https://www.amphoragames.com"
91.99.166.197 - - [06/Nov/2025:16:41:28 +0000] "GET / HTTP/1.1" 200 45715 "-" "Mozilla/5.0 (Windows NT 10.0; Win64; x64) AppleWebKit/537.36 (KHTML, like Gecko) Chrome/109.0.0.0 Safari/537.3"
194.164.62.186 - - [06/Nov/2025:16:42:26 +0000] "POST /wp-cron.php?doing_wp_cron=1762447346.9249799251556396484375 HTTP/1.1" 200 3647 "-" "WordPress/6.8.3; https://www.amphoragames.com"
66.249.79.33 - - [06/Nov/2025:16:42:26 +0000] "GET /entity/986360675.shtm HTTP/1.1" 301 3813 "-" "Mozilla/5.0 (Linux; Android 6.0.1; Nexus 5X Build/MMB29P) AppleWebKit/537.36 (KHTML, like Gecko) Chrome/141.0.7390.122 Mobile Safari/537.36 (compatible; GoogleOther)"
66.249.79.37 - - [06/Nov/2025:16:42:50 +0000] "GET /entity/537883920.shtm HTTP/1.1" 301 3813 "-" "Mozilla/5.0 (Linux; Android 6.0.1; Nexus 5X Build/MMB29P) AppleWebKit/537.36 (KHTML, like Gecko) Chrome/141.0.7390.122 Mobile Safari/537.36 (compatible; Googlebot/2.1; +http://www.google.com/bot.html)"
66.249.79.37 - - [06/Nov/2025:16:42:53 +0000] "GET /entity/349089033.shtm HTTP/1.1" 301 495 "-" "Mozilla/5.0 (Linux; Android 6.0.1; Nexus 5X Build/MMB29P) AppleWebKit/537.36 (KHTML, like Gecko) Chrome/141.0.7390.122 Mobile Safari/537.36 (compatible; Googlebot/2.1; +http://www.google.com/bot.html)"
194.164.62.186 - - [06/Nov/2025:16:43:14 +0000] "POST /wp-cron.php?doing_wp_cron=1762447394.0907990932464599609375 HTTP/1.1" 200 3647 "-" "WordPress/6.8.3; https://www.amphoragames.com"
52.167.144.141 - - [06/Nov/2025:16:43:13 +0000] "GET /entity/865813205.shtm HTTP/1.1" 404 33606 "-" "Mozilla/5.0 AppleWebKit/537.36 (KHTML, like Gecko; compatible; bingbot/2.0; +http://www.bing.com/bingbot.htm) Chrome/116.0.1938.76 Safari/537.36"
52.167.144.141 - - [06/Nov/2025:16:43:16 +0000] "GET /entity/611849537.shtm HTTP/1.1" 404 30183 "-" "Mozilla/5.0 AppleWebKit/537.36 (KHTML, like Gecko; compatible; bingbot/2.0; +http://www.bing.com/bingbot.htm) Chrome/116.0.1938.76 Safari/537.36"
207.46.13.86 - - [06/Nov/2025:16:43:20 +0000] "GET /entity/491821177.shtm HTTP/1.1" 404 33606 "-" "Mozilla/5.0 AppleWebKit/537.36 (KHTML, like Gecko; compatible; bingbot/2.0; +http://www.bing.com/bingbot.htm) Chrome/116.0.1938.76 Safari/537.36"
66.249.79.37 - - [06/Nov/2025:16:43:44 +0000] "GET /entity/583726497.shtm HTTP/1.1" 301 3813 "-" "Mozilla/5.0 (Linux; Android 6.0.1; Nexus 5X Build/MMB29P) AppleWebKit/537.36 (KHTML, like Gecko) Chrome/141.0.7390.122 Mobile Safari/537.36 (compatible; GoogleOther)"
194.164.62.186 - - [06/Nov/2025:16:44:15 +0000] "POST /wp-cron.php?doing_wp_cron=1762447455.0423920154571533203125 HTTP/1.1" 200 3647 "-" "WordPress/6.8.3; https://www.amphoragames.com"
52.167.144.172 - - [06/Nov/2025:16:44:14 +0000] "GET /entity/464748525.shtm HTTP/1.1" 404 33606 "-" "Mozilla/5.0 AppleWebKit/537.36 (KHTML, like Gecko; compatible; bingbot/2.0; +http://www.bing.com/bingbot.htm) Chrome/116.0.1938.76 Safari/537.36"
52.167.144.183 - - [06/Nov/2025:16:44:53 +0000] "GET /entity/1001747491.shtm HTTP/1.1" 404 33610 "-" "Mozilla/5.0 AppleWebKit/537.36 (KHTML, like Gecko; compatible; bingbot/2.0; +http://www.bing.com/bingbot.htm) Chrome/116.0.1938.76 Safari/537.36"
66.249.79.37 - - [06/Nov/2025:16:44:54 +0000] "GET /entity/1096373335.shtm HTTP/1.1" 301 3813 "-" "Mozilla/5.0 (Linux; Android 6.0.1; Nexus 5X Build/MMB29P) AppleWebKit/537.36 (KHTML, like Gecko) Chrome/141.0.7390.122 Mobile Safari/537.36 (compatible; Googlebot/2.1; +http://www.google.com/bot.html)"
194.164.62.186 - - [06/Nov/2025:16:45:10 +0000] "POST /wp-cron.php?doing_wp_cron=1762447510.4290950298309326171875 HTTP/1.1" 200 3647 "-" "WordPress/6.8.3; https://www.amphoragames.com"
207.46.13.86 - - [06/Nov/2025:16:45:10 +0000] "GET /entity/66067895.shtm HTTP/1.1" 404 33602 "-" "Mozilla/5.0 AppleWebKit/537.36 (KHTML, like Gecko; compatible; bingbot/2.0; +http://www.bing.com/bingbot.htm) Chrome/116.0.1938.76 Safari/537.36"
207.46.13.86 - - [06/Nov/2025:16:45:21 +0000] "GET /entity/466281901.shtm HTTP/1.1" 404 33606 "-" "Mozilla/5.0 AppleWebKit/537.36 (KHTML, like Gecko; compatible; bingbot/2.0; +http://www.bing.com/bingbot.htm) Chrome/116.0.1938.76 Safari/537.36"
52.167.144.172 - - [06/Nov/2025:16:45:25 +0000] "GET /entity/1283999354.shtm HTTP/1.1" 404 33610 "-" "Mozilla/5.0 AppleWebKit/537.36 (KHTML, like Gecko; compatible; bingbot/2.0; +http://www.bing.com/bingbot.htm) Chrome/116.0.1938.76 Safari/537.36"
52.167.144.183 - - [06/Nov/2025:16:45:34 +0000] "GET /entity/470075021.shtm HTTP/1.1" 404 33606 "-" "Mozilla/5.0 AppleWebKit/537.36 (KHTML, like Gecko; compatible; bingbot/2.0; +http://www.bing.com/bingbot.htm) Chrome/116.0.1938.76 Safari/537.36"
194.164.62.186 - - [06/Nov/2025:16:46:55 +0000] "POST /wp-cron.php?doing_wp_cron=1762447615.3501889705657958984375 HTTP/1.1" 200 3647 "-" "WordPress/6.8.3; https://www.amphoragames.com"
66.249.79.37 - - [06/Nov/2025:16:46:55 +0000] "GET /entity/537886650.shtm HTTP/1.1" 301 3813 "-" "Mozilla/5.0 (Linux; Android 6.0.1; Nexus 5X Build/MMB29P) AppleWebKit/537.36 (KHTML, like Gecko) Chrome/141.0.7390.122 Mobile Safari/537.36 (compatible; Googlebot/2.1; +http://www.google.com/bot.html)"
194.164.62.186 - - [06/Nov/2025:16:47:45 +0000] "POST /wp-cron.php?doing_wp_cron=1762447665.0262329578399658203125 HTTP/1.1" 200 3647 "-" "WordPress/6.8.3; https://www.amphoragames.com"
52.167.144.183 - - [06/Nov/2025:16:47:44 +0000] "GET /entity/1435177668.shtm HTTP/1.1" 404 33610 "-" "Mozilla/5.0 AppleWebKit/537.36 (KHTML, like Gecko; compatible; bingbot/2.0; +http://www.bing.com/bingbot.htm) Chrome/116.0.1938.76 Safari/537.36"
194.164.62.186 - - [06/Nov/2025:16:48:27 +0000] "POST /wp-cron.php?doing_wp_cron=1762447707.6637179851531982421875 HTTP/1.1" 200 3647 "-" "WordPress/6.8.3; https://www.amphoragames.com"
66.249.79.37 - - [06/Nov/2025:16:48:27 +0000] "GET /entity/583701525.shtm HTTP/1.1" 301 3813 "-" "Mozilla/5.0 (Linux; Android 6.0.1; Nexus 5X Build/MMB29P) AppleWebKit/537.36 (KHTML, like Gecko) Chrome/141.0.7390.122 Mobile Safari/537.36 (compatible; GoogleOther)"
52.167.144.183 - - [06/Nov/2025:16:48:43 +0000] "GET /entity/225742030.shtm HTTP/1.1" 404 33606 "-" "Mozilla/5.0 AppleWebKit/537.36 (KHTML, like Gecko; compatible; bingbot/2.0; +http://www.bing.com/bingbot.htm) Chrome/116.0.1938.76 Safari/537.36"
52.167.144.172 - - [06/Nov/2025:16:48:52 +0000] "GET /product/edit/A3882880182 HTTP/1.1" 404 33622 "-" "Mozilla/5.0 AppleWebKit/537.36 (KHTML, like Gecko; compatible; bingbot/2.0; +http://www.bing.com/bingbot.htm) Chrome/116.0.1938.76 Safari/537.36"
66.249.79.37 - - [06/Nov/2025:16:48:56 +0000] "GET /entity/1010015778.shtm HTTP/1.1" 301 3813 "-" "Mozilla/5.0 (Linux; Android 6.0.1; Nexus 5X Build/MMB29P) AppleWebKit/537.36 (KHTML, like Gecko) Chrome/141.0.7390.122 Mobile Safari/537.36 (compatible; Googlebot/2.1; +http://www.google.com/bot.html)"
52.167.144.172 - - [06/Nov/2025:16:48:57 +0000] "GET /entity/1455846577.shtm HTTP/1.1" 404 30187 "-" "Mozilla/5.0 AppleWebKit/537.36 (KHTML, like Gecko; compatible; bingbot/2.0; +http://www.bing.com/bingbot.htm) Chrome/116.0.1938.76 Safari/537.36"
194.164.62.186 - - [06/Nov/2025:16:49:15 +0000] "POST /wp-cron.php?doing_wp_cron=1762447755.3853120803833007812500 HTTP/1.1" 200 3647 "-" "WordPress/6.8.3; https://www.amphoragames.com"
52.167.144.183 - - [06/Nov/2025:16:49:15 +0000] "GET /entity/675879998.shtm HTTP/1.1" 404 33606 "-" "Mozilla/5.0 AppleWebKit/537.36 (KHTML, like Gecko; compatible; bingbot/2.0; +http://www.bing.com/bingbot.htm) Chrome/116.0.1938.76 Safari/537.36"
52.167.144.183 - - [06/Nov/2025:16:49:18 +0000] "GET /entity/611769987.shtm HTTP/1.1" 404 30183 "-" "Mozilla/5.0 AppleWebKit/537.36 (KHTML, like Gecko; compatible; bingbot/2.0; +http://www.bing.com/bingbot.htm) Chrome/116.0.1938.76 Safari/537.36"
52.167.144.183 - - [06/Nov/2025:16:49:34 +0000] "GET /entity/674174284.shtm HTTP/1.1" 404 33606 "-" "Mozilla/5.0 AppleWebKit/537.36 (KHTML, like Gecko; compatible; bingbot/2.0; +http://www.bing.com/bingbot.htm) Chrome/116.0.1938.76 Safari/537.36"
194.164.62.186 - - [06/Nov/2025:16:50:20 +0000] "POST /wp-cron.php?doing_wp_cron=1762447820.4200448989868164062500 HTTP/1.1" 200 3647 "-" "WordPress/6.8.3; https://www.amphoragames.com"
185.102.115.31 - - [06/Nov/2025:16:50:20 +0000] "GET /userfuns.php HTTP/1.1" 404 33539 "-" "Mozilla/4.0 (compatible; MSIE 6.0; Windows NT 5.1; SV1)"
66.249.79.32 - - [06/Nov/2025:16:50:56 +0000] "GET /entity/45403791.shtm HTTP/1.1" 301 3813 "-" "Mozilla/5.0 (Linux; Android 6.0.1; Nexus 5X Build/MMB29P) AppleWebKit/537.36 (KHTML, like Gecko) Chrome/141.0.7390.122 Mobile Safari/537.36 (compatible; Googlebot/2.1; +http://www.google.com/bot.html)"
194.164.62.186 - - [06/Nov/2025:16:51:14 +0000] "POST /wp-cron.php?doing_wp_cron=1762447874.2207438945770263671875 HTTP/1.1" 200 3647 "-" "WordPress/6.8.3; https://www.amphoragames.com"
52.167.144.145 - - [06/Nov/2025:16:51:13 +0000] "GET /entity/1045431181.shtm HTTP/1.1" 404 33610 "-" "Mozilla/5.0 AppleWebKit/537.36 (KHTML, like Gecko; compatible; bingbot/2.0; +http://www.bing.com/bingbot.htm) Chrome/116.0.1938.76 Safari/537.36"
52.167.144.145 - - [06/Nov/2025:16:51:25 +0000] "GET /entity/41017027.shtm HTTP/1.1" 404 33602 "-" "Mozilla/5.0 AppleWebKit/537.36 (KHTML, like Gecko; compatible; bingbot/2.0; +http://www.bing.com/bingbot.htm) Chrome/116.0.1938.76 Safari/537.36"
66.249.79.32 - - [06/Nov/2025:16:51:57 +0000] "GET /entity/1009982431.shtm HTTP/1.1" 301 3813 "-" "Mozilla/5.0 (Linux; Android 6.0.1; Nexus 5X Build/MMB29P) AppleWebKit/537.36 (KHTML, like Gecko) Chrome/141.0.7390.122 Mobile Safari/537.36 (compatible; Googlebot/2.1; +http://www.google.com/bot.html)"
52.167.144.145 - - [06/Nov/2025:16:52:06 +0000] "GET /entity/1409130361.shtm HTTP/1.1" 404 33610 "-" "Mozilla/5.0 AppleWebKit/537.36 (KHTML, like Gecko; compatible; bingbot/2.0; +http://www.bing.com/bingbot.htm) Chrome/116.0.1938.76 Safari/537.36"
194.164.62.186 - - [06/Nov/2025:16:52:56 +0000] "POST /wp-cron.php?doing_wp_cron=1762447976.8302769660949707031250 HTTP/1.1" 200 3647 "-" "WordPress/6.8.3; https://www.amphoragames.com"
52.167.144.145 - - [06/Nov/2025:16:52:56 +0000] "GET /entity/1452723604.shtm HTTP/1.1" 404 33610 "-" "Mozilla/5.0 AppleWebKit/537.36 (KHTML, like Gecko; compatible; bingbot/2.0; +http://www.bing.com/bingbot.htm) Chrome/116.0.1938.76 Safari/537.36"
66.249.79.37 - - [06/Nov/2025:16:52:58 +0000] "GET /entity/596977828.shtm HTTP/1.1" 301 3813 "-" "Mozilla/5.0 (Linux; Android 6.0.1; Nexus 5X Build/MMB29P) AppleWebKit/537.36 (KHTML, like Gecko) Chrome/141.0.7390.122 Mobile Safari/537.36 (compatible; Googlebot/2.1; +http://www.google.com/bot.html)"
194.164.62.186 - - [06/Nov/2025:16:53:24 +0000] "POST /wp-cron.php?doing_wp_cron=1762448004.4049379825592041015625 HTTP/1.1" 200 3647 "-" "WordPress/6.8.3; https://www.amphoragames.com"
52.167.144.172 - - [06/Nov/2025:16:53:24 +0000] "GET /entity/1208897316.shtm HTTP/1.1" 404 33610 "-" "Mozilla/5.0 AppleWebKit/537.36 (KHTML, like Gecko; compatible; bingbot/2.0; +http://www.bing.com/bingbot.htm) Chrome/116.0.1938.76 Safari/537.36"
52.167.144.172 - - [06/Nov/2025:16:53:35 +0000] "GET /entity/910932601.shtm HTTP/1.1" 404 33606 "-" "Mozilla/5.0 AppleWebKit/537.36 (KHTML, like Gecko; compatible; bingbot/2.0; +http://www.bing.com/bingbot.htm) Chrome/116.0.1938.76 Safari/537.36"
66.249.79.33 - - [06/Nov/2025:16:53:59 +0000] "GET /entity/1097628930.shtm HTTP/1.1" 301 3813 "-" "Mozilla/5.0 (Linux; Android 6.0.1; Nexus 5X Build/MMB29P) AppleWebKit/537.36 (KHTML, like Gecko) Chrome/141.0.7390.122 Mobile Safari/537.36 (compatible; Googlebot/2.1; +http://www.google.com/bot.html)"
194.164.62.186 - - [06/Nov/2025:16:54:14 +0000] "POST /wp-cron.php?doing_wp_cron=1762448054.0519759654998779296875 HTTP/1.1" 200 3647 "-" "WordPress/6.8.3; https://www.amphoragames.com"
52.167.144.145 - - [06/Nov/2025:16:54:13 +0000] "GET /entity/448987424.shtm HTTP/1.1" 404 33606 "-" "Mozilla/5.0 AppleWebKit/537.36 (KHTML, like Gecko; compatible; bingbot/2.0; +http://www.bing.com/bingbot.htm) Chrome/116.0.1938.76 Safari/537.36"
52.167.144.197 - - [06/Nov/2025:16:54:43 +0000] "GET /entity/494904360.shtm HTTP/1.1" 404 33606 "-" "Mozilla/5.0 AppleWebKit/537.36 (KHTML, like Gecko; compatible; bingbot/2.0; +http://www.bing.com/bingbot.htm) Chrome/116.0.1938.76 Safari/537.36"
194.164.62.186 - - [06/Nov/2025:16:56:01 +0000] "POST /wp-cron.php?doing_wp_cron=1762448161.2372729778289794921875 HTTP/1.1" 200 3647 "-" "WordPress/6.8.3; https://www.amphoragames.com"
66.249.79.37 - - [06/Nov/2025:16:56:00 +0000] "GET /entity/1096019521.shtm HTTP/1.1" 301 3813 "-" "Mozilla/5.0 (Linux; Android 6.0.1; Nexus 5X Build/MMB29P) AppleWebKit/537.36 (KHTML, like Gecko) Chrome/141.0.7390.122 Mobile Safari/537.36 (compatible; Googlebot/2.1; +http://www.google.com/bot.html)"
66.249.79.32 - - [06/Nov/2025:16:56:04 +0000] "GET /entity/870660692.shtm HTTP/1.1" 301 3813 "-" "Mozilla/5.0 (Linux; Android 6.0.1; Nexus 5X Build/MMB29P) AppleWebKit/537.36 (KHTML, like Gecko) Chrome/141.0.7390.122 Mobile Safari/537.36 (compatible; Googlebot/2.1; +http://www.google.com/bot.html)"
194.164.62.186 - - [06/Nov/2025:16:57:34 +0000] "POST /wp-cron.php?doing_wp_cron=1762448254.7182090282440185546875 HTTP/1.1" 200 3647 "-" "WordPress/6.8.3; https://www.amphoragames.com"
66.249.79.32 - - [06/Nov/2025:16:57:34 +0000] "GET /entity/1097616680.shtm HTTP/1.1" 301 3813 "-" "Mozilla/5.0 (Linux; Android 6.0.1; Nexus 5X Build/MMB29P) AppleWebKit/537.36 (KHTML, like Gecko) Chrome/141.0.7390.122 Mobile Safari/537.36 (compatible; Googlebot/2.1; +http://www.google.com/bot.html)"
52.167.144.145 - - [06/Nov/2025:16:57:58 +0000] "GET /entity/92244502.shtm HTTP/1.1" 404 33602 "-" "Mozilla/5.0 AppleWebKit/537.36 (KHTML, like Gecko; compatible; bingbot/2.0; +http://www.bing.com/bingbot.htm) Chrome/116.0.1938.76 Safari/537.36"
194.164.62.186 - - [06/Nov/2025:16:59:04 +0000] "POST /wp-cron.php?doing_wp_cron=1762448344.7195129394531250000000 HTTP/1.1" 200 3647 "-" "WordPress/6.8.3; https://www.amphoragames.com"
52.167.144.197 - - [06/Nov/2025:16:59:04 +0000] "GET /entity/1040954005.shtm HTTP/1.1" 404 33610 "-" "Mozilla/5.0 AppleWebKit/537.36 (KHTML, like Gecko; compatible; bingbot/2.0; +http://www.bing.com/bingbot.htm) Chrome/116.0.1938.76 Safari/537.36"
194.164.62.186 - - [06/Nov/2025:16:59:35 +0000] "POST /wp-cron.php?doing_wp_cron=1762448375.6899240016937255859375 HTTP/1.1" 200 3647 "-" "WordPress/6.8.3; https://www.amphoragames.com"
66.249.79.37 - - [06/Nov/2025:16:59:35 +0000] "GET /entity/1077949309.shtm HTTP/1.1" 301 3813 "-" "Mozilla/5.0 (Linux; Android 6.0.1; Nexus 5X Build/MMB29P) AppleWebKit/537.36 (KHTML, like Gecko) Chrome/141.0.7390.122 Mobile Safari/537.36 (compatible; Googlebot/2.1; +http://www.google.com/bot.html)"
66.249.79.32 - - [06/Nov/2025:16:59:38 +0000] "GET /entity/241334133.shtm HTTP/1.1" 301 3813 "-" "Mozilla/5.0 (Linux; Android 6.0.1; Nexus 5X Build/MMB29P) AppleWebKit/537.36 (KHTML, like Gecko) Chrome/141.0.7390.122 Mobile Safari/537.36 (compatible; Googlebot/2.1; +http://www.google.com/bot.html)"
194.164.62.186 - - [06/Nov/2025:17:01:39 +0000] "POST /wp-cron.php?doing_wp_cron=1762448499.9365739822387695312500 HTTP/1.1" 200 3647 "-" "WordPress/6.8.3; https://www.amphoragames.com"
66.249.79.32 - - [06/Nov/2025:17:01:39 +0000] "GET /entity/1096222297.shtm HTTP/1.1" 301 3813 "-" "Mozilla/5.0 (Linux; Android 6.0.1; Nexus 5X Build/MMB29P) AppleWebKit/537.36 (KHTML, like Gecko) Chrome/141.0.7390.122 Mobile Safari/537.36 (compatible; Googlebot/2.1; +http://www.google.com/bot.html)"
194.164.62.186 - - [06/Nov/2025:17:02:29 +0000] "POST /wp-cron.php?doing_wp_cron=1762448549.7839019298553466796875 HTTP/1.1" 200 3647 "-" "WordPress/6.8.3; https://www.amphoragames.com"
66.249.79.32 - - [06/Nov/2025:17:02:29 +0000] "GET /entity/1098691285.shtm HTTP/1.1" 301 3813 "-" "Mozilla/5.0 (Linux; Android 6.0.1; Nexus 5X Build/MMB29P) AppleWebKit/537.36 (KHTML, like Gecko) Chrome/141.0.7390.122 Mobile Safari/537.36 (compatible; GoogleOther)"
52.167.144.158 - - [06/Nov/2025:17:03:00 +0000] "GET /entity/1417834211.shtm HTTP/1.1" 404 33610 "-" "Mozilla/5.0 AppleWebKit/537.36 (KHTML, like Gecko; compatible; bingbot/2.0; +http://www.bing.com/bingbot.htm) Chrome/116.0.1938.76 Safari/537.36"
194.164.62.186 - - [06/Nov/2025:17:03:27 +0000] "POST /wp-cron.php?doing_wp_cron=1762448607.5654699802398681640625 HTTP/1.1" 200 3647 "-" "WordPress/6.8.3; https://www.amphoragames.com"
66.249.79.37 - - [06/Nov/2025:17:03:27 +0000] "GET /entity/44329519.shtm HTTP/1.1" 301 3813 "-" "Mozilla/5.0 (Linux; Android 6.0.1; Nexus 5X Build/MMB29P) AppleWebKit/537.36 (KHTML, like Gecko) Chrome/141.0.7390.122 Mobile Safari/537.36 (compatible; GoogleOther)"
66.249.79.32 - - [06/Nov/2025:17:03:40 +0000] "GET /entity/652304539.shtm HTTP/1.1" 301 3813 "-" "Mozilla/5.0 (Linux; Android 6.0.1; Nexus 5X Build/MMB29P) AppleWebKit/537.36 (KHTML, like Gecko) Chrome/141.0.7390.122 Mobile Safari/537.36 (compatible; Googlebot/2.1; +http://www.google.com/bot.html)"
194.164.62.186 - - [06/Nov/2025:17:05:19 +0000] "POST /wp-cron.php?doing_wp_cron=1762448719.3765609264373779296875 HTTP/1.1" 200 3647 "-" "WordPress/6.8.3; https://www.amphoragames.com"
207.46.13.51 - - [06/Nov/2025:17:05:19 +0000] "GET /entity/751912519.shtm HTTP/1.1" 404 33606 "-" "Mozilla/5.0 AppleWebKit/537.36 (KHTML, like Gecko; compatible; bingbot/2.0; +http://www.bing.com/bingbot.htm) Chrome/116.0.1938.76 Safari/537.36"
207.46.13.51 - - [06/Nov/2025:17:05:23 +0000] "GET /entity/708804107.shtm HTTP/1.1" 404 30183 "-" "Mozilla/5.0 AppleWebKit/537.36 (KHTML, like Gecko; compatible; bingbot/2.0; +http://www.bing.com/bingbot.htm) Chrome/116.0.1938.76 Safari/537.36"
207.46.13.51 - - [06/Nov/2025:17:05:26 +0000] "GET /entity/297304387.shtm HTTP/1.1" 404 30183 "-" "Mozilla/5.0 AppleWebKit/537.36 (KHTML, like Gecko; compatible; bingbot/2.0; +http://www.bing.com/bingbot.htm) Chrome/116.0.1938.76 Safari/537.36"
207.46.13.51 - - [06/Nov/2025:17:05:29 +0000] "GET /entity/1066366890.shtm HTTP/1.1" 404 30187 "-" "Mozilla/5.0 AppleWebKit/537.36 (KHTML, like Gecko; compatible; bingbot/2.0; +http://www.bing.com/bingbot.htm) Chrome/116.0.1938.76 Safari/537.36"
66.249.79.33 - - [06/Nov/2025:17:05:41 +0000] "GET /entity/870633308.shtm HTTP/1.1" 301 3813 "-" "Mozilla/5.0 (Linux; Android 6.0.1; Nexus 5X Build/MMB29P) AppleWebKit/537.36 (KHTML, like Gecko) Chrome/141.0.7390.122 Mobile Safari/537.36 (compatible; Googlebot/2.1; +http://www.google.com/bot.html)"
52.167.144.211 - - [06/Nov/2025:17:05:55 +0000] "GET /entity/464746388.shtm HTTP/1.1" 404 33606 "-" "Mozilla/5.0 AppleWebKit/537.36 (KHTML, like Gecko; compatible; bingbot/2.0; +http://www.bing.com/bingbot.htm) Chrome/116.0.1938.76 Safari/537.36"
194.164.62.186 - - [06/Nov/2025:17:07:42 +0000] "POST /wp-cron.php?doing_wp_cron=1762448862.6393220424652099609375 HTTP/1.1" 200 3647 "-" "WordPress/6.8.3; https://www.amphoragames.com"
66.249.79.33 - - [06/Nov/2025:17:07:42 +0000] "GET /entity/1097330965.shtm HTTP/1.1" 301 3813 "-" "Mozilla/5.0 (Linux; Android 6.0.1; Nexus 5X Build/MMB29P) AppleWebKit/537.36 (KHTML, like Gecko) Chrome/141.0.7390.122 Mobile Safari/537.36 (compatible; Googlebot/2.1; +http://www.google.com/bot.html)"
194.164.62.186 - - [06/Nov/2025:17:08:49 +0000] "POST /wp-cron.php?doing_wp_cron=1762448929.5448749065399169921875 HTTP/1.1" 200 3647 "-" "WordPress/6.8.3; https://www.amphoragames.com"
52.167.144.158 - - [06/Nov/2025:17:08:49 +0000] "GET /entity/68991492.shtm HTTP/1.1" 404 33602 "-" "Mozilla/5.0 AppleWebKit/537.36 (KHTML, like Gecko; compatible; bingbot/2.0; +http://www.bing.com/bingbot.htm) Chrome/116.0.1938.76 Safari/537.36"
194.164.62.186 - - [06/Nov/2025:17:09:43 +0000] "POST /wp-cron.php?doing_wp_cron=1762448983.7272241115570068359375 HTTP/1.1" 200 3647 "-" "WordPress/6.8.3; https://www.amphoragames.com"
66.249.79.32 - - [06/Nov/2025:17:09:43 +0000] "GET /entity/870604578.shtm HTTP/1.1" 301 3813 "-" "Mozilla/5.0 (Linux; Android 6.0.1; Nexus 5X Build/MMB29P) AppleWebKit/537.36 (KHTML, like Gecko) Chrome/141.0.7390.122 Mobile Safari/537.36 (compatible; Googlebot/2.1; +http://www.google.com/bot.html)"
66.249.79.33 - - [06/Nov/2025:17:09:46 +0000] "GET /entity/1119032712.shtm HTTP/1.1" 301 3813 "-" "Mozilla/5.0 (Linux; Android 6.0.1; Nexus 5X Build/MMB29P) AppleWebKit/537.36 (KHTML, like Gecko) Chrome/141.0.7390.122 Mobile Safari/537.36 (compatible; Googlebot/2.1; +http://www.google.com/bot.html)"
194.164.62.186 - - [06/Nov/2025:17:10:49 +0000] "POST /wp-cron.php?doing_wp_cron=1762449049.7648329734802246093750 HTTP/1.1" 200 3647 "-" "WordPress/6.8.3; https://www.amphoragames.com"
66.249.79.37 - - [06/Nov/2025:17:10:49 +0000] "GET /entity/41546884.shtm HTTP/1.1" 301 3813 "-" "Mozilla/5.0 (Linux; Android 6.0.1; Nexus 5X Build/MMB29P) AppleWebKit/537.36 (KHTML, like Gecko) Chrome/141.0.7390.122 Mobile Safari/537.36 (compatible; Googlebot/2.1; +http://www.google.com/bot.html)"
66.249.79.32 - - [06/Nov/2025:17:10:52 +0000] "GET /entity/1081612186.shtm HTTP/1.1" 301 3813 "-" "Mozilla/5.0 (Linux; Android 6.0.1; Nexus 5X Build/MMB29P) AppleWebKit/537.36 (KHTML, like Gecko) Chrome/141.0.7390.122 Mobile Safari/537.36 (compatible; Googlebot/2.1; +http://www.google.com/bot.html)"
66.249.79.32 - - [06/Nov/2025:17:10:54 +0000] "GET /entity/1182195000.shtm HTTP/1.1" 301 495 "-" "Mozilla/5.0 (Linux; Android 6.0.1; Nexus 5X Build/MMB29P) AppleWebKit/537.36 (KHTML, like Gecko) Chrome/141.0.7390.122 Mobile Safari/537.36 (compatible; Googlebot/2.1; +http://www.google.com/bot.html)"
66.249.79.37 - - [06/Nov/2025:17:10:57 +0000] "GET /entity/870627876.shtm HTTP/1.1" 301 3813 "-" "Mozilla/5.0 (Linux; Android 6.0.1; Nexus 5X Build/MMB29P) AppleWebKit/537.36 (KHTML, like Gecko) Chrome/141.0.7390.122 Mobile Safari/537.36 (compatible; Googlebot/2.1; +http://www.google.com/bot.html)"
66.249.79.37 - - [06/Nov/2025:17:10:59 +0000] "GET /entity/91451690.shtm HTTP/1.1" 301 495 "-" "Mozilla/5.0 (Linux; Android 6.0.1; Nexus 5X Build/MMB29P) AppleWebKit/537.36 (KHTML, like Gecko) Chrome/141.0.7390.122 Mobile Safari/537.36 (compatible; Googlebot/2.1; +http://www.google.com/bot.html)"
20.15.133.163 - - [06/Nov/2025:17:10:59 +0000] "GET /zhHant/product/surugaya/A583065334?campaign_uid=f64d716db5e979ed2f947dbaf4296895b951ae7f HTTP/1.1" 404 33666 "-" "Mozilla/5.0 AppleWebKit/537.36 (KHTML, like Gecko; compatible; bingbot/2.0; +http://www.bing.com/bingbot.htm) Chrome/116.0.1938.76 Safari/537.36"
194.164.62.186 - - [06/Nov/2025:17:11:18 +0000] "POST /wp-cron.php?doing_wp_cron=1762449078.2036778926849365234375 HTTP/1.1" 200 3647 "-" "WordPress/6.8.3; https://www.amphoragames.com"
52.167.144.158 - - [06/Nov/2025:17:11:17 +0000] "GET /entity/744031181.shtm HTTP/1.1" 404 33606 "-" "Mozilla/5.0 AppleWebKit/537.36 (KHTML, like Gecko; compatible; bingbot/2.0; +http://www.bing.com/bingbot.htm) Chrome/116.0.1938.76 Safari/537.36"
136.107.39.50 - - [06/Nov/2025:17:12:46 +0000] "HEAD / HTTP/1.1" 200 3750 "http://www.amphoragames.com/" "Mozilla/5.0 (Windows NT 6.1; Win64; x64) AppleWebKit/537.36 (KHTML, like Gecko) Chrome/109.0.5414.120 Safari/537.36"
52.167.144.158 - - [06/Nov/2025:17:12:52 +0000] "GET /entity/395091141.shtm HTTP/1.1" 404 33606 "-" "Mozilla/5.0 AppleWebKit/537.36 (KHTML, like Gecko; compatible; bingbot/2.0; +http://www.bing.com/bingbot.htm) Chrome/116.0.1938.76 Safari/537.36"
66.249.79.32 - - [06/Nov/2025:17:13:00 +0000] "GET /entity/88435150.shtm HTTP/1.1" 301 3813 "-" "Mozilla/5.0 (Linux; Android 6.0.1; Nexus 5X Build/MMB29P) AppleWebKit/537.36 (KHTML, like Gecko) Chrome/141.0.7390.122 Mobile Safari/537.36 (compatible; Googlebot/2.1; +http://www.google.com/bot.html)"
66.249.79.32 - - [06/Nov/2025:17:13:03 +0000] "GET /entity/55881295.shtm HTTP/1.1" 301 495 "-" "Mozilla/5.0 (Linux; Android 6.0.1; Nexus 5X Build/MMB29P) AppleWebKit/537.36 (KHTML, like Gecko) Chrome/141.0.7390.122 Mobile Safari/537.36 (compatible; Googlebot/2.1; +http://www.google.com/bot.html)"
194.164.62.186 - - [06/Nov/2025:17:15:04 +0000] "POST /wp-cron.php?doing_wp_cron=1762449304.3872830867767333984375 HTTP/1.1" 200 3647 "-" "WordPress/6.8.3; https://www.amphoragames.com"
66.249.79.37 - - [06/Nov/2025:17:15:04 +0000] "GET /entity/870609639.shtm HTTP/1.1" 301 3813 "-" "Mozilla/5.0 (Linux; Android 6.0.1; Nexus 5X Build/MMB29P) AppleWebKit/537.36 (KHTML, like Gecko) Chrome/141.0.7390.122 Mobile Safari/537.36 (compatible; Googlebot/2.1; +http://www.google.com/bot.html)"
194.164.62.186 - - [06/Nov/2025:17:16:19 +0000] "POST /wp-cron.php?doing_wp_cron=1762449379.6466109752655029296875 HTTP/1.1" 200 3647 "-" "WordPress/6.8.3; https://www.amphoragames.com"
207.46.13.78 - - [06/Nov/2025:17:16:19 +0000] "GET /entity/391525168.shtm HTTP/1.1" 404 33606 "-" "Mozilla/5.0 AppleWebKit/537.36 (KHTML, like Gecko; compatible; bingbot/2.0; +http://www.bing.com/bingbot.htm) Chrome/116.0.1938.76 Safari/537.36"
52.167.144.211 - - [06/Nov/2025:17:16:42 +0000] "GET /entity/985314365.shtm HTTP/1.1" 404 33606 "-" "Mozilla/5.0 AppleWebKit/537.36 (KHTML, like Gecko; compatible; bingbot/2.0; +http://www.bing.com/bingbot.htm) Chrome/116.0.1938.76 Safari/537.36"
52.167.144.211 - - [06/Nov/2025:17:16:47 +0000] "GET /entity/469362000.shtm HTTP/1.1" 404 30183 "-" "Mozilla/5.0 AppleWebKit/537.36 (KHTML, like Gecko; compatible; bingbot/2.0; +http://www.bing.com/bingbot.htm) Chrome/116.0.1938.76 Safari/537.36"
52.167.144.211 - - [06/Nov/2025:17:16:50 +0000] "GET /entity/1279346415.shtm HTTP/1.1" 404 30187 "-" "Mozilla/5.0 AppleWebKit/537.36 (KHTML, like Gecko; compatible; bingbot/2.0; +http://www.bing.com/bingbot.htm) Chrome/116.0.1938.76 Safari/537.36"
66.249.79.32 - - [06/Nov/2025:17:17:05 +0000] "GET /entity/40702610.shtm HTTP/1.1" 301 3813 "-" "Mozilla/5.0 (Linux; Android 6.0.1; Nexus 5X Build/MMB29P) AppleWebKit/537.36 (KHTML, like Gecko) Chrome/141.0.7390.122 Mobile Safari/537.36 (compatible; Googlebot/2.1; +http://www.google.com/bot.html)"
194.164.62.186 - - [06/Nov/2025:17:17:31 +0000] "POST /wp-cron.php?doing_wp_cron=1762449450.9787089824676513671875 HTTP/1.1" 200 3647 "-" "WordPress/6.8.3; https://www.amphoragames.com"
45.156.129.169 - - [06/Nov/2025:17:17:30 +0000] "GET / HTTP/1.1" 200 13346 "http://amphora.es/" "Mozilla/5.0 (Windows NT 10.0; Win64; x64) AppleWebKit/537.36 (KHTML, like Gecko) Chrome/60.0.3112.113 Safari/537.36"
194.164.62.186 - - [06/Nov/2025:17:18:15 +0000] "POST /wp-cron.php?doing_wp_cron=1762449495.7968800067901611328125 HTTP/1.1" 200 3647 "-" "WordPress/6.8.3; https://www.amphoragames.com"
52.167.144.211 - - [06/Nov/2025:17:18:15 +0000] "GET /entity/470066170.shtm HTTP/1.1" 404 33606 "-" "Mozilla/5.0 AppleWebKit/537.36 (KHTML, like Gecko; compatible; bingbot/2.0; +http://www.bing.com/bingbot.htm) Chrome/116.0.1938.76 Safari/537.36"
52.167.144.211 - - [06/Nov/2025:17:18:25 +0000] "GET /entity/516950941.shtm HTTP/1.1" 404 30598 "-" "Mozilla/5.0 AppleWebKit/537.36 (KHTML, like Gecko; compatible; bingbot/2.0; +http://www.bing.com/bingbot.htm) Chrome/116.0.1938.76 Safari/537.36"
194.164.62.186 - - [06/Nov/2025:17:18:27 +0000] "POST /wp-cron.php?doing_wp_cron=1762449507.5634760856628417968750 HTTP/1.1" 200 3647 "-" "WordPress/6.8.3; https://www.amphoragames.com"
66.249.79.32 - - [06/Nov/2025:17:18:27 +0000] "GET /entity/44337715.shtm HTTP/1.1" 301 3813 "-" "Mozilla/5.0 (Linux; Android 6.0.1; Nexus 5X Build/MMB29P) AppleWebKit/537.36 (KHTML, like Gecko) Chrome/141.0.7390.122 Mobile Safari/537.36 (compatible; GoogleOther)"
20.15.133.191 - - [06/Nov/2025:17:18:30 +0000] "GET /entity/1355962279.shtm HTTP/1.1" 404 33610 "-" "Mozilla/5.0 AppleWebKit/537.36 (KHTML, like Gecko; compatible; bingbot/2.0; +http://www.bing.com/bingbot.htm) Chrome/116.0.1938.76 Safari/537.36"
52.167.144.211 - - [06/Nov/2025:17:18:31 +0000] "GET /entity/448673308.shtm HTTP/1.1" 404 30598 "-" "Mozilla/5.0 AppleWebKit/537.36 (KHTML, like Gecko; compatible; bingbot/2.0; +http://www.bing.com/bingbot.htm) Chrome/116.0.1938.76 Safari/537.36"
213.180.203.6 - - [06/Nov/2025:17:18:40 +0000] "GET /robots.txt HTTP/1.1" 200 3754 "-" "Mozilla/5.0 (compatible; YandexBot/3.0; +http://yandex.com/bots)"
213.180.203.94 - - [06/Nov/2025:17:18:42 +0000] "GET /tag/eurogames/ HTTP/1.1" 200 24587 "-" "Mozilla/5.0 (compatible; YandexBot/3.0; +http://yandex.com/bots)"
66.249.79.32 - - [06/Nov/2025:17:19:06 +0000] "GET /entity/870616852.shtm HTTP/1.1" 301 3813 "-" "Mozilla/5.0 (Linux; Android 6.0.1; Nexus 5X Build/MMB29P) AppleWebKit/537.36 (KHTML, like Gecko) Chrome/141.0.7390.122 Mobile Safari/537.36 (compatible; Googlebot/2.1; +http://www.google.com/bot.html)"
194.164.62.186 - - [06/Nov/2025:17:19:28 +0000] "POST /wp-cron.php?doing_wp_cron=1762449568.4688260555267333984375 HTTP/1.1" 200 3647 "-" "WordPress/6.8.3; https://www.amphoragames.com"
66.249.79.37 - - [06/Nov/2025:17:19:28 +0000] "GET /entity/1176965971.shtm HTTP/1.1" 301 3813 "-" "Mozilla/5.0 (Linux; Android 6.0.1; Nexus 5X Build/MMB29P) AppleWebKit/537.36 (KHTML, like Gecko) Chrome/141.0.7390.122 Mobile Safari/537.36 (compatible; GoogleOther)"
66.249.79.37 - - [06/Nov/2025:17:19:40 +0000] "GET /entity/722372941.shtm HTTP/1.1" 301 3813 "-" "Mozilla/5.0 (Linux; Android 6.0.1; Nexus 5X Build/MMB29P) AppleWebKit/537.36 (KHTML, like Gecko) Chrome/141.0.7390.122 Mobile Safari/537.36 (compatible; GoogleOther)"
207.46.13.78 - - [06/Nov/2025:17:19:45 +0000] "GET /entity/675716541.shtm HTTP/1.1" 404 33606 "-" "Mozilla/5.0 AppleWebKit/537.36 (KHTML, like Gecko; compatible; bingbot/2.0; +http://www.bing.com/bingbot.htm) Chrome/116.0.1938.76 Safari/537.36"
37.12.218.213 - - [06/Nov/2025:17:20:05 +0000] "GET / HTTP/1.1" 301 3691 "http://aio.online" "Mozilla/5.0 (Windows NT 6.1; Win64; x64) AppleWebKit/537.36 (KHTML, like Gecko) Chrome/97.0.4692.71 Safari/537.36"
194.164.62.186 - - [06/Nov/2025:17:20:06 +0000] "POST /wp-cron.php?doing_wp_cron=1762449606.3302099704742431640625 HTTP/1.1" 200 3647 "-" "WordPress/6.8.3; https://www.amphoragames.com"
37.12.218.213 - - [06/Nov/2025:17:20:06 +0000] "GET / HTTP/1.1" 200 13402 "http://aio.online" "Mozilla/5.0 (Windows NT 6.1; Win64; x64) AppleWebKit/537.36 (KHTML, like Gecko) Chrome/97.0.4692.71 Safari/537.36"
37.12.218.213 - - [06/Nov/2025:17:20:06 +0000] "GET /wp-includes/css/dist/block-library/style.min.css?ver=6.8.3 HTTP/1.1" 200 15778 "https://www.amphoragames.com/" "Mozilla/5.0 (Windows NT 6.1; Win64; x64) AppleWebKit/537.36 (KHTML, like Gecko) Chrome/97.0.4692.71 Safari/537.36"
37.12.218.213 - - [06/Nov/2025:17:20:06 +0000] "GET /wp-content/plugins/contact-form-7/includes/css/styles.css?ver=6.1.3 HTTP/1.1" 200 1404 "https://www.amphoragames.com/" "Mozilla/5.0 (Windows NT 6.1; Win64; x64) AppleWebKit/537.36 (KHTML, like Gecko) Chrome/97.0.4692.71 Safari/537.36"
37.12.218.213 - - [06/Nov/2025:17:20:06 +0000] "GET /wp-content/themes/ibuki/_include/css/bootstrap.min.css?ver=6.8.3 HTTP/1.1" 200 15328 "https://www.amphoragames.com/" "Mozilla/5.0 (Windows NT 6.1; Win64; x64) AppleWebKit/537.36 (KHTML, like Gecko) Chrome/97.0.4692.71 Safari/537.36"
37.12.218.213 - - [06/Nov/2025:17:20:06 +0000] "GET /wp-content/themes/ibuki/_include/css/color.css.php?ver=6.8.3 HTTP/1.1" 403 1354 "https://www.amphoragames.com/" "Mozilla/5.0 (Windows NT 6.1; Win64; x64) AppleWebKit/537.36 (KHTML, like Gecko) Chrome/97.0.4692.71 Safari/537.36"
37.12.218.213 - - [06/Nov/2025:17:20:06 +0000] "GET /wp-content/themes/ibuki/style.css?ver=6.8.3 HTTP/1.1" 200 49367 "https://www.amphoragames.com/" "Mozilla/5.0 (Windows NT 6.1; Win64; x64) AppleWebKit/537.36 (KHTML, like Gecko) Chrome/97.0.4692.71 Safari/537.36"
37.12.218.213 - - [06/Nov/2025:17:20:06 +0000] "GET /wp-includes/js/jquery/jquery.min.js?ver=3.7.1 HTTP/1.1" 200 34005 "https://www.amphoragames.com/" "Mozilla/5.0 (Windows NT 6.1; Win64; x64) AppleWebKit/537.36 (KHTML, like Gecko) Chrome/97.0.4692.71 Safari/537.36"
37.12.218.213 - - [06/Nov/2025:17:20:06 +0000] "GET /wp-includes/js/jquery/jquery-migrate.min.js?ver=3.4.1 HTTP/1.1" 200 8362 "https://www.amphoragames.com/" "Mozilla/5.0 (Windows NT 6.1; Win64; x64) AppleWebKit/537.36 (KHTML, like Gecko) Chrome/97.0.4692.71 Safari/537.36"
37.12.218.213 - - [06/Nov/2025:17:20:06 +0000] "GET /wp-includes/js/dist/hooks.min.js?ver=4d63a3d491d11ffd8ac6 HTTP/1.1" 200 5138 "https://www.amphoragames.com/" "Mozilla/5.0 (Windows NT 6.1; Win64; x64) AppleWebKit/537.36 (KHTML, like Gecko) Chrome/97.0.4692.71 Safari/537.36"
37.12.218.213 - - [06/Nov/2025:17:20:06 +0000] "GET /wp-content/themes/ibuki/_include/js/modernizr.js?ver=2.7.1 HTTP/1.1" 200 8026 "https://www.amphoragames.com/" "Mozilla/5.0 (Windows NT 6.1; Win64; x64) AppleWebKit/537.36 (KHTML, like Gecko) Chrome/97.0.4692.71 Safari/537.36"
37.12.218.213 - - [06/Nov/2025:17:20:06 +0000] "GET /wp-includes/js/dist/i18n.min.js?ver=5e580eb46a90c2b997e6 HTTP/1.1" 200 4048 "https://www.amphoragames.com/" "Mozilla/5.0 (Windows NT 6.1; Win64; x64) AppleWebKit/537.36 (KHTML, like Gecko) Chrome/97.0.4692.71 Safari/537.36"
37.12.218.213 - - [06/Nov/2025:17:20:06 +0000] "GET /wp-content/plugins/contact-form-7/includes/swv/js/index.js?ver=6.1.3 HTTP/1.1" 200 3884 "https://www.amphoragames.com/" "Mozilla/5.0 (Windows NT 6.1; Win64; x64) AppleWebKit/537.36 (KHTML, like Gecko) Chrome/97.0.4692.71 Safari/537.36"
37.12.218.213 - - [06/Nov/2025:17:20:06 +0000] "GET /wp-content/plugins/contact-form-7/includes/js/index.js?ver=6.1.3 HTTP/1.1" 200 4646 "https://www.amphoragames.com/" "Mozilla/5.0 (Windows NT 6.1; Win64; x64) AppleWebKit/537.36 (KHTML, like Gecko) Chrome/97.0.4692.71 Safari/537.36"
37.12.218.213 - - [06/Nov/2025:17:20:06 +0000] "GET /wp-content/themes/ibuki/_include/js/isotope.js?ver=1.0.0 HTTP/1.1" 200 10186 "https://www.amphoragames.com/" "Mozilla/5.0 (Windows NT 6.1; Win64; x64) AppleWebKit/537.36 (KHTML, like Gecko) Chrome/97.0.4692.71 Safari/537.36"
37.12.218.213 - - [06/Nov/2025:17:20:07 +0000] "GET /wp-content/themes/ibuki/_include/js/main.js?ver=1.0.0 HTTP/1.1" 200 13377 "https://www.amphoragames.com/" "Mozilla/5.0 (Windows NT 6.1; Win64; x64) AppleWebKit/537.36 (KHTML, like Gecko) Chrome/97.0.4692.71 Safari/537.36"
37.12.218.213 - - [06/Nov/2025:17:20:07 +0000] "GET /wp-content/themes/ibuki/_include/js/plugins.js?ver=1.0.0 HTTP/1.1" 200 104644 "https://www.amphoragames.com/" "Mozilla/5.0 (Windows NT 6.1; Win64; x64) AppleWebKit/537.36 (KHTML, like Gecko) Chrome/97.0.4692.71 Safari/537.36"
37.12.218.213 - - [06/Nov/2025:17:20:07 +0000] "GET /wp-content/uploads/2016/11/logotipo-plano-50x50.png HTTP/1.1" 200 2147 "https://www.amphoragames.com/" "Mozilla/5.0 (Windows NT 6.1; Win64; x64) AppleWebKit/537.36 (KHTML, like Gecko) Chrome/97.0.4692.71 Safari/537.36"
37.12.218.213 - - [06/Nov/2025:17:20:07 +0000] "GET /wp-content/uploads/2022/11/IMG-20221105-WA0010-cuadrado-300x300.jpg HTTP/1.1" 200 17164 "https://www.amphoragames.com/" "Mozilla/5.0 (Windows NT 6.1; Win64; x64) AppleWebKit/537.36 (KHTML, like Gecko) Chrome/97.0.4692.71 Safari/537.36"
37.12.218.213 - - [06/Nov/2025:17:20:07 +0000] "GET /wp-content/uploads/2022/11/caja-vista-tres-cuartos-v3-277x300.jpg HTTP/1.1" 200 36856 "https://www.amphoragames.com/" "Mozilla/5.0 (Windows NT 6.1; Win64; x64) AppleWebKit/537.36 (KHTML, like Gecko) Chrome/97.0.4692.71 Safari/537.36"
37.12.218.213 - - [06/Nov/2025:17:20:07 +0000] "GET /wp-content/uploads/2019/02/caja-pentaurus-duel-300x300.png HTTP/1.1" 200 101517 "https://www.amphoragames.com/" "Mozilla/5.0 (Windows NT 6.1; Win64; x64) AppleWebKit/537.36 (KHTML, like Gecko) Chrome/97.0.4692.71 Safari/537.36"
37.12.218.213 - - [06/Nov/2025:17:20:07 +0000] "GET /wp-content/themes/ibuki/_include/css/fonts/Icons.svg HTTP/1.1" 200 179705 "https://www.amphoragames.com/" "Mozilla/5.0 (Windows NT 6.1; Win64; x64) AppleWebKit/537.36 (KHTML, like Gecko) Chrome/97.0.4692.71 Safari/537.36"
37.12.218.213 - - [06/Nov/2025:17:20:07 +0000] "GET /wp-content/uploads/2019/08/pandemain-on-kickstarter.jpg HTTP/1.1" 200 586843 "https://www.amphoragames.com/" "Mozilla/5.0 (Windows NT 6.1; Win64; x64) AppleWebKit/537.36 (KHTML, like Gecko) Chrome/97.0.4692.71 Safari/537.36"
194.164.62.186 - - [06/Nov/2025:17:21:08 +0000] "POST /wp-cron.php?doing_wp_cron=1762449668.0419480800628662109375 HTTP/1.1" 200 3647 "-" "WordPress/6.8.3; https://www.amphoragames.com"
66.249.79.37 - - [06/Nov/2025:17:21:07 +0000] "GET /entity/870640077.shtm HTTP/1.1" 301 3813 "-" "Mozilla/5.0 (Linux; Android 6.0.1; Nexus 5X Build/MMB29P) AppleWebKit/537.36 (KHTML, like Gecko) Chrome/141.0.7390.122 Mobile Safari/537.36 (compatible; Googlebot/2.1; +http://www.google.com/bot.html)"
194.164.62.186 - - [06/Nov/2025:17:21:22 +0000] "POST /wp-cron.php?doing_wp_cron=1762449682.8463768959045410156250 HTTP/1.1" 200 3647 "-" "WordPress/6.8.3; https://www.amphoragames.com"
66.249.79.32 - - [06/Nov/2025:17:21:22 +0000] "GET /entity/428486760.shtm HTTP/1.1" 301 3813 "-" "Mozilla/5.0 (Linux; Android 6.0.1; Nexus 5X Build/MMB29P) AppleWebKit/537.36 (KHTML, like Gecko) Chrome/141.0.7390.122 Mobile Safari/537.36 (compatible; GoogleOther)"
207.46.13.78 - - [06/Nov/2025:17:21:47 +0000] "GET /entity/923632509.shtm HTTP/1.1" 404 33606 "-" "Mozilla/5.0 AppleWebKit/537.36 (KHTML, like Gecko; compatible; bingbot/2.0; +http://www.bing.com/bingbot.htm) Chrome/116.0.1938.76 Safari/537.36"
194.164.62.186 - - [06/Nov/2025:17:22:09 +0000] "POST /wp-cron.php?doing_wp_cron=1762449729.1964800357818603515625 HTTP/1.1" 200 3647 "-" "WordPress/6.8.3; https://www.amphoragames.com"
66.249.79.37 - - [06/Nov/2025:17:22:08 +0000] "GET /pandemain-el-pan-tradicional-de-los-granjeros HTTP/1.1" 301 3704 "-" "Mozilla/5.0 (Linux; Android 6.0.1; Nexus 5X Build/MMB29P) AppleWebKit/537.36 (KHTML, like Gecko) Chrome/141.0.7390.122 Mobile Safari/537.36 (compatible; Googlebot/2.1; +http://www.google.com/bot.html)"
66.249.79.32 - - [06/Nov/2025:17:22:11 +0000] "GET /pandemain-el-pan-tradicional-de-los-granjeros/ HTTP/1.1" 301 3869 "-" "Mozilla/5.0 (Linux; Android 6.0.1; Nexus 5X Build/MMB29P) AppleWebKit/537.36 (KHTML, like Gecko) Chrome/141.0.7390.122 Mobile Safari/537.36 (compatible; Googlebot/2.1; +http://www.google.com/bot.html)"
66.249.79.32 - - [06/Nov/2025:17:22:13 +0000] "GET /entity/1099203417.shtm HTTP/1.1" 301 495 "-" "Mozilla/5.0 (Linux; Android 6.0.1; Nexus 5X Build/MMB29P) AppleWebKit/537.36 (KHTML, like Gecko) Chrome/141.0.7390.122 Mobile Safari/537.36 (compatible; Googlebot/2.1; +http://www.google.com/bot.html)"
194.164.62.186 - - [06/Nov/2025:17:23:17 +0000] "POST /wp-cron.php?doing_wp_cron=1762449797.2600560188293457031250 HTTP/1.1" 200 3647 "-" "WordPress/6.8.3; https://www.amphoragames.com"
66.249.79.32 - - [06/Nov/2025:17:23:17 +0000] "GET /entity/792225798.shtm HTTP/1.1" 301 3813 "-" "Mozilla/5.0 (Linux; Android 6.0.1; Nexus 5X Build/MMB29P) AppleWebKit/537.36 (KHTML, like Gecko) Chrome/141.0.7390.122 Mobile Safari/537.36 (compatible; GoogleOther)"
