66.249.79.37 - - [06/Nov/2025:19:05:23 +0000] "GET /entity/1181051306.shtm HTTP/1.1" 301 3813 "-" "Mozilla/5.0 (Linux; Android 6.0.1; Nexus 5X Build/MMB29P) AppleWebKit/537.36 (KHTML, like Gecko) Chrome/141.0.7390.122 Mobile Safari/537.36 (compatible; Googlebot/2.1; +http://www.google.com/bot.html)"
40.77.167.73 - - [06/Nov/2025:19:05:25 +0000] "GET /entity/1425481162.shtm HTTP/1.1" 404 33610 "-" "Mozilla/5.0 AppleWebKit/537.36 (KHTML, like Gecko; compatible; bingbot/2.0; +http://www.bing.com/bingbot.htm) Chrome/116.0.1938.76 Safari/537.36"
66.249.79.37 - - [06/Nov/2025:19:05:51 +0000] "GET /zhHant/product/surugaya/A157000662?campaign_uid=f64d716db5e979ed2f947dbaf4296895b951ae7f HTTP/1.1" 301 3813 "-" "Mozilla/5.0 (Linux; Android 6.0.1; Nexus 5X Build/MMB29P) AppleWebKit/537.36 (KHTML, like Gecko) Chrome/141.0.7390.122 Mobile Safari/537.36 (compatible; Googlebot/2.1; +http://www.google.com/bot.html)"
194.164.62.186 - - [06/Nov/2025:19:06:10 +0000] "POST /wp-cron.php?doing_wp_cron=1762455970.7501199245452880859375 HTTP/1.1" 200 3647 "-" "WordPress/6.8.3; https://www.amphoragames.com"
157.55.39.8 - - [06/Nov/2025:19:06:10 +0000] "GET /entity/1006783563.shtm HTTP/1.1" 404 33610 "-" "Mozilla/5.0 AppleWebKit/537.36 (KHTML, like Gecko; compatible; bingbot/2.0; +http://www.bing.com/bingbot.htm) Chrome/116.0.1938.76 Safari/537.36"
40.77.167.73 - - [06/Nov/2025:19:06:26 +0000] "GET /entity/1010447959.shtm HTTP/1.1" 404 33610 "-" "Mozilla/5.0 AppleWebKit/537.36 (KHTML, like Gecko; compatible; bingbot/2.0; +http://www.bing.com/bingbot.htm) Chrome/116.0.1938.76 Safari/537.36"
66.249.79.37 - - [06/Nov/2025:19:06:39 +0000] "GET /entity/354856691.shtm HTTP/1.1" 301 3813 "-" "Mozilla/5.0 (Linux; Android 6.0.1; Nexus 5X Build/MMB29P) AppleWebKit/537.36 (KHTML, like Gecko) Chrome/141.0.7390.122 Mobile Safari/537.36 (compatible; Googlebot/2.1; +http://www.google.com/bot.html)"
66.249.79.32 - - [06/Nov/2025:19:06:41 +0000] "GET /entity/1001296423.shtm HTTP/1.1" 301 3813 "-" "Mozilla/5.0 (Linux; Android 6.0.1; Nexus 5X Build/MMB29P) AppleWebKit/537.36 (KHTML, like Gecko) Chrome/141.0.7390.122 Mobile Safari/537.36 (compatible; Googlebot/2.1; +http://www.google.com/bot.html)"
66.249.79.32 - - [06/Nov/2025:19:06:54 +0000] "GET /entity/241798132.shtm HTTP/1.1" 301 3813 "-" "Mozilla/5.0 (Linux; Android 6.0.1; Nexus 5X Build/MMB29P) AppleWebKit/537.36 (KHTML, like Gecko) Chrome/141.0.7390.122 Mobile Safari/537.36 (compatible; Googlebot/2.1; +http://www.google.com/bot.html)"
157.55.39.8 - - [06/Nov/2025:19:07:00 +0000] "GET /entity/1321387256.shtm HTTP/1.1" 404 33610 "-" "Mozilla/5.0 AppleWebKit/537.36 (KHTML, like Gecko; compatible; bingbot/2.0; +http://www.bing.com/bingbot.htm) Chrome/116.0.1938.76 Safari/537.36"
114.119.133.190 - - [06/Nov/2025:19:07:02 +0000] "GET /3 HTTP/1.1" 301 3623 "-" "Mozilla/5.0 (Linux; Android 7.0;) AppleWebKit/537.36 (KHTML, like Gecko) Mobile Safari/537.36 (compatible; PetalBot;+https://webmaster.petalsearch.com/site/petalbot)"
114.119.133.190 - - [06/Nov/2025:19:07:04 +0000] "GET /3/ HTTP/1.1" 200 12755 "-" "Mozilla/5.0 (Linux; Android 7.0;) AppleWebKit/537.36 (KHTML, like Gecko) Mobile Safari/537.36 (compatible; PetalBot;+https://webmaster.petalsearch.com/site/petalbot)"
194.164.62.186 - - [06/Nov/2025:19:07:09 +0000] "POST /wp-cron.php?doing_wp_cron=1762456029.7725529670715332031250 HTTP/1.1" 200 3647 "-" "WordPress/6.8.3; https://www.amphoragames.com"
66.249.79.33 - - [06/Nov/2025:19:07:09 +0000] "GET /entity/3073174.shtm HTTP/1.1" 301 3813 "-" "Mozilla/5.0 (Linux; Android 6.0.1; Nexus 5X Build/MMB29P) AppleWebKit/537.36 (KHTML, like Gecko) Chrome/141.0.7390.122 Mobile Safari/537.36 (compatible; Googlebot/2.1; +http://www.google.com/bot.html)"
66.249.79.32 - - [06/Nov/2025:19:07:14 +0000] "GET /zhHant/product/surugaya/A861831017?campaign_uid=f64d716db5e979ed2f947dbaf4296895b951ae7f HTTP/1.1" 301 3813 "-" "Mozilla/5.0 (Linux; Android 6.0.1; Nexus 5X Build/MMB29P) AppleWebKit/537.36 (KHTML, like Gecko) Chrome/141.0.7390.122 Mobile Safari/537.36 (compatible; Googlebot/2.1; +http://www.google.com/bot.html)"
66.249.79.37 - - [06/Nov/2025:19:07:42 +0000] "GET /entity/1001310661.shtm HTTP/1.1" 301 3813 "-" "Mozilla/5.0 (Linux; Android 6.0.1; Nexus 5X Build/MMB29P) AppleWebKit/537.36 (KHTML, like Gecko) Chrome/141.0.7390.122 Mobile Safari/537.36 (compatible; Googlebot/2.1; +http://www.google.com/bot.html)"
40.77.167.243 - - [06/Nov/2025:19:07:52 +0000] "GET /entity/387609217.shtm HTTP/1.1" 404 33606 "-" "Mozilla/5.0 AppleWebKit/537.36 (KHTML, like Gecko; compatible; bingbot/2.0; +http://www.bing.com/bingbot.htm) Chrome/116.0.1938.76 Safari/537.36"
40.77.167.243 - - [06/Nov/2025:19:07:55 +0000] "GET /entity/371418296.shtm HTTP/1.1" 404 30183 "-" "Mozilla/5.0 AppleWebKit/537.36 (KHTML, like Gecko; compatible; bingbot/2.0; +http://www.bing.com/bingbot.htm) Chrome/116.0.1938.76 Safari/537.36"
157.55.39.6 - - [06/Nov/2025:19:08:02 +0000] "GET /entity/1384106608.shtm HTTP/1.1" 404 33610 "-" "Mozilla/5.0 AppleWebKit/537.36 (KHTML, like Gecko; compatible; bingbot/2.0; +http://www.bing.com/bingbot.htm) Chrome/116.0.1938.76 Safari/537.36"
194.164.62.186 - - [06/Nov/2025:19:08:10 +0000] "POST /wp-cron.php?doing_wp_cron=1762456090.7548139095306396484375 HTTP/1.1" 200 3647 "-" "WordPress/6.8.3; https://www.amphoragames.com"
66.249.79.37 - - [06/Nov/2025:19:08:10 +0000] "GET /entity/1179795711.shtm HTTP/1.1" 301 3813 "-" "Mozilla/5.0 (Linux; Android 6.0.1; Nexus 5X Build/MMB29P) AppleWebKit/537.36 (KHTML, like Gecko) Chrome/141.0.7390.122 Mobile Safari/537.36 (compatible; Googlebot/2.1; +http://www.google.com/bot.html)"
216.73.216.32 - - [06/Nov/2025:19:08:16 +0000] "GET /2016/07/27/jornadas-de-testeo-en-algeciras/dsc_0609 HTTP/1.1" 301 3669 "-" "Mozilla/5.0 AppleWebKit/537.36 (KHTML, like Gecko; compatible; ClaudeBot/1.0; +claudebot@anthropic.com)"
216.73.216.32 - - [06/Nov/2025:19:08:16 +0000] "GET /2016/07/27/jornadas-de-testeo-en-algeciras/dsc_0609/ HTTP/1.1" 200 9493 "https://www.amphoragames.com/2016/07/27/jornadas-de-testeo-en-algeciras/dsc_0609" "Mozilla/5.0 AppleWebKit/537.36 (KHTML, like Gecko; compatible; ClaudeBot/1.0; +claudebot@anthropic.com)"
66.249.79.37 - - [06/Nov/2025:19:08:56 +0000] "GET /entity/1001277235.shtm HTTP/1.1" 301 3813 "-" "Mozilla/5.0 (Linux; Android 6.0.1; Nexus 5X Build/MMB29P) AppleWebKit/537.36 (KHTML, like Gecko) Chrome/141.0.7390.122 Mobile Safari/537.36 (compatible; Googlebot/2.1; +http://www.google.com/bot.html)"
194.164.62.186 - - [06/Nov/2025:19:09:09 +0000] "POST /wp-cron.php?doing_wp_cron=1762456149.9442219734191894531250 HTTP/1.1" 200 3647 "-" "WordPress/6.8.3; https://www.amphoragames.com"
40.77.167.243 - - [06/Nov/2025:19:09:09 +0000] "GET /entity/714767360.shtm HTTP/1.1" 404 33606 "-" "Mozilla/5.0 AppleWebKit/537.36 (KHTML, like Gecko; compatible; bingbot/2.0; +http://www.bing.com/bingbot.htm) Chrome/116.0.1938.76 Safari/537.36"
66.249.79.33 - - [06/Nov/2025:19:09:19 +0000] "GET /entity/1180982750.shtm HTTP/1.1" 301 3813 "-" "Mozilla/5.0 (Linux; Android 6.0.1; Nexus 5X Build/MMB29P) AppleWebKit/537.36 (KHTML, like Gecko) Chrome/141.0.7390.122 Mobile Safari/537.36 (compatible; Googlebot/2.1; +http://www.google.com/bot.html)"
66.249.79.37 - - [06/Nov/2025:19:09:24 +0000] "GET /entity/44947984.shtm HTTP/1.1" 301 3813 "-" "Mozilla/5.0 (Linux; Android 6.0.1; Nexus 5X Build/MMB29P) AppleWebKit/537.36 (KHTML, like Gecko) Chrome/141.0.7390.122 Mobile Safari/537.36 (compatible; GoogleOther)"
40.77.167.243 - - [06/Nov/2025:19:09:30 +0000] "GET /entity/736435965.shtm HTTP/1.1" 404 33606 "-" "Mozilla/5.0 AppleWebKit/537.36 (KHTML, like Gecko; compatible; bingbot/2.0; +http://www.bing.com/bingbot.htm) Chrome/116.0.1938.76 Safari/537.36"
40.77.167.0 - - [06/Nov/2025:19:09:36 +0000] "GET /entity/297533159.shtm HTTP/1.1" 404 33606 "-" "Mozilla/5.0 AppleWebKit/537.36 (KHTML, like Gecko; compatible; bingbot/2.0; +http://www.bing.com/bingbot.htm) Chrome/116.0.1938.76 Safari/537.36"
66.249.79.37 - - [06/Nov/2025:19:09:41 +0000] "GET /product/edit/A3730250886 HTTP/1.1" 301 3813 "-" "Mozilla/5.0 (Linux; Android 6.0.1; Nexus 5X Build/MMB29P) AppleWebKit/537.36 (KHTML, like Gecko) Chrome/141.0.7390.122 Mobile Safari/537.36 (compatible; Googlebot/2.1; +http://www.google.com/bot.html)"
66.249.79.37 - - [06/Nov/2025:19:09:43 +0000] "GET /entity/1221428970.shtm HTTP/1.1" 301 495 "-" "Mozilla/5.0 (Linux; Android 6.0.1; Nexus 5X Build/MMB29P) AppleWebKit/537.36 (KHTML, like Gecko) Chrome/141.0.7390.122 Mobile Safari/537.36 (compatible; Googlebot/2.1; +http://www.google.com/bot.html)"
157.55.39.6 - - [06/Nov/2025:19:10:01 +0000] "GET /entity/848550582.shtm HTTP/1.1" 404 33606 "-" "Mozilla/5.0 AppleWebKit/537.36 (KHTML, like Gecko; compatible; bingbot/2.0; +http://www.bing.com/bingbot.htm) Chrome/116.0.1938.76 Safari/537.36"
66.249.79.32 - - [06/Nov/2025:19:10:05 +0000] "GET /entity/1179838536.shtm HTTP/1.1" 301 3813 "-" "Mozilla/5.0 (Linux; Android 6.0.1; Nexus 5X Build/MMB29P) AppleWebKit/537.36 (KHTML, like Gecko) Chrome/141.0.7390.122 Mobile Safari/537.36 (compatible; Googlebot/2.1; +http://www.google.com/bot.html)"
40.77.167.0 - - [06/Nov/2025:19:10:07 +0000] "GET /entity/1452026423.shtm HTTP/1.1" 404 33610 "-" "Mozilla/5.0 AppleWebKit/537.36 (KHTML, like Gecko; compatible; bingbot/2.0; +http://www.bing.com/bingbot.htm) Chrome/116.0.1938.76 Safari/537.36"
194.164.62.186 - - [06/Nov/2025:19:10:12 +0000] "POST /wp-cron.php?doing_wp_cron=1762456212.3847410678863525390625 HTTP/1.1" 200 3647 "-" "WordPress/6.8.3; https://www.amphoragames.com"
157.55.39.6 - - [06/Nov/2025:19:10:12 +0000] "GET /entity/1216171256.shtm HTTP/1.1" 404 30617 "-" "Mozilla/5.0 AppleWebKit/537.36 (KHTML, like Gecko; compatible; bingbot/2.0; +http://www.bing.com/bingbot.htm) Chrome/116.0.1938.76 Safari/537.36"
40.77.167.243 - - [06/Nov/2025:19:10:20 +0000] "GET /entity/753178479.shtm HTTP/1.1" 404 33606 "-" "Mozilla/5.0 AppleWebKit/537.36 (KHTML, like Gecko; compatible; bingbot/2.0; +http://www.bing.com/bingbot.htm) Chrome/116.0.1938.76 Safari/537.36"
114.119.132.76 - - [06/Nov/2025:19:10:32 +0000] "GET /2/ HTTP/1.1" 200 12756 "-" "Mozilla/5.0 (Linux; Android 7.0;) AppleWebKit/537.36 (KHTML, like Gecko) Mobile Safari/537.36 (compatible; PetalBot;+https://webmaster.petalsearch.com/site/petalbot)"
66.249.79.37 - - [06/Nov/2025:19:10:51 +0000] "GET /entity/22591034.shtm HTTP/1.1" 301 3813 "-" "Mozilla/5.0 (Linux; Android 6.0.1; Nexus 5X Build/MMB29P) AppleWebKit/537.36 (KHTML, like Gecko) Chrome/141.0.7390.122 Mobile Safari/537.36 (compatible; Googlebot/2.1; +http://www.google.com/bot.html)"
40.77.167.0 - - [06/Nov/2025:19:11:07 +0000] "GET /entity/67245160.shtm HTTP/1.1" 404 33602 "-" "Mozilla/5.0 AppleWebKit/537.36 (KHTML, like Gecko; compatible; bingbot/2.0; +http://www.bing.com/bingbot.htm) Chrome/116.0.1938.76 Safari/537.36"
194.164.62.186 - - [06/Nov/2025:19:11:14 +0000] "POST /wp-cron.php?doing_wp_cron=1762456274.2631189823150634765625 HTTP/1.1" 200 3647 "-" "WordPress/6.8.3; https://www.amphoragames.com"
66.249.79.33 - - [06/Nov/2025:19:11:14 +0000] "GET /entity/763506222.shtm HTTP/1.1" 301 3813 "-" "Mozilla/5.0 (Linux; Android 6.0.1; Nexus 5X Build/MMB29P) AppleWebKit/537.36 (KHTML, like Gecko) Chrome/141.0.7390.122 Mobile Safari/537.36 (compatible; Googlebot/2.1; +http://www.google.com/bot.html)"
157.55.39.6 - - [06/Nov/2025:19:11:31 +0000] "GET /entity/8282738.shtm HTTP/1.1" 404 33598 "-" "Mozilla/5.0 AppleWebKit/537.36 (KHTML, like Gecko; compatible; bingbot/2.0; +http://www.bing.com/bingbot.htm) Chrome/116.0.1938.76 Safari/537.36"
66.249.79.37 - - [06/Nov/2025:19:11:36 +0000] "GET /entity/241791324.shtm HTTP/1.1" 301 3813 "-" "Mozilla/5.0 (Linux; Android 6.0.1; Nexus 5X Build/MMB29P) AppleWebKit/537.36 (KHTML, like Gecko) Chrome/141.0.7390.122 Mobile Safari/537.36 (compatible; Googlebot/2.1; +http://www.google.com/bot.html)"
66.249.79.37 - - [06/Nov/2025:19:11:38 +0000] "GET /entity/1224711508.shtm HTTP/1.1" 301 495 "-" "Mozilla/5.0 (Linux; Android 6.0.1; Nexus 5X Build/MMB29P) AppleWebKit/537.36 (KHTML, like Gecko) Chrome/141.0.7390.122 Mobile Safari/537.36 (compatible; Googlebot/2.1; +http://www.google.com/bot.html)"
40.77.167.243 - - [06/Nov/2025:19:11:48 +0000] "GET /entity/466244485.shtm HTTP/1.1" 404 33606 "-" "Mozilla/5.0 AppleWebKit/537.36 (KHTML, like Gecko; compatible; bingbot/2.0; +http://www.bing.com/bingbot.htm) Chrome/116.0.1938.76 Safari/537.36"
66.249.79.32 - - [06/Nov/2025:19:12:01 +0000] "GET /entity/763540746.shtm HTTP/1.1" 301 3813 "-" "Mozilla/5.0 (Linux; Android 6.0.1; Nexus 5X Build/MMB29P) AppleWebKit/537.36 (KHTML, like Gecko) Chrome/141.0.7390.122 Mobile Safari/537.36 (compatible; Googlebot/2.1; +http://www.google.com/bot.html)"
194.164.62.186 - - [06/Nov/2025:19:12:18 +0000] "POST /wp-cron.php?doing_wp_cron=1762456338.9141891002655029296875 HTTP/1.1" 200 3647 "-" "WordPress/6.8.3; https://www.amphoragames.com"
40.77.167.243 - - [06/Nov/2025:19:12:18 +0000] "GET /product/edit/A4114184055 HTTP/1.1" 404 33622 "-" "Mozilla/5.0 AppleWebKit/537.36 (KHTML, like Gecko; compatible; bingbot/2.0; +http://www.bing.com/bingbot.htm) Chrome/116.0.1938.76 Safari/537.36"
66.249.79.37 - - [06/Nov/2025:19:12:23 +0000] "GET /entity/52283308.shtm HTTP/1.1" 301 3813 "-" "Mozilla/5.0 (Linux; Android 6.0.1; Nexus 5X Build/MMB29P) AppleWebKit/537.36 (KHTML, like Gecko) Chrome/141.0.7390.122 Mobile Safari/537.36 (compatible; Googlebot/2.1; +http://www.google.com/bot.html)"
40.77.167.243 - - [06/Nov/2025:19:12:48 +0000] "GET /entity/966927763.shtm HTTP/1.1" 404 33606 "-" "Mozilla/5.0 AppleWebKit/537.36 (KHTML, like Gecko; compatible; bingbot/2.0; +http://www.bing.com/bingbot.htm) Chrome/116.0.1938.76 Safari/537.36"
66.249.79.37 - - [06/Nov/2025:19:13:07 +0000] "GET /entity/563205971.shtm HTTP/1.1" 301 3813 "-" "Mozilla/5.0 (Linux; Android 6.0.1; Nexus 5X Build/MMB29P) AppleWebKit/537.36 (KHTML, like Gecko) Chrome/141.0.7390.122 Mobile Safari/537.36 (compatible; Googlebot/2.1; +http://www.google.com/bot.html)"
66.249.79.32 - - [06/Nov/2025:19:13:07 +0000] "GET /entity/732458442.shtm HTTP/1.1" 301 3813 "-" "Mozilla/5.0 (Linux; Android 6.0.1; Nexus 5X Build/MMB29P) AppleWebKit/537.36 (KHTML, like Gecko) Chrome/141.0.7390.122 Mobile Safari/537.36 (compatible; Googlebot/2.1; +http://www.google.com/bot.html)"
194.164.62.186 - - [06/Nov/2025:19:13:30 +0000] "POST /wp-cron.php?doing_wp_cron=1762456410.4774069786071777343750 HTTP/1.1" 200 3647 "-" "WordPress/6.8.3; https://www.amphoragames.com"
66.249.79.37 - - [06/Nov/2025:19:13:30 +0000] "GET /entity/52301805.shtm HTTP/1.1" 301 3813 "-" "Mozilla/5.0 (Linux; Android 6.0.1; Nexus 5X Build/MMB29P) AppleWebKit/537.36 (KHTML, like Gecko) Chrome/141.0.7390.122 Mobile Safari/537.36 (compatible; Googlebot/2.1; +http://www.google.com/bot.html)"
66.249.79.37 - - [06/Nov/2025:19:13:52 +0000] "GET /entity/3382530.shtm HTTP/1.1" 301 3813 "-" "Mozilla/5.0 (Linux; Android 6.0.1; Nexus 5X Build/MMB29P) AppleWebKit/537.36 (KHTML, like Gecko) Chrome/141.0.7390.122 Mobile Safari/537.36 (compatible; Googlebot/2.1; +http://www.google.com/bot.html)"
194.164.62.186 - - [06/Nov/2025:19:14:14 +0000] "POST /wp-cron.php?doing_wp_cron=1762456454.9523189067840576171875 HTTP/1.1" 200 3647 "-" "WordPress/6.8.3; https://www.amphoragames.com"
66.249.79.32 - - [06/Nov/2025:19:14:14 +0000] "GET /entity/1295207934.shtm HTTP/1.1" 301 3813 "-" "Mozilla/5.0 (Linux; Android 6.0.1; Nexus 5X Build/MMB29P) AppleWebKit/537.36 (KHTML, like Gecko) Chrome/141.0.7390.122 Mobile Safari/537.36 (compatible; Googlebot/2.1; +http://www.google.com/bot.html)"
66.249.79.37 - - [06/Nov/2025:19:14:15 +0000] "GET /entity/987463549.shtm HTTP/1.1" 301 3813 "-" "Mozilla/5.0 (Linux; Android 6.0.1; Nexus 5X Build/MMB29P) AppleWebKit/537.36 (KHTML, like Gecko) Chrome/141.0.7390.122 Mobile Safari/537.36 (compatible; Googlebot/2.1; +http://www.google.com/bot.html)"
40.77.167.243 - - [06/Nov/2025:19:14:29 +0000] "GET /entity/695675405.shtm HTTP/1.1" 404 33606 "-" "Mozilla/5.0 AppleWebKit/537.36 (KHTML, like Gecko; compatible; bingbot/2.0; +http://www.bing.com/bingbot.htm) Chrome/116.0.1938.76 Safari/537.36"
120.92.209.39 - - [06/Nov/2025:19:14:56 +0000] "GET /wp-content/uploads/2017/02/20170215200956_1-500x500.jpg HTTP/1.1" 200 53657 "-" "Mozilla/5.0 (Windows NT 10.0; Win64; x64) AppleWebKit/537.36 (KHTML, like Gecko) Chrome/138.0.0.0 Safari/537.36"
194.164.62.186 - - [06/Nov/2025:19:15:18 +0000] "POST /wp-cron.php?doing_wp_cron=1762456518.6417839527130126953125 HTTP/1.1" 200 3647 "-" "WordPress/6.8.3; https://www.amphoragames.com"
40.77.167.243 - - [06/Nov/2025:19:15:18 +0000] "GET /entity/1048250707.shtm HTTP/1.1" 404 33610 "-" "Mozilla/5.0 AppleWebKit/537.36 (KHTML, like Gecko; compatible; bingbot/2.0; +http://www.bing.com/bingbot.htm) Chrome/116.0.1938.76 Safari/537.36"
66.249.79.33 - - [06/Nov/2025:19:15:20 +0000] "GET /entity/743435361.shtm HTTP/1.1" 301 3813 "-" "Mozilla/5.0 (Linux; Android 6.0.1; Nexus 5X Build/MMB29P) AppleWebKit/537.36 (KHTML, like Gecko) Chrome/141.0.7390.122 Mobile Safari/537.36 (compatible; Googlebot/2.1; +http://www.google.com/bot.html)"
66.249.79.37 - - [06/Nov/2025:19:15:21 +0000] "GET /entity/140792855.shtm HTTP/1.1" 301 3813 "-" "Mozilla/5.0 (Linux; Android 6.0.1; Nexus 5X Build/MMB29P) AppleWebKit/537.36 (KHTML, like Gecko) Chrome/141.0.7390.122 Mobile Safari/537.36 (compatible; Googlebot/2.1; +http://www.google.com/bot.html)"
157.55.39.6 - - [06/Nov/2025:19:15:30 +0000] "GET /entity/995077985.shtm HTTP/1.1" 404 33606 "-" "Mozilla/5.0 AppleWebKit/537.36 (KHTML, like Gecko; compatible; bingbot/2.0; +http://www.bing.com/bingbot.htm) Chrome/116.0.1938.76 Safari/537.36"
66.249.79.32 - - [06/Nov/2025:19:15:43 +0000] "GET /entity/839994603.shtm HTTP/1.1" 301 3813 "-" "Mozilla/5.0 (Linux; Android 6.0.1; Nexus 5X Build/MMB29P) AppleWebKit/537.36 (KHTML, like Gecko) Chrome/141.0.7390.122 Mobile Safari/537.36 (compatible; Googlebot/2.1; +http://www.google.com/bot.html)"
66.249.79.32 - - [06/Nov/2025:19:16:06 +0000] "GET /entity/1089692182.shtm HTTP/1.1" 301 3813 "-" "Mozilla/5.0 (Linux; Android 6.0.1; Nexus 5X Build/MMB29P) AppleWebKit/537.36 (KHTML, like Gecko) Chrome/141.0.7390.122 Mobile Safari/537.36 (compatible; Googlebot/2.1; +http://www.google.com/bot.html)"
40.77.167.0 - - [06/Nov/2025:19:16:07 +0000] "GET /entity/1111713554.shtm HTTP/1.1" 404 33610 "-" "Mozilla/5.0 AppleWebKit/537.36 (KHTML, like Gecko; compatible; bingbot/2.0; +http://www.bing.com/bingbot.htm) Chrome/116.0.1938.76 Safari/537.36"
194.164.62.186 - - [06/Nov/2025:19:16:23 +0000] "POST /wp-cron.php?doing_wp_cron=1762456583.1377971172332763671875 HTTP/1.1" 200 3647 "-" "WordPress/6.8.3; https://www.amphoragames.com"
157.55.39.6 - - [06/Nov/2025:19:16:22 +0000] "GET /entity/142961901.shtm HTTP/1.1" 404 33606 "-" "Mozilla/5.0 AppleWebKit/537.36 (KHTML, like Gecko; compatible; bingbot/2.0; +http://www.bing.com/bingbot.htm) Chrome/116.0.1938.76 Safari/537.36"
114.119.135.195 - - [06/Nov/2025:19:16:46 +0000] "GET /10 HTTP/1.1" 301 3624 "-" "Mozilla/5.0 (Linux; Android 7.0;) AppleWebKit/537.36 (KHTML, like Gecko) Mobile Safari/537.36 (compatible; PetalBot;+https://webmaster.petalsearch.com/site/petalbot)"
114.119.135.195 - - [06/Nov/2025:19:16:47 +0000] "GET /10/ HTTP/1.1" 200 12770 "-" "Mozilla/5.0 (Linux; Android 7.0;) AppleWebKit/537.36 (KHTML, like Gecko) Mobile Safari/537.36 (compatible; PetalBot;+https://webmaster.petalsearch.com/site/petalbot)"
66.249.79.37 - - [06/Nov/2025:19:16:49 +0000] "GET /entity/170852015.shtm HTTP/1.1" 301 3813 "-" "Mozilla/5.0 (Linux; Android 6.0.1; Nexus 5X Build/MMB29P) AppleWebKit/537.36 (KHTML, like Gecko) Chrome/141.0.7390.122 Mobile Safari/537.36 (compatible; Googlebot/2.1; +http://www.google.com/bot.html)"
194.164.62.186 - - [06/Nov/2025:19:17:12 +0000] "POST /wp-cron.php?doing_wp_cron=1762456632.2886509895324707031250 HTTP/1.1" 200 3647 "-" "WordPress/6.8.3; https://www.amphoragames.com"
66.249.79.37 - - [06/Nov/2025:19:17:12 +0000] "GET /entity/1097874158.shtm HTTP/1.1" 301 3813 "-" "Mozilla/5.0 (Linux; Android 6.0.1; Nexus 5X Build/MMB29P) AppleWebKit/537.36 (KHTML, like Gecko) Chrome/141.0.7390.122 Mobile Safari/537.36 (compatible; Googlebot/2.1; +http://www.google.com/bot.html)"
66.249.79.32 - - [06/Nov/2025:19:17:12 +0000] "GET /entity/1098513587.shtm HTTP/1.1" 301 3813 "-" "Mozilla/5.0 (Linux; Android 6.0.1; Nexus 5X Build/MMB29P) AppleWebKit/537.36 (KHTML, like Gecko) Chrome/141.0.7390.122 Mobile Safari/537.36 (compatible; Googlebot/2.1; +http://www.google.com/bot.html)"
66.249.79.37 - - [06/Nov/2025:19:17:13 +0000] "GET /product/edit/A332753892 HTTP/1.1" 301 495 "-" "Mozilla/5.0 (Linux; Android 6.0.1; Nexus 5X Build/MMB29P) AppleWebKit/537.36 (KHTML, like Gecko) Chrome/141.0.7390.122 Mobile Safari/537.36 (compatible; Googlebot/2.1; +http://www.google.com/bot.html)"
66.249.79.32 - - [06/Nov/2025:19:17:26 +0000] "GET /entity/691750334.shtm HTTP/1.1" 301 3813 "-" "Mozilla/5.0 (Linux; Android 6.0.1; Nexus 5X Build/MMB29P) AppleWebKit/537.36 (KHTML, like Gecko) Chrome/141.0.7390.122 Mobile Safari/537.36 (compatible; Googlebot/2.1; +http://www.google.com/bot.html)"
66.249.79.32 - - [06/Nov/2025:19:17:27 +0000] "GET /entity/1121354918.shtm HTTP/1.1" 301 495 "-" "Mozilla/5.0 (Linux; Android 6.0.1; Nexus 5X Build/MMB29P) AppleWebKit/537.36 (KHTML, like Gecko) Chrome/141.0.7390.122 Mobile Safari/537.36 (compatible; Googlebot/2.1; +http://www.google.com/bot.html)"
66.249.79.37 - - [06/Nov/2025:19:17:41 +0000] "GET /entity/761097946.shtm HTTP/1.1" 301 3813 "-" "Mozilla/5.0 (Linux; Android 6.0.1; Nexus 5X Build/MMB29P) AppleWebKit/537.36 (KHTML, like Gecko) Chrome/141.0.7390.122 Mobile Safari/537.36 (compatible; Googlebot/2.1; +http://www.google.com/bot.html)"
66.249.79.37 - - [06/Nov/2025:19:17:55 +0000] "GET /entity/1029454668.shtm HTTP/1.1" 301 3813 "-" "Mozilla/5.0 (Linux; Android 6.0.1; Nexus 5X Build/MMB29P) AppleWebKit/537.36 (KHTML, like Gecko) Chrome/141.0.7390.122 Mobile Safari/537.36 (compatible; Googlebot/2.1; +http://www.google.com/bot.html)"
66.249.79.37 - - [06/Nov/2025:19:17:55 +0000] "GET /entity/732849643.shtm HTTP/1.1" 301 495 "-" "Mozilla/5.0 (Linux; Android 6.0.1; Nexus 5X Build/MMB29P) AppleWebKit/537.36 (KHTML, like Gecko) Chrome/141.0.7390.122 Mobile Safari/537.36 (compatible; Googlebot/2.1; +http://www.google.com/bot.html)"
66.249.79.37 - - [06/Nov/2025:19:17:56 +0000] "GET /entity/986360675.shtm HTTP/1.1" 301 495 "-" "Mozilla/5.0 (Linux; Android 6.0.1; Nexus 5X Build/MMB29P) AppleWebKit/537.36 (KHTML, like Gecko) Chrome/141.0.7390.122 Mobile Safari/537.36 (compatible; Googlebot/2.1; +http://www.google.com/bot.html)"
194.164.62.186 - - [06/Nov/2025:19:18:11 +0000] "POST /wp-cron.php?doing_wp_cron=1762456691.2702178955078125000000 HTTP/1.1" 200 3647 "-" "WordPress/6.8.3; https://www.amphoragames.com"
66.249.79.37 - - [06/Nov/2025:19:18:11 +0000] "GET /entity/834353703.shtm HTTP/1.1" 301 3813 "-" "Mozilla/5.0 (Linux; Android 6.0.1; Nexus 5X Build/MMB29P) AppleWebKit/537.36 (KHTML, like Gecko) Chrome/141.0.7390.122 Mobile Safari/537.36 (compatible; Googlebot/2.1; +http://www.google.com/bot.html)"
194.164.62.186 - - [06/Nov/2025:19:18:18 +0000] "POST /wp-cron.php?doing_wp_cron=1762456698.0281889438629150390625 HTTP/1.1" 200 3647 "-" "WordPress/6.8.3; https://www.amphoragames.com"
52.167.144.222 - - [06/Nov/2025:19:18:17 +0000] "GET /entity/737463121.shtm HTTP/1.1" 404 33606 "-" "Mozilla/5.0 AppleWebKit/537.36 (KHTML, like Gecko; compatible; bingbot/2.0; +http://www.bing.com/bingbot.htm) Chrome/116.0.1938.76 Safari/537.36"
157.55.39.6 - - [06/Nov/2025:19:18:21 +0000] "GET /entity/861936958.shtm HTTP/1.1" 404 33606 "-" "Mozilla/5.0 AppleWebKit/537.36 (KHTML, like Gecko; compatible; bingbot/2.0; +http://www.bing.com/bingbot.htm) Chrome/116.0.1938.76 Safari/537.36"
66.249.79.37 - - [06/Nov/2025:19:18:24 +0000] "GET /entity/1079097707.shtm HTTP/1.1" 301 3813 "-" "Mozilla/5.0 (Linux; Android 6.0.1; Nexus 5X Build/MMB29P) AppleWebKit/537.36 (KHTML, like Gecko) Chrome/141.0.7390.122 Mobile Safari/537.36 (compatible; Googlebot/2.1; +http://www.google.com/bot.html)"
194.164.62.186 - - [06/Nov/2025:19:18:38 +0000] "POST /wp-cron.php?doing_wp_cron=1762456718.4539210796356201171875 HTTP/1.1" 200 3647 "-" "WordPress/6.8.3; https://www.amphoragames.com"
66.249.79.37 - - [06/Nov/2025:19:18:38 +0000] "GET /entity/45073775.shtm HTTP/1.1" 301 3813 "-" "Mozilla/5.0 (Linux; Android 6.0.1; Nexus 5X Build/MMB29P) AppleWebKit/537.36 (KHTML, like Gecko) Chrome/141.0.7390.122 Mobile Safari/537.36 (compatible; Googlebot/2.1; +http://www.google.com/bot.html)"
52.167.144.222 - - [06/Nov/2025:19:18:47 +0000] "GET /entity/442295669.shtm HTTP/1.1" 404 33606 "-" "Mozilla/5.0 AppleWebKit/537.36 (KHTML, like Gecko; compatible; bingbot/2.0; +http://www.bing.com/bingbot.htm) Chrome/116.0.1938.76 Safari/537.36"
5.255.231.36 - - [06/Nov/2025:19:18:48 +0000] "GET /robots.txt HTTP/1.1" 200 3754 "-" "Mozilla/5.0 (compatible; YandexBot/3.0; +http://yandex.com/bots)"
5.255.231.157 - - [06/Nov/2025:19:18:48 +0000] "GET /sobre-nosotros/ HTTP/1.1" 404 33540 "-" "Mozilla/5.0 (compatible; YandexBot/3.0; +http://yandex.com/bots)"
66.249.79.37 - - [06/Nov/2025:19:18:51 +0000] "GET /entity/1095882601.shtm HTTP/1.1" 301 3813 "-" "Mozilla/5.0 (Linux; Android 6.0.1; Nexus 5X Build/MMB29P) AppleWebKit/537.36 (KHTML, like Gecko) Chrome/141.0.7390.122 Mobile Safari/537.36 (compatible; Googlebot/2.1; +http://www.google.com/bot.html)"
66.249.79.37 - - [06/Nov/2025:19:19:05 +0000] "GET /entity/929834414.shtm HTTP/1.1" 301 3813 "-" "Mozilla/5.0 (Linux; Android 6.0.1; Nexus 5X Build/MMB29P) AppleWebKit/537.36 (KHTML, like Gecko) Chrome/141.0.7390.122 Mobile Safari/537.36 (compatible; Googlebot/2.1; +http://www.google.com/bot.html)"
194.164.62.186 - - [06/Nov/2025:19:19:18 +0000] "POST /wp-cron.php?doing_wp_cron=1762456758.8906800746917724609375 HTTP/1.1" 200 3647 "-" "WordPress/6.8.3; https://www.amphoragames.com"
66.249.79.37 - - [06/Nov/2025:19:19:18 +0000] "GET /entity/54584547.shtm HTTP/1.1" 301 3813 "-" "Mozilla/5.0 (Linux; Android 6.0.1; Nexus 5X Build/MMB29P) AppleWebKit/537.36 (KHTML, like Gecko) Chrome/141.0.7390.122 Mobile Safari/537.36 (compatible; Googlebot/2.1; +http://www.google.com/bot.html)"
66.249.79.37 - - [06/Nov/2025:19:19:32 +0000] "GET /entity/739180840.shtm HTTP/1.1" 301 3813 "-" "Mozilla/5.0 (Linux; Android 6.0.1; Nexus 5X Build/MMB29P) AppleWebKit/537.36 (KHTML, like Gecko) Chrome/141.0.7390.122 Mobile Safari/537.36 (compatible; Googlebot/2.1; +http://www.google.com/bot.html)"
66.249.79.37 - - [06/Nov/2025:19:19:32 +0000] "GET /entity/837600454.shtm HTTP/1.1" 301 495 "-" "Mozilla/5.0 (Linux; Android 6.0.1; Nexus 5X Build/MMB29P) AppleWebKit/537.36 (KHTML, like Gecko) Chrome/141.0.7390.122 Mobile Safari/537.36 (compatible; Googlebot/2.1; +http://www.google.com/bot.html)"
66.249.79.37 - - [06/Nov/2025:19:19:46 +0000] "GET /entity/621860784.shtm HTTP/1.1" 301 3813 "-" "Mozilla/5.0 (Linux; Android 6.0.1; Nexus 5X Build/MMB29P) AppleWebKit/537.36 (KHTML, like Gecko) Chrome/141.0.7390.122 Mobile Safari/537.36 (compatible; Googlebot/2.1; +http://www.google.com/bot.html)"
66.249.79.37 - - [06/Nov/2025:19:19:46 +0000] "GET /entity/667474894.shtm HTTP/1.1" 301 495 "-" "Mozilla/5.0 (Linux; Android 6.0.1; Nexus 5X Build/MMB29P) AppleWebKit/537.36 (KHTML, like Gecko) Chrome/141.0.7390.122 Mobile Safari/537.36 (compatible; Googlebot/2.1; +http://www.google.com/bot.html)"
194.164.62.186 - - [06/Nov/2025:19:19:52 +0000] "POST /wp-cron.php?doing_wp_cron=1762456792.4401729106903076171875 HTTP/1.1" 200 3647 "-" "WordPress/6.8.3; https://www.amphoragames.com"
207.46.13.130 - - [06/Nov/2025:19:19:52 +0000] "GET /entity/893391028.shtm HTTP/1.1" 404 33606 "-" "Mozilla/5.0 AppleWebKit/537.36 (KHTML, like Gecko; compatible; bingbot/2.0; +http://www.bing.com/bingbot.htm) Chrome/116.0.1938.76 Safari/537.36"
114.119.142.126 - - [06/Nov/2025:19:19:55 +0000] "GET /1/ HTTP/1.1" 200 12266 "-" "Mozilla/5.0 (Linux; Android 7.0;) AppleWebKit/537.36 (KHTML, like Gecko) Mobile Safari/537.36 (compatible; PetalBot;+https://webmaster.petalsearch.com/site/petalbot)"
66.249.79.37 - - [06/Nov/2025:19:20:00 +0000] "GET /entity/762262502.shtm HTTP/1.1" 301 3813 "-" "Mozilla/5.0 (Linux; Android 6.0.1; Nexus 5X Build/MMB29P) AppleWebKit/537.36 (KHTML, like Gecko) Chrome/141.0.7390.122 Mobile Safari/537.36 (compatible; Googlebot/2.1; +http://www.google.com/bot.html)"
207.46.13.130 - - [06/Nov/2025:19:20:03 +0000] "GET /entity/305856930.shtm HTTP/1.1" 404 33606 "-" "Mozilla/5.0 AppleWebKit/537.36 (KHTML, like Gecko; compatible; bingbot/2.0; +http://www.bing.com/bingbot.htm) Chrome/116.0.1938.76 Safari/537.36"
194.164.62.186 - - [06/Nov/2025:19:20:14 +0000] "POST /wp-cron.php?doing_wp_cron=1762456814.0882439613342285156250 HTTP/1.1" 200 3647 "-" "WordPress/6.8.3; https://www.amphoragames.com"
66.249.79.37 - - [06/Nov/2025:19:20:13 +0000] "GET /entity/791043893.shtm HTTP/1.1" 301 3813 "-" "Mozilla/5.0 (Linux; Android 6.0.1; Nexus 5X Build/MMB29P) AppleWebKit/537.36 (KHTML, like Gecko) Chrome/141.0.7390.122 Mobile Safari/537.36 (compatible; Googlebot/2.1; +http://www.google.com/bot.html)"
66.249.79.37 - - [06/Nov/2025:19:20:27 +0000] "GET /product/edit/A1941755494 HTTP/1.1" 301 3813 "-" "Mozilla/5.0 (Linux; Android 6.0.1; Nexus 5X Build/MMB29P) AppleWebKit/537.36 (KHTML, like Gecko) Chrome/141.0.7390.122 Mobile Safari/537.36 (compatible; Googlebot/2.1; +http://www.google.com/bot.html)"
52.167.144.177 - - [06/Nov/2025:19:20:40 +0000] "GET /entity/1136130022.shtm HTTP/1.1" 404 33610 "-" "Mozilla/5.0 AppleWebKit/537.36 (KHTML, like Gecko; compatible; bingbot/2.0; +http://www.bing.com/bingbot.htm) Chrome/116.0.1938.76 Safari/537.36"
66.249.79.37 - - [06/Nov/2025:19:20:40 +0000] "GET /entity/927731485.shtm HTTP/1.1" 301 3813 "-" "Mozilla/5.0 (Linux; Android 6.0.1; Nexus 5X Build/MMB29P) AppleWebKit/537.36 (KHTML, like Gecko) Chrome/141.0.7390.122 Mobile Safari/537.36 (compatible; Googlebot/2.1; +http://www.google.com/bot.html)"
66.249.79.37 - - [06/Nov/2025:19:20:41 +0000] "GET /entity/1154906978.shtm HTTP/1.1" 301 495 "-" "Mozilla/5.0 (Linux; Android 6.0.1; Nexus 5X Build/MMB29P) AppleWebKit/537.36 (KHTML, like Gecko) Chrome/141.0.7390.122 Mobile Safari/537.36 (compatible; Googlebot/2.1; +http://www.google.com/bot.html)"
66.249.79.37 - - [06/Nov/2025:19:20:42 +0000] "GET /entity/1251853529.shtm HTTP/1.1" 301 495 "-" "Mozilla/5.0 (Linux; Android 6.0.1; Nexus 5X Build/MMB29P) AppleWebKit/537.36 (KHTML, like Gecko) Chrome/141.0.7390.122 Mobile Safari/537.36 (compatible; Googlebot/2.1; +http://www.google.com/bot.html)"
66.249.79.37 - - [06/Nov/2025:19:20:49 +0000] "GET /entity/1182204147.shtm HTTP/1.1" 301 3813 "-" "Mozilla/5.0 (Linux; Android 6.0.1; Nexus 5X Build/MMB29P) AppleWebKit/537.36 (KHTML, like Gecko) Chrome/141.0.7390.122 Mobile Safari/537.36 (compatible; Googlebot/2.1; +http://www.google.com/bot.html)"
66.249.79.32 - - [06/Nov/2025:19:21:01 +0000] "GET /entity/441519919.shtm HTTP/1.1" 301 3813 "-" "Mozilla/5.0 (Linux; Android 6.0.1; Nexus 5X Build/MMB29P) AppleWebKit/537.36 (KHTML, like Gecko) Chrome/141.0.7390.122 Mobile Safari/537.36 (compatible; Googlebot/2.1; +http://www.google.com/bot.html)"
194.164.62.186 - - [06/Nov/2025:19:21:17 +0000] "POST /wp-cron.php?doing_wp_cron=1762456876.9836430549621582031250 HTTP/1.1" 200 3647 "-" "WordPress/6.8.3; https://www.amphoragames.com"
66.249.79.37 - - [06/Nov/2025:19:21:16 +0000] "GET /entity/1182289031.shtm HTTP/1.1" 301 3813 "-" "Mozilla/5.0 (Linux; Android 6.0.1; Nexus 5X Build/MMB29P) AppleWebKit/537.36 (KHTML, like Gecko) Chrome/141.0.7390.122 Mobile Safari/537.36 (compatible; Googlebot/2.1; +http://www.google.com/bot.html)"
66.249.79.37 - - [06/Nov/2025:19:21:42 +0000] "GET /entity/1097608721.shtm HTTP/1.1" 301 3813 "-" "Mozilla/5.0 (Linux; Android 6.0.1; Nexus 5X Build/MMB29P) AppleWebKit/537.36 (KHTML, like Gecko) Chrome/141.0.7390.122 Mobile Safari/537.36 (compatible; Googlebot/2.1; +http://www.google.com/bot.html)"
66.249.79.37 - - [06/Nov/2025:19:21:55 +0000] "GET /entity/728860830.shtm HTTP/1.1" 301 3813 "-" "Mozilla/5.0 (Linux; Android 6.0.1; Nexus 5X Build/MMB29P) AppleWebKit/537.36 (KHTML, like Gecko) Chrome/141.0.7390.122 Mobile Safari/537.36 (compatible; Googlebot/2.1; +http://www.google.com/bot.html)"
194.164.62.186 - - [06/Nov/2025:19:22:09 +0000] "POST /wp-cron.php?doing_wp_cron=1762456929.7101120948791503906250 HTTP/1.1" 200 3647 "-" "WordPress/6.8.3; https://www.amphoragames.com"
66.249.79.37 - - [06/Nov/2025:19:22:09 +0000] "GET /entity/1182257593.shtm HTTP/1.1" 301 3813 "-" "Mozilla/5.0 (Linux; Android 6.0.1; Nexus 5X Build/MMB29P) AppleWebKit/537.36 (KHTML, like Gecko) Chrome/141.0.7390.122 Mobile Safari/537.36 (compatible; Googlebot/2.1; +http://www.google.com/bot.html)"
66.249.79.32 - - [06/Nov/2025:19:22:22 +0000] "GET /entity/445130826.shtm HTTP/1.1" 301 3813 "-" "Mozilla/5.0 (Linux; Android 6.0.1; Nexus 5X Build/MMB29P) AppleWebKit/537.36 (KHTML, like Gecko) Chrome/141.0.7390.122 Mobile Safari/537.36 (compatible; Googlebot/2.1; +http://www.google.com/bot.html)"
66.249.79.37 - - [06/Nov/2025:19:22:36 +0000] "GET /entity/510631862.shtm HTTP/1.1" 301 3813 "-" "Mozilla/5.0 (Linux; Android 6.0.1; Nexus 5X Build/MMB29P) AppleWebKit/537.36 (KHTML, like Gecko) Chrome/141.0.7390.122 Mobile Safari/537.36 (compatible; Googlebot/2.1; +http://www.google.com/bot.html)"
66.249.79.37 - - [06/Nov/2025:19:22:49 +0000] "GET /entity/577753233.shtm HTTP/1.1" 301 3813 "-" "Mozilla/5.0 (Linux; Android 6.0.1; Nexus 5X Build/MMB29P) AppleWebKit/537.36 (KHTML, like Gecko) Chrome/141.0.7390.122 Mobile Safari/537.36 (compatible; Googlebot/2.1; +http://www.google.com/bot.html)"
66.249.79.32 - - [06/Nov/2025:19:23:03 +0000] "GET /entity/1182276107.shtm HTTP/1.1" 301 3813 "-" "Mozilla/5.0 (Linux; Android 6.0.1; Nexus 5X Build/MMB29P) AppleWebKit/537.36 (KHTML, like Gecko) Chrome/141.0.7390.122 Mobile Safari/537.36 (compatible; Googlebot/2.1; +http://www.google.com/bot.html)"
194.164.62.186 - - [06/Nov/2025:19:23:20 +0000] "POST /wp-cron.php?doing_wp_cron=1762457000.1720190048217773437500 HTTP/1.1" 200 3647 "-" "WordPress/6.8.3; https://www.amphoragames.com"
52.167.144.177 - - [06/Nov/2025:19:23:19 +0000] "GET /entity/829115015.shtm HTTP/1.1" 404 33606 "-" "Mozilla/5.0 AppleWebKit/537.36 (KHTML, like Gecko; compatible; bingbot/2.0; +http://www.bing.com/bingbot.htm) Chrome/116.0.1938.76 Safari/537.36"
52.167.144.177 - - [06/Nov/2025:19:23:28 +0000] "GET /entity/1340857360.shtm HTTP/1.1" 404 33610 "-" "Mozilla/5.0 AppleWebKit/537.36 (KHTML, like Gecko; compatible; bingbot/2.0; +http://www.bing.com/bingbot.htm) Chrome/116.0.1938.76 Safari/537.36"
66.249.79.37 - - [06/Nov/2025:19:23:29 +0000] "GET /entity/586631921.shtm HTTP/1.1" 301 3813 "-" "Mozilla/5.0 (Linux; Android 6.0.1; Nexus 5X Build/MMB29P) AppleWebKit/537.36 (KHTML, like Gecko) Chrome/141.0.7390.122 Mobile Safari/537.36 (compatible; Googlebot/2.1; +http://www.google.com/bot.html)"
66.249.79.32 - - [06/Nov/2025:19:23:30 +0000] "GET /entity/1229430457.shtm HTTP/1.1" 301 3813 "-" "Mozilla/5.0 (Linux; Android 6.0.1; Nexus 5X Build/MMB29P) AppleWebKit/537.36 (KHTML, like Gecko) Chrome/141.0.7390.122 Mobile Safari/537.36 (compatible; Googlebot/2.1; +http://www.google.com/bot.html)"
66.249.79.32 - - [06/Nov/2025:19:23:30 +0000] "GET /entity/1310345744.shtm HTTP/1.1" 301 495 "-" "Mozilla/5.0 (Linux; Android 6.0.1; Nexus 5X Build/MMB29P) AppleWebKit/537.36 (KHTML, like Gecko) Chrome/141.0.7390.122 Mobile Safari/537.36 (compatible; Googlebot/2.1; +http://www.google.com/bot.html)"
66.249.79.37 - - [06/Nov/2025:19:23:44 +0000] "GET /entity/1182255520.shtm HTTP/1.1" 301 3813 "-" "Mozilla/5.0 (Linux; Android 6.0.1; Nexus 5X Build/MMB29P) AppleWebKit/537.36 (KHTML, like Gecko) Chrome/141.0.7390.122 Mobile Safari/537.36 (compatible; Googlebot/2.1; +http://www.google.com/bot.html)"
66.249.79.37 - - [06/Nov/2025:19:23:44 +0000] "GET /entity/348837610.shtm HTTP/1.1" 301 495 "-" "Mozilla/5.0 (Linux; Android 6.0.1; Nexus 5X Build/MMB29P) AppleWebKit/537.36 (KHTML, like Gecko) Chrome/141.0.7390.122 Mobile Safari/537.36 (compatible; Googlebot/2.1; +http://www.google.com/bot.html)"
52.167.144.177 - - [06/Nov/2025:19:24:00 +0000] "GET /entity/1358192591.shtm HTTP/1.1" 404 33610 "-" "Mozilla/5.0 AppleWebKit/537.36 (KHTML, like Gecko; compatible; bingbot/2.0; +http://www.bing.com/bingbot.htm) Chrome/116.0.1938.76 Safari/537.36"
66.249.79.32 - - [06/Nov/2025:19:24:03 +0000] "GET /entity/1182205205.shtm HTTP/1.1" 301 3813 "-" "Mozilla/5.0 (Linux; Android 6.0.1; Nexus 5X Build/MMB29P) AppleWebKit/537.36 (KHTML, like Gecko) Chrome/141.0.7390.122 Mobile Safari/537.36 (compatible; Googlebot/2.1; +http://www.google.com/bot.html)"
194.164.62.186 - - [06/Nov/2025:19:24:17 +0000] "POST /wp-cron.php?doing_wp_cron=1762457057.3989639282226562500000 HTTP/1.1" 200 3647 "-" "WordPress/6.8.3; https://www.amphoragames.com"
66.249.79.32 - - [06/Nov/2025:19:24:17 +0000] "GET /entity/1181082800.shtm HTTP/1.1" 301 3813 "-" "Mozilla/5.0 (Linux; Android 6.0.1; Nexus 5X Build/MMB29P) AppleWebKit/537.36 (KHTML, like Gecko) Chrome/141.0.7390.122 Mobile Safari/537.36 (compatible; Googlebot/2.1; +http://www.google.com/bot.html)"
66.249.79.37 - - [06/Nov/2025:19:24:30 +0000] "GET /entity/511904280.shtm HTTP/1.1" 301 3813 "-" "Mozilla/5.0 (Linux; Android 6.0.1; Nexus 5X Build/MMB29P) AppleWebKit/537.36 (KHTML, like Gecko) Chrome/141.0.7390.122 Mobile Safari/537.36 (compatible; Googlebot/2.1; +http://www.google.com/bot.html)"
66.249.79.37 - - [06/Nov/2025:19:24:44 +0000] "GET /entity/511858789.shtm HTTP/1.1" 301 3813 "-" "Mozilla/5.0 (Linux; Android 6.0.1; Nexus 5X Build/MMB29P) AppleWebKit/537.36 (KHTML, like Gecko) Chrome/141.0.7390.122 Mobile Safari/537.36 (compatible; Googlebot/2.1; +http://www.google.com/bot.html)"
66.249.79.37 - - [06/Nov/2025:19:24:57 +0000] "GET /entity/1097397736.shtm HTTP/1.1" 301 3813 "-" "Mozilla/5.0 (Linux; Android 6.0.1; Nexus 5X Build/MMB29P) AppleWebKit/537.36 (KHTML, like Gecko) Chrome/141.0.7390.122 Mobile Safari/537.36 (compatible; Googlebot/2.1; +http://www.google.com/bot.html)"
52.167.144.222 - - [06/Nov/2025:19:25:08 +0000] "GET /entity/1183223862.shtm HTTP/1.1" 404 33610 "-" "Mozilla/5.0 AppleWebKit/537.36 (KHTML, like Gecko; compatible; bingbot/2.0; +http://www.bing.com/bingbot.htm) Chrome/116.0.1938.76 Safari/537.36"
194.164.62.186 - - [06/Nov/2025:19:25:11 +0000] "POST /wp-cron.php?doing_wp_cron=1762457111.2486860752105712890625 HTTP/1.1" 200 3647 "-" "WordPress/6.8.3; https://www.amphoragames.com"
66.249.79.32 - - [06/Nov/2025:19:25:11 +0000] "GET /entity/510671584.shtm HTTP/1.1" 301 3813 "-" "Mozilla/5.0 (Linux; Android 6.0.1; Nexus 5X Build/MMB29P) AppleWebKit/537.36 (KHTML, like Gecko) Chrome/141.0.7390.122 Mobile Safari/537.36 (compatible; Googlebot/2.1; +http://www.google.com/bot.html)"
66.249.79.32 - - [06/Nov/2025:19:25:11 +0000] "GET /entity/488222516.shtm HTTP/1.1" 301 495 "-" "Mozilla/5.0 (Linux; Android 6.0.1; Nexus 5X Build/MMB29P) AppleWebKit/537.36 (KHTML, like Gecko) Chrome/141.0.7390.122 Mobile Safari/537.36 (compatible; Googlebot/2.1; +http://www.google.com/bot.html)"
66.249.79.37 - - [06/Nov/2025:19:25:18 +0000] "GET /entity/956351862.shtm HTTP/1.1" 301 3813 "-" "Mozilla/5.0 (Linux; Android 6.0.1; Nexus 5X Build/MMB29P) AppleWebKit/537.36 (KHTML, like Gecko) Chrome/141.0.7390.122 Mobile Safari/537.36 (compatible; Googlebot/2.1; +http://www.google.com/bot.html)"
52.167.144.177 - - [06/Nov/2025:19:25:20 +0000] "GET /entity/112337857.shtm HTTP/1.1" 404 33606 "-" "Mozilla/5.0 AppleWebKit/537.36 (KHTML, like Gecko; compatible; bingbot/2.0; +http://www.bing.com/bingbot.htm) Chrome/116.0.1938.76 Safari/537.36"
66.249.79.37 - - [06/Nov/2025:19:25:32 +0000] "GET /entity/838764946.shtm HTTP/1.1" 301 3813 "-" "Mozilla/5.0 (Linux; Android 6.0.1; Nexus 5X Build/MMB29P) AppleWebKit/537.36 (KHTML, like Gecko) Chrome/141.0.7390.122 Mobile Safari/537.36 (compatible; Googlebot/2.1; +http://www.google.com/bot.html)"
52.167.144.222 - - [06/Nov/2025:19:25:48 +0000] "GET /entity/1274653398.shtm HTTP/1.1" 404 33610 "-" "Mozilla/5.0 AppleWebKit/537.36 (KHTML, like Gecko; compatible; bingbot/2.0; +http://www.bing.com/bingbot.htm) Chrome/116.0.1938.76 Safari/537.36"
66.249.79.37 - - [06/Nov/2025:19:25:49 +0000] "GET /entity/764691546.shtm HTTP/1.1" 301 3813 "-" "Mozilla/5.0 (Linux; Android 6.0.1; Nexus 5X Build/MMB29P) AppleWebKit/537.36 (KHTML, like Gecko) Chrome/141.0.7390.122 Mobile Safari/537.36 (compatible; Googlebot/2.1; +http://www.google.com/bot.html)"
66.249.79.32 - - [06/Nov/2025:19:26:02 +0000] "GET /entity/764693587.shtm HTTP/1.1" 301 3813 "-" "Mozilla/5.0 (Linux; Android 6.0.1; Nexus 5X Build/MMB29P) AppleWebKit/537.36 (KHTML, like Gecko) Chrome/141.0.7390.122 Mobile Safari/537.36 (compatible; Googlebot/2.1; +http://www.google.com/bot.html)"
66.249.79.32 - - [06/Nov/2025:19:26:04 +0000] "GET /entity/45645314.shtm HTTP/1.1" 301 3813 "-" "Mozilla/5.0 (Linux; Android 6.0.1; Nexus 5X Build/MMB29P) AppleWebKit/537.36 (KHTML, like Gecko) Chrome/141.0.7390.122 Mobile Safari/537.36 (compatible; GoogleOther)"
194.164.62.186 - - [06/Nov/2025:19:26:18 +0000] "POST /wp-cron.php?doing_wp_cron=1762457178.2108800411224365234375 HTTP/1.1" 200 3647 "-" "WordPress/6.8.3; https://www.amphoragames.com"
66.249.79.32 - - [06/Nov/2025:19:26:17 +0000] "GET /entity/764700094.shtm HTTP/1.1" 301 3813 "-" "Mozilla/5.0 (Linux; Android 6.0.1; Nexus 5X Build/MMB29P) AppleWebKit/537.36 (KHTML, like Gecko) Chrome/141.0.7390.122 Mobile Safari/537.36 (compatible; Googlebot/2.1; +http://www.google.com/bot.html)"
44.244.163.186 - - [06/Nov/2025:19:26:18 +0000] "GET /wp-content/uploads/2017/10/reglas-3-5-300x300.jpg HTTP/1.1" 200 35152 "-" "Mozilla/5.0 (Windows NT 10.0; Win64; x64) AppleWebKit/537.36 (KHTML, like Gecko) Chrome/137.0.0.0 Safari/537.36"
66.249.79.37 - - [06/Nov/2025:19:26:32 +0000] "GET /entity/764720628.shtm HTTP/1.1" 301 3813 "-" "Mozilla/5.0 (Linux; Android 6.0.1; Nexus 5X Build/MMB29P) AppleWebKit/537.36 (KHTML, like Gecko) Chrome/141.0.7390.122 Mobile Safari/537.36 (compatible; Googlebot/2.1; +http://www.google.com/bot.html)"
66.249.79.37 - - [06/Nov/2025:19:26:47 +0000] "GET /product/edit/A2788253886 HTTP/1.1" 301 3813 "-" "Mozilla/5.0 (Linux; Android 6.0.1; Nexus 5X Build/MMB29P) AppleWebKit/537.36 (KHTML, like Gecko) Chrome/141.0.7390.122 Mobile Safari/537.36 (compatible; Googlebot/2.1; +http://www.google.com/bot.html)"
66.249.79.37 - - [06/Nov/2025:19:27:02 +0000] "GET /entity/54685269.shtm HTTP/1.1" 301 3813 "-" "Mozilla/5.0 (Linux; Android 6.0.1; Nexus 5X Build/MMB29P) AppleWebKit/537.36 (KHTML, like Gecko) Chrome/141.0.7390.122 Mobile Safari/537.36 (compatible; Googlebot/2.1; +http://www.google.com/bot.html)"
194.164.62.186 - - [06/Nov/2025:19:27:18 +0000] "POST /wp-cron.php?doing_wp_cron=1762457238.1609609127044677734375 HTTP/1.1" 200 3647 "-" "WordPress/6.8.3; https://www.amphoragames.com"
66.249.79.32 - - [06/Nov/2025:19:27:17 +0000] "GET /zhHant/product/surugaya/A2451703398?campaign_uid=f64d716db5e979ed2f947dbaf4296895b951ae7f HTTP/1.1" 301 3813 "-" "Mozilla/5.0 (Linux; Android 6.0.1; Nexus 5X Build/MMB29P) AppleWebKit/537.36 (KHTML, like Gecko) Chrome/141.0.7390.122 Mobile Safari/537.36 (compatible; Googlebot/2.1; +http://www.google.com/bot.html)"
66.249.79.37 - - [06/Nov/2025:19:27:32 +0000] "GET /entity/624328537.shtm HTTP/1.1" 301 3813 "-" "Mozilla/5.0 (Linux; Android 6.0.1; Nexus 5X Build/MMB29P) AppleWebKit/537.36 (KHTML, like Gecko) Chrome/141.0.7390.122 Mobile Safari/537.36 (compatible; Googlebot/2.1; +http://www.google.com/bot.html)"
66.249.79.37 - - [06/Nov/2025:19:27:48 +0000] "GET /entity/241804982.shtm HTTP/1.1" 301 3813 "-" "Mozilla/5.0 (Linux; Android 6.0.1; Nexus 5X Build/MMB29P) AppleWebKit/537.36 (KHTML, like Gecko) Chrome/141.0.7390.122 Mobile Safari/537.36 (compatible; Googlebot/2.1; +http://www.google.com/bot.html)"
52.167.144.157 - - [06/Nov/2025:19:28:00 +0000] "GET /entity/1208583193.shtm HTTP/1.1" 404 33610 "-" "Mozilla/5.0 AppleWebKit/537.36 (KHTML, like Gecko; compatible; bingbot/2.0; +http://www.bing.com/bingbot.htm) Chrome/116.0.1938.76 Safari/537.36"
66.249.79.37 - - [06/Nov/2025:19:28:03 +0000] "GET /product/edit/A2118364486 HTTP/1.1" 301 3813 "-" "Mozilla/5.0 (Linux; Android 6.0.1; Nexus 5X Build/MMB29P) AppleWebKit/537.36 (KHTML, like Gecko) Chrome/141.0.7390.122 Mobile Safari/537.36 (compatible; Googlebot/2.1; +http://www.google.com/bot.html)"
194.164.62.186 - - [06/Nov/2025:19:28:13 +0000] "POST /wp-cron.php?doing_wp_cron=1762457293.1509289741516113281250 HTTP/1.1" 200 3647 "-" "WordPress/6.8.3; https://www.amphoragames.com"
207.46.13.130 - - [06/Nov/2025:19:28:12 +0000] "GET /entity/901317198.shtm HTTP/1.1" 404 33606 "-" "Mozilla/5.0 AppleWebKit/537.36 (KHTML, like Gecko; compatible; bingbot/2.0; +http://www.bing.com/bingbot.htm) Chrome/116.0.1938.76 Safari/537.36"
66.249.79.32 - - [06/Nov/2025:19:28:33 +0000] "GET /entity/742160252.shtm HTTP/1.1" 301 3813 "-" "Mozilla/5.0 (Linux; Android 6.0.1; Nexus 5X Build/MMB29P) AppleWebKit/537.36 (KHTML, like Gecko) Chrome/141.0.7390.122 Mobile Safari/537.36 (compatible; Googlebot/2.1; +http://www.google.com/bot.html)"
66.249.79.37 - - [06/Nov/2025:19:28:47 +0000] "GET /entity/54594490.shtm HTTP/1.1" 301 3813 "-" "Mozilla/5.0 (Linux; Android 6.0.1; Nexus 5X Build/MMB29P) AppleWebKit/537.36 (KHTML, like Gecko) Chrome/141.0.7390.122 Mobile Safari/537.36 (compatible; Googlebot/2.1; +http://www.google.com/bot.html)"
66.249.79.37 - - [06/Nov/2025:19:28:48 +0000] "GET /entity/241828719.shtm HTTP/1.1" 301 495 "-" "Mozilla/5.0 (Linux; Android 6.0.1; Nexus 5X Build/MMB29P) AppleWebKit/537.36 (KHTML, like Gecko) Chrome/141.0.7390.122 Mobile Safari/537.36 (compatible; Googlebot/2.1; +http://www.google.com/bot.html)"
52.167.144.222 - - [06/Nov/2025:19:28:49 +0000] "GET /product/edit/A3430123140 HTTP/1.1" 404 33622 "-" "Mozilla/5.0 AppleWebKit/537.36 (KHTML, like Gecko; compatible; bingbot/2.0; +http://www.bing.com/bingbot.htm) Chrome/116.0.1938.76 Safari/537.36"
66.249.79.37 - - [06/Nov/2025:19:29:03 +0000] "GET /product/edit/A2881615955 HTTP/1.1" 301 3813 "-" "Mozilla/5.0 (Linux; Android 6.0.1; Nexus 5X Build/MMB29P) AppleWebKit/537.36 (KHTML, like Gecko) Chrome/141.0.7390.122 Mobile Safari/537.36 (compatible; Googlebot/2.1; +http://www.google.com/bot.html)"
194.164.62.186 - - [06/Nov/2025:19:29:18 +0000] "POST /wp-cron.php?doing_wp_cron=1762457358.5551719665527343750000 HTTP/1.1" 200 3647 "-" "WordPress/6.8.3; https://www.amphoragames.com"
66.249.79.32 - - [06/Nov/2025:19:29:18 +0000] "GET /entity/983918930.shtm HTTP/1.1" 301 3813 "-" "Mozilla/5.0 (Linux; Android 6.0.1; Nexus 5X Build/MMB29P) AppleWebKit/537.36 (KHTML, like Gecko) Chrome/141.0.7390.122 Mobile Safari/537.36 (compatible; Googlebot/2.1; +http://www.google.com/bot.html)"
66.249.79.37 - - [06/Nov/2025:19:29:33 +0000] "GET /entity/240635425.shtm HTTP/1.1" 301 3813 "-" "Mozilla/5.0 (Linux; Android 6.0.1; Nexus 5X Build/MMB29P) AppleWebKit/537.36 (KHTML, like Gecko) Chrome/141.0.7390.122 Mobile Safari/537.36 (compatible; Googlebot/2.1; +http://www.google.com/bot.html)"
66.249.79.37 - - [06/Nov/2025:19:29:48 +0000] "GET /product/edit/A94168131 HTTP/1.1" 301 3813 "-" "Mozilla/5.0 (Linux; Android 6.0.1; Nexus 5X Build/MMB29P) AppleWebKit/537.36 (KHTML, like Gecko) Chrome/141.0.7390.122 Mobile Safari/537.36 (compatible; Googlebot/2.1; +http://www.google.com/bot.html)"
66.249.79.37 - - [06/Nov/2025:19:30:03 +0000] "GET /entity/116518089.shtm HTTP/1.1" 301 3813 "-" "Mozilla/5.0 (Linux; Android 6.0.1; Nexus 5X Build/MMB29P) AppleWebKit/537.36 (KHTML, like Gecko) Chrome/141.0.7390.122 Mobile Safari/537.36 (compatible; Googlebot/2.1; +http://www.google.com/bot.html)"
194.164.62.186 - - [06/Nov/2025:19:30:10 +0000] "POST /wp-cron.php?doing_wp_cron=1762457410.9753649234771728515625 HTTP/1.1" 200 3647 "-" "WordPress/6.8.3; https://www.amphoragames.com"
40.77.167.58 - - [06/Nov/2025:19:30:10 +0000] "GET /entity/1250526682.shtm HTTP/1.1" 404 33610 "-" "Mozilla/5.0 AppleWebKit/537.36 (KHTML, like Gecko; compatible; bingbot/2.0; +http://www.bing.com/bingbot.htm) Chrome/116.0.1938.76 Safari/537.36"
66.249.79.32 - - [06/Nov/2025:19:30:22 +0000] "GET /entity/140774614.shtm HTTP/1.1" 301 3813 "-" "Mozilla/5.0 (Linux; Android 6.0.1; Nexus 5X Build/MMB29P) AppleWebKit/537.36 (KHTML, like Gecko) Chrome/141.0.7390.122 Mobile Safari/537.36 (compatible; Googlebot/2.1; +http://www.google.com/bot.html)"
66.249.79.37 - - [06/Nov/2025:19:30:23 +0000] "GET /entity/365875972.shtm HTTP/1.1" 301 3813 "-" "Mozilla/5.0 (Linux; Android 6.0.1; Nexus 5X Build/MMB29P) AppleWebKit/537.36 (KHTML, like Gecko) Chrome/141.0.7390.122 Mobile Safari/537.36 (compatible; Googlebot/2.1; +http://www.google.com/bot.html)"
66.249.79.32 - - [06/Nov/2025:19:30:24 +0000] "GET /entity/1148797481.shtm HTTP/1.1" 301 495 "-" "Mozilla/5.0 (Linux; Android 6.0.1; Nexus 5X Build/MMB29P) AppleWebKit/537.36 (KHTML, like Gecko) Chrome/141.0.7390.122 Mobile Safari/537.36 (compatible; Googlebot/2.1; +http://www.google.com/bot.html)"
66.249.79.37 - - [06/Nov/2025:19:30:42 +0000] "GET /product/edit/A137476174 HTTP/1.1" 301 3813 "-" "Mozilla/5.0 (Linux; Android 6.0.1; Nexus 5X Build/MMB29P) AppleWebKit/537.36 (KHTML, like Gecko) Chrome/141.0.7390.122 Mobile Safari/537.36 (compatible; Googlebot/2.1; +http://www.google.com/bot.html)"
66.249.79.37 - - [06/Nov/2025:19:30:43 +0000] "GET /entity/833892551.shtm HTTP/1.1" 301 495 "-" "Mozilla/5.0 (Linux; Android 6.0.1; Nexus 5X Build/MMB29P) AppleWebKit/537.36 (KHTML, like Gecko) Chrome/141.0.7390.122 Mobile Safari/537.36 (compatible; Googlebot/2.1; +http://www.google.com/bot.html)"
207.46.13.51 - - [06/Nov/2025:19:30:53 +0000] "GET /entity/1311239695.shtm HTTP/1.1" 404 33610 "-" "Mozilla/5.0 AppleWebKit/537.36 (KHTML, like Gecko; compatible; bingbot/2.0; +http://www.bing.com/bingbot.htm) Chrome/116.0.1938.76 Safari/537.36"
