66.249.79.37 - - [06/Nov/2025:09:58:18 +0000] "GET /product/edit/A3426025513 HTTP/1.1" 301 3813 "-" "Mozilla/5.0 (Linux; Android 6.0.1; Nexus 5X Build/MMB29P) AppleWebKit/537.36 (KHTML, like Gecko) Chrome/141.0.7390.122 Mobile Safari/537.36 (compatible; Googlebot/2.1; +http://www.google.com/bot.html)"
66.249.79.37 - - [06/Nov/2025:09:58:55 +0000] "GET /zhHant/product/surugaya/A2276025924?campaign_uid=f64d716db5e979ed2f947dbaf4296895b951ae7f HTTP/1.1" 301 3813 "-" "Mozilla/5.0 (Linux; Android 6.0.1; Nexus 5X Build/MMB29P) AppleWebKit/537.36 (KHTML, like Gecko) Chrome/141.0.7390.122 Mobile Safari/537.36 (compatible; Googlebot/2.1; +http://www.google.com/bot.html)"
194.164.62.186 - - [06/Nov/2025:09:59:32 +0000] "POST /wp-cron.php?doing_wp_cron=1762423172.9244489669799804687500 HTTP/1.1" 200 3647 "-" "WordPress/6.8.3; https://www.amphoragames.com"
66.249.79.33 - - [06/Nov/2025:09:59:32 +0000] "GET /zhHant/product/surugaya/A1661391513?campaign_uid=f64d716db5e979ed2f947dbaf4296895b951ae7f HTTP/1.1" 301 3813 "-" "Mozilla/5.0 (Linux; Android 6.0.1; Nexus 5X Build/MMB29P) AppleWebKit/537.36 (KHTML, like Gecko) Chrome/141.0.7390.122 Mobile Safari/537.36 (compatible; Googlebot/2.1; +http://www.google.com/bot.html)"
207.46.13.17 - - [06/Nov/2025:09:59:44 +0000] "GET /entity/31414444.shtm HTTP/1.1" 404 33602 "-" "Mozilla/5.0 AppleWebKit/537.36 (KHTML, like Gecko; compatible; bingbot/2.0; +http://www.bing.com/bingbot.htm) Chrome/116.0.1938.76 Safari/537.36"
194.164.62.186 - - [06/Nov/2025:10:00:10 +0000] "POST /wp-cron.php?doing_wp_cron=1762423210.0764439105987548828125 HTTP/1.1" 200 3647 "-" "WordPress/6.8.3; https://www.amphoragames.com"
66.249.79.32 - - [06/Nov/2025:10:00:09 +0000] "GET /entity/52305925.shtm HTTP/1.1" 301 3813 "-" "Mozilla/5.0 (Linux; Android 6.0.1; Nexus 5X Build/MMB29P) AppleWebKit/537.36 (KHTML, like Gecko) Chrome/141.0.7390.122 Mobile Safari/537.36 (compatible; Googlebot/2.1; +http://www.google.com/bot.html)"
207.46.13.17 - - [06/Nov/2025:10:00:24 +0000] "GET /entity/299156883.shtm HTTP/1.1" 404 33606 "-" "Mozilla/5.0 AppleWebKit/537.36 (KHTML, like Gecko; compatible; bingbot/2.0; +http://www.bing.com/bingbot.htm) Chrome/116.0.1938.76 Safari/537.36"
207.46.13.17 - - [06/Nov/2025:10:00:45 +0000] "GET /entity/1020406737.shtm HTTP/1.1" 404 33610 "-" "Mozilla/5.0 AppleWebKit/537.36 (KHTML, like Gecko; compatible; bingbot/2.0; +http://www.bing.com/bingbot.htm) Chrome/116.0.1938.76 Safari/537.36"
66.249.79.32 - - [06/Nov/2025:10:00:56 +0000] "GET /entity/39797833.shtm HTTP/1.1" 301 3813 "-" "Mozilla/5.0 (Linux; Android 6.0.1; Nexus 5X Build/MMB29P) AppleWebKit/537.36 (KHTML, like Gecko) Chrome/141.0.7390.122 Mobile Safari/537.36 (compatible; GoogleOther)"
207.46.13.168 - - [06/Nov/2025:10:00:57 +0000] "GET /entity/1188003446.shtm HTTP/1.1" 404 33610 "-" "Mozilla/5.0 AppleWebKit/537.36 (KHTML, like Gecko; compatible; bingbot/2.0; +http://www.bing.com/bingbot.htm) Chrome/116.0.1938.76 Safari/537.36"
194.164.62.186 - - [06/Nov/2025:10:01:24 +0000] "POST /wp-cron.php?doing_wp_cron=1762423284.4554789066314697265625 HTTP/1.1" 200 3647 "-" "WordPress/6.8.3; https://www.amphoragames.com"
66.249.79.33 - - [06/Nov/2025:10:01:24 +0000] "GET /entity/589037337.shtm HTTP/1.1" 301 3813 "-" "Mozilla/5.0 (Linux; Android 6.0.1; Nexus 5X Build/MMB29P) AppleWebKit/537.36 (KHTML, like Gecko) Chrome/141.0.7390.122 Mobile Safari/537.36 (compatible; Googlebot/2.1; +http://www.google.com/bot.html)"
207.46.13.17 - - [06/Nov/2025:10:01:25 +0000] "GET /entity/1048249319.shtm HTTP/1.1" 404 33610 "-" "Mozilla/5.0 AppleWebKit/537.36 (KHTML, like Gecko; compatible; bingbot/2.0; +http://www.bing.com/bingbot.htm) Chrome/116.0.1938.76 Safari/537.36"
66.249.79.33 - - [06/Nov/2025:10:02:01 +0000] "GET /entity/1075274318.shtm HTTP/1.1" 301 3813 "-" "Mozilla/5.0 (Linux; Android 6.0.1; Nexus 5X Build/MMB29P) AppleWebKit/537.36 (KHTML, like Gecko) Chrome/141.0.7390.122 Mobile Safari/537.36 (compatible; Googlebot/2.1; +http://www.google.com/bot.html)"
3.83.76.234 - - [06/Nov/2025:10:02:06 +0000] "GET /2017/01/12/resena-sin-sana-walking-on-the-moon/20170112_181052/ HTTP/1.1" 200 41270 "-" "TerraCotta https://github.com/CeramicTeam/CeramicTerracotta"
194.164.62.186 - - [06/Nov/2025:10:02:17 +0000] "POST /wp-cron.php?doing_wp_cron=1762423337.7134408950805664062500 HTTP/1.1" 200 3647 "-" "WordPress/6.8.3; https://www.amphoragames.com"
66.249.79.32 - - [06/Nov/2025:10:02:17 +0000] "GET /entity/44840457.shtm HTTP/1.1" 301 3813 "-" "Mozilla/5.0 (Linux; Android 6.0.1; Nexus 5X Build/MMB29P) AppleWebKit/537.36 (KHTML, like Gecko) Chrome/141.0.7390.122 Mobile Safari/537.36 (compatible; Googlebot/2.1; +http://www.google.com/bot.html)"
207.46.13.168 - - [06/Nov/2025:10:02:28 +0000] "GET /entity/1092746919.shtm HTTP/1.1" 404 33610 "-" "Mozilla/5.0 AppleWebKit/537.36 (KHTML, like Gecko; compatible; bingbot/2.0; +http://www.bing.com/bingbot.htm) Chrome/116.0.1938.76 Safari/537.36"
66.249.79.37 - - [06/Nov/2025:10:02:38 +0000] "GET /entity/1179809668.shtm HTTP/1.1" 301 3813 "-" "Mozilla/5.0 (Linux; Android 6.0.1; Nexus 5X Build/MMB29P) AppleWebKit/537.36 (KHTML, like Gecko) Chrome/141.0.7390.122 Mobile Safari/537.36 (compatible; Googlebot/2.1; +http://www.google.com/bot.html)"
66.249.79.37 - - [06/Nov/2025:10:02:58 +0000] "GET /entity/1225918452.shtm HTTP/1.1" 301 3813 "-" "Mozilla/5.0 (Linux; Android 6.0.1; Nexus 5X Build/MMB29P) AppleWebKit/537.36 (KHTML, like Gecko) Chrome/141.0.7390.122 Mobile Safari/537.36 (compatible; GoogleOther)"
194.164.62.186 - - [06/Nov/2025:10:03:15 +0000] "POST /wp-cron.php?doing_wp_cron=1762423395.9632079601287841796875 HTTP/1.1" 200 3647 "-" "WordPress/6.8.3; https://www.amphoragames.com"
66.249.79.37 - - [06/Nov/2025:10:03:15 +0000] "GET /entity/44816125.shtm HTTP/1.1" 301 3813 "-" "Mozilla/5.0 (Linux; Android 6.0.1; Nexus 5X Build/MMB29P) AppleWebKit/537.36 (KHTML, like Gecko) Chrome/141.0.7390.122 Mobile Safari/537.36 (compatible; Googlebot/2.1; +http://www.google.com/bot.html)"
66.249.79.32 - - [06/Nov/2025:10:03:36 +0000] "GET /entity/1190594734.shtm HTTP/1.1" 301 3813 "-" "Mozilla/5.0 (Linux; Android 6.0.1; Nexus 5X Build/MMB29P) AppleWebKit/537.36 (KHTML, like Gecko) Chrome/141.0.7390.122 Mobile Safari/537.36 (compatible; Googlebot/2.1; +http://www.google.com/bot.html)"
52.167.144.199 - - [06/Nov/2025:10:03:43 +0000] "GET /entity/1005963600.shtm HTTP/1.1" 404 33610 "-" "Mozilla/5.0 AppleWebKit/537.36 (KHTML, like Gecko; compatible; bingbot/2.0; +http://www.bing.com/bingbot.htm) Chrome/116.0.1938.76 Safari/537.36"
52.167.144.199 - - [06/Nov/2025:10:03:45 +0000] "GET /entity/1020150214.shtm HTTP/1.1" 404 30187 "-" "Mozilla/5.0 AppleWebKit/537.36 (KHTML, like Gecko; compatible; bingbot/2.0; +http://www.bing.com/bingbot.htm) Chrome/116.0.1938.76 Safari/537.36"
66.249.79.37 - - [06/Nov/2025:10:04:04 +0000] "GET /entity/51074624.shtm HTTP/1.1" 301 3813 "-" "Mozilla/5.0 (Linux; Android 6.0.1; Nexus 5X Build/MMB29P) AppleWebKit/537.36 (KHTML, like Gecko) Chrome/141.0.7390.122 Mobile Safari/537.36 (compatible; Googlebot/2.1; +http://www.google.com/bot.html)"
194.164.62.186 - - [06/Nov/2025:10:04:33 +0000] "POST /wp-cron.php?doing_wp_cron=1762423473.3151679039001464843750 HTTP/1.1" 200 3647 "-" "WordPress/6.8.3; https://www.amphoragames.com"
66.249.79.37 - - [06/Nov/2025:10:04:33 +0000] "GET /entity/280743228.shtm HTTP/1.1" 301 3813 "-" "Mozilla/5.0 (Linux; Android 6.0.1; Nexus 5X Build/MMB29P) AppleWebKit/537.36 (KHTML, like Gecko) Chrome/141.0.7390.122 Mobile Safari/537.36 (compatible; Googlebot/2.1; +http://www.google.com/bot.html)"
66.249.79.32 - - [06/Nov/2025:10:04:35 +0000] "GET /entity/63986122.shtm HTTP/1.1" 301 3813 "-" "Mozilla/5.0 (Linux; Android 6.0.1; Nexus 5X Build/MMB29P) AppleWebKit/537.36 (KHTML, like Gecko) Chrome/141.0.7390.122 Mobile Safari/537.36 (compatible; Googlebot/2.1; +http://www.google.com/bot.html)"
66.249.79.32 - - [06/Nov/2025:10:05:07 +0000] "GET /entity/51089621.shtm HTTP/1.1" 301 3813 "-" "Mozilla/5.0 (Linux; Android 6.0.1; Nexus 5X Build/MMB29P) AppleWebKit/537.36 (KHTML, like Gecko) Chrome/141.0.7390.122 Mobile Safari/537.36 (compatible; Googlebot/2.1; +http://www.google.com/bot.html)"
194.164.62.186 - - [06/Nov/2025:10:05:39 +0000] "POST /wp-cron.php?doing_wp_cron=1762423539.1386339664459228515625 HTTP/1.1" 200 3647 "-" "WordPress/6.8.3; https://www.amphoragames.com"
207.46.13.18 - - [06/Nov/2025:10:05:38 +0000] "GET /entity/1398522358.shtm HTTP/1.1" 404 33610 "-" "Mozilla/5.0 AppleWebKit/537.36 (KHTML, like Gecko; compatible; bingbot/2.0; +http://www.bing.com/bingbot.htm) Chrome/116.0.1938.76 Safari/537.36"
194.164.62.186 - - [06/Nov/2025:10:06:24 +0000] "POST /wp-cron.php?doing_wp_cron=1762423584.3206379413604736328125 HTTP/1.1" 200 3647 "-" "WordPress/6.8.3; https://www.amphoragames.com"
66.249.79.37 - - [06/Nov/2025:10:06:24 +0000] "GET /entity/837566947.shtm HTTP/1.1" 301 3813 "-" "Mozilla/5.0 (Linux; Android 6.0.1; Nexus 5X Build/MMB29P) AppleWebKit/537.36 (KHTML, like Gecko) Chrome/141.0.7390.122 Mobile Safari/537.36 (compatible; Googlebot/2.1; +http://www.google.com/bot.html)"
207.46.13.18 - - [06/Nov/2025:10:06:59 +0000] "GET /entity/167365349.shtm HTTP/1.1" 404 33606 "-" "Mozilla/5.0 AppleWebKit/537.36 (KHTML, like Gecko; compatible; bingbot/2.0; +http://www.bing.com/bingbot.htm) Chrome/116.0.1938.76 Safari/537.36"
66.249.79.32 - - [06/Nov/2025:10:07:01 +0000] "GET /entity/291625719.shtm HTTP/1.1" 301 3813 "-" "Mozilla/5.0 (Linux; Android 6.0.1; Nexus 5X Build/MMB29P) AppleWebKit/537.36 (KHTML, like Gecko) Chrome/141.0.7390.122 Mobile Safari/537.36 (compatible; Googlebot/2.1; +http://www.google.com/bot.html)"
194.164.62.186 - - [06/Nov/2025:10:07:30 +0000] "POST /wp-cron.php?doing_wp_cron=1762423650.4579589366912841796875 HTTP/1.1" 200 3647 "-" "WordPress/6.8.3; https://www.amphoragames.com"
66.249.79.32 - - [06/Nov/2025:10:07:30 +0000] "GET /entity/597024765.shtm HTTP/1.1" 301 3813 "-" "Mozilla/5.0 (Linux; Android 6.0.1; Nexus 5X Build/MMB29P) AppleWebKit/537.36 (KHTML, like Gecko) Chrome/141.0.7390.122 Mobile Safari/537.36 (compatible; Googlebot/2.1; +http://www.google.com/bot.html)"
66.249.79.37 - - [06/Nov/2025:10:07:58 +0000] "GET /entity/1074165204.shtm HTTP/1.1" 301 3813 "-" "Mozilla/5.0 (Linux; Android 6.0.1; Nexus 5X Build/MMB29P) AppleWebKit/537.36 (KHTML, like Gecko) Chrome/141.0.7390.122 Mobile Safari/537.36 (compatible; Googlebot/2.1; +http://www.google.com/bot.html)"
5.102.173.71 - - [06/Nov/2025:10:08:13 +0000] "GET /robots.txt HTTP/1.1" 200 3800 "-" "Mozilla/5.0 (compatible; MojeekBot/0.11; +https://www.mojeek.com/bot.html)"
194.164.62.186 - - [06/Nov/2025:10:08:14 +0000] "POST /wp-cron.php?doing_wp_cron=1762423694.0546810626983642578125 HTTP/1.1" 200 3647 "-" "WordPress/6.8.3; https://www.amphoragames.com"
5.102.173.71 - - [06/Nov/2025:10:08:13 +0000] "GET /tag/e-minis/ HTTP/1.1" 200 10444 "-" "Mozilla/5.0 (compatible; MojeekBot/0.11; +https://www.mojeek.com/bot.html)"
66.249.79.37 - - [06/Nov/2025:10:08:27 +0000] "GET /entity/54623188.shtm HTTP/1.1" 301 3813 "-" "Mozilla/5.0 (Linux; Android 6.0.1; Nexus 5X Build/MMB29P) AppleWebKit/537.36 (KHTML, like Gecko) Chrome/141.0.7390.122 Mobile Safari/537.36 (compatible; Googlebot/2.1; +http://www.google.com/bot.html)"
66.249.79.37 - - [06/Nov/2025:10:08:29 +0000] "GET /entity/794739812.shtm HTTP/1.1" 301 495 "-" "Mozilla/5.0 (Linux; Android 6.0.1; Nexus 5X Build/MMB29P) AppleWebKit/537.36 (KHTML, like Gecko) Chrome/141.0.7390.122 Mobile Safari/537.36 (compatible; Googlebot/2.1; +http://www.google.com/bot.html)"
66.249.79.37 - - [06/Nov/2025:10:08:32 +0000] "GET /entity/991287838.shtm HTTP/1.1" 301 495 "-" "Mozilla/5.0 (Linux; Android 6.0.1; Nexus 5X Build/MMB29P) AppleWebKit/537.36 (KHTML, like Gecko) Chrome/141.0.7390.122 Mobile Safari/537.36 (compatible; Googlebot/2.1; +http://www.google.com/bot.html)"
57.141.0.73 - - [06/Nov/2025:10:08:33 +0000] "GET /sitemap-child-2819.xml HTTP/1.1" 404 33572 "-" "meta-externalagent/1.1 (+https://developers.facebook.com/docs/sharing/webmasters/crawler)"
207.46.13.18 - - [06/Nov/2025:10:08:34 +0000] "GET /entity/1321941415.shtm HTTP/1.1" 404 33610 "-" "Mozilla/5.0 AppleWebKit/537.36 (KHTML, like Gecko; compatible; bingbot/2.0; +http://www.bing.com/bingbot.htm) Chrome/116.0.1938.76 Safari/537.36"
43.166.142.76 - - [06/Nov/2025:10:08:35 +0000] "GET / HTTP/1.1" 200 13551 "http://amphora.es" "Mozilla/5.0 (iPhone; CPU iPhone OS 13_2_3 like Mac OS X) AppleWebKit/605.1.15 (KHTML, like Gecko) Version/13.0.3 Mobile/15E148 Safari/604.1"
66.249.79.33 - - [06/Nov/2025:10:09:00 +0000] "GET /entity/827546080.shtm HTTP/1.1" 301 3813 "-" "Mozilla/5.0 (Linux; Android 6.0.1; Nexus 5X Build/MMB29P) AppleWebKit/537.36 (KHTML, like Gecko) Chrome/141.0.7390.122 Mobile Safari/537.36 (compatible; Googlebot/2.1; +http://www.google.com/bot.html)"
66.249.79.32 - - [06/Nov/2025:10:09:03 +0000] "GET /entity/44846539.shtm HTTP/1.1" 301 3813 "-" "Mozilla/5.0 (Linux; Android 6.0.1; Nexus 5X Build/MMB29P) AppleWebKit/537.36 (KHTML, like Gecko) Chrome/141.0.7390.122 Mobile Safari/537.36 (compatible; Googlebot/2.1; +http://www.google.com/bot.html)"
194.164.62.186 - - [06/Nov/2025:10:09:29 +0000] "POST /wp-cron.php?doing_wp_cron=1762423769.4874520301818847656250 HTTP/1.1" 200 3647 "-" "WordPress/6.8.3; https://www.amphoragames.com"
66.249.79.37 - - [06/Nov/2025:10:09:29 +0000] "GET /entity/1298596624.shtm HTTP/1.1" 301 3813 "-" "Mozilla/5.0 (Linux; Android 6.0.1; Nexus 5X Build/MMB29P) AppleWebKit/537.36 (KHTML, like Gecko) Chrome/141.0.7390.122 Mobile Safari/537.36 (compatible; Googlebot/2.1; +http://www.google.com/bot.html)"
66.249.79.32 - - [06/Nov/2025:10:09:31 +0000] "GET /entity/1012469656.shtm HTTP/1.1" 301 3813 "-" "Mozilla/5.0 (Linux; Android 6.0.1; Nexus 5X Build/MMB29P) AppleWebKit/537.36 (KHTML, like Gecko) Chrome/141.0.7390.122 Mobile Safari/537.36 (compatible; Googlebot/2.1; +http://www.google.com/bot.html)"
66.249.79.37 - - [06/Nov/2025:10:09:34 +0000] "GET /entity/838875297.shtm HTTP/1.1" 301 3813 "-" "Mozilla/5.0 (Linux; Android 6.0.1; Nexus 5X Build/MMB29P) AppleWebKit/537.36 (KHTML, like Gecko) Chrome/141.0.7390.122 Mobile Safari/537.36 (compatible; Googlebot/2.1; +http://www.google.com/bot.html)"
199.244.88.221 - - [06/Nov/2025:10:09:38 +0000] "GET / HTTP/1.1" 200 13542 "http://www.amphoragames.com/" "Mozilla/5.0 (X11; Linux x86_64) AppleWebKit/537.36 (KHTML, like Gecko) Chrome/105.0.0.0 Safari/537.36"
207.46.13.18 - - [06/Nov/2025:10:09:39 +0000] "GET /entity/1229816725.shtm HTTP/1.1" 404 33610 "-" "Mozilla/5.0 AppleWebKit/537.36 (KHTML, like Gecko; compatible; bingbot/2.0; +http://www.bing.com/bingbot.htm) Chrome/116.0.1938.76 Safari/537.36"
194.164.62.186 - - [06/Nov/2025:10:10:15 +0000] "POST /wp-cron.php?doing_wp_cron=1762423815.2507939338684082031250 HTTP/1.1" 200 3647 "-" "WordPress/6.8.3; https://www.amphoragames.com"
207.46.13.18 - - [06/Nov/2025:10:10:14 +0000] "GET /entity/785101724.shtm HTTP/1.1" 404 33606 "-" "Mozilla/5.0 AppleWebKit/537.36 (KHTML, like Gecko; compatible; bingbot/2.0; +http://www.bing.com/bingbot.htm) Chrome/116.0.1938.76 Safari/537.36"
66.249.79.33 - - [06/Nov/2025:10:10:16 +0000] "GET /entity/52095017.shtm HTTP/1.1" 301 3813 "-" "Mozilla/5.0 (Linux; Android 6.0.1; Nexus 5X Build/MMB29P) AppleWebKit/537.36 (KHTML, like Gecko) Chrome/141.0.7390.122 Mobile Safari/537.36 (compatible; Googlebot/2.1; +http://www.google.com/bot.html)"
66.249.79.32 - - [06/Nov/2025:10:10:46 +0000] "GET /entity/987461476.shtm HTTP/1.1" 301 3813 "-" "Mozilla/5.0 (Linux; Android 6.0.1; Nexus 5X Build/MMB29P) AppleWebKit/537.36 (KHTML, like Gecko) Chrome/141.0.7390.122 Mobile Safari/537.36 (compatible; Googlebot/2.1; +http://www.google.com/bot.html)"
194.164.62.186 - - [06/Nov/2025:10:11:43 +0000] "POST /wp-cron.php?doing_wp_cron=1762423902.9945399761199951171875 HTTP/1.1" 200 3647 "-" "WordPress/6.8.3; https://www.amphoragames.com"
66.249.79.33 - - [06/Nov/2025:10:11:42 +0000] "GET /product/edit/A4207178609 HTTP/1.1" 301 3813 "-" "Mozilla/5.0 (Linux; Android 6.0.1; Nexus 5X Build/MMB29P) AppleWebKit/537.36 (KHTML, like Gecko) Chrome/141.0.7390.122 Mobile Safari/537.36 (compatible; Googlebot/2.1; +http://www.google.com/bot.html)"
52.167.144.150 - - [06/Nov/2025:10:12:04 +0000] "GET /entity/10910598.shtm HTTP/1.1" 404 33602 "-" "Mozilla/5.0 AppleWebKit/537.36 (KHTML, like Gecko; compatible; bingbot/2.0; +http://www.bing.com/bingbot.htm) Chrome/116.0.1938.76 Safari/537.36"
194.164.62.186 - - [06/Nov/2025:10:12:11 +0000] "POST /wp-cron.php?doing_wp_cron=1762423931.5243139266967773437500 HTTP/1.1" 200 3647 "-" "WordPress/6.8.3; https://www.amphoragames.com"
66.249.79.37 - - [06/Nov/2025:10:12:11 +0000] "GET /entity/587388267.shtm HTTP/1.1" 301 3813 "-" "Mozilla/5.0 (Linux; Android 6.0.1; Nexus 5X Build/MMB29P) AppleWebKit/537.36 (KHTML, like Gecko) Chrome/141.0.7390.122 Mobile Safari/537.36 (compatible; Googlebot/2.1; +http://www.google.com/bot.html)"
66.249.79.32 - - [06/Nov/2025:10:12:39 +0000] "GET /entity/153276029.shtm HTTP/1.1" 301 3813 "-" "Mozilla/5.0 (Linux; Android 6.0.1; Nexus 5X Build/MMB29P) AppleWebKit/537.36 (KHTML, like Gecko) Chrome/141.0.7390.122 Mobile Safari/537.36 (compatible; Googlebot/2.1; +http://www.google.com/bot.html)"
40.77.167.108 - - [06/Nov/2025:10:12:56 +0000] "GET /robots.txt HTTP/1.1" 200 3888 "-" "Mozilla/5.0 AppleWebKit/537.36 (KHTML, like Gecko; compatible; bingbot/2.0; +http://www.bing.com/bingbot.htm) Chrome/116.0.1938.76 Safari/537.36"
194.164.62.186 - - [06/Nov/2025:10:13:26 +0000] "POST /wp-cron.php?doing_wp_cron=1762424006.0091691017150878906250 HTTP/1.1" 200 3647 "-" "WordPress/6.8.3; https://www.amphoragames.com"
52.167.144.150 - - [06/Nov/2025:10:13:25 +0000] "GET /entity/1352432144.shtm HTTP/1.1" 404 33610 "-" "Mozilla/5.0 AppleWebKit/537.36 (KHTML, like Gecko; compatible; bingbot/2.0; +http://www.bing.com/bingbot.htm) Chrome/116.0.1938.76 Safari/537.36"
66.249.79.33 - - [06/Nov/2025:10:13:35 +0000] "GET /entity/983969290.shtm HTTP/1.1" 301 3813 "-" "Mozilla/5.0 (Linux; Android 6.0.1; Nexus 5X Build/MMB29P) AppleWebKit/537.36 (KHTML, like Gecko) Chrome/141.0.7390.122 Mobile Safari/537.36 (compatible; Googlebot/2.1; +http://www.google.com/bot.html)"
66.249.79.32 - - [06/Nov/2025:10:13:38 +0000] "GET /entity/835145491.shtm HTTP/1.1" 301 3813 "-" "Mozilla/5.0 (Linux; Android 6.0.1; Nexus 5X Build/MMB29P) AppleWebKit/537.36 (KHTML, like Gecko) Chrome/141.0.7390.122 Mobile Safari/537.36 (compatible; Googlebot/2.1; +http://www.google.com/bot.html)"
66.249.79.33 - - [06/Nov/2025:10:14:07 +0000] "GET /zhHant/product/surugaya/A3033927572?campaign_uid=f64d716db5e979ed2f947dbaf4296895b951ae7f HTTP/1.1" 301 3813 "-" "Mozilla/5.0 (Linux; Android 6.0.1; Nexus 5X Build/MMB29P) AppleWebKit/537.36 (KHTML, like Gecko) Chrome/141.0.7390.122 Mobile Safari/537.36 (compatible; Googlebot/2.1; +http://www.google.com/bot.html)"
194.164.62.186 - - [06/Nov/2025:10:14:35 +0000] "POST /wp-cron.php?doing_wp_cron=1762424075.7399930953979492187500 HTTP/1.1" 200 3647 "-" "WordPress/6.8.3; https://www.amphoragames.com"
66.249.79.32 - - [06/Nov/2025:10:14:35 +0000] "GET /entity/833884387.shtm HTTP/1.1" 301 3813 "-" "Mozilla/5.0 (Linux; Android 6.0.1; Nexus 5X Build/MMB29P) AppleWebKit/537.36 (KHTML, like Gecko) Chrome/141.0.7390.122 Mobile Safari/537.36 (compatible; Googlebot/2.1; +http://www.google.com/bot.html)"
138.226.16.254 - - [06/Nov/2025:10:14:48 +0000] "GET /en/tag/pandemain-el-pan-tradicional-de-los-granjeros/ HTTP/1.1" 301 3831 "-" "Mozilla/5.0 (Macintosh; Intel Mac OS X 10_15_7) AppleWebKit/537.36 (KHTML, like Gecko) Chrome/139.0.0.0 Safari/537.36"
138.226.16.254 - - [06/Nov/2025:10:14:49 +0000] "GET /pandemain-el-pan-tradicional-de-los-granjeros/ HTTP/1.1" 200 11614 "-" "Mozilla/5.0 (Macintosh; Intel Mac OS X 10_15_7) AppleWebKit/537.36 (KHTML, like Gecko) Chrome/139.0.0.0 Safari/537.36"
138.226.16.254 - - [06/Nov/2025:10:14:51 +0000] "GET /wp-content/themes/ibuki/_include/css/bootstrap.min.css?ver=6.8.3 HTTP/1.1" 200 15300 "https://www.amphoragames.com/pandemain-el-pan-tradicional-de-los-granjeros/" "Mozilla/5.0 (Macintosh; Intel Mac OS X 10_15_7) AppleWebKit/537.36 (KHTML, like Gecko) Chrome/139.0.0.0 Safari/537.36"
138.226.16.254 - - [06/Nov/2025:10:14:51 +0000] "GET /wp-content/themes/ibuki/_include/css/color.css.php?ver=6.8.3 HTTP/1.1" 403 1347 "https://www.amphoragames.com/pandemain-el-pan-tradicional-de-los-granjeros/" "Mozilla/5.0 (Macintosh; Intel Mac OS X 10_15_7) AppleWebKit/537.36 (KHTML, like Gecko) Chrome/139.0.0.0 Safari/537.36"
138.226.16.254 - - [06/Nov/2025:10:14:51 +0000] "GET /wp-includes/js/jquery/jquery-migrate.min.js?ver=3.4.1 HTTP/1.1" 200 5586 "https://www.amphoragames.com/pandemain-el-pan-tradicional-de-los-granjeros/" "Mozilla/5.0 (Macintosh; Intel Mac OS X 10_15_7) AppleWebKit/537.36 (KHTML, like Gecko) Chrome/139.0.0.0 Safari/537.36"
138.226.16.254 - - [06/Nov/2025:10:14:51 +0000] "GET /wp-content/uploads/2019/02/IMG_20190209_183442_603.jpg HTTP/1.1" 200 68241 "https://www.amphoragames.com/pandemain-el-pan-tradicional-de-los-granjeros/" "Mozilla/5.0 (Macintosh; Intel Mac OS X 10_15_7) AppleWebKit/537.36 (KHTML, like Gecko) Chrome/139.0.0.0 Safari/537.36"
138.226.16.254 - - [06/Nov/2025:10:14:51 +0000] "GET /wp-content/uploads/2018/09/bgg-300x157.png HTTP/1.1" 200 74796 "https://www.amphoragames.com/pandemain-el-pan-tradicional-de-los-granjeros/" "Mozilla/5.0 (Macintosh; Intel Mac OS X 10_15_7) AppleWebKit/537.36 (KHTML, like Gecko) Chrome/139.0.0.0 Safari/537.36"
138.226.16.254 - - [06/Nov/2025:10:14:51 +0000] "GET /wp-content/uploads/2019/02/IMG_20190209_165754_148.jpg HTTP/1.1" 200 128469 "https://www.amphoragames.com/pandemain-el-pan-tradicional-de-los-granjeros/" "Mozilla/5.0 (Macintosh; Intel Mac OS X 10_15_7) AppleWebKit/537.36 (KHTML, like Gecko) Chrome/139.0.0.0 Safari/537.36"
138.226.16.254 - - [06/Nov/2025:10:14:53 +0000] "GET /wp-content/themes/ibuki/_include/js/main.js?ver=1.0.0 HTTP/1.1" 200 13349 "https://www.amphoragames.com/pandemain-el-pan-tradicional-de-los-granjeros/" "Mozilla/5.0 (Macintosh; Intel Mac OS X 10_15_7) AppleWebKit/537.36 (KHTML, like Gecko) Chrome/139.0.0.0 Safari/537.36"
138.226.16.254 - - [06/Nov/2025:10:14:53 +0000] "GET /wp-content/uploads/2019/01/Pandemain-El-Pan-Tradicional-de-los-Granjeros-04-300x300.jpg HTTP/1.1" 200 27891 "https://www.amphoragames.com/pandemain-el-pan-tradicional-de-los-granjeros/" "Mozilla/5.0 (Macintosh; Intel Mac OS X 10_15_7) AppleWebKit/537.36 (KHTML, like Gecko) Chrome/139.0.0.0 Safari/537.36"
138.226.16.254 - - [06/Nov/2025:10:14:53 +0000] "GET /wp-content/uploads/2019/01/Tablero-Pandemain-Amphora-Games-300x300.jpg HTTP/1.1" 200 69278 "https://www.amphoragames.com/pandemain-el-pan-tradicional-de-los-granjeros/" "Mozilla/5.0 (Macintosh; Intel Mac OS X 10_15_7) AppleWebKit/537.36 (KHTML, like Gecko) Chrome/139.0.0.0 Safari/537.36"
138.226.16.254 - - [06/Nov/2025:10:14:53 +0000] "GET /wp-content/uploads/2019/01/Pandemain-El-Pan-Tradicional-de-los-Granjeros-02-300x300.jpg HTTP/1.1" 200 32851 "https://www.amphoragames.com/pandemain-el-pan-tradicional-de-los-granjeros/" "Mozilla/5.0 (Macintosh; Intel Mac OS X 10_15_7) AppleWebKit/537.36 (KHTML, like Gecko) Chrome/139.0.0.0 Safari/537.36"
138.226.16.254 - - [06/Nov/2025:10:14:53 +0000] "GET /wp-content/uploads/2019/01/Detalle-tablero-Pandemain-Amphora-Games-300x300.jpg HTTP/1.1" 200 30341 "https://www.amphoragames.com/pandemain-el-pan-tradicional-de-los-granjeros/" "Mozilla/5.0 (Macintosh; Intel Mac OS X 10_15_7) AppleWebKit/537.36 (KHTML, like Gecko) Chrome/139.0.0.0 Safari/537.36"
138.226.16.254 - - [06/Nov/2025:10:14:53 +0000] "GET /wp-content/uploads/2019/01/Pandemain-El-Pan-Tradicional-de-los-Granjeros-01-300x300.jpg HTTP/1.1" 200 27719 "https://www.amphoragames.com/pandemain-el-pan-tradicional-de-los-granjeros/" "Mozilla/5.0 (Macintosh; Intel Mac OS X 10_15_7) AppleWebKit/537.36 (KHTML, like Gecko) Chrome/139.0.0.0 Safari/537.36"
52.167.144.150 - - [06/Nov/2025:10:14:56 +0000] "GET /entity/1139273433.shtm HTTP/1.1" 404 33610 "-" "Mozilla/5.0 AppleWebKit/537.36 (KHTML, like Gecko; compatible; bingbot/2.0; +http://www.bing.com/bingbot.htm) Chrome/116.0.1938.76 Safari/537.36"
138.226.16.254 - - [06/Nov/2025:10:14:56 +0000] "GET /wp-content/uploads/2016/06/cropped-logotipo-solo-meeple-32x32.png HTTP/1.1" 200 1709 "https://www.amphoragames.com/pandemain-el-pan-tradicional-de-los-granjeros/" "Mozilla/5.0 (Macintosh; Intel Mac OS X 10_15_7) AppleWebKit/537.36 (KHTML, like Gecko) Chrome/139.0.0.0 Safari/537.36"
66.249.79.37 - - [06/Nov/2025:10:15:04 +0000] "GET /entity/764677812.shtm HTTP/1.1" 301 3813 "-" "Mozilla/5.0 (Linux; Android 6.0.1; Nexus 5X Build/MMB29P) AppleWebKit/537.36 (KHTML, like Gecko) Chrome/141.0.7390.122 Mobile Safari/537.36 (compatible; Googlebot/2.1; +http://www.google.com/bot.html)"
194.164.62.186 - - [06/Nov/2025:10:15:32 +0000] "POST /wp-cron.php?doing_wp_cron=1762424132.7379589080810546875000 HTTP/1.1" 200 3647 "-" "WordPress/6.8.3; https://www.amphoragames.com"
66.249.79.37 - - [06/Nov/2025:10:15:32 +0000] "GET /entity/803774205.shtm HTTP/1.1" 301 3813 "-" "Mozilla/5.0 (Linux; Android 6.0.1; Nexus 5X Build/MMB29P) AppleWebKit/537.36 (KHTML, like Gecko) Chrome/141.0.7390.122 Mobile Safari/537.36 (compatible; Googlebot/2.1; +http://www.google.com/bot.html)"
66.249.79.37 - - [06/Nov/2025:10:15:34 +0000] "GET /entity/563171993.shtm HTTP/1.1" 301 495 "-" "Mozilla/5.0 (Linux; Android 6.0.1; Nexus 5X Build/MMB29P) AppleWebKit/537.36 (KHTML, like Gecko) Chrome/141.0.7390.122 Mobile Safari/537.36 (compatible; Googlebot/2.1; +http://www.google.com/bot.html)"
66.249.79.37 - - [06/Nov/2025:10:15:56 +0000] "GET /entity/44963045.shtm HTTP/1.1" 301 3813 "-" "Mozilla/5.0 (Linux; Android 6.0.1; Nexus 5X Build/MMB29P) AppleWebKit/537.36 (KHTML, like Gecko) Chrome/141.0.7390.122 Mobile Safari/537.36 (compatible; GoogleOther)"
66.249.79.32 - - [06/Nov/2025:10:16:03 +0000] "GET /entity/833883737.shtm HTTP/1.1" 301 3813 "-" "Mozilla/5.0 (Linux; Android 6.0.1; Nexus 5X Build/MMB29P) AppleWebKit/537.36 (KHTML, like Gecko) Chrome/141.0.7390.122 Mobile Safari/537.36 (compatible; Googlebot/2.1; +http://www.google.com/bot.html)"
194.164.62.186 - - [06/Nov/2025:10:16:31 +0000] "POST /wp-cron.php?doing_wp_cron=1762424191.9625189304351806640625 HTTP/1.1" 200 3647 "-" "WordPress/6.8.3; https://www.amphoragames.com"
66.249.79.37 - - [06/Nov/2025:10:16:31 +0000] "GET /entity/510652364.shtm HTTP/1.1" 301 3813 "-" "Mozilla/5.0 (Linux; Android 6.0.1; Nexus 5X Build/MMB29P) AppleWebKit/537.36 (KHTML, like Gecko) Chrome/141.0.7390.122 Mobile Safari/537.36 (compatible; Googlebot/2.1; +http://www.google.com/bot.html)"
20.15.133.162 - - [06/Nov/2025:10:16:40 +0000] "GET /entity/1010574335.shtm HTTP/1.1" 404 33610 "-" "Mozilla/5.0 AppleWebKit/537.36 (KHTML, like Gecko; compatible; bingbot/2.0; +http://www.bing.com/bingbot.htm) Chrome/116.0.1938.76 Safari/537.36"
66.249.79.37 - - [06/Nov/2025:10:17:00 +0000] "GET /entity/832652781.shtm HTTP/1.1" 301 3813 "-" "Mozilla/5.0 (Linux; Android 6.0.1; Nexus 5X Build/MMB29P) AppleWebKit/537.36 (KHTML, like Gecko) Chrome/141.0.7390.122 Mobile Safari/537.36 (compatible; Googlebot/2.1; +http://www.google.com/bot.html)"
194.164.62.186 - - [06/Nov/2025:10:17:44 +0000] "POST /wp-cron.php?doing_wp_cron=1762424264.8823609352111816406250 HTTP/1.1" 200 3647 "-" "WordPress/6.8.3; https://www.amphoragames.com"
52.167.144.150 - - [06/Nov/2025:10:17:44 +0000] "GET /entity/1417877654.shtm HTTP/1.1" 404 33610 "-" "Mozilla/5.0 AppleWebKit/537.36 (KHTML, like Gecko; compatible; bingbot/2.0; +http://www.bing.com/bingbot.htm) Chrome/116.0.1938.76 Safari/537.36"
66.249.79.37 - - [06/Nov/2025:10:17:56 +0000] "GET /entity/510650393.shtm HTTP/1.1" 301 3813 "-" "Mozilla/5.0 (Linux; Android 6.0.1; Nexus 5X Build/MMB29P) AppleWebKit/537.36 (KHTML, like Gecko) Chrome/141.0.7390.122 Mobile Safari/537.36 (compatible; Googlebot/2.1; +http://www.google.com/bot.html)"
216.73.216.131 - - [06/Nov/2025:10:17:56 +0000] "GET /robots.txt HTTP/1.1" 200 3741 "-" "Mozilla/5.0 AppleWebKit/537.36 (KHTML, like Gecko; compatible; ClaudeBot/1.0; +claudebot@anthropic.com)"
216.73.216.131 - - [06/Nov/2025:10:17:56 +0000] "GET /?p=1868 HTTP/1.1" 301 429 "-" "Mozilla/5.0 AppleWebKit/537.36 (KHTML, like Gecko; compatible; ClaudeBot/1.0; +claudebot@anthropic.com)"
216.73.216.131 - - [06/Nov/2025:10:17:57 +0000] "GET /img_20190503_193309_921-pequeno/ HTTP/1.1" 200 8973 "https://www.amphoragames.com/?p=1868" "Mozilla/5.0 AppleWebKit/537.36 (KHTML, like Gecko; compatible; ClaudeBot/1.0; +claudebot@anthropic.com)"
52.167.144.150 - - [06/Nov/2025:10:18:05 +0000] "GET /entity/1138195051.shtm HTTP/1.1" 404 33610 "-" "Mozilla/5.0 AppleWebKit/537.36 (KHTML, like Gecko; compatible; bingbot/2.0; +http://www.bing.com/bingbot.htm) Chrome/116.0.1938.76 Safari/537.36"
194.164.62.186 - - [06/Nov/2025:10:18:25 +0000] "POST /wp-cron.php?doing_wp_cron=1762424304.9815869331359863281250 HTTP/1.1" 200 3647 "-" "WordPress/6.8.3; https://www.amphoragames.com"
66.249.79.32 - - [06/Nov/2025:10:18:24 +0000] "GET /entity/831469696.shtm HTTP/1.1" 301 3813 "-" "Mozilla/5.0 (Linux; Android 6.0.1; Nexus 5X Build/MMB29P) AppleWebKit/537.36 (KHTML, like Gecko) Chrome/141.0.7390.122 Mobile Safari/537.36 (compatible; Googlebot/2.1; +http://www.google.com/bot.html)"
194.164.62.186 - - [06/Nov/2025:10:18:27 +0000] "POST /wp-cron.php?doing_wp_cron=1762424307.4748549461364746093750 HTTP/1.1" 200 3647 "-" "WordPress/6.8.3; https://www.amphoragames.com"
66.249.79.37 - - [06/Nov/2025:10:18:27 +0000] "GET /entity/1182246714.shtm HTTP/1.1" 301 3813 "-" "Mozilla/5.0 (Linux; Android 6.0.1; Nexus 5X Build/MMB29P) AppleWebKit/537.36 (KHTML, like Gecko) Chrome/141.0.7390.122 Mobile Safari/537.36 (compatible; Googlebot/2.1; +http://www.google.com/bot.html)"
207.46.13.78 - - [06/Nov/2025:10:18:39 +0000] "GET /entity/736137643.shtm HTTP/1.1" 404 33606 "-" "Mozilla/5.0 AppleWebKit/537.36 (KHTML, like Gecko; compatible; bingbot/2.0; +http://www.bing.com/bingbot.htm) Chrome/116.0.1938.76 Safari/537.36"
40.77.167.25 - - [06/Nov/2025:10:18:47 +0000] "GET /entity/1428976016.shtm HTTP/1.1" 404 33610 "-" "Mozilla/5.0 AppleWebKit/537.36 (KHTML, like Gecko; compatible; bingbot/2.0; +http://www.bing.com/bingbot.htm) Chrome/116.0.1938.76 Safari/537.36"
66.249.79.32 - - [06/Nov/2025:10:18:55 +0000] "GET /entity/1311192067.shtm HTTP/1.1" 301 3813 "-" "Mozilla/5.0 (Linux; Android 6.0.1; Nexus 5X Build/MMB29P) AppleWebKit/537.36 (KHTML, like Gecko) Chrome/141.0.7390.122 Mobile Safari/537.36 (compatible; Googlebot/2.1; +http://www.google.com/bot.html)"
194.164.62.186 - - [06/Nov/2025:10:19:24 +0000] "POST /wp-cron.php?doing_wp_cron=1762424364.5303640365600585937500 HTTP/1.1" 200 3647 "-" "WordPress/6.8.3; https://www.amphoragames.com"
66.249.79.37 - - [06/Nov/2025:10:19:24 +0000] "GET /entity/772655412.shtm HTTP/1.1" 301 3813 "-" "Mozilla/5.0 (Linux; Android 6.0.1; Nexus 5X Build/MMB29P) AppleWebKit/537.36 (KHTML, like Gecko) Chrome/141.0.7390.122 Mobile Safari/537.36 (compatible; Googlebot/2.1; +http://www.google.com/bot.html)"
66.249.79.37 - - [06/Nov/2025:10:19:26 +0000] "GET /entity/30011564.shtm HTTP/1.1" 301 495 "-" "Mozilla/5.0 (Linux; Android 6.0.1; Nexus 5X Build/MMB29P) AppleWebKit/537.36 (KHTML, like Gecko) Chrome/141.0.7390.122 Mobile Safari/537.36 (compatible; Googlebot/2.1; +http://www.google.com/bot.html)"
194.164.62.186 - - [06/Nov/2025:10:20:06 +0000] "POST /wp-cron.php?doing_wp_cron=1762424406.1295430660247802734375 HTTP/1.1" 200 3647 "-" "WordPress/6.8.3; https://www.amphoragames.com"
52.167.144.150 - - [06/Nov/2025:10:20:05 +0000] "GET /entity/636293003.shtm HTTP/1.1" 404 33606 "-" "Mozilla/5.0 AppleWebKit/537.36 (KHTML, like Gecko; compatible; bingbot/2.0; +http://www.bing.com/bingbot.htm) Chrome/116.0.1938.76 Safari/537.36"
194.164.62.186 - - [06/Nov/2025:10:20:22 +0000] "POST /wp-cron.php?doing_wp_cron=1762424422.8409059047698974609375 HTTP/1.1" 200 3647 "-" "WordPress/6.8.3; https://www.amphoragames.com"
66.249.79.37 - - [06/Nov/2025:10:20:22 +0000] "GET /entity/740398287.shtm HTTP/1.1" 301 3813 "-" "Mozilla/5.0 (Linux; Android 6.0.1; Nexus 5X Build/MMB29P) AppleWebKit/537.36 (KHTML, like Gecko) Chrome/141.0.7390.122 Mobile Safari/537.36 (compatible; Googlebot/2.1; +http://www.google.com/bot.html)"
66.249.79.32 - - [06/Nov/2025:10:20:25 +0000] "GET /entity/221141895.shtm HTTP/1.1" 301 3813 "-" "Mozilla/5.0 (Linux; Android 6.0.1; Nexus 5X Build/MMB29P) AppleWebKit/537.36 (KHTML, like Gecko) Chrome/141.0.7390.122 Mobile Safari/537.36 (compatible; Googlebot/2.1; +http://www.google.com/bot.html)"
66.249.79.32 - - [06/Nov/2025:10:20:27 +0000] "GET /entity/51459529.shtm HTTP/1.1" 301 495 "-" "Mozilla/5.0 (Linux; Android 6.0.1; Nexus 5X Build/MMB29P) AppleWebKit/537.36 (KHTML, like Gecko) Chrome/141.0.7390.122 Mobile Safari/537.36 (compatible; Googlebot/2.1; +http://www.google.com/bot.html)"
66.249.79.37 - - [06/Nov/2025:10:20:42 +0000] "GET /entity/1295167159.shtm HTTP/1.1" 301 3813 "-" "Mozilla/5.0 (Linux; Android 6.0.1; Nexus 5X Build/MMB29P) AppleWebKit/537.36 (KHTML, like Gecko) Chrome/141.0.7390.122 Mobile Safari/537.36 (compatible; Googlebot/2.1; +http://www.google.com/bot.html)"
194.164.62.186 - - [06/Nov/2025:10:21:28 +0000] "POST /wp-cron.php?doing_wp_cron=1762424488.6366369724273681640625 HTTP/1.1" 200 3647 "-" "WordPress/6.8.3; https://www.amphoragames.com"
66.249.79.32 - - [06/Nov/2025:10:21:28 +0000] "GET /entity/1120150022.shtm HTTP/1.1" 301 3813 "-" "Mozilla/5.0 (Linux; Android 6.0.1; Nexus 5X Build/MMB29P) AppleWebKit/537.36 (KHTML, like Gecko) Chrome/141.0.7390.122 Mobile Safari/537.36 (compatible; Googlebot/2.1; +http://www.google.com/bot.html)"
66.249.79.33 - - [06/Nov/2025:10:21:30 +0000] "GET /zhHant/product/surugaya/A1528168065?campaign_uid=f64d716db5e979ed2f947dbaf4296895b951ae7f HTTP/1.1" 301 3813 "-" "Mozilla/5.0 (Linux; Android 6.0.1; Nexus 5X Build/MMB29P) AppleWebKit/537.36 (KHTML, like Gecko) Chrome/141.0.7390.122 Mobile Safari/537.36 (compatible; Googlebot/2.1; +http://www.google.com/bot.html)"
52.167.144.150 - - [06/Nov/2025:10:21:35 +0000] "GET /entity/991155294.shtm HTTP/1.1" 404 33606 "-" "Mozilla/5.0 AppleWebKit/537.36 (KHTML, like Gecko; compatible; bingbot/2.0; +http://www.bing.com/bingbot.htm) Chrome/116.0.1938.76 Safari/537.36"
52.167.144.150 - - [06/Nov/2025:10:21:45 +0000] "GET /entity/296469088.shtm HTTP/1.1" 404 33606 "-" "Mozilla/5.0 AppleWebKit/537.36 (KHTML, like Gecko; compatible; bingbot/2.0; +http://www.bing.com/bingbot.htm) Chrome/116.0.1938.76 Safari/537.36"
66.249.79.32 - - [06/Nov/2025:10:21:51 +0000] "GET /entity/555416495.shtm HTTP/1.1" 301 3813 "-" "Mozilla/5.0 (Linux; Android 6.0.1; Nexus 5X Build/MMB29P) AppleWebKit/537.36 (KHTML, like Gecko) Chrome/141.0.7390.122 Mobile Safari/537.36 (compatible; Googlebot/2.1; +http://www.google.com/bot.html)"
3.83.76.234 - - [06/Nov/2025:10:22:01 +0000] "GET /logotipo-plano-50x50/ HTTP/1.1" 200 39547 "-" "TerraCotta https://github.com/CeramicTeam/CeramicTerracotta"
194.164.62.186 - - [06/Nov/2025:10:22:29 +0000] "POST /wp-cron.php?doing_wp_cron=1762424548.9835150241851806640625 HTTP/1.1" 200 3647 "-" "WordPress/6.8.3; https://www.amphoragames.com"
66.249.79.33 - - [06/Nov/2025:10:22:28 +0000] "GET /entity/53246841.shtm HTTP/1.1" 301 3813 "-" "Mozilla/5.0 (Linux; Android 6.0.1; Nexus 5X Build/MMB29P) AppleWebKit/537.36 (KHTML, like Gecko) Chrome/141.0.7390.122 Mobile Safari/537.36 (compatible; Googlebot/2.1; +http://www.google.com/bot.html)"
216.73.216.131 - - [06/Nov/2025:10:22:33 +0000] "GET /2017/03/22/pentaurus-jerez-cmcm/prensa-ayuntamiento-jerez/feed HTTP/1.1" 301 3778 "-" "Mozilla/5.0 AppleWebKit/537.36 (KHTML, like Gecko; compatible; ClaudeBot/1.0; +claudebot@anthropic.com)"
216.73.216.131 - - [06/Nov/2025:10:22:34 +0000] "GET /2017/03/22/pentaurus-jerez-cmcm/prensa-ayuntamiento-jerez/feed/ HTTP/1.1" 200 1115 "https://www.amphoragames.com/2017/03/22/pentaurus-jerez-cmcm/prensa-ayuntamiento-jerez/feed" "Mozilla/5.0 AppleWebKit/537.36 (KHTML, like Gecko; compatible; ClaudeBot/1.0; +claudebot@anthropic.com)"
194.164.62.186 - - [06/Nov/2025:10:23:25 +0000] "POST /wp-cron.php?doing_wp_cron=1762424605.6145288944244384765625 HTTP/1.1" 200 3647 "-" "WordPress/6.8.3; https://www.amphoragames.com"
66.249.79.33 - - [06/Nov/2025:10:23:25 +0000] "GET /entity/29987584.shtm HTTP/1.1" 301 3813 "-" "Mozilla/5.0 (Linux; Android 6.0.1; Nexus 5X Build/MMB29P) AppleWebKit/537.36 (KHTML, like Gecko) Chrome/141.0.7390.122 Mobile Safari/537.36 (compatible; Googlebot/2.1; +http://www.google.com/bot.html)"
66.249.79.32 - - [06/Nov/2025:10:23:53 +0000] "GET /entity/846997979.shtm HTTP/1.1" 301 3813 "-" "Mozilla/5.0 (Linux; Android 6.0.1; Nexus 5X Build/MMB29P) AppleWebKit/537.36 (KHTML, like Gecko) Chrome/141.0.7390.122 Mobile Safari/537.36 (compatible; Googlebot/2.1; +http://www.google.com/bot.html)"
66.249.79.37 - - [06/Nov/2025:10:23:56 +0000] "GET /entity/1298553210.shtm HTTP/1.1" 301 3813 "-" "Mozilla/5.0 (Linux; Android 6.0.1; Nexus 5X Build/MMB29P) AppleWebKit/537.36 (KHTML, like Gecko) Chrome/141.0.7390.122 Mobile Safari/537.36 (compatible; Googlebot/2.1; +http://www.google.com/bot.html)"
194.164.62.186 - - [06/Nov/2025:10:24:24 +0000] "POST /wp-cron.php?doing_wp_cron=1762424664.4413249492645263671875 HTTP/1.1" 200 3647 "-" "WordPress/6.8.3; https://www.amphoragames.com"
66.249.79.32 - - [06/Nov/2025:10:24:24 +0000] "GET /entity/1225891078.shtm HTTP/1.1" 301 3813 "-" "Mozilla/5.0 (Linux; Android 6.0.1; Nexus 5X Build/MMB29P) AppleWebKit/537.36 (KHTML, like Gecko) Chrome/141.0.7390.122 Mobile Safari/537.36 (compatible; GoogleOther)"
52.167.144.150 - - [06/Nov/2025:10:24:25 +0000] "GET /entity/1207171987.shtm HTTP/1.1" 404 33610 "-" "Mozilla/5.0 AppleWebKit/537.36 (KHTML, like Gecko; compatible; bingbot/2.0; +http://www.bing.com/bingbot.htm) Chrome/116.0.1938.76 Safari/537.36"
66.249.79.37 - - [06/Nov/2025:10:24:26 +0000] "GET /entity/931381559.shtm HTTP/1.1" 301 3813 "-" "Mozilla/5.0 (Linux; Android 6.0.1; Nexus 5X Build/MMB29P) AppleWebKit/537.36 (KHTML, like Gecko) Chrome/141.0.7390.122 Mobile Safari/537.36 (compatible; Googlebot/2.1; +http://www.google.com/bot.html)"
3.83.76.234 - - [06/Nov/2025:10:24:45 +0000] "GET /2016/07/21/probamos-los-juegos-pentaurus-con-los-amigos-de-mueve-ficha/dsc_0627/ HTTP/1.1" 200 40936 "-" "TerraCotta https://github.com/CeramicTeam/CeramicTerracotta"
194.164.62.186 - - [06/Nov/2025:10:25:23 +0000] "POST /wp-cron.php?doing_wp_cron=1762424723.1789929866790771484375 HTTP/1.1" 200 3647 "-" "WordPress/6.8.3; https://www.amphoragames.com"
66.249.79.37 - - [06/Nov/2025:10:25:22 +0000] "GET /zhHant/product/surugaya/A1002073289?campaign_uid=f64d716db5e979ed2f947dbaf4296895b951ae7f HTTP/1.1" 301 3813 "-" "Mozilla/5.0 (Linux; Android 6.0.1; Nexus 5X Build/MMB29P) AppleWebKit/537.36 (KHTML, like Gecko) Chrome/141.0.7390.122 Mobile Safari/537.36 (compatible; Googlebot/2.1; +http://www.google.com/bot.html)"
66.249.79.33 - - [06/Nov/2025:10:25:25 +0000] "GET /product/edit/A1923123884 HTTP/1.1" 301 3813 "-" "Mozilla/5.0 (Linux; Android 6.0.1; Nexus 5X Build/MMB29P) AppleWebKit/537.36 (KHTML, like Gecko) Chrome/141.0.7390.122 Mobile Safari/537.36 (compatible; Googlebot/2.1; +http://www.google.com/bot.html)"
66.249.79.37 - - [06/Nov/2025:10:25:54 +0000] "GET /entity/3068542.shtm HTTP/1.1" 301 3813 "-" "Mozilla/5.0 (Linux; Android 6.0.1; Nexus 5X Build/MMB29P) AppleWebKit/537.36 (KHTML, like Gecko) Chrome/141.0.7390.122 Mobile Safari/537.36 (compatible; Googlebot/2.1; +http://www.google.com/bot.html)"
194.164.62.186 - - [06/Nov/2025:10:26:22 +0000] "POST /wp-cron.php?doing_wp_cron=1762424782.7386229038238525390625 HTTP/1.1" 200 3647 "-" "WordPress/6.8.3; https://www.amphoragames.com"
66.249.79.33 - - [06/Nov/2025:10:26:22 +0000] "GET /entity/52371749.shtm HTTP/1.1" 301 3813 "-" "Mozilla/5.0 (Linux; Android 6.0.1; Nexus 5X Build/MMB29P) AppleWebKit/537.36 (KHTML, like Gecko) Chrome/141.0.7390.122 Mobile Safari/537.36 (compatible; Googlebot/2.1; +http://www.google.com/bot.html)"
66.249.79.32 - - [06/Nov/2025:10:26:32 +0000] "GET /entity/555396283.shtm HTTP/1.1" 301 3813 "-" "Mozilla/5.0 (Linux; Android 6.0.1; Nexus 5X Build/MMB29P) AppleWebKit/537.36 (KHTML, like Gecko) Chrome/141.0.7390.122 Mobile Safari/537.36 (compatible; GoogleOther)"
66.249.79.32 - - [06/Nov/2025:10:26:34 +0000] "GET /entity/1097424141.shtm HTTP/1.1" 301 3813 "-" "Mozilla/5.0 (Linux; Android 6.0.1; Nexus 5X Build/MMB29P) AppleWebKit/537.36 (KHTML, like Gecko) Chrome/141.0.7390.122 Mobile Safari/537.36 (compatible; Googlebot/2.1; +http://www.google.com/bot.html)"
66.249.79.37 - - [06/Nov/2025:10:26:37 +0000] "GET /entity/38734282.shtm HTTP/1.1" 301 3813 "-" "Mozilla/5.0 (Linux; Android 6.0.1; Nexus 5X Build/MMB29P) AppleWebKit/537.36 (KHTML, like Gecko) Chrome/141.0.7390.122 Mobile Safari/537.36 (compatible; Googlebot/2.1; +http://www.google.com/bot.html)"
66.249.79.37 - - [06/Nov/2025:10:26:48 +0000] "GET /?zhHant/product/surugaya/A510630841?campaign_uid=f64d716db5e979ed2f947dbaf4296895b951ae7f HTTP/1.1" 301 3755 "-" "Mozilla/5.0 (Linux; Android 6.0.1; Nexus 5X Build/MMB29P) AppleWebKit/537.36 (KHTML, like Gecko) Chrome/141.0.7390.122 Mobile Safari/537.36 (compatible; Googlebot/2.1; +http://www.google.com/bot.html)"
66.249.79.37 - - [06/Nov/2025:10:26:51 +0000] "GET /?zhHant%2Fproduct%2Fsurugaya%2FA510630841%3Fcampaign_uid=f64d716db5e979ed2f947dbaf4296895b951ae7f HTTP/1.1" 301 544 "-" "Mozilla/5.0 (Linux; Android 6.0.1; Nexus 5X Build/MMB29P) AppleWebKit/537.36 (KHTML, like Gecko) Chrome/141.0.7390.122 Mobile Safari/537.36 (compatible; Googlebot/2.1; +http://www.google.com/bot.html)"
3.83.76.234 - - [06/Nov/2025:10:26:51 +0000] "GET /2017/03/08/pruebas-imprenta-pentaurus-duel/20170308_135557/ HTTP/1.1" 200 40907 "-" "TerraCotta https://github.com/CeramicTeam/CeramicTerracotta"
157.55.39.204 - - [06/Nov/2025:10:26:53 +0000] "GET /entity/359315370.shtm HTTP/1.1" 404 33606 "-" "Mozilla/5.0 AppleWebKit/537.36 (KHTML, like Gecko; compatible; bingbot/2.0; +http://www.bing.com/bingbot.htm) Chrome/116.0.1938.76 Safari/537.36"
194.164.62.186 - - [06/Nov/2025:10:27:26 +0000] "POST /wp-cron.php?doing_wp_cron=1762424846.4296920299530029296875 HTTP/1.1" 200 3647 "-" "WordPress/6.8.3; https://www.amphoragames.com"
66.249.79.33 - - [06/Nov/2025:10:27:26 +0000] "GET /product/edit/A3098179061 HTTP/1.1" 301 3813 "-" "Mozilla/5.0 (Linux; Android 6.0.1; Nexus 5X Build/MMB29P) AppleWebKit/537.36 (KHTML, like Gecko) Chrome/141.0.7390.122 Mobile Safari/537.36 (compatible; Googlebot/2.1; +http://www.google.com/bot.html)"
66.249.79.32 - - [06/Nov/2025:10:28:03 +0000] "GET /product/edit/A4068639183 HTTP/1.1" 301 3813 "-" "Mozilla/5.0 (Linux; Android 6.0.1; Nexus 5X Build/MMB29P) AppleWebKit/537.36 (KHTML, like Gecko) Chrome/141.0.7390.122 Mobile Safari/537.36 (compatible; Googlebot/2.1; +http://www.google.com/bot.html)"
194.164.62.186 - - [06/Nov/2025:10:28:37 +0000] "POST /wp-cron.php?doing_wp_cron=1762424917.9382700920104980468750 HTTP/1.1" 200 3647 "-" "WordPress/6.8.3; https://www.amphoragames.com"
52.167.144.150 - - [06/Nov/2025:10:28:37 +0000] "GET /entity/982783264.shtm HTTP/1.1" 404 33606 "-" "Mozilla/5.0 AppleWebKit/537.36 (KHTML, like Gecko; compatible; bingbot/2.0; +http://www.bing.com/bingbot.htm) Chrome/116.0.1938.76 Safari/537.36"
66.249.79.37 - - [06/Nov/2025:10:28:40 +0000] "GET /entity/30004799.shtm HTTP/1.1" 301 3813 "-" "Mozilla/5.0 (Linux; Android 6.0.1; Nexus 5X Build/MMB29P) AppleWebKit/537.36 (KHTML, like Gecko) Chrome/141.0.7390.122 Mobile Safari/537.36 (compatible; Googlebot/2.1; +http://www.google.com/bot.html)"
194.164.62.186 - - [06/Nov/2025:10:29:18 +0000] "POST /wp-cron.php?doing_wp_cron=1762424958.0241260528564453125000 HTTP/1.1" 200 3647 "-" "WordPress/6.8.3; https://www.amphoragames.com"
66.249.79.37 - - [06/Nov/2025:10:29:17 +0000] "GET /entity/54685269.shtm HTTP/1.1" 301 3813 "-" "Mozilla/5.0 (Linux; Android 6.0.1; Nexus 5X Build/MMB29P) AppleWebKit/537.36 (KHTML, like Gecko) Chrome/141.0.7390.122 Mobile Safari/537.36 (compatible; Googlebot/2.1; +http://www.google.com/bot.html)"
157.55.39.204 - - [06/Nov/2025:10:29:24 +0000] "GET /entity/1010456507.shtm HTTP/1.1" 404 33610 "-" "Mozilla/5.0 AppleWebKit/537.36 (KHTML, like Gecko; compatible; bingbot/2.0; +http://www.bing.com/bingbot.htm) Chrome/116.0.1938.76 Safari/537.36"
43.157.156.190 - - [06/Nov/2025:10:29:45 +0000] "GET / HTTP/1.1" 200 13551 "http://www.amphoragames.com/" "Mozilla/5.0 (iPhone; CPU iPhone OS 13_2_3 like Mac OS X) AppleWebKit/605.1.15 (KHTML, like Gecko) Version/13.0.3 Mobile/15E148 Safari/604.1"
66.249.79.32 - - [06/Nov/2025:10:29:54 +0000] "GET /product/edit/A3897272692 HTTP/1.1" 301 3813 "-" "Mozilla/5.0 (Linux; Android 6.0.1; Nexus 5X Build/MMB29P) AppleWebKit/537.36 (KHTML, like Gecko) Chrome/141.0.7390.122 Mobile Safari/537.36 (compatible; Googlebot/2.1; +http://www.google.com/bot.html)"
194.164.62.186 - - [06/Nov/2025:10:30:13 +0000] "POST /wp-cron.php?doing_wp_cron=1762425013.7899849414825439453125 HTTP/1.1" 200 3647 "-" "WordPress/6.8.3; https://www.amphoragames.com"
157.55.39.204 - - [06/Nov/2025:10:30:13 +0000] "GET /entity/1269466249.shtm HTTP/1.1" 404 33610 "-" "Mozilla/5.0 AppleWebKit/537.36 (KHTML, like Gecko; compatible; bingbot/2.0; +http://www.bing.com/bingbot.htm) Chrome/116.0.1938.76 Safari/537.36"
66.249.79.37 - - [06/Nov/2025:10:30:32 +0000] "GET /entity/805032139.shtm HTTP/1.1" 301 3813 "-" "Mozilla/5.0 (Linux; Android 6.0.1; Nexus 5X Build/MMB29P) AppleWebKit/537.36 (KHTML, like Gecko) Chrome/141.0.7390.122 Mobile Safari/537.36 (compatible; Googlebot/2.1; +http://www.google.com/bot.html)"
66.249.79.37 - - [06/Nov/2025:10:30:56 +0000] "GET /entity/238880801.shtm HTTP/1.1" 301 3813 "-" "Mozilla/5.0 (Linux; Android 6.0.1; Nexus 5X Build/MMB29P) AppleWebKit/537.36 (KHTML, like Gecko) Chrome/141.0.7390.122 Mobile Safari/537.36 (compatible; GoogleOther)"
157.55.39.204 - - [06/Nov/2025:10:30:58 +0000] "GET /entity/867815274.shtm HTTP/1.1" 404 33606 "-" "Mozilla/5.0 AppleWebKit/537.36 (KHTML, like Gecko; compatible; bingbot/2.0; +http://www.bing.com/bingbot.htm) Chrome/116.0.1938.76 Safari/537.36"
194.164.62.186 - - [06/Nov/2025:10:31:09 +0000] "POST /wp-cron.php?doing_wp_cron=1762425069.5340690612792968750000 HTTP/1.1" 200 3647 "-" "WordPress/6.8.3; https://www.amphoragames.com"
66.249.79.33 - - [06/Nov/2025:10:31:09 +0000] "GET /entity/371859803.shtm HTTP/1.1" 301 3813 "-" "Mozilla/5.0 (Linux; Android 6.0.1; Nexus 5X Build/MMB29P) AppleWebKit/537.36 (KHTML, like Gecko) Chrome/141.0.7390.122 Mobile Safari/537.36 (compatible; Googlebot/2.1; +http://www.google.com/bot.html)"
216.73.216.131 - - [06/Nov/2025:10:31:12 +0000] "GET /?p=669 HTTP/1.1" 301 3787 "-" "Mozilla/5.0 AppleWebKit/537.36 (KHTML, like Gecko; compatible; ClaudeBot/1.0; +claudebot@anthropic.com)"
216.73.216.131 - - [06/Nov/2025:10:31:13 +0000] "GET /2017/03/22/pentaurus-jerez-cmcm/prensa-ayuntamiento-jerez/ HTTP/1.1" 200 9557 "https://www.amphoragames.com/?p=669" "Mozilla/5.0 AppleWebKit/537.36 (KHTML, like Gecko; compatible; ClaudeBot/1.0; +claudebot@anthropic.com)"
40.77.167.151 - - [06/Nov/2025:10:31:20 +0000] "GET /entity/901129121.shtm HTTP/1.1" 404 33606 "-" "Mozilla/5.0 AppleWebKit/537.36 (KHTML, like Gecko; compatible; bingbot/2.0; +http://www.bing.com/bingbot.htm) Chrome/116.0.1938.76 Safari/537.36"
66.249.79.32 - - [06/Nov/2025:10:31:46 +0000] "GET /product/edit/A4159676468 HTTP/1.1" 301 3813 "-" "Mozilla/5.0 (Linux; Android 6.0.1; Nexus 5X Build/MMB29P) AppleWebKit/537.36 (KHTML, like Gecko) Chrome/141.0.7390.122 Mobile Safari/537.36 (compatible; Googlebot/2.1; +http://www.google.com/bot.html)"
157.55.39.204 - - [06/Nov/2025:10:32:07 +0000] "GET /entity/1052966856.shtm HTTP/1.1" 404 33610 "-" "Mozilla/5.0 AppleWebKit/537.36 (KHTML, like Gecko; compatible; bingbot/2.0; +http://www.bing.com/bingbot.htm) Chrome/116.0.1938.76 Safari/537.36"
194.164.62.186 - - [06/Nov/2025:10:32:11 +0000] "POST /wp-cron.php?doing_wp_cron=1762425131.2339930534362792968750 HTTP/1.1" 200 3647 "-" "WordPress/6.8.3; https://www.amphoragames.com"
157.55.39.204 - - [06/Nov/2025:10:32:10 +0000] "GET /entity/874201198.shtm HTTP/1.1" 404 30183 "-" "Mozilla/5.0 AppleWebKit/537.36 (KHTML, like Gecko; compatible; bingbot/2.0; +http://www.bing.com/bingbot.htm) Chrome/116.0.1938.76 Safari/537.36"
157.55.39.204 - - [06/Nov/2025:10:32:18 +0000] "GET /entity/1357918994.shtm HTTP/1.1" 404 30602 "-" "Mozilla/5.0 AppleWebKit/537.36 (KHTML, like Gecko; compatible; bingbot/2.0; +http://www.bing.com/bingbot.htm) Chrome/116.0.1938.76 Safari/537.36"
66.249.79.33 - - [06/Nov/2025:10:32:23 +0000] "GET /entity/850745314.shtm HTTP/1.1" 301 3813 "-" "Mozilla/5.0 (Linux; Android 6.0.1; Nexus 5X Build/MMB29P) AppleWebKit/537.36 (KHTML, like Gecko) Chrome/141.0.7390.122 Mobile Safari/537.36 (compatible; Googlebot/2.1; +http://www.google.com/bot.html)"
66.249.79.33 - - [06/Nov/2025:10:33:08 +0000] "GET /entity/1181051306.shtm HTTP/1.1" 301 3813 "-" "Mozilla/5.0 (Linux; Android 6.0.1; Nexus 5X Build/MMB29P) AppleWebKit/537.36 (KHTML, like Gecko) Chrome/141.0.7390.122 Mobile Safari/537.36 (compatible; Googlebot/2.1; +http://www.google.com/bot.html)"
194.164.62.186 - - [06/Nov/2025:10:33:11 +0000] "POST /wp-cron.php?doing_wp_cron=1762425191.2763340473175048828125 HTTP/1.1" 200 3647 "-" "WordPress/6.8.3; https://www.amphoragames.com"
66.249.79.37 - - [06/Nov/2025:10:33:11 +0000] "GET /entity/1160564667.shtm HTTP/1.1" 301 3813 "-" "Mozilla/5.0 (Linux; Android 6.0.1; Nexus 5X Build/MMB29P) AppleWebKit/537.36 (KHTML, like Gecko) Chrome/141.0.7390.122 Mobile Safari/537.36 (compatible; Googlebot/2.1; +http://www.google.com/bot.html)"
66.249.79.37 - - [06/Nov/2025:10:33:38 +0000] "GET /product/edit/A3246274473 HTTP/1.1" 301 3813 "-" "Mozilla/5.0 (Linux; Android 6.0.1; Nexus 5X Build/MMB29P) AppleWebKit/537.36 (KHTML, like Gecko) Chrome/141.0.7390.122 Mobile Safari/537.36 (compatible; Googlebot/2.1; +http://www.google.com/bot.html)"
