173.252.87.114 - - [06/Nov/2025:18:25:35 +0000] "GET /wp-content/themes/ibuki/style.css?ver=6.8.3 HTTP/1.1" 200 46202 "https://www.amphoragames.com/?fbclid=IwZXh0bgNhZW0CMTEAc3J0YwZhcHBfaWQMMjU2MjgxMDQwNTU4AAEeLeQSnSCZNL0BsBseGOMgkEyjqTlljcSUFajapHaROPlJX4Tn9mCykYiCz5M_aem_eI3Y236tuWjF6gh7W1_ALg" "Mozilla/5.0 (Windows NT 10.0; Win64; x64) AppleWebKit/537.36 (KHTML, like Gecko) Chrome/130.0.0.0 Safari/537.36"
173.252.87.12 - - [06/Nov/2025:18:25:35 +0000] "GET /wp-content/themes/ibuki/_include/css/color.css.php?ver=6.8.3 HTTP/1.1" 403 1347 "https://www.amphoragames.com/?fbclid=IwZXh0bgNhZW0CMTEAc3J0YwZhcHBfaWQMMjU2MjgxMDQwNTU4AAEeLeQSnSCZNL0BsBseGOMgkEyjqTlljcSUFajapHaROPlJX4Tn9mCykYiCz5M_aem_eI3Y236tuWjF6gh7W1_ALg" "Mozilla/5.0 (Windows NT 10.0; Win64; x64) AppleWebKit/537.36 (KHTML, like Gecko) Chrome/130.0.0.0 Safari/537.36"
173.252.87.5 - - [06/Nov/2025:18:25:36 +0000] "GET /wp-includes/js/jquery/jquery.min.js?ver=3.7.1 HTTP/1.1" 200 31194 "https://www.amphoragames.com/?fbclid=IwZXh0bgNhZW0CMTEAc3J0YwZhcHBfaWQMMjU2MjgxMDQwNTU4AAEeLeQSnSCZNL0BsBseGOMgkEyjqTlljcSUFajapHaROPlJX4Tn9mCykYiCz5M_aem_eI3Y236tuWjF6gh7W1_ALg" "Mozilla/5.0 (Windows NT 10.0; Win64; x64) AppleWebKit/537.36 (KHTML, like Gecko) Chrome/130.0.0.0 Safari/537.36"
173.252.87.12 - - [06/Nov/2025:18:25:36 +0000] "GET /wp-includes/js/jquery/jquery-migrate.min.js?ver=3.4.1 HTTP/1.1" 200 5246 "https://www.amphoragames.com/?fbclid=IwZXh0bgNhZW0CMTEAc3J0YwZhcHBfaWQMMjU2MjgxMDQwNTU4AAEeLeQSnSCZNL0BsBseGOMgkEyjqTlljcSUFajapHaROPlJX4Tn9mCykYiCz5M_aem_eI3Y236tuWjF6gh7W1_ALg" "Mozilla/5.0 (Windows NT 10.0; Win64; x64) AppleWebKit/537.36 (KHTML, like Gecko) Chrome/130.0.0.0 Safari/537.36"
173.252.87.6 - - [06/Nov/2025:18:25:36 +0000] "GET /wp-content/uploads/2022/11/caja-vista-tres-cuartos-v3-277x300.jpg HTTP/1.1" 200 40154 "https://www.amphoragames.com/?fbclid=IwZXh0bgNhZW0CMTEAc3J0YwZhcHBfaWQMMjU2MjgxMDQwNTU4AAEeLeQSnSCZNL0BsBseGOMgkEyjqTlljcSUFajapHaROPlJX4Tn9mCykYiCz5M_aem_eI3Y236tuWjF6gh7W1_ALg" "Mozilla/5.0 (Windows NT 10.0; Win64; x64) AppleWebKit/537.36 (KHTML, like Gecko) Chrome/130.0.0.0 Safari/537.36"
173.252.87.12 - - [06/Nov/2025:18:25:36 +0000] "GET /wp-content/themes/ibuki/_include/js/modernizr.js?ver=2.7.1 HTTP/1.1" 200 4910 "https://www.amphoragames.com/?fbclid=IwZXh0bgNhZW0CMTEAc3J0YwZhcHBfaWQMMjU2MjgxMDQwNTU4AAEeLeQSnSCZNL0BsBseGOMgkEyjqTlljcSUFajapHaROPlJX4Tn9mCykYiCz5M_aem_eI3Y236tuWjF6gh7W1_ALg" "Mozilla/5.0 (Windows NT 10.0; Win64; x64) AppleWebKit/537.36 (KHTML, like Gecko) Chrome/130.0.0.0 Safari/537.36"
173.252.87.2 - - [06/Nov/2025:18:25:36 +0000] "GET /wp-content/uploads/2022/11/IMG-20221105-WA0010-cuadrado-300x300.jpg HTTP/1.1" 200 17483 "https://www.amphoragames.com/?fbclid=IwZXh0bgNhZW0CMTEAc3J0YwZhcHBfaWQMMjU2MjgxMDQwNTU4AAEeLeQSnSCZNL0BsBseGOMgkEyjqTlljcSUFajapHaROPlJX4Tn9mCykYiCz5M_aem_eI3Y236tuWjF6gh7W1_ALg" "Mozilla/5.0 (Windows NT 10.0; Win64; x64) AppleWebKit/537.36 (KHTML, like Gecko) Chrome/130.0.0.0 Safari/537.36"
173.252.87.114 - - [06/Nov/2025:18:25:36 +0000] "GET /wp-content/uploads/2019/02/caja-pentaurus-duel-300x300.png HTTP/1.1" 200 101426 "https://www.amphoragames.com/?fbclid=IwZXh0bgNhZW0CMTEAc3J0YwZhcHBfaWQMMjU2MjgxMDQwNTU4AAEeLeQSnSCZNL0BsBseGOMgkEyjqTlljcSUFajapHaROPlJX4Tn9mCykYiCz5M_aem_eI3Y236tuWjF6gh7W1_ALg" "Mozilla/5.0 (Windows NT 10.0; Win64; x64) AppleWebKit/537.36 (KHTML, like Gecko) Chrome/130.0.0.0 Safari/537.36"
173.252.87.114 - - [06/Nov/2025:18:25:36 +0000] "GET /wp-includes/js/dist/hooks.min.js?ver=4d63a3d491d11ffd8ac6 HTTP/1.1" 200 2022 "https://www.amphoragames.com/?fbclid=IwZXh0bgNhZW0CMTEAc3J0YwZhcHBfaWQMMjU2MjgxMDQwNTU4AAEeLeQSnSCZNL0BsBseGOMgkEyjqTlljcSUFajapHaROPlJX4Tn9mCykYiCz5M_aem_eI3Y236tuWjF6gh7W1_ALg" "Mozilla/5.0 (Windows NT 10.0; Win64; x64) AppleWebKit/537.36 (KHTML, like Gecko) Chrome/130.0.0.0 Safari/537.36"
173.252.87.6 - - [06/Nov/2025:18:25:36 +0000] "GET /wp-content/plugins/contact-form-7/includes/swv/js/index.js?ver=6.1.3 HTTP/1.1" 200 3877 "https://www.amphoragames.com/?fbclid=IwZXh0bgNhZW0CMTEAc3J0YwZhcHBfaWQMMjU2MjgxMDQwNTU4AAEeLeQSnSCZNL0BsBseGOMgkEyjqTlljcSUFajapHaROPlJX4Tn9mCykYiCz5M_aem_eI3Y236tuWjF6gh7W1_ALg" "Mozilla/5.0 (Windows NT 10.0; Win64; x64) AppleWebKit/537.36 (KHTML, like Gecko) Chrome/130.0.0.0 Safari/537.36"
173.252.87.2 - - [06/Nov/2025:18:25:36 +0000] "GET /wp-includes/js/dist/i18n.min.js?ver=5e580eb46a90c2b997e6 HTTP/1.1" 200 4041 "https://www.amphoragames.com/?fbclid=IwZXh0bgNhZW0CMTEAc3J0YwZhcHBfaWQMMjU2MjgxMDQwNTU4AAEeLeQSnSCZNL0BsBseGOMgkEyjqTlljcSUFajapHaROPlJX4Tn9mCykYiCz5M_aem_eI3Y236tuWjF6gh7W1_ALg" "Mozilla/5.0 (Windows NT 10.0; Win64; x64) AppleWebKit/537.36 (KHTML, like Gecko) Chrome/130.0.0.0 Safari/537.36"
173.252.87.114 - - [06/Nov/2025:18:25:36 +0000] "GET /wp-content/themes/ibuki/_include/css/fonts/Icons.woff HTTP/1.1" 200 63715 "https://www.amphoragames.com/wp-content/themes/ibuki/style.css?ver=6.8.3" "Mozilla/5.0 (Windows NT 10.0; Win64; x64) AppleWebKit/537.36 (KHTML, like Gecko) Chrome/130.0.0.0 Safari/537.36"
173.252.87.6 - - [06/Nov/2025:18:25:36 +0000] "GET /wp-content/uploads/2016/11/logotipo-plano-50x50.png HTTP/1.1" 200 2140 "https://www.amphoragames.com/?fbclid=IwZXh0bgNhZW0CMTEAc3J0YwZhcHBfaWQMMjU2MjgxMDQwNTU4AAEeLeQSnSCZNL0BsBseGOMgkEyjqTlljcSUFajapHaROPlJX4Tn9mCykYiCz5M_aem_eI3Y236tuWjF6gh7W1_ALg" "Mozilla/5.0 (Windows NT 10.0; Win64; x64) AppleWebKit/537.36 (KHTML, like Gecko) Chrome/130.0.0.0 Safari/537.36"
173.252.87.6 - - [06/Nov/2025:18:25:36 +0000] "GET /wp-content/themes/ibuki/_include/img/sprite-menu.svg HTTP/1.1" 200 16314 "https://www.amphoragames.com/wp-content/themes/ibuki/style.css?ver=6.8.3" "Mozilla/5.0 (Windows NT 10.0; Win64; x64) AppleWebKit/537.36 (KHTML, like Gecko) Chrome/130.0.0.0 Safari/537.36"
173.252.87.114 - - [06/Nov/2025:18:25:36 +0000] "GET /wp-content/plugins/contact-form-7/includes/js/index.js?ver=6.1.3 HTTP/1.1" 200 4639 "https://www.amphoragames.com/?fbclid=IwZXh0bgNhZW0CMTEAc3J0YwZhcHBfaWQMMjU2MjgxMDQwNTU4AAEeLeQSnSCZNL0BsBseGOMgkEyjqTlljcSUFajapHaROPlJX4Tn9mCykYiCz5M_aem_eI3Y236tuWjF6gh7W1_ALg" "Mozilla/5.0 (Windows NT 10.0; Win64; x64) AppleWebKit/537.36 (KHTML, like Gecko) Chrome/130.0.0.0 Safari/537.36"
173.252.87.12 - - [06/Nov/2025:18:25:36 +0000] "GET /wp-content/themes/ibuki/_include/js/isotope.js?ver=1.0.0 HTTP/1.1" 200 10158 "https://www.amphoragames.com/?fbclid=IwZXh0bgNhZW0CMTEAc3J0YwZhcHBfaWQMMjU2MjgxMDQwNTU4AAEeLeQSnSCZNL0BsBseGOMgkEyjqTlljcSUFajapHaROPlJX4Tn9mCykYiCz5M_aem_eI3Y236tuWjF6gh7W1_ALg" "Mozilla/5.0 (Windows NT 10.0; Win64; x64) AppleWebKit/537.36 (KHTML, like Gecko) Chrome/130.0.0.0 Safari/537.36"
173.252.87.5 - - [06/Nov/2025:18:25:36 +0000] "GET /wp-content/themes/ibuki/_include/js/plugins.js?ver=1.0.0 HTTP/1.1" 200 104504 "https://www.amphoragames.com/?fbclid=IwZXh0bgNhZW0CMTEAc3J0YwZhcHBfaWQMMjU2MjgxMDQwNTU4AAEeLeQSnSCZNL0BsBseGOMgkEyjqTlljcSUFajapHaROPlJX4Tn9mCykYiCz5M_aem_eI3Y236tuWjF6gh7W1_ALg" "Mozilla/5.0 (Windows NT 10.0; Win64; x64) AppleWebKit/537.36 (KHTML, like Gecko) Chrome/130.0.0.0 Safari/537.36"
173.252.87.12 - - [06/Nov/2025:18:25:36 +0000] "GET /wp-content/themes/ibuki/_include/js/main.js?ver=1.0.0 HTTP/1.1" 200 13349 "https://www.amphoragames.com/?fbclid=IwZXh0bgNhZW0CMTEAc3J0YwZhcHBfaWQMMjU2MjgxMDQwNTU4AAEeLeQSnSCZNL0BsBseGOMgkEyjqTlljcSUFajapHaROPlJX4Tn9mCykYiCz5M_aem_eI3Y236tuWjF6gh7W1_ALg" "Mozilla/5.0 (Windows NT 10.0; Win64; x64) AppleWebKit/537.36 (KHTML, like Gecko) Chrome/130.0.0.0 Safari/537.36"
173.252.87.2 - - [06/Nov/2025:18:25:36 +0000] "GET /wp-content/uploads/2019/08/pandemain-on-kickstarter.jpg HTTP/1.1" 200 586325 "https://www.amphoragames.com/?fbclid=IwZXh0bgNhZW0CMTEAc3J0YwZhcHBfaWQMMjU2MjgxMDQwNTU4AAEeLeQSnSCZNL0BsBseGOMgkEyjqTlljcSUFajapHaROPlJX4Tn9mCykYiCz5M_aem_eI3Y236tuWjF6gh7W1_ALg" "Mozilla/5.0 (Windows NT 10.0; Win64; x64) AppleWebKit/537.36 (KHTML, like Gecko) Chrome/130.0.0.0 Safari/537.36"
40.77.167.13 - - [06/Nov/2025:18:25:37 +0000] "GET /entity/518221422.shtm HTTP/1.1" 404 33606 "-" "Mozilla/5.0 AppleWebKit/537.36 (KHTML, like Gecko; compatible; bingbot/2.0; +http://www.bing.com/bingbot.htm) Chrome/116.0.1938.76 Safari/537.36"
173.252.87.2 - - [06/Nov/2025:18:25:37 +0000] "GET /wp-content/uploads/2016/06/cropped-logotipo-solo-meeple-32x32.png HTTP/1.1" 200 1709 "https://www.amphoragames.com/?fbclid=IwZXh0bgNhZW0CMTEAc3J0YwZhcHBfaWQMMjU2MjgxMDQwNTU4AAEeLeQSnSCZNL0BsBseGOMgkEyjqTlljcSUFajapHaROPlJX4Tn9mCykYiCz5M_aem_eI3Y236tuWjF6gh7W1_ALg" "Mozilla/5.0 (Windows NT 10.0; Win64; x64) AppleWebKit/537.36 (KHTML, like Gecko) Chrome/130.0.0.0 Safari/537.36"
31.13.115.2 - - [06/Nov/2025:18:25:39 +0000] "GET /?fbclid=IwZXh0bgNhZW0CMTEAc3J0YwZhcHBfaWQMMjU2MjgxMDQwNTU4AAEeUkDKBVEYRkAeq5HYgm9IyLGJ6YydAHeFZeHFGHIR6CRX8ox3VKpMrFZhD3k_aem_31z04BejxS6RnIOQdR91cA HTTP/1.1" 200 13598 "http://m.facebook.com" "Mozilla/5.0 (Linux; Android 10; K) AppleWebKit/537.36 (KHTML, like Gecko) Chrome/142.0.0.0 Mobile Safari/537.36"
31.13.115.2 - - [06/Nov/2025:18:25:39 +0000] "GET /wp-content/plugins/contact-form-7/includes/css/styles.css?ver=6.1.3 HTTP/1.1" 200 4730 "https://www.amphoragames.com/?fbclid=IwZXh0bgNhZW0CMTEAc3J0YwZhcHBfaWQMMjU2MjgxMDQwNTU4AAEeUkDKBVEYRkAeq5HYgm9IyLGJ6YydAHeFZeHFGHIR6CRX8ox3VKpMrFZhD3k_aem_31z04BejxS6RnIOQdR91cA" "Mozilla/5.0 (Linux; Android 10; K) AppleWebKit/537.36 (KHTML, like Gecko) Chrome/142.0.0.0 Mobile Safari/537.36"
31.13.115.2 - - [06/Nov/2025:18:25:39 +0000] "GET /wp-includes/css/dist/block-library/style.min.css?ver=6.8.3 HTTP/1.1" 200 15750 "https://www.amphoragames.com/?fbclid=IwZXh0bgNhZW0CMTEAc3J0YwZhcHBfaWQMMjU2MjgxMDQwNTU4AAEeUkDKBVEYRkAeq5HYgm9IyLGJ6YydAHeFZeHFGHIR6CRX8ox3VKpMrFZhD3k_aem_31z04BejxS6RnIOQdR91cA" "Mozilla/5.0 (Linux; Android 10; K) AppleWebKit/537.36 (KHTML, like Gecko) Chrome/142.0.0.0 Mobile Safari/537.36"
31.13.115.2 - - [06/Nov/2025:18:25:39 +0000] "GET /wp-content/themes/ibuki/_include/css/bootstrap.min.css?ver=6.8.3 HTTP/1.1" 200 15300 "https://www.amphoragames.com/?fbclid=IwZXh0bgNhZW0CMTEAc3J0YwZhcHBfaWQMMjU2MjgxMDQwNTU4AAEeUkDKBVEYRkAeq5HYgm9IyLGJ6YydAHeFZeHFGHIR6CRX8ox3VKpMrFZhD3k_aem_31z04BejxS6RnIOQdR91cA" "Mozilla/5.0 (Linux; Android 10; K) AppleWebKit/537.36 (KHTML, like Gecko) Chrome/142.0.0.0 Mobile Safari/537.36"
31.13.115.2 - - [06/Nov/2025:18:25:39 +0000] "GET /wp-content/themes/ibuki/style.css?ver=6.8.3 HTTP/1.1" 200 46202 "https://www.amphoragames.com/?fbclid=IwZXh0bgNhZW0CMTEAc3J0YwZhcHBfaWQMMjU2MjgxMDQwNTU4AAEeUkDKBVEYRkAeq5HYgm9IyLGJ6YydAHeFZeHFGHIR6CRX8ox3VKpMrFZhD3k_aem_31z04BejxS6RnIOQdR91cA" "Mozilla/5.0 (Linux; Android 10; K) AppleWebKit/537.36 (KHTML, like Gecko) Chrome/142.0.0.0 Mobile Safari/537.36"
31.13.115.2 - - [06/Nov/2025:18:25:40 +0000] "GET /wp-content/themes/ibuki/_include/css/color.css.php?ver=6.8.3 HTTP/1.1" 403 1347 "https://www.amphoragames.com/?fbclid=IwZXh0bgNhZW0CMTEAc3J0YwZhcHBfaWQMMjU2MjgxMDQwNTU4AAEeUkDKBVEYRkAeq5HYgm9IyLGJ6YydAHeFZeHFGHIR6CRX8ox3VKpMrFZhD3k_aem_31z04BejxS6RnIOQdR91cA" "Mozilla/5.0 (Linux; Android 10; K) AppleWebKit/537.36 (KHTML, like Gecko) Chrome/142.0.0.0 Mobile Safari/537.36"
31.13.115.2 - - [06/Nov/2025:18:25:40 +0000] "GET /wp-includes/js/jquery/jquery.min.js?ver=3.7.1 HTTP/1.1" 200 30854 "https://www.amphoragames.com/?fbclid=IwZXh0bgNhZW0CMTEAc3J0YwZhcHBfaWQMMjU2MjgxMDQwNTU4AAEeUkDKBVEYRkAeq5HYgm9IyLGJ6YydAHeFZeHFGHIR6CRX8ox3VKpMrFZhD3k_aem_31z04BejxS6RnIOQdR91cA" "Mozilla/5.0 (Linux; Android 10; K) AppleWebKit/537.36 (KHTML, like Gecko) Chrome/142.0.0.0 Mobile Safari/537.36"
31.13.115.5 - - [06/Nov/2025:18:25:40 +0000] "GET /wp-includes/js/jquery/jquery-migrate.min.js?ver=3.4.1 HTTP/1.1" 200 5586 "https://www.amphoragames.com/?fbclid=IwZXh0bgNhZW0CMTEAc3J0YwZhcHBfaWQMMjU2MjgxMDQwNTU4AAEeUkDKBVEYRkAeq5HYgm9IyLGJ6YydAHeFZeHFGHIR6CRX8ox3VKpMrFZhD3k_aem_31z04BejxS6RnIOQdR91cA" "Mozilla/5.0 (Linux; Android 10; K) AppleWebKit/537.36 (KHTML, like Gecko) Chrome/142.0.0.0 Mobile Safari/537.36"
31.13.115.2 - - [06/Nov/2025:18:25:40 +0000] "GET /wp-content/themes/ibuki/_include/js/modernizr.js?ver=2.7.1 HTTP/1.1" 200 4910 "https://www.amphoragames.com/?fbclid=IwZXh0bgNhZW0CMTEAc3J0YwZhcHBfaWQMMjU2MjgxMDQwNTU4AAEeUkDKBVEYRkAeq5HYgm9IyLGJ6YydAHeFZeHFGHIR6CRX8ox3VKpMrFZhD3k_aem_31z04BejxS6RnIOQdR91cA" "Mozilla/5.0 (Linux; Android 10; K) AppleWebKit/537.36 (KHTML, like Gecko) Chrome/142.0.0.0 Mobile Safari/537.36"
31.13.115.2 - - [06/Nov/2025:18:25:40 +0000] "GET /wp-content/uploads/2022/11/IMG-20221105-WA0010-cuadrado-300x300.jpg HTTP/1.1" 200 17143 "https://www.amphoragames.com/?fbclid=IwZXh0bgNhZW0CMTEAc3J0YwZhcHBfaWQMMjU2MjgxMDQwNTU4AAEeUkDKBVEYRkAeq5HYgm9IyLGJ6YydAHeFZeHFGHIR6CRX8ox3VKpMrFZhD3k_aem_31z04BejxS6RnIOQdR91cA" "Mozilla/5.0 (Linux; Android 10; K) AppleWebKit/537.36 (KHTML, like Gecko) Chrome/142.0.0.0 Mobile Safari/537.36"
31.13.115.2 - - [06/Nov/2025:18:25:40 +0000] "GET /wp-content/uploads/2022/11/caja-vista-tres-cuartos-v3-277x300.jpg HTTP/1.1" 200 36821 "https://www.amphoragames.com/?fbclid=IwZXh0bgNhZW0CMTEAc3J0YwZhcHBfaWQMMjU2MjgxMDQwNTU4AAEeUkDKBVEYRkAeq5HYgm9IyLGJ6YydAHeFZeHFGHIR6CRX8ox3VKpMrFZhD3k_aem_31z04BejxS6RnIOQdR91cA" "Mozilla/5.0 (Linux; Android 10; K) AppleWebKit/537.36 (KHTML, like Gecko) Chrome/142.0.0.0 Mobile Safari/537.36"
31.13.115.5 - - [06/Nov/2025:18:25:40 +0000] "GET /wp-content/uploads/2019/02/caja-pentaurus-duel-300x300.png HTTP/1.1" 200 101426 "https://www.amphoragames.com/?fbclid=IwZXh0bgNhZW0CMTEAc3J0YwZhcHBfaWQMMjU2MjgxMDQwNTU4AAEeUkDKBVEYRkAeq5HYgm9IyLGJ6YydAHeFZeHFGHIR6CRX8ox3VKpMrFZhD3k_aem_31z04BejxS6RnIOQdR91cA" "Mozilla/5.0 (Linux; Android 10; K) AppleWebKit/537.36 (KHTML, like Gecko) Chrome/142.0.0.0 Mobile Safari/537.36"
31.13.115.2 - - [06/Nov/2025:18:25:40 +0000] "GET /wp-includes/js/dist/hooks.min.js?ver=4d63a3d491d11ffd8ac6 HTTP/1.1" 200 2022 "https://www.amphoragames.com/?fbclid=IwZXh0bgNhZW0CMTEAc3J0YwZhcHBfaWQMMjU2MjgxMDQwNTU4AAEeUkDKBVEYRkAeq5HYgm9IyLGJ6YydAHeFZeHFGHIR6CRX8ox3VKpMrFZhD3k_aem_31z04BejxS6RnIOQdR91cA" "Mozilla/5.0 (Linux; Android 10; K) AppleWebKit/537.36 (KHTML, like Gecko) Chrome/142.0.0.0 Mobile Safari/537.36"
31.13.115.5 - - [06/Nov/2025:18:25:40 +0000] "GET /wp-includes/js/dist/i18n.min.js?ver=5e580eb46a90c2b997e6 HTTP/1.1" 200 4041 "https://www.amphoragames.com/?fbclid=IwZXh0bgNhZW0CMTEAc3J0YwZhcHBfaWQMMjU2MjgxMDQwNTU4AAEeUkDKBVEYRkAeq5HYgm9IyLGJ6YydAHeFZeHFGHIR6CRX8ox3VKpMrFZhD3k_aem_31z04BejxS6RnIOQdR91cA" "Mozilla/5.0 (Linux; Android 10; K) AppleWebKit/537.36 (KHTML, like Gecko) Chrome/142.0.0.0 Mobile Safari/537.36"
31.13.115.2 - - [06/Nov/2025:18:25:40 +0000] "GET /wp-content/plugins/contact-form-7/includes/swv/js/index.js?ver=6.1.3 HTTP/1.1" 200 3877 "https://www.amphoragames.com/?fbclid=IwZXh0bgNhZW0CMTEAc3J0YwZhcHBfaWQMMjU2MjgxMDQwNTU4AAEeUkDKBVEYRkAeq5HYgm9IyLGJ6YydAHeFZeHFGHIR6CRX8ox3VKpMrFZhD3k_aem_31z04BejxS6RnIOQdR91cA" "Mozilla/5.0 (Linux; Android 10; K) AppleWebKit/537.36 (KHTML, like Gecko) Chrome/142.0.0.0 Mobile Safari/537.36"
31.13.115.5 - - [06/Nov/2025:18:25:40 +0000] "GET /wp-content/plugins/contact-form-7/includes/js/index.js?ver=6.1.3 HTTP/1.1" 200 4639 "https://www.amphoragames.com/?fbclid=IwZXh0bgNhZW0CMTEAc3J0YwZhcHBfaWQMMjU2MjgxMDQwNTU4AAEeUkDKBVEYRkAeq5HYgm9IyLGJ6YydAHeFZeHFGHIR6CRX8ox3VKpMrFZhD3k_aem_31z04BejxS6RnIOQdR91cA" "Mozilla/5.0 (Linux; Android 10; K) AppleWebKit/537.36 (KHTML, like Gecko) Chrome/142.0.0.0 Mobile Safari/537.36"
31.13.115.5 - - [06/Nov/2025:18:25:40 +0000] "GET /wp-content/themes/ibuki/_include/js/isotope.js?ver=1.0.0 HTTP/1.1" 200 10158 "https://www.amphoragames.com/?fbclid=IwZXh0bgNhZW0CMTEAc3J0YwZhcHBfaWQMMjU2MjgxMDQwNTU4AAEeUkDKBVEYRkAeq5HYgm9IyLGJ6YydAHeFZeHFGHIR6CRX8ox3VKpMrFZhD3k_aem_31z04BejxS6RnIOQdR91cA" "Mozilla/5.0 (Linux; Android 10; K) AppleWebKit/537.36 (KHTML, like Gecko) Chrome/142.0.0.0 Mobile Safari/537.36"
31.13.115.2 - - [06/Nov/2025:18:25:40 +0000] "GET /wp-content/themes/ibuki/_include/js/main.js?ver=1.0.0 HTTP/1.1" 200 13689 "https://www.amphoragames.com/?fbclid=IwZXh0bgNhZW0CMTEAc3J0YwZhcHBfaWQMMjU2MjgxMDQwNTU4AAEeUkDKBVEYRkAeq5HYgm9IyLGJ6YydAHeFZeHFGHIR6CRX8ox3VKpMrFZhD3k_aem_31z04BejxS6RnIOQdR91cA" "Mozilla/5.0 (Linux; Android 10; K) AppleWebKit/537.36 (KHTML, like Gecko) Chrome/142.0.0.0 Mobile Safari/537.36"
31.13.115.2 - - [06/Nov/2025:18:25:40 +0000] "GET /wp-content/themes/ibuki/_include/js/plugins.js?ver=1.0.0 HTTP/1.1" 200 104504 "https://www.amphoragames.com/?fbclid=IwZXh0bgNhZW0CMTEAc3J0YwZhcHBfaWQMMjU2MjgxMDQwNTU4AAEeUkDKBVEYRkAeq5HYgm9IyLGJ6YydAHeFZeHFGHIR6CRX8ox3VKpMrFZhD3k_aem_31z04BejxS6RnIOQdR91cA" "Mozilla/5.0 (Linux; Android 10; K) AppleWebKit/537.36 (KHTML, like Gecko) Chrome/142.0.0.0 Mobile Safari/537.36"
31.13.115.2 - - [06/Nov/2025:18:25:40 +0000] "GET /wp-content/themes/ibuki/_include/css/fonts/Icons.woff HTTP/1.1" 200 63715 "https://www.amphoragames.com/wp-content/themes/ibuki/style.css?ver=6.8.3" "Mozilla/5.0 (Linux; Android 10; K) AppleWebKit/537.36 (KHTML, like Gecko) Chrome/142.0.0.0 Mobile Safari/537.36"
31.13.115.2 - - [06/Nov/2025:18:25:42 +0000] "GET /wp-content/uploads/2016/11/logotipo-plano-50x50.png HTTP/1.1" 200 2140 "https://www.amphoragames.com/?fbclid=IwZXh0bgNhZW0CMTEAc3J0YwZhcHBfaWQMMjU2MjgxMDQwNTU4AAEeUkDKBVEYRkAeq5HYgm9IyLGJ6YydAHeFZeHFGHIR6CRX8ox3VKpMrFZhD3k_aem_31z04BejxS6RnIOQdR91cA" "Mozilla/5.0 (Linux; Android 10; K) AppleWebKit/537.36 (KHTML, like Gecko) Chrome/142.0.0.0 Mobile Safari/537.36"
31.13.115.5 - - [06/Nov/2025:18:25:42 +0000] "GET /wp-content/themes/ibuki/_include/img/sprite-menu.svg HTTP/1.1" 200 16314 "https://www.amphoragames.com/wp-content/themes/ibuki/style.css?ver=6.8.3" "Mozilla/5.0 (Linux; Android 10; K) AppleWebKit/537.36 (KHTML, like Gecko) Chrome/142.0.0.0 Mobile Safari/537.36"
31.13.115.2 - - [06/Nov/2025:18:25:42 +0000] "GET /wp-content/uploads/2019/08/pandemain-on-kickstarter.jpg HTTP/1.1" 200 586325 "https://www.amphoragames.com/?fbclid=IwZXh0bgNhZW0CMTEAc3J0YwZhcHBfaWQMMjU2MjgxMDQwNTU4AAEeUkDKBVEYRkAeq5HYgm9IyLGJ6YydAHeFZeHFGHIR6CRX8ox3VKpMrFZhD3k_aem_31z04BejxS6RnIOQdR91cA" "Mozilla/5.0 (Linux; Android 10; K) AppleWebKit/537.36 (KHTML, like Gecko) Chrome/142.0.0.0 Mobile Safari/537.36"
31.13.115.2 - - [06/Nov/2025:18:25:43 +0000] "GET /wp-content/uploads/2016/06/cropped-logotipo-solo-meeple-32x32.png HTTP/1.1" 200 1709 "https://www.amphoragames.com/?fbclid=IwZXh0bgNhZW0CMTEAc3J0YwZhcHBfaWQMMjU2MjgxMDQwNTU4AAEeUkDKBVEYRkAeq5HYgm9IyLGJ6YydAHeFZeHFGHIR6CRX8ox3VKpMrFZhD3k_aem_31z04BejxS6RnIOQdR91cA" "Mozilla/5.0 (Linux; Android 10; K) AppleWebKit/537.36 (KHTML, like Gecko) Chrome/142.0.0.0 Mobile Safari/537.36"
66.249.79.37 - - [06/Nov/2025:18:25:50 +0000] "GET /entity/1385265892.shtm HTTP/1.1" 301 3813 "-" "Mozilla/5.0 (Linux; Android 6.0.1; Nexus 5X Build/MMB29P) AppleWebKit/537.36 (KHTML, like Gecko) Chrome/141.0.7390.122 Mobile Safari/537.36 (compatible; Googlebot/2.1; +http://www.google.com/bot.html)"
66.249.79.37 - - [06/Nov/2025:18:25:52 +0000] "GET /entity/1182232523.shtm HTTP/1.1" 301 495 "-" "Mozilla/5.0 (Linux; Android 6.0.1; Nexus 5X Build/MMB29P) AppleWebKit/537.36 (KHTML, like Gecko) Chrome/141.0.7390.122 Mobile Safari/537.36 (compatible; Googlebot/2.1; +http://www.google.com/bot.html)"
173.252.87.115 - - [06/Nov/2025:18:25:58 +0000] "GET /wp-content/themes/ibuki/_include/css/color.css.php?ver=6.8.3 HTTP/1.1" 403 1687 "https://www.amphoragames.com/?fbclid=IwZXh0bgNhZW0CMTEAc3J0YwZhcHBfaWQMMjU2MjgxMDQwNTU4AAEeLeQSnSCZNL0BsBseGOMgkEyjqTlljcSUFajapHaROPlJX4Tn9mCykYiCz5M_aem_eI3Y236tuWjF6gh7W1_ALg" "Mozilla/5.0 (Windows NT 10.0; Win64; x64) AppleWebKit/537.36 (KHTML, like Gecko) Chrome/130.0.0.0 Safari/537.36"
31.13.115.3 - - [06/Nov/2025:18:26:04 +0000] "GET /wp-content/themes/ibuki/_include/css/color.css.php?ver=6.8.3 HTTP/1.1" 403 1687 "https://www.amphoragames.com/?fbclid=IwZXh0bgNhZW0CMTEAc3J0YwZhcHBfaWQMMjU2MjgxMDQwNTU4AAEeUkDKBVEYRkAeq5HYgm9IyLGJ6YydAHeFZeHFGHIR6CRX8ox3VKpMrFZhD3k_aem_31z04BejxS6RnIOQdR91cA" "Mozilla/5.0 (Linux; Android 10; K) AppleWebKit/537.36 (KHTML, like Gecko) Chrome/142.0.0.0 Mobile Safari/537.36"
114.119.153.93 - - [06/Nov/2025:18:22:19 +0000] "GET /wp-content/uploads/2020/10/rulebook-it-preview-kickstarter.pdf HTTP/1.1" 200 6179462 "-" "Mozilla/5.0 (Linux; Android 7.0;) AppleWebKit/537.36 (KHTML, like Gecko) Mobile Safari/537.36 (compatible; PetalBot;+https://webmaster.petalsearch.com/site/petalbot)"
69.171.230.113 - - [06/Nov/2025:18:26:12 +0000] "GET /wp-content/uploads/2022/11/IMG-20221105-WA0010-cuadrado-300x300.jpg HTTP/1.1" 200 20476 "-" "facebookexternalhit/1.1 (+http://www.facebook.com/externalhit_uatext.php)"
69.171.230.115 - - [06/Nov/2025:18:26:12 +0000] "GET /wp-content/uploads/2022/11/caja-vista-tres-cuartos-v3-277x300.jpg HTTP/1.1" 200 40154 "-" "facebookexternalhit/1.1 (+http://www.facebook.com/externalhit_uatext.php)"
69.171.230.19 - - [06/Nov/2025:18:26:12 +0000] "GET /wp-content/uploads/2019/02/caja-pentaurus-duel-300x300.png HTTP/1.1" 200 104759 "-" "facebookexternalhit/1.1 (+http://www.facebook.com/externalhit_uatext.php)"
194.164.62.186 - - [06/Nov/2025:18:26:15 +0000] "POST /wp-cron.php?doing_wp_cron=1762453575.1942050457000732421875 HTTP/1.1" 200 3647 "-" "WordPress/6.8.3; https://www.amphoragames.com"
66.249.79.33 - - [06/Nov/2025:18:26:14 +0000] "GET /entity/930138831.shtm HTTP/1.1" 301 3813 "-" "Mozilla/5.0 (Linux; Android 6.0.1; Nexus 5X Build/MMB29P) AppleWebKit/537.36 (KHTML, like Gecko) Chrome/141.0.7390.122 Mobile Safari/537.36 (compatible; Googlebot/2.1; +http://www.google.com/bot.html)"
52.167.144.206 - - [06/Nov/2025:18:26:17 +0000] "GET /entity/1054607177.shtm HTTP/1.1" 404 33610 "-" "Mozilla/5.0 AppleWebKit/537.36 (KHTML, like Gecko; compatible; bingbot/2.0; +http://www.bing.com/bingbot.htm) Chrome/116.0.1938.76 Safari/537.36"
66.220.149.3 - - [06/Nov/2025:18:26:18 +0000] "GET /wp-content/uploads/2022/11/caja-vista-tres-cuartos-v3-277x300.jpg HTTP/1.1" 200 40154 "-" "facebookexternalhit/1.1 (+http://www.facebook.com/externalhit_uatext.php)"
31.13.103.5 - - [06/Nov/2025:18:26:18 +0000] "GET /wp-content/uploads/2019/02/caja-pentaurus-duel-300x300.png HTTP/1.1" 200 104759 "-" "facebookexternalhit/1.1 (+http://www.facebook.com/externalhit_uatext.php)"
66.249.79.32 - - [06/Nov/2025:18:26:34 +0000] "GET /entity/1182220347.shtm HTTP/1.1" 301 3813 "-" "Mozilla/5.0 (Linux; Android 6.0.1; Nexus 5X Build/MMB29P) AppleWebKit/537.36 (KHTML, like Gecko) Chrome/141.0.7390.122 Mobile Safari/537.36 (compatible; Googlebot/2.1; +http://www.google.com/bot.html)"
40.77.167.13 - - [06/Nov/2025:18:26:40 +0000] "GET /entity/748366536.shtm HTTP/1.1" 404 33606 "-" "Mozilla/5.0 AppleWebKit/537.36 (KHTML, like Gecko; compatible; bingbot/2.0; +http://www.bing.com/bingbot.htm) Chrome/116.0.1938.76 Safari/537.36"
66.249.79.37 - - [06/Nov/2025:18:26:57 +0000] "GET /zhHant/product/surugaya/A1254013844?campaign_uid=f64d716db5e979ed2f947dbaf4296895b951ae7f HTTP/1.1" 301 3813 "-" "Mozilla/5.0 (Linux; Android 6.0.1; Nexus 5X Build/MMB29P) AppleWebKit/537.36 (KHTML, like Gecko) Chrome/141.0.7390.122 Mobile Safari/537.36 (compatible; Googlebot/2.1; +http://www.google.com/bot.html)"
194.164.62.186 - - [06/Nov/2025:18:27:40 +0000] "POST /wp-cron.php?doing_wp_cron=1762453660.8968029022216796875000 HTTP/1.1" 200 3647 "-" "WordPress/6.8.3; https://www.amphoragames.com"
66.249.79.32 - - [06/Nov/2025:18:27:40 +0000] "GET /product/edit/A2796136988 HTTP/1.1" 301 3813 "-" "Mozilla/5.0 (Linux; Android 6.0.1; Nexus 5X Build/MMB29P) AppleWebKit/537.36 (KHTML, like Gecko) Chrome/141.0.7390.122 Mobile Safari/537.36 (compatible; Googlebot/2.1; +http://www.google.com/bot.html)"
66.249.79.33 - - [06/Nov/2025:18:27:43 +0000] "GET /product/edit/A2750646979 HTTP/1.1" 301 3813 "-" "Mozilla/5.0 (Linux; Android 6.0.1; Nexus 5X Build/MMB29P) AppleWebKit/537.36 (KHTML, like Gecko) Chrome/141.0.7390.122 Mobile Safari/537.36 (compatible; Googlebot/2.1; +http://www.google.com/bot.html)"
66.249.79.37 - - [06/Nov/2025:18:27:45 +0000] "GET /entity/1098516946.shtm HTTP/1.1" 301 3813 "-" "Mozilla/5.0 (Linux; Android 6.0.1; Nexus 5X Build/MMB29P) AppleWebKit/537.36 (KHTML, like Gecko) Chrome/141.0.7390.122 Mobile Safari/537.36 (compatible; Googlebot/2.1; +http://www.google.com/bot.html)"
66.249.79.32 - - [06/Nov/2025:18:28:06 +0000] "GET /entity/986303399.shtm HTTP/1.1" 301 3813 "-" "Mozilla/5.0 (Linux; Android 6.0.1; Nexus 5X Build/MMB29P) AppleWebKit/537.36 (KHTML, like Gecko) Chrome/141.0.7390.122 Mobile Safari/537.36 (compatible; GoogleOther)"
194.164.62.186 - - [06/Nov/2025:18:28:09 +0000] "POST /wp-cron.php?doing_wp_cron=1762453689.1176590919494628906250 HTTP/1.1" 200 3647 "-" "WordPress/6.8.3; https://www.amphoragames.com"
66.249.79.33 - - [06/Nov/2025:18:28:08 +0000] "GET /product/edit/A1340420184 HTTP/1.1" 301 3813 "-" "Mozilla/5.0 (Linux; Android 6.0.1; Nexus 5X Build/MMB29P) AppleWebKit/537.36 (KHTML, like Gecko) Chrome/141.0.7390.122 Mobile Safari/537.36 (compatible; Googlebot/2.1; +http://www.google.com/bot.html)"
52.167.144.206 - - [06/Nov/2025:18:28:28 +0000] "GET /entity/287520456.shtm HTTP/1.1" 404 33606 "-" "Mozilla/5.0 AppleWebKit/537.36 (KHTML, like Gecko; compatible; bingbot/2.0; +http://www.bing.com/bingbot.htm) Chrome/116.0.1938.76 Safari/537.36"
66.249.79.37 - - [06/Nov/2025:18:28:31 +0000] "GET /entity/1098521165.shtm HTTP/1.1" 301 3813 "-" "Mozilla/5.0 (Linux; Android 6.0.1; Nexus 5X Build/MMB29P) AppleWebKit/537.36 (KHTML, like Gecko) Chrome/141.0.7390.122 Mobile Safari/537.36 (compatible; Googlebot/2.1; +http://www.google.com/bot.html)"
114.119.130.167 - - [06/Nov/2025:18:28:39 +0000] "GET /videojuegos HTTP/1.1" 301 3633 "-" "Mozilla/5.0 (Linux; Android 7.0;) AppleWebKit/537.36 (KHTML, like Gecko) Mobile Safari/537.36 (compatible; PetalBot;+https://webmaster.petalsearch.com/site/petalbot)"
114.119.130.167 - - [06/Nov/2025:18:28:41 +0000] "GET /videojuegos/ HTTP/1.1" 200 11892 "-" "Mozilla/5.0 (Linux; Android 7.0;) AppleWebKit/537.36 (KHTML, like Gecko) Mobile Safari/537.36 (compatible; PetalBot;+https://webmaster.petalsearch.com/site/petalbot)"
109.105.210.88 - - [06/Nov/2025:18:28:51 +0000] "GET / HTTP/1.1" 200 13346 "https://amphora.es/" "Mozilla/5.0 (Windows NT 10.0; Win64; x64) AppleWebKit/537.36 (KHTML, like Gecko) Chrome/60.0.3112.113 Safari/537.36"
66.249.79.37 - - [06/Nov/2025:18:28:53 +0000] "GET /entity/1181047521.shtm HTTP/1.1" 301 3813 "-" "Mozilla/5.0 (Linux; Android 6.0.1; Nexus 5X Build/MMB29P) AppleWebKit/537.36 (KHTML, like Gecko) Chrome/141.0.7390.122 Mobile Safari/537.36 (compatible; Googlebot/2.1; +http://www.google.com/bot.html)"
194.164.62.186 - - [06/Nov/2025:18:29:37 +0000] "POST /wp-cron.php?doing_wp_cron=1762453777.0940840244293212890625 HTTP/1.1" 200 3647 "-" "WordPress/6.8.3; https://www.amphoragames.com"
66.249.79.37 - - [06/Nov/2025:18:29:36 +0000] "GET /entity/40242644.shtm HTTP/1.1" 301 3813 "-" "Mozilla/5.0 (Linux; Android 6.0.1; Nexus 5X Build/MMB29P) AppleWebKit/537.36 (KHTML, like Gecko) Chrome/141.0.7390.122 Mobile Safari/537.36 (compatible; Googlebot/2.1; +http://www.google.com/bot.html)"
66.249.79.32 - - [06/Nov/2025:18:29:59 +0000] "GET /entity/1098521751.shtm HTTP/1.1" 301 3813 "-" "Mozilla/5.0 (Linux; Android 6.0.1; Nexus 5X Build/MMB29P) AppleWebKit/537.36 (KHTML, like Gecko) Chrome/141.0.7390.122 Mobile Safari/537.36 (compatible; Googlebot/2.1; +http://www.google.com/bot.html)"
194.164.62.186 - - [06/Nov/2025:18:30:21 +0000] "POST /wp-cron.php?doing_wp_cron=1762453821.5103149414062500000000 HTTP/1.1" 200 3647 "-" "WordPress/6.8.3; https://www.amphoragames.com"
66.249.79.37 - - [06/Nov/2025:18:30:21 +0000] "GET /entity/1179842356.shtm HTTP/1.1" 301 3813 "-" "Mozilla/5.0 (Linux; Android 6.0.1; Nexus 5X Build/MMB29P) AppleWebKit/537.36 (KHTML, like Gecko) Chrome/141.0.7390.122 Mobile Safari/537.36 (compatible; Googlebot/2.1; +http://www.google.com/bot.html)"
66.249.79.32 - - [06/Nov/2025:18:30:23 +0000] "GET /entity/40793054.shtm HTTP/1.1" 301 3813 "-" "Mozilla/5.0 (Linux; Android 6.0.1; Nexus 5X Build/MMB29P) AppleWebKit/537.36 (KHTML, like Gecko) Chrome/141.0.7390.122 Mobile Safari/537.36 (compatible; Googlebot/2.1; +http://www.google.com/bot.html)"
66.249.79.37 - - [06/Nov/2025:18:30:46 +0000] "GET /entity/926490667.shtm HTTP/1.1" 301 3813 "-" "Mozilla/5.0 (Linux; Android 6.0.1; Nexus 5X Build/MMB29P) AppleWebKit/537.36 (KHTML, like Gecko) Chrome/141.0.7390.122 Mobile Safari/537.36 (compatible; Googlebot/2.1; +http://www.google.com/bot.html)"
45.171.167.9 - - [06/Nov/2025:18:30:52 +0000] "GET / HTTP/1.1" 301 3691 "http://aio.online" "Mozilla/5.0 (Windows NT 6.1; Win64; x64) AppleWebKit/537.36 (KHTML, like Gecko) Chrome/97.0.4692.71 Safari/537.36"
45.171.167.9 - - [06/Nov/2025:18:30:54 +0000] "GET / HTTP/1.1" 200 13402 "http://aio.online" "Mozilla/5.0 (Windows NT 6.1; Win64; x64) AppleWebKit/537.36 (KHTML, like Gecko) Chrome/97.0.4692.71 Safari/537.36"
45.171.167.9 - - [06/Nov/2025:18:30:54 +0000] "GET /wp-includes/css/dist/block-library/style.min.css?ver=6.8.3 HTTP/1.1" 200 15778 "https://www.amphoragames.com/" "Mozilla/5.0 (Windows NT 6.1; Win64; x64) AppleWebKit/537.36 (KHTML, like Gecko) Chrome/97.0.4692.71 Safari/537.36"
45.171.167.9 - - [06/Nov/2025:18:30:54 +0000] "GET /wp-content/plugins/contact-form-7/includes/css/styles.css?ver=6.1.3 HTTP/1.1" 200 1404 "https://www.amphoragames.com/" "Mozilla/5.0 (Windows NT 6.1; Win64; x64) AppleWebKit/537.36 (KHTML, like Gecko) Chrome/97.0.4692.71 Safari/537.36"
45.171.167.9 - - [06/Nov/2025:18:30:54 +0000] "GET /wp-content/themes/ibuki/_include/css/bootstrap.min.css?ver=6.8.3 HTTP/1.1" 200 15328 "https://www.amphoragames.com/" "Mozilla/5.0 (Windows NT 6.1; Win64; x64) AppleWebKit/537.36 (KHTML, like Gecko) Chrome/97.0.4692.71 Safari/537.36"
45.171.167.9 - - [06/Nov/2025:18:30:55 +0000] "GET /wp-content/themes/ibuki/_include/css/color.css.php?ver=6.8.3 HTTP/1.1" 403 4463 "https://www.amphoragames.com/" "Mozilla/5.0 (Windows NT 6.1; Win64; x64) AppleWebKit/537.36 (KHTML, like Gecko) Chrome/97.0.4692.71 Safari/537.36"
45.171.167.9 - - [06/Nov/2025:18:30:55 +0000] "GET /wp-content/themes/ibuki/style.css?ver=6.8.3 HTTP/1.1" 200 49367 "https://www.amphoragames.com/" "Mozilla/5.0 (Windows NT 6.1; Win64; x64) AppleWebKit/537.36 (KHTML, like Gecko) Chrome/97.0.4692.71 Safari/537.36"
45.171.167.9 - - [06/Nov/2025:18:30:55 +0000] "GET /wp-includes/js/jquery/jquery-migrate.min.js?ver=3.4.1 HTTP/1.1" 200 8362 "https://www.amphoragames.com/" "Mozilla/5.0 (Windows NT 6.1; Win64; x64) AppleWebKit/537.36 (KHTML, like Gecko) Chrome/97.0.4692.71 Safari/537.36"
45.171.167.9 - - [06/Nov/2025:18:30:55 +0000] "GET /wp-content/themes/ibuki/_include/js/modernizr.js?ver=2.7.1 HTTP/1.1" 200 8026 "https://www.amphoragames.com/" "Mozilla/5.0 (Windows NT 6.1; Win64; x64) AppleWebKit/537.36 (KHTML, like Gecko) Chrome/97.0.4692.71 Safari/537.36"
45.171.167.9 - - [06/Nov/2025:18:30:55 +0000] "GET /wp-includes/js/jquery/jquery.min.js?ver=3.7.1 HTTP/1.1" 200 34005 "https://www.amphoragames.com/" "Mozilla/5.0 (Windows NT 6.1; Win64; x64) AppleWebKit/537.36 (KHTML, like Gecko) Chrome/97.0.4692.71 Safari/537.36"
45.171.167.9 - - [06/Nov/2025:18:30:55 +0000] "GET /wp-includes/js/dist/hooks.min.js?ver=4d63a3d491d11ffd8ac6 HTTP/1.1" 200 2029 "https://www.amphoragames.com/" "Mozilla/5.0 (Windows NT 6.1; Win64; x64) AppleWebKit/537.36 (KHTML, like Gecko) Chrome/97.0.4692.71 Safari/537.36"
45.171.167.9 - - [06/Nov/2025:18:30:55 +0000] "GET /wp-includes/js/dist/i18n.min.js?ver=5e580eb46a90c2b997e6 HTTP/1.1" 200 4048 "https://www.amphoragames.com/" "Mozilla/5.0 (Windows NT 6.1; Win64; x64) AppleWebKit/537.36 (KHTML, like Gecko) Chrome/97.0.4692.71 Safari/537.36"
45.171.167.9 - - [06/Nov/2025:18:30:55 +0000] "GET /wp-content/plugins/contact-form-7/includes/swv/js/index.js?ver=6.1.3 HTTP/1.1" 200 3884 "https://www.amphoragames.com/" "Mozilla/5.0 (Windows NT 6.1; Win64; x64) AppleWebKit/537.36 (KHTML, like Gecko) Chrome/97.0.4692.71 Safari/537.36"
45.171.167.9 - - [06/Nov/2025:18:30:55 +0000] "GET /wp-content/plugins/contact-form-7/includes/js/index.js?ver=6.1.3 HTTP/1.1" 200 4646 "https://www.amphoragames.com/" "Mozilla/5.0 (Windows NT 6.1; Win64; x64) AppleWebKit/537.36 (KHTML, like Gecko) Chrome/97.0.4692.71 Safari/537.36"
45.171.167.9 - - [06/Nov/2025:18:30:55 +0000] "GET /wp-content/themes/ibuki/_include/js/isotope.js?ver=1.0.0 HTTP/1.1" 200 10186 "https://www.amphoragames.com/" "Mozilla/5.0 (Windows NT 6.1; Win64; x64) AppleWebKit/537.36 (KHTML, like Gecko) Chrome/97.0.4692.71 Safari/537.36"
45.171.167.9 - - [06/Nov/2025:18:30:55 +0000] "GET /wp-content/themes/ibuki/_include/js/main.js?ver=1.0.0 HTTP/1.1" 200 13377 "https://www.amphoragames.com/" "Mozilla/5.0 (Windows NT 6.1; Win64; x64) AppleWebKit/537.36 (KHTML, like Gecko) Chrome/97.0.4692.71 Safari/537.36"
45.171.167.9 - - [06/Nov/2025:18:30:55 +0000] "GET /wp-content/themes/ibuki/_include/js/plugins.js?ver=1.0.0 HTTP/1.1" 200 104644 "https://www.amphoragames.com/" "Mozilla/5.0 (Windows NT 6.1; Win64; x64) AppleWebKit/537.36 (KHTML, like Gecko) Chrome/97.0.4692.71 Safari/537.36"
45.171.167.9 - - [06/Nov/2025:18:30:55 +0000] "GET /wp-content/uploads/2016/11/logotipo-plano-50x50.png HTTP/1.1" 200 2147 "https://www.amphoragames.com/" "Mozilla/5.0 (Windows NT 6.1; Win64; x64) AppleWebKit/537.36 (KHTML, like Gecko) Chrome/97.0.4692.71 Safari/537.36"
45.171.167.9 - - [06/Nov/2025:18:30:55 +0000] "GET /wp-content/uploads/2022/11/IMG-20221105-WA0010-cuadrado-300x300.jpg HTTP/1.1" 200 17164 "https://www.amphoragames.com/" "Mozilla/5.0 (Windows NT 6.1; Win64; x64) AppleWebKit/537.36 (KHTML, like Gecko) Chrome/97.0.4692.71 Safari/537.36"
45.171.167.9 - - [06/Nov/2025:18:30:55 +0000] "GET /wp-content/uploads/2022/11/caja-vista-tres-cuartos-v3-277x300.jpg HTTP/1.1" 200 36856 "https://www.amphoragames.com/" "Mozilla/5.0 (Windows NT 6.1; Win64; x64) AppleWebKit/537.36 (KHTML, like Gecko) Chrome/97.0.4692.71 Safari/537.36"
45.171.167.9 - - [06/Nov/2025:18:30:55 +0000] "GET /wp-content/uploads/2019/02/caja-pentaurus-duel-300x300.png HTTP/1.1" 200 101517 "https://www.amphoragames.com/" "Mozilla/5.0 (Windows NT 6.1; Win64; x64) AppleWebKit/537.36 (KHTML, like Gecko) Chrome/97.0.4692.71 Safari/537.36"
45.171.167.9 - - [06/Nov/2025:18:30:55 +0000] "GET /wp-content/themes/ibuki/_include/css/fonts/Icons.svg HTTP/1.1" 200 179705 "https://www.amphoragames.com/" "Mozilla/5.0 (Windows NT 6.1; Win64; x64) AppleWebKit/537.36 (KHTML, like Gecko) Chrome/97.0.4692.71 Safari/537.36"
45.171.167.9 - - [06/Nov/2025:18:30:55 +0000] "GET /wp-content/uploads/2019/08/pandemain-on-kickstarter.jpg HTTP/1.1" 200 586843 "https://www.amphoragames.com/" "Mozilla/5.0 (Windows NT 6.1; Win64; x64) AppleWebKit/537.36 (KHTML, like Gecko) Chrome/97.0.4692.71 Safari/537.36"
194.164.62.186 - - [06/Nov/2025:18:31:09 +0000] "POST /wp-cron.php?doing_wp_cron=1762453869.0479490756988525390625 HTTP/1.1" 200 3647 "-" "WordPress/6.8.3; https://www.amphoragames.com"
66.249.79.37 - - [06/Nov/2025:18:31:08 +0000] "GET /entity/1179790650.shtm HTTP/1.1" 301 3813 "-" "Mozilla/5.0 (Linux; Android 6.0.1; Nexus 5X Build/MMB29P) AppleWebKit/537.36 (KHTML, like Gecko) Chrome/141.0.7390.122 Mobile Safari/537.36 (compatible; Googlebot/2.1; +http://www.google.com/bot.html)"
66.249.79.33 - - [06/Nov/2025:18:31:11 +0000] "GET /entity/806253907.shtm HTTP/1.1" 301 3813 "-" "Mozilla/5.0 (Linux; Android 6.0.1; Nexus 5X Build/MMB29P) AppleWebKit/537.36 (KHTML, like Gecko) Chrome/141.0.7390.122 Mobile Safari/537.36 (compatible; Googlebot/2.1; +http://www.google.com/bot.html)"
52.167.144.142 - - [06/Nov/2025:18:31:38 +0000] "GET /?zhHant/product/surugaya/A87667849?campaign_uid=f64d716db5e979ed2f947dbaf4296895b951ae7f HTTP/1.1" 301 3804 "-" "Mozilla/5.0 AppleWebKit/537.36 (KHTML, like Gecko; compatible; bingbot/2.0; +http://www.bing.com/bingbot.htm) Chrome/116.0.1938.76 Safari/537.36"
157.55.39.16 - - [06/Nov/2025:18:31:53 +0000] "GET /entity/1357029944.shtm HTTP/1.1" 404 33610 "-" "Mozilla/5.0 AppleWebKit/537.36 (KHTML, like Gecko; compatible; bingbot/2.0; +http://www.bing.com/bingbot.htm) Chrome/116.0.1938.76 Safari/537.36"
66.249.79.32 - - [06/Nov/2025:18:31:54 +0000] "GET /entity/931335947.shtm HTTP/1.1" 301 3813 "-" "Mozilla/5.0 (Linux; Android 6.0.1; Nexus 5X Build/MMB29P) AppleWebKit/537.36 (KHTML, like Gecko) Chrome/141.0.7390.122 Mobile Safari/537.36 (compatible; Googlebot/2.1; +http://www.google.com/bot.html)"
66.249.79.32 - - [06/Nov/2025:18:31:57 +0000] "GET /entity/22576843.shtm HTTP/1.1" 301 3813 "-" "Mozilla/5.0 (Linux; Android 6.0.1; Nexus 5X Build/MMB29P) AppleWebKit/537.36 (KHTML, like Gecko) Chrome/141.0.7390.122 Mobile Safari/537.36 (compatible; GoogleOther)"
114.119.142.126 - - [06/Nov/2025:18:32:08 +0000] "GET /en/ HTTP/1.1" 403 4628 "-" "Mozilla/5.0 (Linux; Android 7.0;) AppleWebKit/537.36 (KHTML, like Gecko) Mobile Safari/537.36 (compatible; PetalBot;+https://webmaster.petalsearch.com/site/petalbot)"
194.164.62.186 - - [06/Nov/2025:18:32:16 +0000] "POST /wp-cron.php?doing_wp_cron=1762453936.4687829017639160156250 HTTP/1.1" 200 3647 "-" "WordPress/6.8.3; https://www.amphoragames.com"
207.46.13.107 - - [06/Nov/2025:18:32:16 +0000] "GET /entity/1350069256.shtm HTTP/1.1" 404 33610 "-" "Mozilla/5.0 AppleWebKit/537.36 (KHTML, like Gecko; compatible; bingbot/2.0; +http://www.bing.com/bingbot.htm) Chrome/116.0.1938.76 Safari/537.36"
66.249.79.33 - - [06/Nov/2025:18:32:17 +0000] "GET /entity/1181011320.shtm HTTP/1.1" 301 3813 "-" "Mozilla/5.0 (Linux; Android 6.0.1; Nexus 5X Build/MMB29P) AppleWebKit/537.36 (KHTML, like Gecko) Chrome/141.0.7390.122 Mobile Safari/537.36 (compatible; Googlebot/2.1; +http://www.google.com/bot.html)"
207.46.13.83 - - [06/Nov/2025:18:32:25 +0000] "GET /entity/1180382823.shtm HTTP/1.1" 404 33610 "-" "Mozilla/5.0 AppleWebKit/537.36 (KHTML, like Gecko; compatible; bingbot/2.0; +http://www.bing.com/bingbot.htm) Chrome/116.0.1938.76 Safari/537.36"
66.249.79.32 - - [06/Nov/2025:18:32:39 +0000] "GET /entity/375757014.shtm HTTP/1.1" 301 3813 "-" "Mozilla/5.0 (Linux; Android 6.0.1; Nexus 5X Build/MMB29P) AppleWebKit/537.36 (KHTML, like Gecko) Chrome/141.0.7390.122 Mobile Safari/537.36 (compatible; Googlebot/2.1; +http://www.google.com/bot.html)"
66.249.79.37 - - [06/Nov/2025:18:32:41 +0000] "GET /entity/1096481483.shtm HTTP/1.1" 301 3813 "-" "Mozilla/5.0 (Linux; Android 6.0.1; Nexus 5X Build/MMB29P) AppleWebKit/537.36 (KHTML, like Gecko) Chrome/141.0.7390.122 Mobile Safari/537.36 (compatible; Googlebot/2.1; +http://www.google.com/bot.html)"
66.249.79.37 - - [06/Nov/2025:18:33:04 +0000] "GET /entity/1356771536.shtm HTTP/1.1" 301 3813 "-" "Mozilla/5.0 (Linux; Android 6.0.1; Nexus 5X Build/MMB29P) AppleWebKit/537.36 (KHTML, like Gecko) Chrome/141.0.7390.122 Mobile Safari/537.36 (compatible; Googlebot/2.1; +http://www.google.com/bot.html)"
66.249.79.37 - - [06/Nov/2025:18:33:06 +0000] "GET /entity/1182229160.shtm HTTP/1.1" 301 495 "-" "Mozilla/5.0 (Linux; Android 6.0.1; Nexus 5X Build/MMB29P) AppleWebKit/537.36 (KHTML, like Gecko) Chrome/141.0.7390.122 Mobile Safari/537.36 (compatible; Googlebot/2.1; +http://www.google.com/bot.html)"
52.167.144.142 - - [06/Nov/2025:18:33:08 +0000] "GET /entity/600955698.shtm HTTP/1.1" 404 33606 "-" "Mozilla/5.0 AppleWebKit/537.36 (KHTML, like Gecko; compatible; bingbot/2.0; +http://www.bing.com/bingbot.htm) Chrome/116.0.1938.76 Safari/537.36"
194.164.62.186 - - [06/Nov/2025:18:33:18 +0000] "POST /wp-cron.php?doing_wp_cron=1762453998.2359321117401123046875 HTTP/1.1" 200 3647 "-" "WordPress/6.8.3; https://www.amphoragames.com"
207.46.13.83 - - [06/Nov/2025:18:33:18 +0000] "GET /entity/1000532245.shtm HTTP/1.1" 404 33610 "-" "Mozilla/5.0 AppleWebKit/537.36 (KHTML, like Gecko; compatible; bingbot/2.0; +http://www.bing.com/bingbot.htm) Chrome/116.0.1938.76 Safari/537.36"
66.249.79.32 - - [06/Nov/2025:18:33:28 +0000] "GET /entity/240649744.shtm HTTP/1.1" 301 3813 "-" "Mozilla/5.0 (Linux; Android 6.0.1; Nexus 5X Build/MMB29P) AppleWebKit/537.36 (KHTML, like Gecko) Chrome/141.0.7390.122 Mobile Safari/537.36 (compatible; Googlebot/2.1; +http://www.google.com/bot.html)"
66.249.79.32 - - [06/Nov/2025:18:33:31 +0000] "GET /entity/1340693325.shtm HTTP/1.1" 301 495 "-" "Mozilla/5.0 (Linux; Android 6.0.1; Nexus 5X Build/MMB29P) AppleWebKit/537.36 (KHTML, like Gecko) Chrome/141.0.7390.122 Mobile Safari/537.36 (compatible; Googlebot/2.1; +http://www.google.com/bot.html)"
40.77.167.13 - - [06/Nov/2025:18:33:33 +0000] "GET /entity/1314008188.shtm HTTP/1.1" 404 33610 "-" "Mozilla/5.0 AppleWebKit/537.36 (KHTML, like Gecko; compatible; bingbot/2.0; +http://www.bing.com/bingbot.htm) Chrome/116.0.1938.76 Safari/537.36"
66.249.79.37 - - [06/Nov/2025:18:33:53 +0000] "GET /entity/555424981.shtm HTTP/1.1" 301 3813 "-" "Mozilla/5.0 (Linux; Android 6.0.1; Nexus 5X Build/MMB29P) AppleWebKit/537.36 (KHTML, like Gecko) Chrome/141.0.7390.122 Mobile Safari/537.36 (compatible; Googlebot/2.1; +http://www.google.com/bot.html)"
66.249.79.37 - - [06/Nov/2025:18:33:55 +0000] "GET /entity/353931965.shtm HTTP/1.1" 301 495 "-" "Mozilla/5.0 (Linux; Android 6.0.1; Nexus 5X Build/MMB29P) AppleWebKit/537.36 (KHTML, like Gecko) Chrome/141.0.7390.122 Mobile Safari/537.36 (compatible; Googlebot/2.1; +http://www.google.com/bot.html)"
194.164.62.186 - - [06/Nov/2025:18:34:21 +0000] "POST /wp-cron.php?doing_wp_cron=1762454061.9034790992736816406250 HTTP/1.1" 200 3647 "-" "WordPress/6.8.3; https://www.amphoragames.com"
66.249.79.32 - - [06/Nov/2025:18:34:21 +0000] "GET /entity/241806434.shtm HTTP/1.1" 301 3813 "-" "Mozilla/5.0 (Linux; Android 6.0.1; Nexus 5X Build/MMB29P) AppleWebKit/537.36 (KHTML, like Gecko) Chrome/141.0.7390.122 Mobile Safari/537.36 (compatible; Googlebot/2.1; +http://www.google.com/bot.html)"
66.249.79.32 - - [06/Nov/2025:18:34:48 +0000] "GET /entity/380594130.shtm HTTP/1.1" 301 3813 "-" "Mozilla/5.0 (Linux; Android 6.0.1; Nexus 5X Build/MMB29P) AppleWebKit/537.36 (KHTML, like Gecko) Chrome/141.0.7390.122 Mobile Safari/537.36 (compatible; GoogleOther)"
66.249.79.32 - - [06/Nov/2025:18:34:50 +0000] "GET /entity/353952507.shtm HTTP/1.1" 301 3813 "-" "Mozilla/5.0 (Linux; Android 6.0.1; Nexus 5X Build/MMB29P) AppleWebKit/537.36 (KHTML, like Gecko) Chrome/141.0.7390.122 Mobile Safari/537.36 (compatible; Googlebot/2.1; +http://www.google.com/bot.html)"
52.167.144.142 - - [06/Nov/2025:18:35:03 +0000] "GET /entity/1000512104.shtm HTTP/1.1" 404 33610 "-" "Mozilla/5.0 AppleWebKit/537.36 (KHTML, like Gecko; compatible; bingbot/2.0; +http://www.bing.com/bingbot.htm) Chrome/116.0.1938.76 Safari/537.36"
40.77.167.25 - - [06/Nov/2025:18:35:07 +0000] "GET /entity/1229783512.shtm HTTP/1.1" 404 33610 "-" "Mozilla/5.0 AppleWebKit/537.36 (KHTML, like Gecko; compatible; bingbot/2.0; +http://www.bing.com/bingbot.htm) Chrome/116.0.1938.76 Safari/537.36"
194.164.62.186 - - [06/Nov/2025:18:35:26 +0000] "POST /wp-cron.php?doing_wp_cron=1762454126.6336019039154052734375 HTTP/1.1" 200 3647 "-" "WordPress/6.8.3; https://www.amphoragames.com"
66.249.79.37 - - [06/Nov/2025:18:35:26 +0000] "GET /entity/1181041306.shtm HTTP/1.1" 301 3813 "-" "Mozilla/5.0 (Linux; Android 6.0.1; Nexus 5X Build/MMB29P) AppleWebKit/537.36 (KHTML, like Gecko) Chrome/141.0.7390.122 Mobile Safari/537.36 (compatible; Googlebot/2.1; +http://www.google.com/bot.html)"
114.119.142.126 - - [06/Nov/2025:18:35:36 +0000] "GET /en HTTP/1.1" 301 3866 "-" "Mozilla/5.0 (Linux; Android 7.0;) AppleWebKit/537.36 (KHTML, like Gecko) Mobile Safari/537.36 (compatible; PetalBot;+https://webmaster.petalsearch.com/site/petalbot)"
114.119.142.126 - - [06/Nov/2025:18:35:36 +0000] "GET /en/ HTTP/1.1" 403 4628 "-" "Mozilla/5.0 (Linux; Android 7.0;) AppleWebKit/537.36 (KHTML, like Gecko) Mobile Safari/537.36 (compatible; PetalBot;+https://webmaster.petalsearch.com/site/petalbot)"
66.249.79.32 - - [06/Nov/2025:18:35:50 +0000] "GET /entity/42196064.shtm HTTP/1.1" 301 3813 "-" "Mozilla/5.0 (Linux; Android 6.0.1; Nexus 5X Build/MMB29P) AppleWebKit/537.36 (KHTML, like Gecko) Chrome/141.0.7390.122 Mobile Safari/537.36 (compatible; Googlebot/2.1; +http://www.google.com/bot.html)"
172.173.224.128 - - [06/Nov/2025:18:36:28 +0000] "GET / HTTP/1.1" 301 3837 "-" "Mozilla/5.0 (Windows NT 1.0; Win64; x64) AppleWebKit/537.36 (KHTML, like Gecko) Chrome/91.0.4472.124 Safari/537.36"
194.164.62.186 - - [06/Nov/2025:18:36:29 +0000] "POST /wp-cron.php?doing_wp_cron=1762454189.6523458957672119140625 HTTP/1.1" 200 3647 "-" "WordPress/6.8.3; https://www.amphoragames.com"
172.173.224.128 - - [06/Nov/2025:18:36:29 +0000] "GET / HTTP/1.1" 200 13527 "-" "Mozilla/5.0 (Windows NT 1.0; Win64; x64) AppleWebKit/537.36 (KHTML, like Gecko) Chrome/91.0.4472.124 Safari/537.36"
66.249.79.37 - - [06/Nov/2025:18:36:33 +0000] "GET /entity/1425793615.shtm HTTP/1.1" 301 3813 "-" "Mozilla/5.0 (Linux; Android 6.0.1; Nexus 5X Build/MMB29P) AppleWebKit/537.36 (KHTML, like Gecko) Chrome/141.0.7390.122 Mobile Safari/537.36 (compatible; Googlebot/2.1; +http://www.google.com/bot.html)"
66.249.79.37 - - [06/Nov/2025:18:36:36 +0000] "GET /entity/1298592514.shtm HTTP/1.1" 301 495 "-" "Mozilla/5.0 (Linux; Android 6.0.1; Nexus 5X Build/MMB29P) AppleWebKit/537.36 (KHTML, like Gecko) Chrome/141.0.7390.122 Mobile Safari/537.36 (compatible; Googlebot/2.1; +http://www.google.com/bot.html)"
66.249.79.32 - - [06/Nov/2025:18:36:58 +0000] "GET /entity/838752965.shtm HTTP/1.1" 301 3813 "-" "Mozilla/5.0 (Linux; Android 6.0.1; Nexus 5X Build/MMB29P) AppleWebKit/537.36 (KHTML, like Gecko) Chrome/141.0.7390.122 Mobile Safari/537.36 (compatible; Googlebot/2.1; +http://www.google.com/bot.html)"
194.164.62.186 - - [06/Nov/2025:18:37:19 +0000] "POST /wp-cron.php?doing_wp_cron=1762454239.5101320743560791015625 HTTP/1.1" 200 3647 "-" "WordPress/6.8.3; https://www.amphoragames.com"
116.203.213.1 - - [06/Nov/2025:18:37:19 +0000] "GET / HTTP/1.1" 200 45713 "-" "Mozilla/5.0 (Linux; Android 10; K) AppleWebKit/537.36 (KHTML, like Gecko) Chrome/120.0.0.0 Mobile Safari/537.3"
116.203.213.1 - - [06/Nov/2025:18:37:19 +0000] "GET /wp-admin/js/customize-controls.min.js HTTP/1.1" 200 115670 "-" "Mozilla/5.0 (Linux; Android 10; K) AppleWebKit/537.36 (KHTML, like Gecko) Chrome/120.0.0.0 Mobile Safari/537.3"
116.203.213.1 - - [06/Nov/2025:18:37:19 +0000] "GET /wp-includes/js/dist/block-library.js HTTP/1.1" 200 104595 "-" "Mozilla/5.0 (Linux; Android 10; K) AppleWebKit/537.36 (KHTML, like Gecko) Chrome/120.0.0.0 Mobile Safari/537.3"
116.203.213.1 - - [06/Nov/2025:18:37:19 +0000] "GET /wp-admin/js/nav-menu.min.js HTTP/1.1" 200 34252 "-" "Mozilla/5.0 (Linux; Android 10; K) AppleWebKit/537.36 (KHTML, like Gecko) Chrome/120.0.0.0 Mobile Safari/537.3"
66.249.79.32 - - [06/Nov/2025:18:37:20 +0000] "GET /entity/591534903.shtm HTTP/1.1" 301 3813 "-" "Mozilla/5.0 (Linux; Android 6.0.1; Nexus 5X Build/MMB29P) AppleWebKit/537.36 (KHTML, like Gecko) Chrome/141.0.7390.122 Mobile Safari/537.36 (compatible; Googlebot/2.1; +http://www.google.com/bot.html)"
91.99.166.197 - - [06/Nov/2025:18:37:21 +0000] "GET / HTTP/1.1" 200 45713 "-" "Mozilla/5.0 (X11; Linux x86_64) AppleWebKit/537.36 (KHTML, like Gecko) Chrome/119.0.0.0 Safari/537.3"
66.249.79.32 - - [06/Nov/2025:18:37:22 +0000] "GET /entity/1298564064.shtm HTTP/1.1" 301 495 "-" "Mozilla/5.0 (Linux; Android 6.0.1; Nexus 5X Build/MMB29P) AppleWebKit/537.36 (KHTML, like Gecko) Chrome/141.0.7390.122 Mobile Safari/537.36 (compatible; Googlebot/2.1; +http://www.google.com/bot.html)"
66.249.79.32 - - [06/Nov/2025:18:37:44 +0000] "GET /entity/1293966296.shtm HTTP/1.1" 301 3813 "-" "Mozilla/5.0 (Linux; Android 6.0.1; Nexus 5X Build/MMB29P) AppleWebKit/537.36 (KHTML, like Gecko) Chrome/141.0.7390.122 Mobile Safari/537.36 (compatible; Googlebot/2.1; +http://www.google.com/bot.html)"
66.249.79.37 - - [06/Nov/2025:18:37:46 +0000] "GET /entity/1179797748.shtm HTTP/1.1" 301 3813 "-" "Mozilla/5.0 (Linux; Android 6.0.1; Nexus 5X Build/MMB29P) AppleWebKit/537.36 (KHTML, like Gecko) Chrome/141.0.7390.122 Mobile Safari/537.36 (compatible; Googlebot/2.1; +http://www.google.com/bot.html)"
52.167.144.142 - - [06/Nov/2025:18:37:49 +0000] "GET /entity/1243597294.shtm HTTP/1.1" 404 33610 "-" "Mozilla/5.0 AppleWebKit/537.36 (KHTML, like Gecko; compatible; bingbot/2.0; +http://www.bing.com/bingbot.htm) Chrome/116.0.1938.76 Safari/537.36"
66.249.79.37 - - [06/Nov/2025:18:38:03 +0000] "GET /entity/237874558.shtm HTTP/1.1" 301 3813 "-" "Mozilla/5.0 (Linux; Android 6.0.1; Nexus 5X Build/MMB29P) AppleWebKit/537.36 (KHTML, like Gecko) Chrome/141.0.7390.122 Mobile Safari/537.36 (compatible; Googlebot/2.1; +http://www.google.com/bot.html)"
40.77.167.25 - - [06/Nov/2025:18:38:04 +0000] "GET /entity/896355114.shtm HTTP/1.1" 404 33606 "-" "Mozilla/5.0 AppleWebKit/537.36 (KHTML, like Gecko; compatible; bingbot/2.0; +http://www.bing.com/bingbot.htm) Chrome/116.0.1938.76 Safari/537.36"
194.164.62.186 - - [06/Nov/2025:18:38:25 +0000] "POST /wp-cron.php?doing_wp_cron=1762454305.1016221046447753906250 HTTP/1.1" 200 3647 "-" "WordPress/6.8.3; https://www.amphoragames.com"
40.77.167.25 - - [06/Nov/2025:18:38:24 +0000] "GET /entity/226158941.shtm HTTP/1.1" 404 33606 "-" "Mozilla/5.0 AppleWebKit/537.36 (KHTML, like Gecko; compatible; bingbot/2.0; +http://www.bing.com/bingbot.htm) Chrome/116.0.1938.76 Safari/537.36"
66.249.79.32 - - [06/Nov/2025:18:38:31 +0000] "GET /entity/1179844365.shtm HTTP/1.1" 301 3813 "-" "Mozilla/5.0 (Linux; Android 6.0.1; Nexus 5X Build/MMB29P) AppleWebKit/537.36 (KHTML, like Gecko) Chrome/141.0.7390.122 Mobile Safari/537.36 (compatible; Googlebot/2.1; +http://www.google.com/bot.html)"
66.249.79.37 - - [06/Nov/2025:18:38:59 +0000] "GET /entity/450763136.shtm HTTP/1.1" 301 3813 "-" "Mozilla/5.0 (Linux; Android 6.0.1; Nexus 5X Build/MMB29P) AppleWebKit/537.36 (KHTML, like Gecko) Chrome/141.0.7390.122 Mobile Safari/537.36 (compatible; Googlebot/2.1; +http://www.google.com/bot.html)"
40.77.167.25 - - [06/Nov/2025:18:39:04 +0000] "GET /entity/357302511.shtm HTTP/1.1" 404 33606 "-" "Mozilla/5.0 AppleWebKit/537.36 (KHTML, like Gecko; compatible; bingbot/2.0; +http://www.bing.com/bingbot.htm) Chrome/116.0.1938.76 Safari/537.36"
194.164.62.186 - - [06/Nov/2025:18:39:09 +0000] "POST /wp-cron.php?doing_wp_cron=1762454349.1346750259399414062500 HTTP/1.1" 200 3647 "-" "WordPress/6.8.3; https://www.amphoragames.com"
