62.60.130.210 - - [06/Nov/2025:12:07:35 +0000] "GET /wp-admin/index.php HTTP/1.1" 302 531 "https://www.amphoragames.com/wp-login.php" "Mozilla/5.0 (X11; Linux x86_64) AppleWebKit/537.36 (KHTML, like Gecko) Chrome/120.0.6099.130 Safari/537.36"
62.60.130.210 - - [06/Nov/2025:12:07:35 +0000] "GET /wp-login.php?redirect_to=https%3A%2F%2Fwww.amphoragames.com%2Fwp-admin%2Findex.php&reauth=1 HTTP/1.1" 200 5783 "https://www.amphoragames.com/wp-login.php" "Mozilla/5.0 (X11; Linux x86_64) AppleWebKit/537.36 (KHTML, like Gecko) Chrome/120.0.6099.130 Safari/537.36"
62.60.130.210 - - [06/Nov/2025:12:07:36 +0000] "POST /wp-login.php HTTP/1.1" 200 3869 "https://www.amphoragames.com/wp-login.php" "Mozilla/5.0 (X11; Ubuntu; Linux x86_64) AppleWebKit/537.36 (KHTML, like Gecko) Chrome/118.0.5993.88 Safari/537.36"
62.60.130.210 - - [06/Nov/2025:12:07:37 +0000] "GET /wp-admin/index.php HTTP/1.1" 302 531 "https://www.amphoragames.com/wp-login.php" "Mozilla/5.0 (X11; Ubuntu; Linux x86_64) AppleWebKit/537.36 (KHTML, like Gecko) Chrome/118.0.5993.88 Safari/537.36"
62.60.130.210 - - [06/Nov/2025:12:07:37 +0000] "GET /wp-login.php?redirect_to=https%3A%2F%2Fwww.amphoragames.com%2Fwp-admin%2Findex.php&reauth=1 HTTP/1.1" 200 5783 "https://www.amphoragames.com/wp-login.php" "Mozilla/5.0 (X11; Ubuntu; Linux x86_64) AppleWebKit/537.36 (KHTML, like Gecko) Chrome/118.0.5993.88 Safari/537.36"
183.207.45.105 - - [06/Nov/2025:12:07:21 +0000] "GET /wp-content/uploads/2019/02/caja-pentaurus-duel.png HTTP/1.1" 200 506720 "-" "Mozilla/5.0 (Windows NT 10.0; Win64; x64) AppleWebKit/537.36 (KHTML, like Gecko) Chrome/107.0.0.0 Safari/537.36"
62.60.130.210 - - [06/Nov/2025:12:07:38 +0000] "POST /wp-login.php HTTP/1.1" 200 3872 "https://www.amphoragames.com/wp-login.php" "Mozilla/5.0 (Windows NT 10.0; Win64; x64) AppleWebKit/537.36 (KHTML, like Gecko) Chrome/122.0.6261.57 Safari/537.36"
62.60.130.210 - - [06/Nov/2025:12:07:38 +0000] "GET /wp-admin/index.php HTTP/1.1" 302 531 "https://www.amphoragames.com/wp-login.php" "Mozilla/5.0 (Windows NT 10.0; Win64; x64) AppleWebKit/537.36 (KHTML, like Gecko) Chrome/122.0.6261.57 Safari/537.36"
62.60.130.210 - - [06/Nov/2025:12:07:39 +0000] "GET /wp-login.php?redirect_to=https%3A%2F%2Fwww.amphoragames.com%2Fwp-admin%2Findex.php&reauth=1 HTTP/1.1" 200 5783 "https://www.amphoragames.com/wp-login.php" "Mozilla/5.0 (Windows NT 10.0; Win64; x64) AppleWebKit/537.36 (KHTML, like Gecko) Chrome/122.0.6261.57 Safari/537.36"
62.60.130.210 - - [06/Nov/2025:12:07:40 +0000] "POST /wp-login.php HTTP/1.1" 200 3868 "https://www.amphoragames.com/wp-login.php" "Mozilla/5.0 (Macintosh; Intel Mac OS X 11_7_2) AppleWebKit/605.1.15 (KHTML, like Gecko) Version/17.2.1 Safari/605.1.15"
62.60.130.210 - - [06/Nov/2025:12:07:40 +0000] "GET /wp-admin/index.php HTTP/1.1" 302 531 "https://www.amphoragames.com/wp-login.php" "Mozilla/5.0 (Macintosh; Intel Mac OS X 11_7_2) AppleWebKit/605.1.15 (KHTML, like Gecko) Version/17.2.1 Safari/605.1.15"
62.60.130.210 - - [06/Nov/2025:12:07:41 +0000] "GET /wp-login.php?redirect_to=https%3A%2F%2Fwww.amphoragames.com%2Fwp-admin%2Findex.php&reauth=1 HTTP/1.1" 200 5783 "https://www.amphoragames.com/wp-login.php" "Mozilla/5.0 (Macintosh; Intel Mac OS X 11_7_2) AppleWebKit/605.1.15 (KHTML, like Gecko) Version/17.2.1 Safari/605.1.15"
62.60.130.210 - - [06/Nov/2025:12:07:42 +0000] "POST /wp-login.php HTTP/1.1" 200 3867 "https://www.amphoragames.com/wp-login.php" "Mozilla/5.0 (Windows NT 10.0; Win64; x64) AppleWebKit/537.36 (KHTML, like Gecko) Chrome/120.0.6099.130 Safari/537.36"
62.60.130.210 - - [06/Nov/2025:12:07:42 +0000] "GET /wp-admin/index.php HTTP/1.1" 302 531 "https://www.amphoragames.com/wp-login.php" "Mozilla/5.0 (Windows NT 10.0; Win64; x64) AppleWebKit/537.36 (KHTML, like Gecko) Chrome/120.0.6099.130 Safari/537.36"
62.60.130.210 - - [06/Nov/2025:12:07:42 +0000] "GET /wp-login.php?redirect_to=https%3A%2F%2Fwww.amphoragames.com%2Fwp-admin%2Findex.php&reauth=1 HTTP/1.1" 200 5783 "https://www.amphoragames.com/wp-login.php" "Mozilla/5.0 (Windows NT 10.0; Win64; x64) AppleWebKit/537.36 (KHTML, like Gecko) Chrome/120.0.6099.130 Safari/537.36"
62.60.130.210 - - [06/Nov/2025:12:07:43 +0000] "POST /wp-login.php HTTP/1.1" 200 3866 "https://www.amphoragames.com/wp-login.php" "Mozilla/5.0 (Macintosh; Intel Mac OS X 11_7_2) AppleWebKit/605.1.15 (KHTML, like Gecko) Version/17.0 Safari/605.1.15"
62.60.130.210 - - [06/Nov/2025:12:07:44 +0000] "GET /wp-admin/index.php HTTP/1.1" 302 531 "https://www.amphoragames.com/wp-login.php" "Mozilla/5.0 (Macintosh; Intel Mac OS X 11_7_2) AppleWebKit/605.1.15 (KHTML, like Gecko) Version/17.0 Safari/605.1.15"
62.60.130.210 - - [06/Nov/2025:12:07:44 +0000] "GET /wp-login.php?redirect_to=https%3A%2F%2Fwww.amphoragames.com%2Fwp-admin%2Findex.php&reauth=1 HTTP/1.1" 200 5783 "https://www.amphoragames.com/wp-login.php" "Mozilla/5.0 (Macintosh; Intel Mac OS X 11_7_2) AppleWebKit/605.1.15 (KHTML, like Gecko) Version/17.0 Safari/605.1.15"
62.60.130.210 - - [06/Nov/2025:12:07:45 +0000] "POST /wp-login.php HTTP/1.1" 200 3866 "https://www.amphoragames.com/wp-login.php" "Mozilla/5.0 (Macintosh; Intel Mac OS X 11_7_2) AppleWebKit/605.1.15 (KHTML, like Gecko) Version/17.0 Safari/605.1.15"
183.207.45.105 - - [06/Nov/2025:12:07:45 +0000] "GET /wp-json/oembed/1.0/embed?url=https%3A%2F%2Fwww.amphoragames.com%2Fpandemain-el-pan-tradicional-de-los-granjeros%2F HTTP/1.1" 200 3544 "-" "Mozilla/5.0 (Windows NT 10.0; Win64; x64) AppleWebKit/537.36 (KHTML, like Gecko) Chrome/107.0.0.0 Safari/537.36"
62.60.130.210 - - [06/Nov/2025:12:07:46 +0000] "GET /wp-admin/index.php HTTP/1.1" 302 531 "https://www.amphoragames.com/wp-login.php" "Mozilla/5.0 (Macintosh; Intel Mac OS X 11_7_2) AppleWebKit/605.1.15 (KHTML, like Gecko) Version/17.0 Safari/605.1.15"
183.207.45.105 - - [06/Nov/2025:12:07:46 +0000] "GET /?p=1340 HTTP/1.1" 301 850 "-" "Mozilla/5.0 (Windows NT 10.0; Win64; x64) AppleWebKit/537.36 (KHTML, like Gecko) Chrome/107.0.0.0 Safari/537.36"
62.60.130.210 - - [06/Nov/2025:12:07:46 +0000] "GET /wp-login.php?redirect_to=https%3A%2F%2Fwww.amphoragames.com%2Fwp-admin%2Findex.php&reauth=1 HTTP/1.1" 200 5783 "https://www.amphoragames.com/wp-login.php" "Mozilla/5.0 (Macintosh; Intel Mac OS X 11_7_2) AppleWebKit/605.1.15 (KHTML, like Gecko) Version/17.0 Safari/605.1.15"
183.207.45.105 - - [06/Nov/2025:12:07:47 +0000] "GET /pandemain-el-pan-tradicional-de-los-granjeros/ HTTP/1.1" 200 11614 "-" "Mozilla/5.0 (Windows NT 10.0; Win64; x64) AppleWebKit/537.36 (KHTML, like Gecko) Chrome/107.0.0.0 Safari/537.36"
183.207.45.105 - - [06/Nov/2025:12:07:47 +0000] "GET /wp-json/wp/v2/pages/1340 HTTP/1.1" 200 17276 "-" "Mozilla/5.0 (Windows NT 10.0; Win64; x64) AppleWebKit/537.36 (KHTML, like Gecko) Chrome/107.0.0.0 Safari/537.36"
62.60.130.210 - - [06/Nov/2025:12:07:48 +0000] "POST /wp-login.php HTTP/1.1" 200 3837 "https://www.amphoragames.com/wp-login.php" "Mozilla/5.0 (X11; Linux x86_64) AppleWebKit/537.36 (KHTML, like Gecko) Chrome/118.0.5993.88 Safari/537.36"
62.60.130.210 - - [06/Nov/2025:12:07:48 +0000] "GET /wp-admin/index.php HTTP/1.1" 302 531 "https://www.amphoragames.com/wp-login.php" "Mozilla/5.0 (X11; Linux x86_64) AppleWebKit/537.36 (KHTML, like Gecko) Chrome/118.0.5993.88 Safari/537.36"
183.207.45.105 - - [06/Nov/2025:12:07:49 +0000] "GET /category/pandemain HTTP/1.1" 301 711 "-" "Mozilla/5.0 (Windows NT 10.0; Win64; x64) AppleWebKit/537.36 (KHTML, like Gecko) Chrome/107.0.0.0 Safari/537.36"
62.60.130.210 - - [06/Nov/2025:12:07:49 +0000] "GET /wp-login.php?redirect_to=https%3A%2F%2Fwww.amphoragames.com%2Fwp-admin%2Findex.php&reauth=1 HTTP/1.1" 200 5783 "https://www.amphoragames.com/wp-login.php" "Mozilla/5.0 (X11; Linux x86_64) AppleWebKit/537.36 (KHTML, like Gecko) Chrome/118.0.5993.88 Safari/537.36"
183.207.45.105 - - [06/Nov/2025:12:07:49 +0000] "GET /category/pandemain/ HTTP/1.1" 200 20683 "-" "Mozilla/5.0 (Windows NT 10.0; Win64; x64) AppleWebKit/537.36 (KHTML, like Gecko) Chrome/107.0.0.0 Safari/537.36"
62.60.130.210 - - [06/Nov/2025:12:07:50 +0000] "POST /wp-login.php HTTP/1.1" 200 3837 "https://www.amphoragames.com/wp-login.php" "Mozilla/5.0 (Macintosh; Intel Mac OS X 10.15) Gecko/20100101 Firefox/118.0.2"
183.207.45.105 - - [06/Nov/2025:12:07:50 +0000] "GET /pandemain-el-pan-tradicional-de-los-granjeros/ HTTP/1.1" 200 11614 "-" "Mozilla/5.0 (Windows NT 10.0; Win64; x64) AppleWebKit/537.36 (KHTML, like Gecko) Chrome/107.0.0.0 Safari/537.36"
62.60.130.210 - - [06/Nov/2025:12:07:50 +0000] "GET /wp-admin/index.php HTTP/1.1" 302 531 "https://www.amphoragames.com/wp-login.php" "Mozilla/5.0 (Macintosh; Intel Mac OS X 10.15) Gecko/20100101 Firefox/118.0.2"
183.207.45.105 - - [06/Nov/2025:12:07:50 +0000] "GET /pandemain-el-pan-tradicional-de-los-granjeros/ HTTP/1.1" 200 11614 "-" "Mozilla/5.0 (Windows NT 10.0; Win64; x64) AppleWebKit/537.36 (KHTML, like Gecko) Chrome/107.0.0.0 Safari/537.36"
62.60.130.210 - - [06/Nov/2025:12:07:51 +0000] "GET /wp-login.php?redirect_to=https%3A%2F%2Fwww.amphoragames.com%2Fwp-admin%2Findex.php&reauth=1 HTTP/1.1" 200 5783 "https://www.amphoragames.com/wp-login.php" "Mozilla/5.0 (Macintosh; Intel Mac OS X 10.15) Gecko/20100101 Firefox/118.0.2"
183.207.45.105 - - [06/Nov/2025:12:07:51 +0000] "GET /wp-content/uploads/2019/01/Pandemain-El-Pan-Tradicional-de-los-Granjeros-01.jpg HTTP/1.1" 200 150693 "-" "Mozilla/5.0 (Windows NT 10.0; Win64; x64) AppleWebKit/537.36 (KHTML, like Gecko) Chrome/107.0.0.0 Safari/537.36"
183.207.45.105 - - [06/Nov/2025:12:07:56 +0000] "GET /wp-content/uploads/2019/01/Pandemain-El-Pan-Tradicional-de-los-Granjeros-02.jpg HTTP/1.1" 200 157959 "-" "Mozilla/5.0 (Windows NT 10.0; Win64; x64) AppleWebKit/537.36 (KHTML, like Gecko) Chrome/107.0.0.0 Safari/537.36"
183.207.45.105 - - [06/Nov/2025:12:08:04 +0000] "GET /wp-content/uploads/2019/01/Pandemain-El-Pan-Tradicional-de-los-Granjeros-03.jpg HTTP/1.1" 200 139083 "-" "Mozilla/5.0 (Windows NT 10.0; Win64; x64) AppleWebKit/537.36 (KHTML, like Gecko) Chrome/107.0.0.0 Safari/537.36"
194.164.62.186 - - [06/Nov/2025:12:08:13 +0000] "POST /wp-cron.php?doing_wp_cron=1762430893.2678020000457763671875 HTTP/1.1" 200 3647 "-" "WordPress/6.8.3; https://www.amphoragames.com"
66.249.79.37 - - [06/Nov/2025:12:08:13 +0000] "GET /entity/1029480593.shtm HTTP/1.1" 301 3813 "-" "Mozilla/5.0 (Linux; Android 6.0.1; Nexus 5X Build/MMB29P) AppleWebKit/537.36 (KHTML, like Gecko) Chrome/141.0.7390.122 Mobile Safari/537.36 (compatible; Googlebot/2.1; +http://www.google.com/bot.html)"
183.207.45.105 - - [06/Nov/2025:12:08:14 +0000] "GET /wp-content/uploads/2019/01/Pandemain-El-Pan-Tradicional-de-los-Granjeros-04.jpg HTTP/1.1" 200 147910 "-" "Mozilla/5.0 (Windows NT 10.0; Win64; x64) AppleWebKit/537.36 (KHTML, like Gecko) Chrome/107.0.0.0 Safari/537.36"
66.249.79.32 - - [06/Nov/2025:12:08:28 +0000] "GET /entity/390112377.shtm HTTP/1.1" 301 3813 "-" "Mozilla/5.0 (Linux; Android 6.0.1; Nexus 5X Build/MMB29P) AppleWebKit/537.36 (KHTML, like Gecko) Chrome/141.0.7390.122 Mobile Safari/537.36 (compatible; GoogleOther)"
183.207.45.105 - - [06/Nov/2025:12:08:23 +0000] "GET /wp-content/uploads/2019/01/Detalle-tablero-Pandemain-Amphora-Games.jpg HTTP/1.1" 200 512560 "-" "Mozilla/5.0 (Windows NT 10.0; Win64; x64) AppleWebKit/537.36 (KHTML, like Gecko) Chrome/107.0.0.0 Safari/537.36"
183.207.45.105 - - [06/Nov/2025:12:08:53 +0000] "GET /wp-content/uploads/2019/02/IMG_20190209_183442_603.jpg HTTP/1.1" 200 65260 "-" "Mozilla/5.0 (Windows NT 10.0; Win64; x64) AppleWebKit/537.36 (KHTML, like Gecko) Chrome/107.0.0.0 Safari/537.36"
66.249.79.37 - - [06/Nov/2025:12:08:54 +0000] "GET /entity/371890975.shtm HTTP/1.1" 301 3813 "-" "Mozilla/5.0 (Linux; Android 6.0.1; Nexus 5X Build/MMB29P) AppleWebKit/537.36 (KHTML, like Gecko) Chrome/141.0.7390.122 Mobile Safari/537.36 (compatible; Googlebot/2.1; +http://www.google.com/bot.html)"
183.207.45.105 - - [06/Nov/2025:12:08:54 +0000] "GET /wp-content/uploads/2019/02/IMG_20190209_165754_148.jpg HTTP/1.1" 200 128129 "-" "Mozilla/5.0 (Windows NT 10.0; Win64; x64) AppleWebKit/537.36 (KHTML, like Gecko) Chrome/107.0.0.0 Safari/537.36"
183.207.45.105 - - [06/Nov/2025:12:08:59 +0000] "GET /wp-json/oembed/1.0/embed?url=https%3A%2F%2Fwww.amphoragames.com%2Fpandebonus%2F&format=xml HTTP/1.1" 200 1772 "-" "Mozilla/5.0 (Windows NT 10.0; Win64; x64) AppleWebKit/537.36 (KHTML, like Gecko) Chrome/107.0.0.0 Safari/537.36"
183.207.45.105 - - [06/Nov/2025:12:09:00 +0000] "GET /wp-json/oembed/1.0/embed?url=https%3A%2F%2Fwww.amphoragames.com%2Fpandebonus%2F HTTP/1.1" 200 2889 "-" "Mozilla/5.0 (Windows NT 10.0; Win64; x64) AppleWebKit/537.36 (KHTML, like Gecko) Chrome/107.0.0.0 Safari/537.36"
183.207.45.105 - - [06/Nov/2025:12:09:01 +0000] "GET /?p=2147 HTTP/1.1" 301 815 "-" "Mozilla/5.0 (Windows NT 10.0; Win64; x64) AppleWebKit/537.36 (KHTML, like Gecko) Chrome/107.0.0.0 Safari/537.36"
183.207.45.105 - - [06/Nov/2025:12:09:01 +0000] "GET /pandebonus/ HTTP/1.1" 200 9626 "-" "Mozilla/5.0 (Windows NT 10.0; Win64; x64) AppleWebKit/537.36 (KHTML, like Gecko) Chrome/107.0.0.0 Safari/537.36"
183.207.45.105 - - [06/Nov/2025:12:09:02 +0000] "GET /wp-json/wp/v2/pages/2147 HTTP/1.1" 200 7016 "-" "Mozilla/5.0 (Windows NT 10.0; Win64; x64) AppleWebKit/537.36 (KHTML, like Gecko) Chrome/107.0.0.0 Safari/537.36"
183.207.45.105 - - [06/Nov/2025:12:09:04 +0000] "GET /wp-content/uploads/2022/11/scenario-1-rulebook-es.pdf HTTP/1.1" 200 105201 "-" "Mozilla/5.0 (Windows NT 10.0; Win64; x64) AppleWebKit/537.36 (KHTML, like Gecko) Chrome/107.0.0.0 Safari/537.36"
183.207.45.105 - - [06/Nov/2025:12:09:06 +0000] "GET /pandebonus/ HTTP/1.1" 200 12971 "-" "Mozilla/5.0 (Windows NT 10.0; Win64; x64) AppleWebKit/537.36 (KHTML, like Gecko) Chrome/107.0.0.0 Safari/537.36"
183.207.45.105 - - [06/Nov/2025:12:09:07 +0000] "GET /pandebonus/ HTTP/1.1" 200 9626 "-" "Mozilla/5.0 (Windows NT 10.0; Win64; x64) AppleWebKit/537.36 (KHTML, like Gecko) Chrome/107.0.0.0 Safari/537.36"
183.207.45.105 - - [06/Nov/2025:12:09:07 +0000] "GET /wp-content/uploads/2022/11/escenario-1-232x300.jpg HTTP/1.1" 200 31155 "-" "Mozilla/5.0 (Windows NT 10.0; Win64; x64) AppleWebKit/537.36 (KHTML, like Gecko) Chrome/107.0.0.0 Safari/537.36"
194.164.62.186 - - [06/Nov/2025:12:09:10 +0000] "POST /wp-cron.php?doing_wp_cron=1762430950.1580779552459716796875 HTTP/1.1" 200 3647 "-" "WordPress/6.8.3; https://www.amphoragames.com"
207.46.13.130 - - [06/Nov/2025:12:09:09 +0000] "GET /entity/1462058165.shtm HTTP/1.1" 404 33610 "-" "Mozilla/5.0 AppleWebKit/537.36 (KHTML, like Gecko; compatible; bingbot/2.0; +http://www.bing.com/bingbot.htm) Chrome/116.0.1938.76 Safari/537.36"
183.207.45.105 - - [06/Nov/2025:12:09:10 +0000] "GET /wp-content/uploads/2021/08/punchboard-pandebonus-sample-300x300.jpg HTTP/1.1" 200 18092 "-" "Mozilla/5.0 (Windows NT 10.0; Win64; x64) AppleWebKit/537.36 (KHTML, like Gecko) Chrome/107.0.0.0 Safari/537.36"
66.249.79.37 - - [06/Nov/2025:12:09:35 +0000] "GET /entity/836385349.shtm HTTP/1.1" 301 3813 "-" "Mozilla/5.0 (Linux; Android 6.0.1; Nexus 5X Build/MMB29P) AppleWebKit/537.36 (KHTML, like Gecko) Chrome/141.0.7390.122 Mobile Safari/537.36 (compatible; Googlebot/2.1; +http://www.google.com/bot.html)"
66.249.79.33 - - [06/Nov/2025:12:09:37 +0000] "GET /entity/833881399.shtm HTTP/1.1" 301 3813 "-" "Mozilla/5.0 (Linux; Android 6.0.1; Nexus 5X Build/MMB29P) AppleWebKit/537.36 (KHTML, like Gecko) Chrome/141.0.7390.122 Mobile Safari/537.36 (compatible; Googlebot/2.1; +http://www.google.com/bot.html)"
52.167.144.205 - - [06/Nov/2025:12:09:57 +0000] "GET /entity/469805461.shtm HTTP/1.1" 404 33606 "-" "Mozilla/5.0 AppleWebKit/537.36 (KHTML, like Gecko; compatible; bingbot/2.0; +http://www.bing.com/bingbot.htm) Chrome/116.0.1938.76 Safari/537.36"
66.249.79.32 - - [06/Nov/2025:12:10:05 +0000] "GET /entity/761054106.shtm HTTP/1.1" 301 3813 "-" "Mozilla/5.0 (Linux; Android 6.0.1; Nexus 5X Build/MMB29P) AppleWebKit/537.36 (KHTML, like Gecko) Chrome/141.0.7390.122 Mobile Safari/537.36 (compatible; Googlebot/2.1; +http://www.google.com/bot.html)"
85.208.96.205 - - [06/Nov/2025:12:10:16 +0000] "GET /robots.txt HTTP/1.1" 200 3745 "-" "Mozilla/5.0 (compatible; SemrushBot/7~bl; +http://www.semrush.com/bot.html)"
194.164.62.186 - - [06/Nov/2025:12:10:17 +0000] "POST /wp-cron.php?doing_wp_cron=1762431017.7486829757690429687500 HTTP/1.1" 200 3647 "-" "WordPress/6.8.3; https://www.amphoragames.com"
185.191.171.13 - - [06/Nov/2025:12:10:17 +0000] "GET /2018/05/29/amphora-games-participa-en-el-encuentro-de-creadores-de-juegos-de-mayo/ HTTP/1.1" 200 14802 "-" "Mozilla/5.0 (compatible; SemrushBot/7~bl; +http://www.semrush.com/bot.html)"
66.249.79.32 - - [06/Nov/2025:12:10:54 +0000] "GET /entity/42455186.shtm HTTP/1.1" 301 3813 "-" "Mozilla/5.0 (Linux; Android 6.0.1; Nexus 5X Build/MMB29P) AppleWebKit/537.36 (KHTML, like Gecko) Chrome/141.0.7390.122 Mobile Safari/537.36 (compatible; Googlebot/2.1; +http://www.google.com/bot.html)"
52.167.144.205 - - [06/Nov/2025:12:10:57 +0000] "GET /entity/1046615191.shtm HTTP/1.1" 404 33610 "-" "Mozilla/5.0 AppleWebKit/537.36 (KHTML, like Gecko; compatible; bingbot/2.0; +http://www.bing.com/bingbot.htm) Chrome/116.0.1938.76 Safari/537.36"
194.164.62.186 - - [06/Nov/2025:12:11:44 +0000] "POST /wp-cron.php?doing_wp_cron=1762431104.2624709606170654296875 HTTP/1.1" 200 3647 "-" "WordPress/6.8.3; https://www.amphoragames.com"
66.249.79.32 - - [06/Nov/2025:12:11:44 +0000] "GET /entity/833888175.shtm HTTP/1.1" 301 3813 "-" "Mozilla/5.0 (Linux; Android 6.0.1; Nexus 5X Build/MMB29P) AppleWebKit/537.36 (KHTML, like Gecko) Chrome/141.0.7390.122 Mobile Safari/537.36 (compatible; Googlebot/2.1; +http://www.google.com/bot.html)"
194.164.62.186 - - [06/Nov/2025:12:12:33 +0000] "POST /wp-cron.php?doing_wp_cron=1762431153.6691451072692871093750 HTTP/1.1" 200 3647 "-" "WordPress/6.8.3; https://www.amphoragames.com"
66.249.79.37 - - [06/Nov/2025:12:12:33 +0000] "GET /entity/761095600.shtm HTTP/1.1" 301 3813 "-" "Mozilla/5.0 (Linux; Android 6.0.1; Nexus 5X Build/MMB29P) AppleWebKit/537.36 (KHTML, like Gecko) Chrome/141.0.7390.122 Mobile Safari/537.36 (compatible; Googlebot/2.1; +http://www.google.com/bot.html)"
194.164.62.186 - - [06/Nov/2025:12:13:25 +0000] "POST /wp-cron.php?doing_wp_cron=1762431205.4198529720306396484375 HTTP/1.1" 200 3647 "-" "WordPress/6.8.3; https://www.amphoragames.com"
66.249.79.32 - - [06/Nov/2025:12:13:25 +0000] "GET /entity/44845217.shtm HTTP/1.1" 301 3813 "-" "Mozilla/5.0 (Linux; Android 6.0.1; Nexus 5X Build/MMB29P) AppleWebKit/537.36 (KHTML, like Gecko) Chrome/141.0.7390.122 Mobile Safari/537.36 (compatible; Googlebot/2.1; +http://www.google.com/bot.html)"
66.249.79.37 - - [06/Nov/2025:12:13:32 +0000] "GET /entity/833887490.shtm HTTP/1.1" 301 3813 "-" "Mozilla/5.0 (Linux; Android 6.0.1; Nexus 5X Build/MMB29P) AppleWebKit/537.36 (KHTML, like Gecko) Chrome/141.0.7390.122 Mobile Safari/537.36 (compatible; Googlebot/2.1; +http://www.google.com/bot.html)"
194.164.62.186 - - [06/Nov/2025:12:14:14 +0000] "POST /wp-cron.php?doing_wp_cron=1762431254.0384430885314941406250 HTTP/1.1" 200 3647 "-" "WordPress/6.8.3; https://www.amphoragames.com"
66.249.79.33 - - [06/Nov/2025:12:14:13 +0000] "GET /entity/761082676.shtm HTTP/1.1" 301 3813 "-" "Mozilla/5.0 (Linux; Android 6.0.1; Nexus 5X Build/MMB29P) AppleWebKit/537.36 (KHTML, like Gecko) Chrome/141.0.7390.122 Mobile Safari/537.36 (compatible; Googlebot/2.1; +http://www.google.com/bot.html)"
207.46.13.168 - - [06/Nov/2025:12:14:20 +0000] "GET /entity/991085062.shtm HTTP/1.1" 404 33606 "-" "Mozilla/5.0 AppleWebKit/537.36 (KHTML, like Gecko; compatible; bingbot/2.0; +http://www.bing.com/bingbot.htm) Chrome/116.0.1938.76 Safari/537.36"
66.249.79.37 - - [06/Nov/2025:12:14:25 +0000] "GET /entity/44804909.shtm HTTP/1.1" 301 3813 "-" "Mozilla/5.0 (Linux; Android 6.0.1; Nexus 5X Build/MMB29P) AppleWebKit/537.36 (KHTML, like Gecko) Chrome/141.0.7390.122 Mobile Safari/537.36 (compatible; Googlebot/2.1; +http://www.google.com/bot.html)"
52.167.144.205 - - [06/Nov/2025:12:14:38 +0000] "GET /entity/1363253701.shtm HTTP/1.1" 404 33610 "-" "Mozilla/5.0 AppleWebKit/537.36 (KHTML, like Gecko; compatible; bingbot/2.0; +http://www.bing.com/bingbot.htm) Chrome/116.0.1938.76 Safari/537.36"
3.83.76.234 - - [06/Nov/2025:12:14:47 +0000] "GET /2016/09/27/amphora-en-jornadas-mueve-ficha-y-salon-manga/14446156_1208804492495247_4066298741331325455_n/ HTTP/1.1" 200 41901 "-" "TerraCotta https://github.com/CeramicTeam/CeramicTerracotta"
194.164.62.186 - - [06/Nov/2025:12:15:10 +0000] "POST /wp-cron.php?doing_wp_cron=1762431310.3535399436950683593750 HTTP/1.1" 200 3647 "-" "WordPress/6.8.3; https://www.amphoragames.com"
52.167.144.211 - - [06/Nov/2025:12:15:10 +0000] "GET /entity/81965071.shtm HTTP/1.1" 404 33602 "-" "Mozilla/5.0 AppleWebKit/537.36 (KHTML, like Gecko; compatible; bingbot/2.0; +http://www.bing.com/bingbot.htm) Chrome/116.0.1938.76 Safari/537.36"
52.167.144.205 - - [06/Nov/2025:12:15:18 +0000] "GET /entity/1331309854.shtm HTTP/1.1" 404 33610 "-" "Mozilla/5.0 AppleWebKit/537.36 (KHTML, like Gecko; compatible; bingbot/2.0; +http://www.bing.com/bingbot.htm) Chrome/116.0.1938.76 Safari/537.36"
52.167.144.205 - - [06/Nov/2025:12:15:22 +0000] "GET /entity/524331461.shtm HTTP/1.1" 404 30183 "-" "Mozilla/5.0 AppleWebKit/537.36 (KHTML, like Gecko; compatible; bingbot/2.0; +http://www.bing.com/bingbot.htm) Chrome/116.0.1938.76 Safari/537.36"
66.249.79.32 - - [06/Nov/2025:12:15:25 +0000] "GET /entity/44812015.shtm HTTP/1.1" 301 3813 "-" "Mozilla/5.0 (Linux; Android 6.0.1; Nexus 5X Build/MMB29P) AppleWebKit/537.36 (KHTML, like Gecko) Chrome/141.0.7390.122 Mobile Safari/537.36 (compatible; Googlebot/2.1; +http://www.google.com/bot.html)"
207.46.13.168 - - [06/Nov/2025:12:15:30 +0000] "GET /entity/215880400.shtm HTTP/1.1" 404 33606 "-" "Mozilla/5.0 AppleWebKit/537.36 (KHTML, like Gecko; compatible; bingbot/2.0; +http://www.bing.com/bingbot.htm) Chrome/116.0.1938.76 Safari/537.36"
66.249.79.37 - - [06/Nov/2025:12:15:34 +0000] "GET /entity/833896661.shtm HTTP/1.1" 301 3813 "-" "Mozilla/5.0 (Linux; Android 6.0.1; Nexus 5X Build/MMB29P) AppleWebKit/537.36 (KHTML, like Gecko) Chrome/141.0.7390.122 Mobile Safari/537.36 (compatible; Googlebot/2.1; +http://www.google.com/bot.html)"
194.164.62.186 - - [06/Nov/2025:12:16:16 +0000] "POST /wp-cron.php?doing_wp_cron=1762431376.1388039588928222656250 HTTP/1.1" 200 3647 "-" "WordPress/6.8.3; https://www.amphoragames.com"
66.249.79.37 - - [06/Nov/2025:12:16:15 +0000] "GET /entity/761089782.shtm HTTP/1.1" 301 3813 "-" "Mozilla/5.0 (Linux; Android 6.0.1; Nexus 5X Build/MMB29P) AppleWebKit/537.36 (KHTML, like Gecko) Chrome/141.0.7390.122 Mobile Safari/537.36 (compatible; Googlebot/2.1; +http://www.google.com/bot.html)"
52.167.144.213 - - [06/Nov/2025:12:16:19 +0000] "GET /entity/256044097.shtm HTTP/1.1" 404 33606 "-" "Mozilla/5.0 AppleWebKit/537.36 (KHTML, like Gecko; compatible; bingbot/2.0; +http://www.bing.com/bingbot.htm) Chrome/116.0.1938.76 Safari/537.36"
66.249.79.37 - - [06/Nov/2025:12:16:56 +0000] "GET /entity/323378844.shtm HTTP/1.1" 301 3813 "-" "Mozilla/5.0 (Linux; Android 6.0.1; Nexus 5X Build/MMB29P) AppleWebKit/537.36 (KHTML, like Gecko) Chrome/141.0.7390.122 Mobile Safari/537.36 (compatible; Googlebot/2.1; +http://www.google.com/bot.html)"
194.164.62.186 - - [06/Nov/2025:12:17:24 +0000] "POST /wp-cron.php?doing_wp_cron=1762431444.8507790565490722656250 HTTP/1.1" 200 3647 "-" "WordPress/6.8.3; https://www.amphoragames.com"
216.73.216.131 - - [06/Nov/2025:12:17:24 +0000] "GET /2017/12/15/exito-de-la-demoweek-de-pentaurus-duel/foto-2 HTTP/1.1" 301 3674 "-" "Mozilla/5.0 AppleWebKit/537.36 (KHTML, like Gecko; compatible; ClaudeBot/1.0; +claudebot@anthropic.com)"
216.73.216.131 - - [06/Nov/2025:12:17:25 +0000] "GET /2017/12/15/exito-de-la-demoweek-de-pentaurus-duel/foto-2/ HTTP/1.1" 200 9535 "https://www.amphoragames.com/2017/12/15/exito-de-la-demoweek-de-pentaurus-duel/foto-2" "Mozilla/5.0 AppleWebKit/537.36 (KHTML, like Gecko; compatible; ClaudeBot/1.0; +claudebot@anthropic.com)"
216.73.216.131 - - [06/Nov/2025:12:17:27 +0000] "GET /2016/07/21/asi-fue-el-festival-de-cortegana/dsc_0645-1 HTTP/1.1" 301 340 "-" "Mozilla/5.0 AppleWebKit/537.36 (KHTML, like Gecko; compatible; ClaudeBot/1.0; +claudebot@anthropic.com)"
216.73.216.131 - - [06/Nov/2025:12:17:27 +0000] "GET /2016/07/21/asi-fue-el-festival-de-cortegana/dsc_0645-1/ HTTP/1.1" 200 9015 "https://www.amphoragames.com/2016/07/21/asi-fue-el-festival-de-cortegana/dsc_0645-1" "Mozilla/5.0 AppleWebKit/537.36 (KHTML, like Gecko; compatible; ClaudeBot/1.0; +claudebot@anthropic.com)"
52.167.144.205 - - [06/Nov/2025:12:17:28 +0000] "GET /entity/737525880.shtm HTTP/1.1" 404 33606 "-" "Mozilla/5.0 AppleWebKit/537.36 (KHTML, like Gecko; compatible; bingbot/2.0; +http://www.bing.com/bingbot.htm) Chrome/116.0.1938.76 Safari/537.36"
216.73.216.131 - - [06/Nov/2025:12:17:30 +0000] "GET /2019/09/19/pandemain-aldeas/aldea1 HTTP/1.1" 301 320 "-" "Mozilla/5.0 AppleWebKit/537.36 (KHTML, like Gecko; compatible; ClaudeBot/1.0; +claudebot@anthropic.com)"
216.73.216.131 - - [06/Nov/2025:12:17:30 +0000] "GET /2019/09/19/pandemain-aldeas/aldea1/ HTTP/1.1" 200 9020 "https://www.amphoragames.com/2019/09/19/pandemain-aldeas/aldea1" "Mozilla/5.0 AppleWebKit/537.36 (KHTML, like Gecko; compatible; ClaudeBot/1.0; +claudebot@anthropic.com)"
66.249.79.37 - - [06/Nov/2025:12:17:37 +0000] "GET /entity/51060923.shtm HTTP/1.1" 301 3813 "-" "Mozilla/5.0 (Linux; Android 6.0.1; Nexus 5X Build/MMB29P) AppleWebKit/537.36 (KHTML, like Gecko) Chrome/141.0.7390.122 Mobile Safari/537.36 (compatible; Googlebot/2.1; +http://www.google.com/bot.html)"
194.164.62.186 - - [06/Nov/2025:12:18:19 +0000] "POST /wp-cron.php?doing_wp_cron=1762431499.2679920196533203125000 HTTP/1.1" 200 3647 "-" "WordPress/6.8.3; https://www.amphoragames.com"
66.249.79.37 - - [06/Nov/2025:12:18:18 +0000] "GET /entity/323336789.shtm HTTP/1.1" 301 3813 "-" "Mozilla/5.0 (Linux; Android 6.0.1; Nexus 5X Build/MMB29P) AppleWebKit/537.36 (KHTML, like Gecko) Chrome/141.0.7390.122 Mobile Safari/537.36 (compatible; Googlebot/2.1; +http://www.google.com/bot.html)"
57.141.0.68 - - [06/Nov/2025:12:18:21 +0000] "GET /sitemap-child-574.xml HTTP/1.1" 404 33563 "-" "meta-externalagent/1.1 (+https://developers.facebook.com/docs/sharing/webmasters/crawler)"
66.249.79.37 - - [06/Nov/2025:12:18:21 +0000] "GET /entity/44849335.shtm HTTP/1.1" 301 495 "-" "Mozilla/5.0 (Linux; Android 6.0.1; Nexus 5X Build/MMB29P) AppleWebKit/537.36 (KHTML, like Gecko) Chrome/141.0.7390.122 Mobile Safari/537.36 (compatible; Googlebot/2.1; +http://www.google.com/bot.html)"
57.141.0.50 - - [06/Nov/2025:12:18:22 +0000] "GET /sitemap-child-2136.xml HTTP/1.1" 404 33572 "-" "meta-externalagent/1.1 (+https://developers.facebook.com/docs/sharing/webmasters/crawler)"
57.141.0.12 - - [06/Nov/2025:12:18:25 +0000] "GET /sitemap-child-1892.xml HTTP/1.1" 404 33572 "-" "meta-externalagent/1.1 (+https://developers.facebook.com/docs/sharing/webmasters/crawler)"
194.164.62.186 - - [06/Nov/2025:12:18:54 +0000] "POST /wp-cron.php?doing_wp_cron=1762431534.4484179019927978515625 HTTP/1.1" 200 3647 "-" "WordPress/6.8.3; https://www.amphoragames.com"
216.73.216.131 - - [06/Nov/2025:12:18:54 +0000] "GET /category/pentaurus-duel HTTP/1.1" 301 3641 "-" "Mozilla/5.0 AppleWebKit/537.36 (KHTML, like Gecko; compatible; ClaudeBot/1.0; +claudebot@anthropic.com)"
216.73.216.131 - - [06/Nov/2025:12:18:54 +0000] "GET /category/pentaurus-duel/ HTTP/1.1" 200 19234 "https://www.amphoragames.com/category/pentaurus-duel" "Mozilla/5.0 AppleWebKit/537.36 (KHTML, like Gecko; compatible; ClaudeBot/1.0; +claudebot@anthropic.com)"
194.164.62.186 - - [06/Nov/2025:12:19:40 +0000] "POST /wp-cron.php?doing_wp_cron=1762431580.3980538845062255859375 HTTP/1.1" 200 3647 "-" "WordPress/6.8.3; https://www.amphoragames.com"
66.249.79.37 - - [06/Nov/2025:12:19:40 +0000] "GET /entity/51043194.shtm HTTP/1.1" 301 3813 "-" "Mozilla/5.0 (Linux; Android 6.0.1; Nexus 5X Build/MMB29P) AppleWebKit/537.36 (KHTML, like Gecko) Chrome/141.0.7390.122 Mobile Safari/537.36 (compatible; Googlebot/2.1; +http://www.google.com/bot.html)"
40.77.167.72 - - [06/Nov/2025:12:19:49 +0000] "GET /entity/383774765.shtm HTTP/1.1" 404 33606 "-" "Mozilla/5.0 AppleWebKit/537.36 (KHTML, like Gecko; compatible; bingbot/2.0; +http://www.bing.com/bingbot.htm) Chrome/116.0.1938.76 Safari/537.36"
194.164.62.186 - - [06/Nov/2025:12:20:21 +0000] "POST /wp-cron.php?doing_wp_cron=1762431621.4687941074371337890625 HTTP/1.1" 200 3647 "-" "WordPress/6.8.3; https://www.amphoragames.com"
66.249.79.32 - - [06/Nov/2025:12:20:21 +0000] "GET /entity/637216439.shtm HTTP/1.1" 301 3813 "-" "Mozilla/5.0 (Linux; Android 6.0.1; Nexus 5X Build/MMB29P) AppleWebKit/537.36 (KHTML, like Gecko) Chrome/141.0.7390.122 Mobile Safari/537.36 (compatible; Googlebot/2.1; +http://www.google.com/bot.html)"
66.249.79.37 - - [06/Nov/2025:12:20:23 +0000] "GET /entity/648393856.shtm HTTP/1.1" 301 3813 "-" "Mozilla/5.0 (Linux; Android 6.0.1; Nexus 5X Build/MMB29P) AppleWebKit/537.36 (KHTML, like Gecko) Chrome/141.0.7390.122 Mobile Safari/537.36 (compatible; Googlebot/2.1; +http://www.google.com/bot.html)"
207.46.13.168 - - [06/Nov/2025:12:20:32 +0000] "GET /entity/1047026930.shtm HTTP/1.1" 404 33610 "-" "Mozilla/5.0 AppleWebKit/537.36 (KHTML, like Gecko; compatible; bingbot/2.0; +http://www.bing.com/bingbot.htm) Chrome/116.0.1938.76 Safari/537.36"
40.77.167.72 - - [06/Nov/2025:12:21:00 +0000] "GET /entity/1144183513.shtm HTTP/1.1" 404 33610 "-" "Mozilla/5.0 AppleWebKit/537.36 (KHTML, like Gecko; compatible; bingbot/2.0; +http://www.bing.com/bingbot.htm) Chrome/116.0.1938.76 Safari/537.36"
66.249.79.37 - - [06/Nov/2025:12:21:04 +0000] "GET /entity/49853954.shtm HTTP/1.1" 301 3813 "-" "Mozilla/5.0 (Linux; Android 6.0.1; Nexus 5X Build/MMB29P) AppleWebKit/537.36 (KHTML, like Gecko) Chrome/141.0.7390.122 Mobile Safari/537.36 (compatible; Googlebot/2.1; +http://www.google.com/bot.html)"
66.249.79.37 - - [06/Nov/2025:12:21:07 +0000] "GET /entity/1160521117.shtm HTTP/1.1" 301 495 "-" "Mozilla/5.0 (Linux; Android 6.0.1; Nexus 5X Build/MMB29P) AppleWebKit/537.36 (KHTML, like Gecko) Chrome/141.0.7390.122 Mobile Safari/537.36 (compatible; Googlebot/2.1; +http://www.google.com/bot.html)"
194.164.62.186 - - [06/Nov/2025:12:21:11 +0000] "POST /wp-cron.php?doing_wp_cron=1762431671.9630689620971679687500 HTTP/1.1" 200 3647 "-" "WordPress/6.8.3; https://www.amphoragames.com"
40.77.167.72 - - [06/Nov/2025:12:21:11 +0000] "GET /entity/199058604.shtm HTTP/1.1" 404 33606 "-" "Mozilla/5.0 AppleWebKit/537.36 (KHTML, like Gecko; compatible; bingbot/2.0; +http://www.bing.com/bingbot.htm) Chrome/116.0.1938.76 Safari/537.36"
66.249.79.32 - - [06/Nov/2025:12:21:47 +0000] "GET /entity/3077348.shtm HTTP/1.1" 301 3813 "-" "Mozilla/5.0 (Linux; Android 6.0.1; Nexus 5X Build/MMB29P) AppleWebKit/537.36 (KHTML, like Gecko) Chrome/141.0.7390.122 Mobile Safari/537.36 (compatible; Googlebot/2.1; +http://www.google.com/bot.html)"
207.46.13.168 - - [06/Nov/2025:12:21:52 +0000] "GET /entity/222114957.shtm HTTP/1.1" 404 33606 "-" "Mozilla/5.0 AppleWebKit/537.36 (KHTML, like Gecko; compatible; bingbot/2.0; +http://www.bing.com/bingbot.htm) Chrome/116.0.1938.76 Safari/537.36"
194.164.62.186 - - [06/Nov/2025:12:22:09 +0000] "POST /wp-cron.php?doing_wp_cron=1762431729.1446061134338378906250 HTTP/1.1" 200 3647 "-" "WordPress/6.8.3; https://www.amphoragames.com"
40.77.167.72 - - [06/Nov/2025:12:22:08 +0000] "GET /product/edit/A3217765361 HTTP/1.1" 404 33622 "-" "Mozilla/5.0 AppleWebKit/537.36 (KHTML, like Gecko; compatible; bingbot/2.0; +http://www.bing.com/bingbot.htm) Chrome/116.0.1938.76 Safari/537.36"
66.249.79.32 - - [06/Nov/2025:12:22:28 +0000] "GET /entity/147637093.shtm HTTP/1.1" 301 3813 "-" "Mozilla/5.0 (Linux; Android 6.0.1; Nexus 5X Build/MMB29P) AppleWebKit/537.36 (KHTML, like Gecko) Chrome/141.0.7390.122 Mobile Safari/537.36 (compatible; Googlebot/2.1; +http://www.google.com/bot.html)"
66.249.79.32 - - [06/Nov/2025:12:22:31 +0000] "GET /entity/652282692.shtm HTTP/1.1" 301 495 "-" "Mozilla/5.0 (Linux; Android 6.0.1; Nexus 5X Build/MMB29P) AppleWebKit/537.36 (KHTML, like Gecko) Chrome/141.0.7390.122 Mobile Safari/537.36 (compatible; Googlebot/2.1; +http://www.google.com/bot.html)"
52.167.144.213 - - [06/Nov/2025:12:22:31 +0000] "GET /entity/1134232524.shtm HTTP/1.1" 404 33610 "-" "Mozilla/5.0 AppleWebKit/537.36 (KHTML, like Gecko; compatible; bingbot/2.0; +http://www.bing.com/bingbot.htm) Chrome/116.0.1938.76 Safari/537.36"
40.77.167.72 - - [06/Nov/2025:12:22:40 +0000] "GET /entity/319463360.shtm HTTP/1.1" 404 33606 "-" "Mozilla/5.0 AppleWebKit/537.36 (KHTML, like Gecko; compatible; bingbot/2.0; +http://www.bing.com/bingbot.htm) Chrome/116.0.1938.76 Safari/537.36"
194.164.62.186 - - [06/Nov/2025:12:23:16 +0000] "POST /wp-cron.php?doing_wp_cron=1762431796.0537800788879394531250 HTTP/1.1" 200 3647 "-" "WordPress/6.8.3; https://www.amphoragames.com"
157.55.39.62 - - [06/Nov/2025:12:23:15 +0000] "GET /entity/1137882675.shtm HTTP/1.1" 404 33610 "-" "Mozilla/5.0 AppleWebKit/537.36 (KHTML, like Gecko; compatible; bingbot/2.0; +http://www.bing.com/bingbot.htm) Chrome/116.0.1938.76 Safari/537.36"
40.77.167.72 - - [06/Nov/2025:12:23:20 +0000] "GET /entity/601343079.shtm HTTP/1.1" 404 33606 "-" "Mozilla/5.0 AppleWebKit/537.36 (KHTML, like Gecko; compatible; bingbot/2.0; +http://www.bing.com/bingbot.htm) Chrome/116.0.1938.76 Safari/537.36"
66.249.79.32 - - [06/Nov/2025:12:23:52 +0000] "GET /entity/595913761.shtm HTTP/1.1" 301 3813 "-" "Mozilla/5.0 (Linux; Android 6.0.1; Nexus 5X Build/MMB29P) AppleWebKit/537.36 (KHTML, like Gecko) Chrome/141.0.7390.122 Mobile Safari/537.36 (compatible; Googlebot/2.1; +http://www.google.com/bot.html)"
194.164.62.186 - - [06/Nov/2025:12:24:33 +0000] "POST /wp-cron.php?doing_wp_cron=1762431873.4053490161895751953125 HTTP/1.1" 200 3647 "-" "WordPress/6.8.3; https://www.amphoragames.com"
66.249.79.32 - - [06/Nov/2025:12:24:33 +0000] "GET /entity/1229410680.shtm HTTP/1.1" 301 3813 "-" "Mozilla/5.0 (Linux; Android 6.0.1; Nexus 5X Build/MMB29P) AppleWebKit/537.36 (KHTML, like Gecko) Chrome/141.0.7390.122 Mobile Safari/537.36 (compatible; Googlebot/2.1; +http://www.google.com/bot.html)"
66.249.79.32 - - [06/Nov/2025:12:25:01 +0000] "GET /entity/44790097.shtm HTTP/1.1" 301 3813 "-" "Mozilla/5.0 (Linux; Android 6.0.1; Nexus 5X Build/MMB29P) AppleWebKit/537.36 (KHTML, like Gecko) Chrome/141.0.7390.122 Mobile Safari/537.36 (compatible; Googlebot/2.1; +http://www.google.com/bot.html)"
194.164.62.186 - - [06/Nov/2025:12:25:11 +0000] "POST /wp-cron.php?doing_wp_cron=1762431911.2476038932800292968750 HTTP/1.1" 200 3647 "-" "WordPress/6.8.3; https://www.amphoragames.com"
66.249.79.37 - - [06/Nov/2025:12:25:10 +0000] "GET /entity/44794864.shtm HTTP/1.1" 301 3813 "-" "Mozilla/5.0 (Linux; Android 6.0.1; Nexus 5X Build/MMB29P) AppleWebKit/537.36 (KHTML, like Gecko) Chrome/141.0.7390.122 Mobile Safari/537.36 (compatible; Googlebot/2.1; +http://www.google.com/bot.html)"
66.249.79.32 - - [06/Nov/2025:12:25:14 +0000] "GET /entity/1093387666.shtm HTTP/1.1" 301 3813 "-" "Mozilla/5.0 (Linux; Android 6.0.1; Nexus 5X Build/MMB29P) AppleWebKit/537.36 (KHTML, like Gecko) Chrome/141.0.7390.122 Mobile Safari/537.36 (compatible; Googlebot/2.1; +http://www.google.com/bot.html)"
66.249.79.37 - - [06/Nov/2025:12:25:16 +0000] "GET /entity/38064014.shtm HTTP/1.1" 301 3813 "-" "Mozilla/5.0 (Linux; Android 6.0.1; Nexus 5X Build/MMB29P) AppleWebKit/537.36 (KHTML, like Gecko) Chrome/141.0.7390.122 Mobile Safari/537.36 (compatible; Googlebot/2.1; +http://www.google.com/bot.html)"
66.249.79.37 - - [06/Nov/2025:12:25:57 +0000] "GET /entity/1229380033.shtm HTTP/1.1" 301 3813 "-" "Mozilla/5.0 (Linux; Android 6.0.1; Nexus 5X Build/MMB29P) AppleWebKit/537.36 (KHTML, like Gecko) Chrome/141.0.7390.122 Mobile Safari/537.36 (compatible; Googlebot/2.1; +http://www.google.com/bot.html)"
66.249.79.37 - - [06/Nov/2025:12:25:59 +0000] "GET /entity/41836039.shtm HTTP/1.1" 301 495 "-" "Mozilla/5.0 (Linux; Android 6.0.1; Nexus 5X Build/MMB29P) AppleWebKit/537.36 (KHTML, like Gecko) Chrome/141.0.7390.122 Mobile Safari/537.36 (compatible; Googlebot/2.1; +http://www.google.com/bot.html)"
114.119.148.56 - - [06/Nov/2025:12:26:01 +0000] "GET /robots.txt HTTP/1.1" 301 3876 "-" "Mozilla/5.0 (compatible;PetalBot;+https://webmaster.petalsearch.com/site/petalbot)"
114.119.148.56 - - [06/Nov/2025:12:26:03 +0000] "GET /robots.txt HTTP/1.1" 200 3745 "-" "Mozilla/5.0 (compatible;PetalBot;+https://webmaster.petalsearch.com/site/petalbot)"
54.89.166.52 - - [06/Nov/2025:12:26:37 +0000] "GET /feed/ HTTP/1.1" 200 16513 "https://www.google.com/" "Mozilla/5.0 (Macintosh; Intel Mac OS X 10_15_1) AppleWebKit/605.1.15 (KHTML, like Gecko) Version/13.0.3 Safari/605.1.15"
66.249.79.37 - - [06/Nov/2025:12:26:37 +0000] "GET /product/edit/A2406624894 HTTP/1.1" 301 3813 "-" "Mozilla/5.0 (Linux; Android 6.0.1; Nexus 5X Build/MMB29P) AppleWebKit/537.36 (KHTML, like Gecko) Chrome/141.0.7390.122 Mobile Safari/537.36 (compatible; Googlebot/2.1; +http://www.google.com/bot.html)"
40.77.167.72 - - [06/Nov/2025:12:26:49 +0000] "GET /entity/943736838.shtm HTTP/1.1" 404 33606 "-" "Mozilla/5.0 AppleWebKit/537.36 (KHTML, like Gecko; compatible; bingbot/2.0; +http://www.bing.com/bingbot.htm) Chrome/116.0.1938.76 Safari/537.36"
40.77.167.72 - - [06/Nov/2025:12:26:59 +0000] "GET /entity/737558342.shtm HTTP/1.1" 404 33606 "-" "Mozilla/5.0 AppleWebKit/537.36 (KHTML, like Gecko; compatible; bingbot/2.0; +http://www.bing.com/bingbot.htm) Chrome/116.0.1938.76 Safari/537.36"
194.164.62.186 - - [06/Nov/2025:12:27:22 +0000] "POST /wp-cron.php?doing_wp_cron=1762432042.7997128963470458984375 HTTP/1.1" 200 3647 "-" "WordPress/6.8.3; https://www.amphoragames.com"
66.249.79.33 - - [06/Nov/2025:12:27:22 +0000] "GET /entity/44809878.shtm HTTP/1.1" 301 3813 "-" "Mozilla/5.0 (Linux; Android 6.0.1; Nexus 5X Build/MMB29P) AppleWebKit/537.36 (KHTML, like Gecko) Chrome/141.0.7390.122 Mobile Safari/537.36 (compatible; Googlebot/2.1; +http://www.google.com/bot.html)"
66.249.79.32 - - [06/Nov/2025:12:27:58 +0000] "GET /entity/37443148.shtm HTTP/1.1" 301 3813 "-" "Mozilla/5.0 (Linux; Android 6.0.1; Nexus 5X Build/MMB29P) AppleWebKit/537.36 (KHTML, like Gecko) Chrome/141.0.7390.122 Mobile Safari/537.36 (compatible; Googlebot/2.1; +http://www.google.com/bot.html)"
194.164.62.186 - - [06/Nov/2025:12:28:40 +0000] "POST /wp-cron.php?doing_wp_cron=1762432120.2098870277404785156250 HTTP/1.1" 200 3647 "-" "WordPress/6.8.3; https://www.amphoragames.com"
66.249.79.37 - - [06/Nov/2025:12:28:39 +0000] "GET /entity/118917386.shtm HTTP/1.1" 301 3813 "-" "Mozilla/5.0 (Linux; Android 6.0.1; Nexus 5X Build/MMB29P) AppleWebKit/537.36 (KHTML, like Gecko) Chrome/141.0.7390.122 Mobile Safari/537.36 (compatible; Googlebot/2.1; +http://www.google.com/bot.html)"
185.39.19.97 - - [06/Nov/2025:12:28:59 +0000] "GET / HTTP/1.0" 200 45276 "https://www.amphoragames.com/" "Mozilla/5.0 (Windows NT 10.0; Win64; x64) AppleWebKit/537.36 (KHTML, like Gecko) Chrome/131.0.0.0 Safari/537.36"
194.164.62.186 - - [06/Nov/2025:12:29:21 +0000] "POST /wp-cron.php?doing_wp_cron=1762432161.4064729213714599609375 HTTP/1.1" 200 3647 "-" "WordPress/6.8.3; https://www.amphoragames.com"
66.249.79.32 - - [06/Nov/2025:12:29:21 +0000] "GET /entity/1181069803.shtm HTTP/1.1" 301 3813 "-" "Mozilla/5.0 (Linux; Android 6.0.1; Nexus 5X Build/MMB29P) AppleWebKit/537.36 (KHTML, like Gecko) Chrome/141.0.7390.122 Mobile Safari/537.36 (compatible; Googlebot/2.1; +http://www.google.com/bot.html)"
157.55.39.62 - - [06/Nov/2025:12:29:33 +0000] "GET /entity/611674770.shtm HTTP/1.1" 404 33606 "-" "Mozilla/5.0 AppleWebKit/537.36 (KHTML, like Gecko; compatible; bingbot/2.0; +http://www.bing.com/bingbot.htm) Chrome/116.0.1938.76 Safari/537.36"
157.55.39.62 - - [06/Nov/2025:12:29:43 +0000] "GET /entity/1446147348.shtm HTTP/1.1" 404 33610 "-" "Mozilla/5.0 AppleWebKit/537.36 (KHTML, like Gecko; compatible; bingbot/2.0; +http://www.bing.com/bingbot.htm) Chrome/116.0.1938.76 Safari/537.36"
66.249.79.33 - - [06/Nov/2025:12:30:02 +0000] "GET /entity/730105960.shtm HTTP/1.1" 301 3813 "-" "Mozilla/5.0 (Linux; Android 6.0.1; Nexus 5X Build/MMB29P) AppleWebKit/537.36 (KHTML, like Gecko) Chrome/141.0.7390.122 Mobile Safari/537.36 (compatible; Googlebot/2.1; +http://www.google.com/bot.html)"
194.164.62.186 - - [06/Nov/2025:12:30:10 +0000] "POST /wp-cron.php?doing_wp_cron=1762432210.2187910079956054687500 HTTP/1.1" 200 3647 "-" "WordPress/6.8.3; https://www.amphoragames.com"
66.249.79.32 - - [06/Nov/2025:12:30:09 +0000] "GET /entity/44803198.shtm HTTP/1.1" 301 3813 "-" "Mozilla/5.0 (Linux; Android 6.0.1; Nexus 5X Build/MMB29P) AppleWebKit/537.36 (KHTML, like Gecko) Chrome/141.0.7390.122 Mobile Safari/537.36 (compatible; Googlebot/2.1; +http://www.google.com/bot.html)"
40.77.167.72 - - [06/Nov/2025:12:30:20 +0000] "GET /entity/92145094.shtm HTTP/1.1" 404 33602 "-" "Mozilla/5.0 AppleWebKit/537.36 (KHTML, like Gecko; compatible; bingbot/2.0; +http://www.bing.com/bingbot.htm) Chrome/116.0.1938.76 Safari/537.36"
114.119.156.77 - - [06/Nov/2025:12:30:38 +0000] "GET /robots.txt HTTP/1.1" 301 3876 "-" "Mozilla/5.0 (compatible;PetalBot;+https://webmaster.petalsearch.com/site/petalbot)"
114.119.156.77 - - [06/Nov/2025:12:30:40 +0000] "GET /robots.txt HTTP/1.1" 200 3745 "-" "Mozilla/5.0 (compatible;PetalBot;+https://webmaster.petalsearch.com/site/petalbot)"
66.249.79.37 - - [06/Nov/2025:12:30:43 +0000] "GET /entity/35554238.shtm HTTP/1.1" 301 3813 "-" "Mozilla/5.0 (Linux; Android 6.0.1; Nexus 5X Build/MMB29P) AppleWebKit/537.36 (KHTML, like Gecko) Chrome/141.0.7390.122 Mobile Safari/537.36 (compatible; Googlebot/2.1; +http://www.google.com/bot.html)"
138.199.35.8 - - [06/Nov/2025:12:30:44 +0000] "GET //wp-includes/wlwmanifest.xml HTTP/1.1" 301 3595 "-" "Mozilla/5.0 (Windows NT 10.0; Win64; x64) AppleWebKit/537.36 (KHTML, like Gecko) Chrome/78.0.3904.108 Safari/537.36"
138.199.35.8 - - [06/Nov/2025:12:30:44 +0000] "GET //xmlrpc.php?rsd HTTP/1.1" 200 1142 "-" "Mozilla/5.0 (Windows NT 10.0; Win64; x64) AppleWebKit/537.36 (KHTML, like Gecko) Chrome/78.0.3904.108 Safari/537.36"
138.199.35.8 - - [06/Nov/2025:12:30:45 +0000] "GET //?author=1 HTTP/1.1" 301 367 "-" "Mozilla/5.0 (Windows NT 10.0; Win64; x64) AppleWebKit/537.36 (KHTML, like Gecko) Chrome/78.0.3904.108 Safari/537.36"
138.199.35.8 - - [06/Nov/2025:12:30:45 +0000] "GET //?author=2 HTTP/1.1" 301 356 "-" "Mozilla/5.0 (Windows NT 10.0; Win64; x64) AppleWebKit/537.36 (KHTML, like Gecko) Chrome/78.0.3904.108 Safari/537.36"
66.249.79.37 - - [06/Nov/2025:12:30:45 +0000] "GET /entity/9547175.shtm HTTP/1.1" 301 495 "-" "Mozilla/5.0 (Linux; Android 6.0.1; Nexus 5X Build/MMB29P) AppleWebKit/537.36 (KHTML, like Gecko) Chrome/141.0.7390.122 Mobile Safari/537.36 (compatible; Googlebot/2.1; +http://www.google.com/bot.html)"
138.199.35.8 - - [06/Nov/2025:12:30:45 +0000] "GET //wp-json/wp/v2/users/ HTTP/1.1" 200 1402 "-" "Mozilla/5.0 (Windows NT 10.0; Win64; x64) AppleWebKit/537.36 (KHTML, like Gecko) Chrome/78.0.3904.108 Safari/537.36"
138.199.35.8 - - [06/Nov/2025:12:30:46 +0000] "POST //xmlrpc.php HTTP/1.1" 200 710 "-" "Mozilla/5.0 (Windows NT 10.0; Win64; x64) AppleWebKit/537.36 (KHTML, like Gecko) Chrome/78.0.3904.108 Safari/537.36"
138.199.35.8 - - [06/Nov/2025:12:30:47 +0000] "POST //xmlrpc.php HTTP/1.1" 200 3818 "-" "Mozilla/5.0 (Windows NT 10.0; Win64; x64) AppleWebKit/537.36 (KHTML, like Gecko) Chrome/78.0.3904.108 Safari/537.36"
138.199.35.8 - - [06/Nov/2025:12:30:48 +0000] "POST //xmlrpc.php HTTP/1.1" 200 3818 "-" "Mozilla/5.0 (Windows NT 10.0; Win64; x64) AppleWebKit/537.36 (KHTML, like Gecko) Chrome/78.0.3904.108 Safari/537.36"
138.199.35.8 - - [06/Nov/2025:12:30:48 +0000] "POST //xmlrpc.php HTTP/1.1" 200 3818 "-" "Mozilla/5.0 (Windows NT 10.0; Win64; x64) AppleWebKit/537.36 (KHTML, like Gecko) Chrome/78.0.3904.108 Safari/537.36"
138.199.35.8 - - [06/Nov/2025:12:30:49 +0000] "POST //xmlrpc.php HTTP/1.1" 200 3818 "-" "Mozilla/5.0 (Windows NT 10.0; Win64; x64) AppleWebKit/537.36 (KHTML, like Gecko) Chrome/78.0.3904.108 Safari/537.36"
138.199.35.8 - - [06/Nov/2025:12:30:50 +0000] "POST //xmlrpc.php HTTP/1.1" 200 3818 "-" "Mozilla/5.0 (Windows NT 10.0; Win64; x64) AppleWebKit/537.36 (KHTML, like Gecko) Chrome/78.0.3904.108 Safari/537.36"
138.199.35.8 - - [06/Nov/2025:12:30:51 +0000] "POST //xmlrpc.php HTTP/1.1" 200 3818 "-" "Mozilla/5.0 (Windows NT 10.0; Win64; x64) AppleWebKit/537.36 (KHTML, like Gecko) Chrome/78.0.3904.108 Safari/537.36"
52.167.144.205 - - [06/Nov/2025:12:30:52 +0000] "GET /entity/168229222.shtm HTTP/1.1" 404 33606 "-" "Mozilla/5.0 AppleWebKit/537.36 (KHTML, like Gecko; compatible; bingbot/2.0; +http://www.bing.com/bingbot.htm) Chrome/116.0.1938.76 Safari/537.36"
138.199.35.8 - - [06/Nov/2025:12:30:52 +0000] "POST //xmlrpc.php HTTP/1.1" 200 3818 "-" "Mozilla/5.0 (Windows NT 10.0; Win64; x64) AppleWebKit/537.36 (KHTML, like Gecko) Chrome/78.0.3904.108 Safari/537.36"
138.199.35.8 - - [06/Nov/2025:12:30:53 +0000] "POST //xmlrpc.php HTTP/1.1" 200 3818 "-" "Mozilla/5.0 (Windows NT 10.0; Win64; x64) AppleWebKit/537.36 (KHTML, like Gecko) Chrome/78.0.3904.108 Safari/537.36"
138.199.35.8 - - [06/Nov/2025:12:30:54 +0000] "POST //xmlrpc.php HTTP/1.1" 200 3818 "-" "Mozilla/5.0 (Windows NT 10.0; Win64; x64) AppleWebKit/537.36 (KHTML, like Gecko) Chrome/78.0.3904.108 Safari/537.36"
138.199.35.8 - - [06/Nov/2025:12:30:55 +0000] "POST //xmlrpc.php HTTP/1.1" 200 3818 "-" "Mozilla/5.0 (Windows NT 10.0; Win64; x64) AppleWebKit/537.36 (KHTML, like Gecko) Chrome/78.0.3904.108 Safari/537.36"
138.199.35.8 - - [06/Nov/2025:12:30:56 +0000] "POST //xmlrpc.php HTTP/1.1" 200 3818 "-" "Mozilla/5.0 (Windows NT 10.0; Win64; x64) AppleWebKit/537.36 (KHTML, like Gecko) Chrome/78.0.3904.108 Safari/537.36"
66.249.79.37 - - [06/Nov/2025:12:30:56 +0000] "GET /entity/1150020750.shtm HTTP/1.1" 301 3813 "-" "Mozilla/5.0 (Linux; Android 6.0.1; Nexus 5X Build/MMB29P) AppleWebKit/537.36 (KHTML, like Gecko) Chrome/141.0.7390.122 Mobile Safari/537.36 (compatible; GoogleOther)"
138.199.35.8 - - [06/Nov/2025:12:30:56 +0000] "POST //xmlrpc.php HTTP/1.1" 200 3818 "-" "Mozilla/5.0 (Windows NT 10.0; Win64; x64) AppleWebKit/537.36 (KHTML, like Gecko) Chrome/78.0.3904.108 Safari/537.36"
138.199.35.8 - - [06/Nov/2025:12:30:57 +0000] "POST //xmlrpc.php HTTP/1.1" 200 3818 "-" "Mozilla/5.0 (Windows NT 10.0; Win64; x64) AppleWebKit/537.36 (KHTML, like Gecko) Chrome/78.0.3904.108 Safari/537.36"
138.199.35.8 - - [06/Nov/2025:12:30:58 +0000] "POST //xmlrpc.php HTTP/1.1" 200 3818 "-" "Mozilla/5.0 (Windows NT 10.0; Win64; x64) AppleWebKit/537.36 (KHTML, like Gecko) Chrome/78.0.3904.108 Safari/537.36"
138.199.35.8 - - [06/Nov/2025:12:30:59 +0000] "POST //xmlrpc.php HTTP/1.1" 200 3818 "-" "Mozilla/5.0 (Windows NT 10.0; Win64; x64) AppleWebKit/537.36 (KHTML, like Gecko) Chrome/78.0.3904.108 Safari/537.36"
138.199.35.8 - - [06/Nov/2025:12:31:00 +0000] "POST //xmlrpc.php HTTP/1.1" 200 3818 "-" "Mozilla/5.0 (Windows NT 10.0; Win64; x64) AppleWebKit/537.36 (KHTML, like Gecko) Chrome/78.0.3904.108 Safari/537.36"
138.199.35.8 - - [06/Nov/2025:12:31:01 +0000] "POST //xmlrpc.php HTTP/1.1" 200 3818 "-" "Mozilla/5.0 (Windows NT 10.0; Win64; x64) AppleWebKit/537.36 (KHTML, like Gecko) Chrome/78.0.3904.108 Safari/537.36"
138.199.35.8 - - [06/Nov/2025:12:31:02 +0000] "POST //xmlrpc.php HTTP/1.1" 200 3818 "-" "Mozilla/5.0 (Windows NT 10.0; Win64; x64) AppleWebKit/537.36 (KHTML, like Gecko) Chrome/78.0.3904.108 Safari/537.36"
138.199.35.8 - - [06/Nov/2025:12:31:03 +0000] "POST //xmlrpc.php HTTP/1.1" 200 3818 "-" "Mozilla/5.0 (Windows NT 10.0; Win64; x64) AppleWebKit/537.36 (KHTML, like Gecko) Chrome/78.0.3904.108 Safari/537.36"
138.199.35.8 - - [06/Nov/2025:12:31:04 +0000] "POST //xmlrpc.php HTTP/1.1" 200 3818 "-" "Mozilla/5.0 (Windows NT 10.0; Win64; x64) AppleWebKit/537.36 (KHTML, like Gecko) Chrome/78.0.3904.108 Safari/537.36"
138.199.35.8 - - [06/Nov/2025:12:31:04 +0000] "POST //xmlrpc.php HTTP/1.1" 200 3818 "-" "Mozilla/5.0 (Windows NT 10.0; Win64; x64) AppleWebKit/537.36 (KHTML, like Gecko) Chrome/78.0.3904.108 Safari/537.36"
138.199.35.8 - - [06/Nov/2025:12:31:05 +0000] "POST //xmlrpc.php HTTP/1.1" 200 3818 "-" "Mozilla/5.0 (Windows NT 10.0; Win64; x64) AppleWebKit/537.36 (KHTML, like Gecko) Chrome/78.0.3904.108 Safari/537.36"
138.199.35.8 - - [06/Nov/2025:12:31:06 +0000] "POST //xmlrpc.php HTTP/1.1" 200 3818 "-" "Mozilla/5.0 (Windows NT 10.0; Win64; x64) AppleWebKit/537.36 (KHTML, like Gecko) Chrome/78.0.3904.108 Safari/537.36"
138.199.35.8 - - [06/Nov/2025:12:31:07 +0000] "POST //xmlrpc.php HTTP/1.1" 200 3818 "-" "Mozilla/5.0 (Windows NT 10.0; Win64; x64) AppleWebKit/537.36 (KHTML, like Gecko) Chrome/78.0.3904.108 Safari/537.36"
138.199.35.8 - - [06/Nov/2025:12:31:08 +0000] "POST //xmlrpc.php HTTP/1.1" 200 3818 "-" "Mozilla/5.0 (Windows NT 10.0; Win64; x64) AppleWebKit/537.36 (KHTML, like Gecko) Chrome/78.0.3904.108 Safari/537.36"
194.164.62.186 - - [06/Nov/2025:12:31:09 +0000] "POST /wp-cron.php?doing_wp_cron=1762432269.5116689205169677734375 HTTP/1.1" 200 3647 "-" "WordPress/6.8.3; https://www.amphoragames.com"
138.199.35.8 - - [06/Nov/2025:12:31:09 +0000] "POST //xmlrpc.php HTTP/1.1" 200 3818 "-" "Mozilla/5.0 (Windows NT 10.0; Win64; x64) AppleWebKit/537.36 (KHTML, like Gecko) Chrome/78.0.3904.108 Safari/537.36"
138.199.35.8 - - [06/Nov/2025:12:31:10 +0000] "POST //xmlrpc.php HTTP/1.1" 200 3818 "-" "Mozilla/5.0 (Windows NT 10.0; Win64; x64) AppleWebKit/537.36 (KHTML, like Gecko) Chrome/78.0.3904.108 Safari/537.36"
138.199.35.8 - - [06/Nov/2025:12:31:11 +0000] "POST //xmlrpc.php HTTP/1.1" 200 3818 "-" "Mozilla/5.0 (Windows NT 10.0; Win64; x64) AppleWebKit/537.36 (KHTML, like Gecko) Chrome/78.0.3904.108 Safari/537.36"
138.199.35.8 - - [06/Nov/2025:12:31:12 +0000] "POST //xmlrpc.php HTTP/1.1" 200 3818 "-" "Mozilla/5.0 (Windows NT 10.0; Win64; x64) AppleWebKit/537.36 (KHTML, like Gecko) Chrome/78.0.3904.108 Safari/537.36"
