66.249.79.37 - - [06/Nov/2025:14:16:00 +0000] "GET /entity/802563151.shtm HTTP/1.1" 301 3813 "-" "Mozilla/5.0 (Linux; Android 6.0.1; Nexus 5X Build/MMB29P) AppleWebKit/537.36 (KHTML, like Gecko) Chrome/141.0.7390.122 Mobile Safari/537.36 (compatible; Googlebot/2.1; +http://www.google.com/bot.html)"
194.164.62.186 - - [06/Nov/2025:14:16:19 +0000] "POST /wp-cron.php?doing_wp_cron=1762438579.4360759258270263671875 HTTP/1.1" 200 3647 "-" "WordPress/6.8.3; https://www.amphoragames.com"
66.249.79.37 - - [06/Nov/2025:14:16:19 +0000] "GET /entity/53262497.shtm HTTP/1.1" 301 3813 "-" "Mozilla/5.0 (Linux; Android 6.0.1; Nexus 5X Build/MMB29P) AppleWebKit/537.36 (KHTML, like Gecko) Chrome/141.0.7390.122 Mobile Safari/537.36 (compatible; Googlebot/2.1; +http://www.google.com/bot.html)"
114.119.142.126 - - [06/Nov/2025:14:16:28 +0000] "GET /img_20171014_111623_374/ HTTP/1.1" 200 12787 "https://www.amphoragames.com/img_20171014_111623_374/" "Mozilla/5.0 (Linux; Android 7.0;) AppleWebKit/537.36 (KHTML, like Gecko) Mobile Safari/537.36 (compatible; PetalBot;+https://webmaster.petalsearch.com/site/petalbot)"
66.249.79.37 - - [06/Nov/2025:14:16:38 +0000] "GET /entity/802555572.shtm HTTP/1.1" 301 3813 "-" "Mozilla/5.0 (Linux; Android 6.0.1; Nexus 5X Build/MMB29P) AppleWebKit/537.36 (KHTML, like Gecko) Chrome/141.0.7390.122 Mobile Safari/537.36 (compatible; Googlebot/2.1; +http://www.google.com/bot.html)"
47.128.98.246 - - [06/Nov/2025:14:16:47 +0000] "GET /core HTTP/1.1" 301 3916 "-" "Mozilla/5.0 (Linux; Android 5.0) AppleWebKit/537.36 (KHTML, like Gecko) Mobile Safari/537.36 (compatible; Bytespider; spider-feedback@bytedance.com)"
47.128.98.246 - - [06/Nov/2025:14:16:49 +0000] "GET /core HTTP/1.1" 301 3647 "-" "Mozilla/5.0 (Linux; Android 5.0) AppleWebKit/537.36 (KHTML, like Gecko) Mobile Safari/537.36 (compatible; Bytespider; spider-feedback@bytedance.com)"
66.249.79.37 - - [06/Nov/2025:14:16:50 +0000] "GET /entity/50258111.shtm HTTP/1.1" 301 3813 "-" "Mozilla/5.0 (Linux; Android 6.0.1; Nexus 5X Build/MMB29P) AppleWebKit/537.36 (KHTML, like Gecko) Chrome/141.0.7390.122 Mobile Safari/537.36 (compatible; Googlebot/2.1; +http://www.google.com/bot.html)"
66.249.79.37 - - [06/Nov/2025:14:16:57 +0000] "GET /product/edit/A2144553251 HTTP/1.1" 301 3813 "-" "Mozilla/5.0 (Linux; Android 6.0.1; Nexus 5X Build/MMB29P) AppleWebKit/537.36 (KHTML, like Gecko) Chrome/141.0.7390.122 Mobile Safari/537.36 (compatible; Googlebot/2.1; +http://www.google.com/bot.html)"
66.249.79.37 - - [06/Nov/2025:14:17:08 +0000] "GET /entity/h_735 HTTP/1.1" 301 3813 "-" "Mozilla/5.0 (Linux; Android 6.0.1; Nexus 5X Build/MMB29P) AppleWebKit/537.36 (KHTML, like Gecko) Chrome/141.0.7390.122 Mobile Safari/537.36 (compatible; GoogleOther)"
194.164.62.186 - - [06/Nov/2025:14:17:16 +0000] "POST /wp-cron.php?doing_wp_cron=1762438636.2224218845367431640625 HTTP/1.1" 200 3647 "-" "WordPress/6.8.3; https://www.amphoragames.com"
66.249.79.37 - - [06/Nov/2025:14:17:15 +0000] "GET /entity/39810764.shtm HTTP/1.1" 301 3813 "-" "Mozilla/5.0 (Linux; Android 6.0.1; Nexus 5X Build/MMB29P) AppleWebKit/537.36 (KHTML, like Gecko) Chrome/141.0.7390.122 Mobile Safari/537.36 (compatible; Googlebot/2.1; +http://www.google.com/bot.html)"
66.249.79.37 - - [06/Nov/2025:14:17:35 +0000] "GET /entity/802561667.shtm HTTP/1.1" 301 3813 "-" "Mozilla/5.0 (Linux; Android 6.0.1; Nexus 5X Build/MMB29P) AppleWebKit/537.36 (KHTML, like Gecko) Chrome/141.0.7390.122 Mobile Safari/537.36 (compatible; Googlebot/2.1; +http://www.google.com/bot.html)"
66.249.79.37 - - [06/Nov/2025:14:17:55 +0000] "GET /entity/54660617.shtm HTTP/1.1" 301 3813 "-" "Mozilla/5.0 (Linux; Android 6.0.1; Nexus 5X Build/MMB29P) AppleWebKit/537.36 (KHTML, like Gecko) Chrome/141.0.7390.122 Mobile Safari/537.36 (compatible; Googlebot/2.1; +http://www.google.com/bot.html)"
194.164.62.186 - - [06/Nov/2025:14:18:25 +0000] "POST /wp-cron.php?doing_wp_cron=1762438705.2929940223693847656250 HTTP/1.1" 200 3647 "-" "WordPress/6.8.3; https://www.amphoragames.com"
66.249.79.32 - - [06/Nov/2025:14:18:25 +0000] "GET /entity/564392370.shtm HTTP/1.1" 301 3813 "-" "Mozilla/5.0 (Linux; Android 6.0.1; Nexus 5X Build/MMB29P) AppleWebKit/537.36 (KHTML, like Gecko) Chrome/141.0.7390.122 Mobile Safari/537.36 (compatible; Googlebot/2.1; +http://www.google.com/bot.html)"
194.164.62.186 - - [06/Nov/2025:14:18:42 +0000] "POST /wp-cron.php?doing_wp_cron=1762438722.9210360050201416015625 HTTP/1.1" 200 3647 "-" "WordPress/6.8.3; https://www.amphoragames.com"
66.249.79.37 - - [06/Nov/2025:14:18:42 +0000] "GET /entity/766854051.shtm HTTP/1.1" 301 3813 "-" "Mozilla/5.0 (Linux; Android 6.0.1; Nexus 5X Build/MMB29P) AppleWebKit/537.36 (KHTML, like Gecko) Chrome/141.0.7390.122 Mobile Safari/537.36 (compatible; Googlebot/2.1; +http://www.google.com/bot.html)"
66.249.79.37 - - [06/Nov/2025:14:19:01 +0000] "GET /entity/564415668.shtm HTTP/1.1" 301 3813 "-" "Mozilla/5.0 (Linux; Android 6.0.1; Nexus 5X Build/MMB29P) AppleWebKit/537.36 (KHTML, like Gecko) Chrome/141.0.7390.122 Mobile Safari/537.36 (compatible; Googlebot/2.1; +http://www.google.com/bot.html)"
66.249.79.32 - - [06/Nov/2025:14:19:04 +0000] "GET /entity/1212412680.shtm HTTP/1.1" 301 3813 "-" "Mozilla/5.0 (Linux; Android 6.0.1; Nexus 5X Build/MMB29P) AppleWebKit/537.36 (KHTML, like Gecko) Chrome/141.0.7390.122 Mobile Safari/537.36 (compatible; Googlebot/2.1; +http://www.google.com/bot.html)"
194.164.62.186 - - [06/Nov/2025:14:19:23 +0000] "POST /wp-cron.php?doing_wp_cron=1762438763.0885329246520996093750 HTTP/1.1" 200 3647 "-" "WordPress/6.8.3; https://www.amphoragames.com"
66.249.79.37 - - [06/Nov/2025:14:19:22 +0000] "GET /entity/1097323074.shtm HTTP/1.1" 301 3813 "-" "Mozilla/5.0 (Linux; Android 6.0.1; Nexus 5X Build/MMB29P) AppleWebKit/537.36 (KHTML, like Gecko) Chrome/141.0.7390.122 Mobile Safari/537.36 (compatible; Googlebot/2.1; +http://www.google.com/bot.html)"
66.249.79.32 - - [06/Nov/2025:14:19:24 +0000] "GET /entity/55943884.shtm HTTP/1.1" 301 3813 "-" "Mozilla/5.0 (Linux; Android 6.0.1; Nexus 5X Build/MMB29P) AppleWebKit/537.36 (KHTML, like Gecko) Chrome/141.0.7390.122 Mobile Safari/537.36 (compatible; Googlebot/2.1; +http://www.google.com/bot.html)"
66.249.79.37 - - [06/Nov/2025:14:19:26 +0000] "GET /entity/1183207332.shtm HTTP/1.1" 301 495 "-" "Mozilla/5.0 (Linux; Android 6.0.1; Nexus 5X Build/MMB29P) AppleWebKit/537.36 (KHTML, like Gecko) Chrome/141.0.7390.122 Mobile Safari/537.36 (compatible; Googlebot/2.1; +http://www.google.com/bot.html)"
66.249.79.37 - - [06/Nov/2025:14:19:33 +0000] "GET /entity/1096227057.shtm HTTP/1.1" 301 3813 "-" "Mozilla/5.0 (Linux; Android 6.0.1; Nexus 5X Build/MMB29P) AppleWebKit/537.36 (KHTML, like Gecko) Chrome/141.0.7390.122 Mobile Safari/537.36 (compatible; Googlebot/2.1; +http://www.google.com/bot.html)"
66.249.79.37 - - [06/Nov/2025:14:19:47 +0000] "GET /entity/564413631.shtm HTTP/1.1" 301 3813 "-" "Mozilla/5.0 (Linux; Android 6.0.1; Nexus 5X Build/MMB29P) AppleWebKit/537.36 (KHTML, like Gecko) Chrome/141.0.7390.122 Mobile Safari/537.36 (compatible; Googlebot/2.1; +http://www.google.com/bot.html)"
194.164.62.186 - - [06/Nov/2025:14:20:06 +0000] "POST /wp-cron.php?doing_wp_cron=1762438806.6403670310974121093750 HTTP/1.1" 200 3647 "-" "WordPress/6.8.3; https://www.amphoragames.com"
66.249.79.32 - - [06/Nov/2025:14:20:06 +0000] "GET /entity/1231874908.shtm HTTP/1.1" 301 3813 "-" "Mozilla/5.0 (Linux; Android 6.0.1; Nexus 5X Build/MMB29P) AppleWebKit/537.36 (KHTML, like Gecko) Chrome/141.0.7390.122 Mobile Safari/537.36 (compatible; Googlebot/2.1; +http://www.google.com/bot.html)"
194.164.62.186 - - [06/Nov/2025:14:20:25 +0000] "POST /wp-cron.php?doing_wp_cron=1762438825.5938549041748046875000 HTTP/1.1" 200 3647 "-" "WordPress/6.8.3; https://www.amphoragames.com"
66.249.79.32 - - [06/Nov/2025:14:20:25 +0000] "GET /entity/564371572.shtm HTTP/1.1" 301 3813 "-" "Mozilla/5.0 (Linux; Android 6.0.1; Nexus 5X Build/MMB29P) AppleWebKit/537.36 (KHTML, like Gecko) Chrome/141.0.7390.122 Mobile Safari/537.36 (compatible; Googlebot/2.1; +http://www.google.com/bot.html)"
52.167.144.177 - - [06/Nov/2025:14:20:30 +0000] "GET /entity/293086131.shtm HTTP/1.1" 404 33606 "-" "Mozilla/5.0 AppleWebKit/537.36 (KHTML, like Gecko; compatible; bingbot/2.0; +http://www.bing.com/bingbot.htm) Chrome/116.0.1938.76 Safari/537.36"
66.249.79.37 - - [06/Nov/2025:14:20:44 +0000] "GET /entity/723565764.shtm HTTP/1.1" 301 3813 "-" "Mozilla/5.0 (Linux; Android 6.0.1; Nexus 5X Build/MMB29P) AppleWebKit/537.36 (KHTML, like Gecko) Chrome/141.0.7390.122 Mobile Safari/537.36 (compatible; Googlebot/2.1; +http://www.google.com/bot.html)"
66.249.79.32 - - [06/Nov/2025:14:21:01 +0000] "GET /entity/44842502.shtm HTTP/1.1" 301 3813 "-" "Mozilla/5.0 (Linux; Android 6.0.1; Nexus 5X Build/MMB29P) AppleWebKit/537.36 (KHTML, like Gecko) Chrome/141.0.7390.122 Mobile Safari/537.36 (compatible; Googlebot/2.1; +http://www.google.com/bot.html)"
66.249.79.37 - - [06/Nov/2025:14:21:03 +0000] "GET /entity/428511937.shtm HTTP/1.1" 301 3813 "-" "Mozilla/5.0 (Linux; Android 6.0.1; Nexus 5X Build/MMB29P) AppleWebKit/537.36 (KHTML, like Gecko) Chrome/141.0.7390.122 Mobile Safari/537.36 (compatible; Googlebot/2.1; +http://www.google.com/bot.html)"
52.167.144.177 - - [06/Nov/2025:14:21:04 +0000] "GET /entity/1433300584.shtm HTTP/1.1" 404 33610 "-" "Mozilla/5.0 AppleWebKit/537.36 (KHTML, like Gecko; compatible; bingbot/2.0; +http://www.bing.com/bingbot.htm) Chrome/116.0.1938.76 Safari/537.36"
194.164.62.186 - - [06/Nov/2025:14:21:22 +0000] "POST /wp-cron.php?doing_wp_cron=1762438882.4141099452972412109375 HTTP/1.1" 200 3647 "-" "WordPress/6.8.3; https://www.amphoragames.com"
66.249.79.37 - - [06/Nov/2025:14:21:22 +0000] "GET /entity/806217342.shtm HTTP/1.1" 301 3813 "-" "Mozilla/5.0 (Linux; Android 6.0.1; Nexus 5X Build/MMB29P) AppleWebKit/537.36 (KHTML, like Gecko) Chrome/141.0.7390.122 Mobile Safari/537.36 (compatible; Googlebot/2.1; +http://www.google.com/bot.html)"
66.249.79.32 - - [06/Nov/2025:14:21:24 +0000] "GET /entity/44796873.shtm HTTP/1.1" 301 3813 "-" "Mozilla/5.0 (Linux; Android 6.0.1; Nexus 5X Build/MMB29P) AppleWebKit/537.36 (KHTML, like Gecko) Chrome/141.0.7390.122 Mobile Safari/537.36 (compatible; Googlebot/2.1; +http://www.google.com/bot.html)"
66.249.79.37 - - [06/Nov/2025:14:21:41 +0000] "GET /entity/39061696.shtm HTTP/1.1" 301 3813 "-" "Mozilla/5.0 (Linux; Android 6.0.1; Nexus 5X Build/MMB29P) AppleWebKit/537.36 (KHTML, like Gecko) Chrome/141.0.7390.122 Mobile Safari/537.36 (compatible; Googlebot/2.1; +http://www.google.com/bot.html)"
66.249.79.37 - - [06/Nov/2025:14:22:00 +0000] "GET /entity/806211091.shtm HTTP/1.1" 301 3813 "-" "Mozilla/5.0 (Linux; Android 6.0.1; Nexus 5X Build/MMB29P) AppleWebKit/537.36 (KHTML, like Gecko) Chrome/141.0.7390.122 Mobile Safari/537.36 (compatible; Googlebot/2.1; +http://www.google.com/bot.html)"
52.167.144.177 - - [06/Nov/2025:14:22:02 +0000] "GET /entity/117601888.shtm HTTP/1.1" 404 33606 "-" "Mozilla/5.0 AppleWebKit/537.36 (KHTML, like Gecko; compatible; bingbot/2.0; +http://www.bing.com/bingbot.htm) Chrome/116.0.1938.76 Safari/537.36"
194.164.62.186 - - [06/Nov/2025:14:22:12 +0000] "POST /wp-cron.php?doing_wp_cron=1762438932.5820651054382324218750 HTTP/1.1" 200 3647 "-" "WordPress/6.8.3; https://www.amphoragames.com"
66.249.79.37 - - [06/Nov/2025:14:22:12 +0000] "GET /entity/991274865.shtm HTTP/1.1" 301 3813 "-" "Mozilla/5.0 (Linux; Android 6.0.1; Nexus 5X Build/MMB29P) AppleWebKit/537.36 (KHTML, like Gecko) Chrome/141.0.7390.122 Mobile Safari/537.36 (compatible; GoogleOther)"
66.249.79.37 - - [06/Nov/2025:14:22:18 +0000] "GET /entity/806227547.shtm HTTP/1.1" 301 3813 "-" "Mozilla/5.0 (Linux; Android 6.0.1; Nexus 5X Build/MMB29P) AppleWebKit/537.36 (KHTML, like Gecko) Chrome/141.0.7390.122 Mobile Safari/537.36 (compatible; Googlebot/2.1; +http://www.google.com/bot.html)"
66.249.79.37 - - [06/Nov/2025:14:22:37 +0000] "GET /entity/1313625804.shtm HTTP/1.1" 301 3813 "-" "Mozilla/5.0 (Linux; Android 6.0.1; Nexus 5X Build/MMB29P) AppleWebKit/537.36 (KHTML, like Gecko) Chrome/141.0.7390.122 Mobile Safari/537.36 (compatible; GoogleOther)"
66.249.79.37 - - [06/Nov/2025:14:22:39 +0000] "GET /entity/806237547.shtm HTTP/1.1" 301 3813 "-" "Mozilla/5.0 (Linux; Android 6.0.1; Nexus 5X Build/MMB29P) AppleWebKit/537.36 (KHTML, like Gecko) Chrome/141.0.7390.122 Mobile Safari/537.36 (compatible; Googlebot/2.1; +http://www.google.com/bot.html)"
66.249.79.37 - - [06/Nov/2025:14:22:56 +0000] "GET /entity/806250478.shtm HTTP/1.1" 301 3813 "-" "Mozilla/5.0 (Linux; Android 6.0.1; Nexus 5X Build/MMB29P) AppleWebKit/537.36 (KHTML, like Gecko) Chrome/141.0.7390.122 Mobile Safari/537.36 (compatible; Googlebot/2.1; +http://www.google.com/bot.html)"
52.167.144.177 - - [06/Nov/2025:14:23:01 +0000] "GET /entity/981200776.shtm HTTP/1.1" 404 33606 "-" "Mozilla/5.0 AppleWebKit/537.36 (KHTML, like Gecko; compatible; bingbot/2.0; +http://www.bing.com/bingbot.htm) Chrome/116.0.1938.76 Safari/537.36"
194.164.62.186 - - [06/Nov/2025:14:23:09 +0000] "POST /wp-cron.php?doing_wp_cron=1762438989.4970419406890869140625 HTTP/1.1" 200 3647 "-" "WordPress/6.8.3; https://www.amphoragames.com"
85.208.96.211 - - [06/Nov/2025:14:23:09 +0000] "GET /2018/05/08/torneo-de-pentaurus-duel-en-el-xiii-dia-friki/ HTTP/1.1" 200 14763 "-" "Mozilla/5.0 (compatible; SemrushBot/7~bl; +http://www.semrush.com/bot.html)"
66.249.79.37 - - [06/Nov/2025:14:23:15 +0000] "GET /entity/1096410726.shtm HTTP/1.1" 301 3813 "-" "Mozilla/5.0 (Linux; Android 6.0.1; Nexus 5X Build/MMB29P) AppleWebKit/537.36 (KHTML, like Gecko) Chrome/141.0.7390.122 Mobile Safari/537.36 (compatible; Googlebot/2.1; +http://www.google.com/bot.html)"
66.249.79.32 - - [06/Nov/2025:14:23:36 +0000] "GET /entity/741625509.shtm HTTP/1.1" 301 3813 "-" "Mozilla/5.0 (Linux; Android 6.0.1; Nexus 5X Build/MMB29P) AppleWebKit/537.36 (KHTML, like Gecko) Chrome/141.0.7390.122 Mobile Safari/537.36 (compatible; Googlebot/2.1; +http://www.google.com/bot.html)"
157.55.39.7 - - [06/Nov/2025:14:23:38 +0000] "GET /safe_search/config?return_url=%2Fproduct%2Fdetail%2FA2590550443 HTTP/1.1" 404 33594 "-" "Mozilla/5.0 AppleWebKit/537.36 (KHTML, like Gecko; compatible; bingbot/2.0; +http://www.bing.com/bingbot.htm) Chrome/116.0.1938.76 Safari/537.36"
66.249.79.37 - - [06/Nov/2025:14:23:53 +0000] "GET /entity/537844595.shtm HTTP/1.1" 301 3813 "-" "Mozilla/5.0 (Linux; Android 6.0.1; Nexus 5X Build/MMB29P) AppleWebKit/537.36 (KHTML, like Gecko) Chrome/141.0.7390.122 Mobile Safari/537.36 (compatible; Googlebot/2.1; +http://www.google.com/bot.html)"
81.31.208.220 - - [06/Nov/2025:14:24:17 +0000] "GET / HTTP/1.1" 200 13540 "http://www.amphoragames.com" "LinkBloom/2.7.11 (Educational Domain Discovery; +https://hamidsoltani.com/linkbloom)"
81.31.208.220 - - [06/Nov/2025:14:24:23 +0000] "GET / HTTP/1.1" 200 13540 "http://amphora.es" "LinkBloom/2.7.11 (Educational Domain Discovery; +https://hamidsoltani.com/linkbloom)"
66.249.79.33 - - [06/Nov/2025:14:24:27 +0000] "GET /entity/20598291.shtm HTTP/1.1" 301 3813 "-" "Mozilla/5.0 (Linux; Android 6.0.1; Nexus 5X Build/MMB29P) AppleWebKit/537.36 (KHTML, like Gecko) Chrome/141.0.7390.122 Mobile Safari/537.36 (compatible; Googlebot/2.1; +http://www.google.com/bot.html)"
52.167.144.177 - - [06/Nov/2025:14:24:32 +0000] "GET /entity/585369160.shtm HTTP/1.1" 404 33606 "-" "Mozilla/5.0 AppleWebKit/537.36 (KHTML, like Gecko; compatible; bingbot/2.0; +http://www.bing.com/bingbot.htm) Chrome/116.0.1938.76 Safari/537.36"
66.249.79.32 - - [06/Nov/2025:14:24:44 +0000] "GET /entity/20561645.shtm HTTP/1.1" 301 3813 "-" "Mozilla/5.0 (Linux; Android 6.0.1; Nexus 5X Build/MMB29P) AppleWebKit/537.36 (KHTML, like Gecko) Chrome/141.0.7390.122 Mobile Safari/537.36 (compatible; Googlebot/2.1; +http://www.google.com/bot.html)"
66.249.79.37 - - [06/Nov/2025:14:25:01 +0000] "GET /entity/45362414.shtm HTTP/1.1" 301 3813 "-" "Mozilla/5.0 (Linux; Android 6.0.1; Nexus 5X Build/MMB29P) AppleWebKit/537.36 (KHTML, like Gecko) Chrome/141.0.7390.122 Mobile Safari/537.36 (compatible; Googlebot/2.1; +http://www.google.com/bot.html)"
194.164.62.186 - - [06/Nov/2025:14:25:19 +0000] "POST /wp-cron.php?doing_wp_cron=1762439119.2737970352172851562500 HTTP/1.1" 200 3647 "-" "WordPress/6.8.3; https://www.amphoragames.com"
66.249.79.37 - - [06/Nov/2025:14:25:19 +0000] "GET /entity/20563033.shtm HTTP/1.1" 301 3813 "-" "Mozilla/5.0 (Linux; Android 6.0.1; Nexus 5X Build/MMB29P) AppleWebKit/537.36 (KHTML, like Gecko) Chrome/141.0.7390.122 Mobile Safari/537.36 (compatible; Googlebot/2.1; +http://www.google.com/bot.html)"
66.249.79.37 - - [06/Nov/2025:14:25:36 +0000] "GET /entity/852007390.shtm HTTP/1.1" 301 3813 "-" "Mozilla/5.0 (Linux; Android 6.0.1; Nexus 5X Build/MMB29P) AppleWebKit/537.36 (KHTML, like Gecko) Chrome/141.0.7390.122 Mobile Safari/537.36 (compatible; Googlebot/2.1; +http://www.google.com/bot.html)"
52.167.144.25 - - [06/Nov/2025:14:25:51 +0000] "GET /entity/872185904.shtm HTTP/1.1" 404 33606 "-" "Mozilla/5.0 AppleWebKit/537.36 (KHTML, like Gecko; compatible; bingbot/2.0; +http://www.bing.com/bingbot.htm) Chrome/116.0.1938.76 Safari/537.36"
66.249.79.37 - - [06/Nov/2025:14:25:53 +0000] "GET /entity/988717429.shtm HTTP/1.1" 301 3813 "-" "Mozilla/5.0 (Linux; Android 6.0.1; Nexus 5X Build/MMB29P) AppleWebKit/537.36 (KHTML, like Gecko) Chrome/141.0.7390.122 Mobile Safari/537.36 (compatible; Googlebot/2.1; +http://www.google.com/bot.html)"
207.46.13.150 - - [06/Nov/2025:14:25:59 +0000] "GET /entity/439901520.shtm HTTP/1.1" 404 33606 "-" "Mozilla/5.0 AppleWebKit/537.36 (KHTML, like Gecko; compatible; bingbot/2.0; +http://www.bing.com/bingbot.htm) Chrome/116.0.1938.76 Safari/537.36"
52.167.144.177 - - [06/Nov/2025:14:26:03 +0000] "GET /entity/515237794.shtm HTTP/1.1" 404 33606 "-" "Mozilla/5.0 AppleWebKit/537.36 (KHTML, like Gecko; compatible; bingbot/2.0; +http://www.bing.com/bingbot.htm) Chrome/116.0.1938.76 Safari/537.36"
194.164.62.186 - - [06/Nov/2025:14:26:11 +0000] "POST /wp-cron.php?doing_wp_cron=1762439171.0034439563751220703125 HTTP/1.1" 200 3647 "-" "WordPress/6.8.3; https://www.amphoragames.com"
66.249.79.32 - - [06/Nov/2025:14:26:10 +0000] "GET /entity/1293962186.shtm HTTP/1.1" 301 3813 "-" "Mozilla/5.0 (Linux; Android 6.0.1; Nexus 5X Build/MMB29P) AppleWebKit/537.36 (KHTML, like Gecko) Chrome/141.0.7390.122 Mobile Safari/537.36 (compatible; Googlebot/2.1; +http://www.google.com/bot.html)"
66.249.79.37 - - [06/Nov/2025:14:26:27 +0000] "GET /entity/1096410581.shtm HTTP/1.1" 301 3813 "-" "Mozilla/5.0 (Linux; Android 6.0.1; Nexus 5X Build/MMB29P) AppleWebKit/537.36 (KHTML, like Gecko) Chrome/141.0.7390.122 Mobile Safari/537.36 (compatible; Googlebot/2.1; +http://www.google.com/bot.html)"
66.249.79.37 - - [06/Nov/2025:14:26:52 +0000] "GET /product/edit/A1558555897 HTTP/1.1" 301 3813 "-" "Mozilla/5.0 (Linux; Android 6.0.1; Nexus 5X Build/MMB29P) AppleWebKit/537.36 (KHTML, like Gecko) Chrome/141.0.7390.122 Mobile Safari/537.36 (compatible; Googlebot/2.1; +http://www.google.com/bot.html)"
194.164.62.186 - - [06/Nov/2025:14:27:10 +0000] "POST /wp-cron.php?doing_wp_cron=1762439230.3958590030670166015625 HTTP/1.1" 200 3647 "-" "WordPress/6.8.3; https://www.amphoragames.com"
66.249.79.32 - - [06/Nov/2025:14:27:10 +0000] "GET /product/edit/A2015013126 HTTP/1.1" 301 3813 "-" "Mozilla/5.0 (Linux; Android 6.0.1; Nexus 5X Build/MMB29P) AppleWebKit/537.36 (KHTML, like Gecko) Chrome/141.0.7390.122 Mobile Safari/537.36 (compatible; Googlebot/2.1; +http://www.google.com/bot.html)"
66.249.79.37 - - [06/Nov/2025:14:27:27 +0000] "GET /product/edit/A2844729497 HTTP/1.1" 301 3813 "-" "Mozilla/5.0 (Linux; Android 6.0.1; Nexus 5X Build/MMB29P) AppleWebKit/537.36 (KHTML, like Gecko) Chrome/141.0.7390.122 Mobile Safari/537.36 (compatible; Googlebot/2.1; +http://www.google.com/bot.html)"
66.249.79.37 - - [06/Nov/2025:14:27:42 +0000] "GET /entity/3378444.shtm HTTP/1.1" 301 3813 "-" "Mozilla/5.0 (Linux; Android 6.0.1; Nexus 5X Build/MMB29P) AppleWebKit/537.36 (KHTML, like Gecko) Chrome/141.0.7390.122 Mobile Safari/537.36 (compatible; GoogleOther)"
66.249.79.37 - - [06/Nov/2025:14:27:45 +0000] "GET /product/edit/A2076473835 HTTP/1.1" 301 3813 "-" "Mozilla/5.0 (Linux; Android 6.0.1; Nexus 5X Build/MMB29P) AppleWebKit/537.36 (KHTML, like Gecko) Chrome/141.0.7390.122 Mobile Safari/537.36 (compatible; Googlebot/2.1; +http://www.google.com/bot.html)"
207.46.13.150 - - [06/Nov/2025:14:27:49 +0000] "GET /entity/712304457.shtm HTTP/1.1" 404 33606 "-" "Mozilla/5.0 AppleWebKit/537.36 (KHTML, like Gecko; compatible; bingbot/2.0; +http://www.bing.com/bingbot.htm) Chrome/116.0.1938.76 Safari/537.36"
66.249.79.37 - - [06/Nov/2025:14:27:52 +0000] "GET /entity/y_0.048/a_exif HTTP/1.1" 301 3813 "https://www.amphoragames.com/entity/37416491.shtm" "Mozilla/5.0 AppleWebKit/537.36 (KHTML, like Gecko; compatible; GoogleOther) Chrome/141.0.7390.122 Safari/537.36"
66.249.79.37 - - [06/Nov/2025:14:27:55 +0000] "GET /entity/q_auto:eco HTTP/1.1" 301 495 "https://www.amphoragames.com/entity/37416491.shtm" "Mozilla/5.0 AppleWebKit/537.36 (KHTML, like Gecko; compatible; GoogleOther) Chrome/141.0.7390.122 Safari/537.36"
66.249.79.37 - - [06/Nov/2025:14:27:57 +0000] "GET /entity/w_0.900 HTTP/1.1" 301 495 "https://www.amphoragames.com/entity/37416491.shtm" "Mozilla/5.0 AppleWebKit/537.36 (KHTML, like Gecko; compatible; GoogleOther) Chrome/141.0.7390.122 Safari/537.36"
66.249.79.37 - - [06/Nov/2025:14:27:59 +0000] "GET /entity/h_296 HTTP/1.1" 301 495 "https://www.amphoragames.com/entity/37416491.shtm" "Mozilla/5.0 AppleWebKit/537.36 (KHTML, like Gecko; compatible; GoogleOther) Chrome/141.0.7390.122 Safari/537.36"
66.249.79.33 - - [06/Nov/2025:14:28:01 +0000] "GET /entity/w_296/v1485554238/tad5xwt72brdvrje7r8v.jpg HTTP/1.1" 301 3813 "https://www.amphoragames.com/entity/37416491.shtm" "Mozilla/5.0 AppleWebKit/537.36 (KHTML, like Gecko; compatible; GoogleOther) Chrome/141.0.7390.122 Safari/537.36"
66.249.79.33 - - [06/Nov/2025:14:28:03 +0000] "GET /product/edit/A2492787852 HTTP/1.1" 301 3813 "-" "Mozilla/5.0 (Linux; Android 6.0.1; Nexus 5X Build/MMB29P) AppleWebKit/537.36 (KHTML, like Gecko) Chrome/141.0.7390.122 Mobile Safari/537.36 (compatible; Googlebot/2.1; +http://www.google.com/bot.html)"
66.249.79.37 - - [06/Nov/2025:14:28:06 +0000] "GET /entity/h_0.900 HTTP/1.1" 301 3813 "https://www.amphoragames.com/entity/37416491.shtm" "Mozilla/5.0 AppleWebKit/537.36 (KHTML, like Gecko; compatible; GoogleOther) Chrome/141.0.7390.122 Safari/537.36"
66.249.79.32 - - [06/Nov/2025:14:28:08 +0000] "GET /entity/x_0.058 HTTP/1.1" 301 3813 "https://www.amphoragames.com/entity/37416491.shtm" "Mozilla/5.0 AppleWebKit/537.36 (KHTML, like Gecko; compatible; GoogleOther) Chrome/141.0.7390.122 Safari/537.36"
194.164.62.186 - - [06/Nov/2025:14:28:10 +0000] "POST /wp-cron.php?doing_wp_cron=1762439290.6401879787445068359375 HTTP/1.1" 200 3647 "-" "WordPress/6.8.3; https://www.amphoragames.com"
66.249.79.37 - - [06/Nov/2025:14:28:10 +0000] "GET /entity/f_auto HTTP/1.1" 301 495 "https://www.amphoragames.com/entity/37416491.shtm" "Mozilla/5.0 AppleWebKit/537.36 (KHTML, like Gecko; compatible; GoogleOther) Chrome/141.0.7390.122 Safari/537.36"
66.249.79.37 - - [06/Nov/2025:14:28:12 +0000] "GET /entity/g_south HTTP/1.1" 301 495 "https://www.amphoragames.com/entity/37416491.shtm" "Mozilla/5.0 AppleWebKit/537.36 (KHTML, like Gecko; compatible; GoogleOther) Chrome/141.0.7390.122 Safari/537.36"
66.249.79.37 - - [06/Nov/2025:14:28:14 +0000] "GET /entity/t_large/v1668508413/o8tyqpwjpu6ndlycgwyc.jpg HTTP/1.1" 301 495 "https://www.amphoragames.com/entity/37416491.shtm" "Mozilla/5.0 AppleWebKit/537.36 (KHTML, like Gecko; compatible; GoogleOther) Chrome/141.0.7390.122 Safari/537.36"
66.249.79.37 - - [06/Nov/2025:14:28:16 +0000] "GET /entity/fl_progressive HTTP/1.1" 301 495 "https://www.amphoragames.com/entity/37416491.shtm" "Mozilla/5.0 AppleWebKit/537.36 (KHTML, like Gecko; compatible; GoogleOther) Chrome/141.0.7390.122 Safari/537.36"
66.249.79.37 - - [06/Nov/2025:14:28:21 +0000] "GET /product/edit/A677420726 HTTP/1.1" 301 3813 "-" "Mozilla/5.0 (Linux; Android 6.0.1; Nexus 5X Build/MMB29P) AppleWebKit/537.36 (KHTML, like Gecko) Chrome/141.0.7390.122 Mobile Safari/537.36 (compatible; Googlebot/2.1; +http://www.google.com/bot.html)"
66.249.79.37 - - [06/Nov/2025:14:28:38 +0000] "GET /product/edit/A2518942089 HTTP/1.1" 301 3813 "-" "Mozilla/5.0 (Linux; Android 6.0.1; Nexus 5X Build/MMB29P) AppleWebKit/537.36 (KHTML, like Gecko) Chrome/141.0.7390.122 Mobile Safari/537.36 (compatible; Googlebot/2.1; +http://www.google.com/bot.html)"
207.46.13.150 - - [06/Nov/2025:14:28:49 +0000] "GET /entity/1302758619.shtm HTTP/1.1" 404 33610 "-" "Mozilla/5.0 AppleWebKit/537.36 (KHTML, like Gecko; compatible; bingbot/2.0; +http://www.bing.com/bingbot.htm) Chrome/116.0.1938.76 Safari/537.36"
207.46.13.150 - - [06/Nov/2025:14:28:51 +0000] "GET /entity/1046625520.shtm HTTP/1.1" 404 30187 "-" "Mozilla/5.0 AppleWebKit/537.36 (KHTML, like Gecko; compatible; bingbot/2.0; +http://www.bing.com/bingbot.htm) Chrome/116.0.1938.76 Safari/537.36"
194.164.62.186 - - [06/Nov/2025:14:29:12 +0000] "POST /wp-cron.php?doing_wp_cron=1762439352.0644710063934326171875 HTTP/1.1" 200 3647 "-" "WordPress/6.8.3; https://www.amphoragames.com"
66.249.79.33 - - [06/Nov/2025:14:29:11 +0000] "GET /product/edit/A3620058743 HTTP/1.1" 301 3813 "-" "Mozilla/5.0 (Linux; Android 6.0.1; Nexus 5X Build/MMB29P) AppleWebKit/537.36 (KHTML, like Gecko) Chrome/141.0.7390.122 Mobile Safari/537.36 (compatible; Googlebot/2.1; +http://www.google.com/bot.html)"
66.249.79.32 - - [06/Nov/2025:14:29:29 +0000] "GET /zhHant/product/surugaya/A2450523218?campaign_uid=f64d716db5e979ed2f947dbaf4296895b951ae7f HTTP/1.1" 301 3813 "-" "Mozilla/5.0 (Linux; Android 6.0.1; Nexus 5X Build/MMB29P) AppleWebKit/537.36 (KHTML, like Gecko) Chrome/141.0.7390.122 Mobile Safari/537.36 (compatible; Googlebot/2.1; +http://www.google.com/bot.html)"
207.46.13.150 - - [06/Nov/2025:14:29:39 +0000] "GET /entity/769696545.shtm HTTP/1.1" 404 33606 "-" "Mozilla/5.0 AppleWebKit/537.36 (KHTML, like Gecko; compatible; bingbot/2.0; +http://www.bing.com/bingbot.htm) Chrome/116.0.1938.76 Safari/537.36"
66.249.79.37 - - [06/Nov/2025:14:29:46 +0000] "GET /zhHant/product/surugaya/A2893259990?campaign_uid=f64d716db5e979ed2f947dbaf4296895b951ae7f HTTP/1.1" 301 3813 "-" "Mozilla/5.0 (Linux; Android 6.0.1; Nexus 5X Build/MMB29P) AppleWebKit/537.36 (KHTML, like Gecko) Chrome/141.0.7390.122 Mobile Safari/537.36 (compatible; Googlebot/2.1; +http://www.google.com/bot.html)"
207.46.13.150 - - [06/Nov/2025:14:30:00 +0000] "GET /entity/1133945495.shtm HTTP/1.1" 404 33610 "-" "Mozilla/5.0 AppleWebKit/537.36 (KHTML, like Gecko; compatible; bingbot/2.0; +http://www.bing.com/bingbot.htm) Chrome/116.0.1938.76 Safari/537.36"
66.249.79.33 - - [06/Nov/2025:14:30:03 +0000] "GET /zhHant/product/surugaya/A1042717854?campaign_uid=f64d716db5e979ed2f947dbaf4296895b951ae7f HTTP/1.1" 301 3813 "-" "Mozilla/5.0 (Linux; Android 6.0.1; Nexus 5X Build/MMB29P) AppleWebKit/537.36 (KHTML, like Gecko) Chrome/141.0.7390.122 Mobile Safari/537.36 (compatible; Googlebot/2.1; +http://www.google.com/bot.html)"
194.164.62.186 - - [06/Nov/2025:14:30:21 +0000] "POST /wp-cron.php?doing_wp_cron=1762439421.2626891136169433593750 HTTP/1.1" 200 3647 "-" "WordPress/6.8.3; https://www.amphoragames.com"
66.249.79.37 - - [06/Nov/2025:14:30:20 +0000] "GET /entity/344193925.shtm HTTP/1.1" 301 3813 "-" "Mozilla/5.0 (Linux; Android 6.0.1; Nexus 5X Build/MMB29P) AppleWebKit/537.36 (KHTML, like Gecko) Chrome/141.0.7390.122 Mobile Safari/537.36 (compatible; Googlebot/2.1; +http://www.google.com/bot.html)"
52.167.144.25 - - [06/Nov/2025:14:30:23 +0000] "GET /entity/1358337534.shtm HTTP/1.1" 404 33610 "-" "Mozilla/5.0 AppleWebKit/537.36 (KHTML, like Gecko; compatible; bingbot/2.0; +http://www.bing.com/bingbot.htm) Chrome/116.0.1938.76 Safari/537.36"
66.249.79.37 - - [06/Nov/2025:14:30:23 +0000] "GET /entity/838760860.shtm HTTP/1.1" 301 495 "-" "Mozilla/5.0 (Linux; Android 6.0.1; Nexus 5X Build/MMB29P) AppleWebKit/537.36 (KHTML, like Gecko) Chrome/141.0.7390.122 Mobile Safari/537.36 (compatible; Googlebot/2.1; +http://www.google.com/bot.html)"
66.249.79.37 - - [06/Nov/2025:14:30:40 +0000] "GET /entity/241836915.shtm HTTP/1.1" 301 3813 "-" "Mozilla/5.0 (Linux; Android 6.0.1; Nexus 5X Build/MMB29P) AppleWebKit/537.36 (KHTML, like Gecko) Chrome/141.0.7390.122 Mobile Safari/537.36 (compatible; Googlebot/2.1; +http://www.google.com/bot.html)"
66.249.79.37 - - [06/Nov/2025:14:30:57 +0000] "GET /entity/1295195857.shtm HTTP/1.1" 301 3813 "-" "Mozilla/5.0 (Linux; Android 6.0.1; Nexus 5X Build/MMB29P) AppleWebKit/537.36 (KHTML, like Gecko) Chrome/141.0.7390.122 Mobile Safari/537.36 (compatible; Googlebot/2.1; +http://www.google.com/bot.html)"
194.164.62.186 - - [06/Nov/2025:14:31:16 +0000] "POST /wp-cron.php?doing_wp_cron=1762439476.4599890708923339843750 HTTP/1.1" 200 3647 "-" "WordPress/6.8.3; https://www.amphoragames.com"
66.249.79.32 - - [06/Nov/2025:14:31:16 +0000] "GET /entity/241814332.shtm HTTP/1.1" 301 3813 "-" "Mozilla/5.0 (Linux; Android 6.0.1; Nexus 5X Build/MMB29P) AppleWebKit/537.36 (KHTML, like Gecko) Chrome/141.0.7390.122 Mobile Safari/537.36 (compatible; Googlebot/2.1; +http://www.google.com/bot.html)"
66.249.79.32 - - [06/Nov/2025:14:31:33 +0000] "GET /entity/588447606.shtm HTTP/1.1" 301 3813 "-" "Mozilla/5.0 (Linux; Android 6.0.1; Nexus 5X Build/MMB29P) AppleWebKit/537.36 (KHTML, like Gecko) Chrome/141.0.7390.122 Mobile Safari/537.36 (compatible; Googlebot/2.1; +http://www.google.com/bot.html)"
66.249.79.37 - - [06/Nov/2025:14:31:36 +0000] "GET /dozin.html HTTP/1.1" 301 3813 "-" "Mozilla/5.0 (Linux; Android 6.0.1; Nexus 5X Build/MMB29P) AppleWebKit/537.36 (KHTML, like Gecko) Chrome/141.0.7390.122 Mobile Safari/537.36 (compatible; GoogleOther)"
66.249.79.37 - - [06/Nov/2025:14:31:38 +0000] "GET /product/edit/A1127167974 HTTP/1.1" 301 3813 "-" "Mozilla/5.0 (Linux; Android 6.0.1; Nexus 5X Build/MMB29P) AppleWebKit/537.36 (KHTML, like Gecko) Chrome/141.0.7390.122 Mobile Safari/537.36 (compatible; Googlebot/2.1; +http://www.google.com/bot.html)"
66.249.79.37 - - [06/Nov/2025:14:31:41 +0000] "GET /entity/1120274001.shtm HTTP/1.1" 301 495 "-" "Mozilla/5.0 (Linux; Android 6.0.1; Nexus 5X Build/MMB29P) AppleWebKit/537.36 (KHTML, like Gecko) Chrome/141.0.7390.122 Mobile Safari/537.36 (compatible; Googlebot/2.1; +http://www.google.com/bot.html)"
66.249.79.37 - - [06/Nov/2025:14:31:58 +0000] "GET /entity/1181067839.shtm HTTP/1.1" 301 3813 "-" "Mozilla/5.0 (Linux; Android 6.0.1; Nexus 5X Build/MMB29P) AppleWebKit/537.36 (KHTML, like Gecko) Chrome/141.0.7390.122 Mobile Safari/537.36 (compatible; Googlebot/2.1; +http://www.google.com/bot.html)"
207.46.13.150 - - [06/Nov/2025:14:31:59 +0000] "GET /entity/1363363109.shtm HTTP/1.1" 404 33610 "-" "Mozilla/5.0 AppleWebKit/537.36 (KHTML, like Gecko; compatible; bingbot/2.0; +http://www.bing.com/bingbot.htm) Chrome/116.0.1938.76 Safari/537.36"
194.164.62.186 - - [06/Nov/2025:14:32:10 +0000] "POST /wp-cron.php?doing_wp_cron=1762439530.2850399017333984375000 HTTP/1.1" 200 3647 "-" "WordPress/6.8.3; https://www.amphoragames.com"
66.249.79.33 - - [06/Nov/2025:14:32:10 +0000] "GET /entity/44843176.shtm HTTP/1.1" 301 3813 "-" "Mozilla/5.0 (Linux; Android 6.0.1; Nexus 5X Build/MMB29P) AppleWebKit/537.36 (KHTML, like Gecko) Chrome/141.0.7390.122 Mobile Safari/537.36 (compatible; Googlebot/2.1; +http://www.google.com/bot.html)"
66.249.79.37 - - [06/Nov/2025:14:32:15 +0000] "GET /entity/1190598170.shtm HTTP/1.1" 301 3813 "-" "Mozilla/5.0 (Linux; Android 6.0.1; Nexus 5X Build/MMB29P) AppleWebKit/537.36 (KHTML, like Gecko) Chrome/141.0.7390.122 Mobile Safari/537.36 (compatible; Googlebot/2.1; +http://www.google.com/bot.html)"
40.77.167.77 - - [06/Nov/2025:14:32:26 +0000] "GET /entity/10149581.shtm HTTP/1.1" 404 33602 "-" "Mozilla/5.0 AppleWebKit/537.36 (KHTML, like Gecko; compatible; bingbot/2.0; +http://www.bing.com/bingbot.htm) Chrome/116.0.1938.76 Safari/537.36"
66.249.79.37 - - [06/Nov/2025:14:32:32 +0000] "GET /entity/1181003681.shtm HTTP/1.1" 301 3813 "-" "Mozilla/5.0 (Linux; Android 6.0.1; Nexus 5X Build/MMB29P) AppleWebKit/537.36 (KHTML, like Gecko) Chrome/141.0.7390.122 Mobile Safari/537.36 (compatible; Googlebot/2.1; +http://www.google.com/bot.html)"
40.77.167.77 - - [06/Nov/2025:14:32:36 +0000] "GET /entity/1320021118.shtm HTTP/1.1" 404 33610 "-" "Mozilla/5.0 AppleWebKit/537.36 (KHTML, like Gecko; compatible; bingbot/2.0; +http://www.bing.com/bingbot.htm) Chrome/116.0.1938.76 Safari/537.36"
66.249.79.37 - - [06/Nov/2025:14:32:49 +0000] "GET /entity/105758101.shtm HTTP/1.1" 301 3813 "-" "Mozilla/5.0 (Linux; Android 6.0.1; Nexus 5X Build/MMB29P) AppleWebKit/537.36 (KHTML, like Gecko) Chrome/141.0.7390.122 Mobile Safari/537.36 (compatible; Googlebot/2.1; +http://www.google.com/bot.html)"
66.249.79.37 - - [06/Nov/2025:14:32:52 +0000] "GET /entity/595880386.shtm HTTP/1.1" 301 495 "-" "Mozilla/5.0 (Linux; Android 6.0.1; Nexus 5X Build/MMB29P) AppleWebKit/537.36 (KHTML, like Gecko) Chrome/141.0.7390.122 Mobile Safari/537.36 (compatible; Googlebot/2.1; +http://www.google.com/bot.html)"
66.249.79.37 - - [06/Nov/2025:14:32:54 +0000] "GET /zhHant/product/surugaya/A1158087735?campaign_uid=f64d716db5e979ed2f947dbaf4296895b951ae7f HTTP/1.1" 301 495 "-" "Mozilla/5.0 (Linux; Android 6.0.1; Nexus 5X Build/MMB29P) AppleWebKit/537.36 (KHTML, like Gecko) Chrome/141.0.7390.122 Mobile Safari/537.36 (compatible; Googlebot/2.1; +http://www.google.com/bot.html)"
66.249.79.33 - - [06/Nov/2025:14:33:02 +0000] "GET /entity/1181038382.shtm HTTP/1.1" 301 3813 "-" "Mozilla/5.0 (Linux; Android 6.0.1; Nexus 5X Build/MMB29P) AppleWebKit/537.36 (KHTML, like Gecko) Chrome/141.0.7390.122 Mobile Safari/537.36 (compatible; Googlebot/2.1; +http://www.google.com/bot.html)"
194.164.62.186 - - [06/Nov/2025:14:33:22 +0000] "POST /wp-cron.php?doing_wp_cron=1762439601.9881699085235595703125 HTTP/1.1" 200 3647 "-" "WordPress/6.8.3; https://www.amphoragames.com"
66.249.79.37 - - [06/Nov/2025:14:33:21 +0000] "GET /entity/1442700841.shtm HTTP/1.1" 301 3813 "-" "Mozilla/5.0 (Linux; Android 6.0.1; Nexus 5X Build/MMB29P) AppleWebKit/537.36 (KHTML, like Gecko) Chrome/141.0.7390.122 Mobile Safari/537.36 (compatible; Googlebot/2.1; +http://www.google.com/bot.html)"
66.249.79.37 - - [06/Nov/2025:14:33:23 +0000] "GET /entity/42071394.shtm HTTP/1.1" 301 495 "-" "Mozilla/5.0 (Linux; Android 6.0.1; Nexus 5X Build/MMB29P) AppleWebKit/537.36 (KHTML, like Gecko) Chrome/141.0.7390.122 Mobile Safari/537.36 (compatible; Googlebot/2.1; +http://www.google.com/bot.html)"
207.46.13.150 - - [06/Nov/2025:14:33:29 +0000] "GET /entity/720586427.shtm HTTP/1.1" 404 33606 "-" "Mozilla/5.0 AppleWebKit/537.36 (KHTML, like Gecko; compatible; bingbot/2.0; +http://www.bing.com/bingbot.htm) Chrome/116.0.1938.76 Safari/537.36"
66.249.79.37 - - [06/Nov/2025:14:33:40 +0000] "GET /entity/1179824810.shtm HTTP/1.1" 301 3813 "-" "Mozilla/5.0 (Linux; Android 6.0.1; Nexus 5X Build/MMB29P) AppleWebKit/537.36 (KHTML, like Gecko) Chrome/141.0.7390.122 Mobile Safari/537.36 (compatible; Googlebot/2.1; +http://www.google.com/bot.html)"
66.249.79.37 - - [06/Nov/2025:14:33:59 +0000] "GET /entity/594678960.shtm HTTP/1.1" 301 3813 "-" "Mozilla/5.0 (Linux; Android 6.0.1; Nexus 5X Build/MMB29P) AppleWebKit/537.36 (KHTML, like Gecko) Chrome/141.0.7390.122 Mobile Safari/537.36 (compatible; Googlebot/2.1; +http://www.google.com/bot.html)"
207.46.13.150 - - [06/Nov/2025:14:34:00 +0000] "GET /entity/936448771.shtm HTTP/1.1" 404 33606 "-" "Mozilla/5.0 AppleWebKit/537.36 (KHTML, like Gecko; compatible; bingbot/2.0; +http://www.bing.com/bingbot.htm) Chrome/116.0.1938.76 Safari/537.36"
194.164.62.186 - - [06/Nov/2025:14:34:18 +0000] "POST /wp-cron.php?doing_wp_cron=1762439658.7556600570678710937500 HTTP/1.1" 200 3647 "-" "WordPress/6.8.3; https://www.amphoragames.com"
66.249.79.37 - - [06/Nov/2025:14:34:18 +0000] "GET /entity/241816373.shtm HTTP/1.1" 301 3813 "-" "Mozilla/5.0 (Linux; Android 6.0.1; Nexus 5X Build/MMB29P) AppleWebKit/537.36 (KHTML, like Gecko) Chrome/141.0.7390.122 Mobile Safari/537.36 (compatible; Googlebot/2.1; +http://www.google.com/bot.html)"
66.249.79.32 - - [06/Nov/2025:14:34:38 +0000] "GET /entity/1294364347.shtm HTTP/1.1" 301 3813 "-" "Mozilla/5.0 (Linux; Android 6.0.1; Nexus 5X Build/MMB29P) AppleWebKit/537.36 (KHTML, like Gecko) Chrome/141.0.7390.122 Mobile Safari/537.36 (compatible; Googlebot/2.1; +http://www.google.com/bot.html)"
194.164.62.186 - - [06/Nov/2025:14:35:12 +0000] "POST /wp-cron.php?doing_wp_cron=1762439712.3162341117858886718750 HTTP/1.1" 200 3647 "-" "WordPress/6.8.3; https://www.amphoragames.com"
66.249.79.33 - - [06/Nov/2025:14:35:11 +0000] "GET /entity/763464026.shtm HTTP/1.1" 301 3813 "-" "Mozilla/5.0 (Linux; Android 6.0.1; Nexus 5X Build/MMB29P) AppleWebKit/537.36 (KHTML, like Gecko) Chrome/141.0.7390.122 Mobile Safari/537.36 (compatible; Googlebot/2.1; +http://www.google.com/bot.html)"
40.77.167.116 - - [06/Nov/2025:14:35:13 +0000] "GET /entity/1046734205.shtm HTTP/1.1" 404 33610 "-" "Mozilla/5.0 AppleWebKit/537.36 (KHTML, like Gecko; compatible; bingbot/2.0; +http://www.bing.com/bingbot.htm) Chrome/116.0.1938.76 Safari/537.36"
66.249.79.37 - - [06/Nov/2025:14:35:14 +0000] "GET /entity/396240668.shtm HTTP/1.1" 301 3813 "-" "Mozilla/5.0 (Linux; Android 6.0.1; Nexus 5X Build/MMB29P) AppleWebKit/537.36 (KHTML, like Gecko) Chrome/141.0.7390.122 Mobile Safari/537.36 (compatible; Googlebot/2.1; +http://www.google.com/bot.html)"
66.249.79.32 - - [06/Nov/2025:14:35:31 +0000] "GET /entity/885679242.shtm HTTP/1.1" 301 3813 "-" "Mozilla/5.0 (Linux; Android 6.0.1; Nexus 5X Build/MMB29P) AppleWebKit/537.36 (KHTML, like Gecko) Chrome/141.0.7390.122 Mobile Safari/537.36 (compatible; Googlebot/2.1; +http://www.google.com/bot.html)"
66.249.79.32 - - [06/Nov/2025:14:35:33 +0000] "GET /entity/395008014.shtm HTTP/1.1" 301 495 "-" "Mozilla/5.0 (Linux; Android 6.0.1; Nexus 5X Build/MMB29P) AppleWebKit/537.36 (KHTML, like Gecko) Chrome/141.0.7390.122 Mobile Safari/537.36 (compatible; Googlebot/2.1; +http://www.google.com/bot.html)"
207.46.13.92 - - [06/Nov/2025:14:35:49 +0000] "GET /entity/893181455.shtm HTTP/1.1" 404 33606 "-" "Mozilla/5.0 AppleWebKit/537.36 (KHTML, like Gecko; compatible; bingbot/2.0; +http://www.bing.com/bingbot.htm) Chrome/116.0.1938.76 Safari/537.36"
66.249.79.37 - - [06/Nov/2025:14:35:51 +0000] "GET /entity/393798991.shtm HTTP/1.1" 301 3813 "-" "Mozilla/5.0 (Linux; Android 6.0.1; Nexus 5X Build/MMB29P) AppleWebKit/537.36 (KHTML, like Gecko) Chrome/141.0.7390.122 Mobile Safari/537.36 (compatible; Googlebot/2.1; +http://www.google.com/bot.html)"
66.249.79.37 - - [06/Nov/2025:14:36:08 +0000] "GET /entity/47306851.shtm HTTP/1.1" 301 3813 "-" "Mozilla/5.0 (Linux; Android 6.0.1; Nexus 5X Build/MMB29P) AppleWebKit/537.36 (KHTML, like Gecko) Chrome/141.0.7390.122 Mobile Safari/537.36 (compatible; Googlebot/2.1; +http://www.google.com/bot.html)"
194.164.62.186 - - [06/Nov/2025:14:36:11 +0000] "POST /wp-cron.php?doing_wp_cron=1762439771.1200089454650878906250 HTTP/1.1" 200 3647 "-" "WordPress/6.8.3; https://www.amphoragames.com"
66.249.79.33 - - [06/Nov/2025:14:36:10 +0000] "GET /entity/792254880.shtm HTTP/1.1" 301 3813 "-" "Mozilla/5.0 (Linux; Android 6.0.1; Nexus 5X Build/MMB29P) AppleWebKit/537.36 (KHTML, like Gecko) Chrome/141.0.7390.122 Mobile Safari/537.36 (compatible; Googlebot/2.1; +http://www.google.com/bot.html)"
207.46.13.92 - - [06/Nov/2025:14:36:20 +0000] "GET /entity/8468994.shtm HTTP/1.1" 404 33598 "-" "Mozilla/5.0 AppleWebKit/537.36 (KHTML, like Gecko; compatible; bingbot/2.0; +http://www.bing.com/bingbot.htm) Chrome/116.0.1938.76 Safari/537.36"
66.249.79.37 - - [06/Nov/2025:14:36:28 +0000] "GET /entity/52277483.shtm HTTP/1.1" 301 3813 "-" "Mozilla/5.0 (Linux; Android 6.0.1; Nexus 5X Build/MMB29P) AppleWebKit/537.36 (KHTML, like Gecko) Chrome/141.0.7390.122 Mobile Safari/537.36 (compatible; Googlebot/2.1; +http://www.google.com/bot.html)"
66.249.79.37 - - [06/Nov/2025:14:36:45 +0000] "GET /entity/597039222.shtm HTTP/1.1" 301 3813 "-" "Mozilla/5.0 (Linux; Android 6.0.1; Nexus 5X Build/MMB29P) AppleWebKit/537.36 (KHTML, like Gecko) Chrome/141.0.7390.122 Mobile Safari/537.36 (compatible; Googlebot/2.1; +http://www.google.com/bot.html)"
66.249.79.33 - - [06/Nov/2025:14:37:02 +0000] "GET /entity/1212478834.shtm HTTP/1.1" 301 3813 "-" "Mozilla/5.0 (Linux; Android 6.0.1; Nexus 5X Build/MMB29P) AppleWebKit/537.36 (KHTML, like Gecko) Chrome/141.0.7390.122 Mobile Safari/537.36 (compatible; Googlebot/2.1; +http://www.google.com/bot.html)"
194.164.62.186 - - [06/Nov/2025:14:37:18 +0000] "POST /wp-cron.php?doing_wp_cron=1762439838.7984099388122558593750 HTTP/1.1" 200 3647 "-" "WordPress/6.8.3; https://www.amphoragames.com"
66.249.79.37 - - [06/Nov/2025:14:37:18 +0000] "GET /entity/840562559.shtm HTTP/1.1" 301 3813 "-" "Mozilla/5.0 (Linux; Android 6.0.1; Nexus 5X Build/MMB29P) AppleWebKit/537.36 (KHTML, like Gecko) Chrome/141.0.7390.122 Mobile Safari/537.36 (compatible; GoogleOther)"
66.249.79.32 - - [06/Nov/2025:14:37:21 +0000] "GET /entity/1153711679.shtm HTTP/1.1" 301 3813 "-" "Mozilla/5.0 (Linux; Android 6.0.1; Nexus 5X Build/MMB29P) AppleWebKit/537.36 (KHTML, like Gecko) Chrome/141.0.7390.122 Mobile Safari/537.36 (compatible; Googlebot/2.1; +http://www.google.com/bot.html)"
66.249.79.37 - - [06/Nov/2025:14:37:38 +0000] "GET /entity/728865004.shtm HTTP/1.1" 301 3813 "-" "Mozilla/5.0 (Linux; Android 6.0.1; Nexus 5X Build/MMB29P) AppleWebKit/537.36 (KHTML, like Gecko) Chrome/141.0.7390.122 Mobile Safari/537.36 (compatible; Googlebot/2.1; +http://www.google.com/bot.html)"
40.77.167.116 - - [06/Nov/2025:14:37:41 +0000] "GET /entity/744069960.shtm HTTP/1.1" 404 33606 "-" "Mozilla/5.0 AppleWebKit/537.36 (KHTML, like Gecko; compatible; bingbot/2.0; +http://www.bing.com/bingbot.htm) Chrome/116.0.1938.76 Safari/537.36"
66.249.79.37 - - [06/Nov/2025:14:37:55 +0000] "GET /entity/839979461.shtm HTTP/1.1" 301 3813 "-" "Mozilla/5.0 (Linux; Android 6.0.1; Nexus 5X Build/MMB29P) AppleWebKit/537.36 (KHTML, like Gecko) Chrome/141.0.7390.122 Mobile Safari/537.36 (compatible; Googlebot/2.1; +http://www.google.com/bot.html)"
207.46.13.92 - - [06/Nov/2025:14:38:00 +0000] "GET /entity/1001749398.shtm HTTP/1.1" 404 33610 "-" "Mozilla/5.0 AppleWebKit/537.36 (KHTML, like Gecko; compatible; bingbot/2.0; +http://www.bing.com/bingbot.htm) Chrome/116.0.1938.76 Safari/537.36"
194.164.62.186 - - [06/Nov/2025:14:38:13 +0000] "POST /wp-cron.php?doing_wp_cron=1762439892.9736330509185791015625 HTTP/1.1" 200 3647 "-" "WordPress/6.8.3; https://www.amphoragames.com"
66.249.79.32 - - [06/Nov/2025:14:38:12 +0000] "GET /entity/621860199.shtm HTTP/1.1" 301 3813 "-" "Mozilla/5.0 (Linux; Android 6.0.1; Nexus 5X Build/MMB29P) AppleWebKit/537.36 (KHTML, like Gecko) Chrome/141.0.7390.122 Mobile Safari/537.36 (compatible; Googlebot/2.1; +http://www.google.com/bot.html)"
66.249.79.32 - - [06/Nov/2025:14:38:14 +0000] "GET /entity/1182242894.shtm HTTP/1.1" 301 495 "-" "Mozilla/5.0 (Linux; Android 6.0.1; Nexus 5X Build/MMB29P) AppleWebKit/537.36 (KHTML, like Gecko) Chrome/141.0.7390.122 Mobile Safari/537.36 (compatible; Googlebot/2.1; +http://www.google.com/bot.html)"
66.249.79.32 - - [06/Nov/2025:14:38:17 +0000] "GET /entity/w_300 HTTP/1.1" 301 3813 "-" "Mozilla/5.0 (Linux; Android 6.0.1; Nexus 5X Build/MMB29P) AppleWebKit/537.36 (KHTML, like Gecko) Chrome/141.0.7390.122 Mobile Safari/537.36 (compatible; GoogleOther)"
40.77.167.116 - - [06/Nov/2025:14:38:30 +0000] "GET /entity/1183191174.shtm HTTP/1.1" 404 33610 "-" "Mozilla/5.0 AppleWebKit/537.36 (KHTML, like Gecko; compatible; bingbot/2.0; +http://www.bing.com/bingbot.htm) Chrome/116.0.1938.76 Safari/537.36"
66.249.79.37 - - [06/Nov/2025:14:38:32 +0000] "GET /entity/840012149.shtm HTTP/1.1" 301 3813 "-" "Mozilla/5.0 (Linux; Android 6.0.1; Nexus 5X Build/MMB29P) AppleWebKit/537.36 (KHTML, like Gecko) Chrome/141.0.7390.122 Mobile Safari/537.36 (compatible; Googlebot/2.1; +http://www.google.com/bot.html)"
66.249.79.37 - - [06/Nov/2025:14:38:50 +0000] "GET /entity/1096418890.shtm HTTP/1.1" 301 3813 "-" "Mozilla/5.0 (Linux; Android 6.0.1; Nexus 5X Build/MMB29P) AppleWebKit/537.36 (KHTML, like Gecko) Chrome/141.0.7390.122 Mobile Safari/537.36 (compatible; Googlebot/2.1; +http://www.google.com/bot.html)"
194.164.62.186 - - [06/Nov/2025:14:39:24 +0000] "POST /wp-cron.php?doing_wp_cron=1762439963.9811489582061767578125 HTTP/1.1" 200 3647 "-" "WordPress/6.8.3; https://www.amphoragames.com"
66.249.79.37 - - [06/Nov/2025:14:39:23 +0000] "GET /entity/840008922.shtm HTTP/1.1" 301 3813 "-" "Mozilla/5.0 (Linux; Android 6.0.1; Nexus 5X Build/MMB29P) AppleWebKit/537.36 (KHTML, like Gecko) Chrome/141.0.7390.122 Mobile Safari/537.36 (compatible; Googlebot/2.1; +http://www.google.com/bot.html)"
66.249.79.37 - - [06/Nov/2025:14:39:40 +0000] "GET /entity/1162917311.shtm HTTP/1.1" 301 3813 "-" "Mozilla/5.0 (Linux; Android 6.0.1; Nexus 5X Build/MMB29P) AppleWebKit/537.36 (KHTML, like Gecko) Chrome/141.0.7390.122 Mobile Safari/537.36 (compatible; Googlebot/2.1; +http://www.google.com/bot.html)"
194.164.62.186 - - [06/Nov/2025:14:40:14 +0000] "POST /wp-cron.php?doing_wp_cron=1762440014.7455940246582031250000 HTTP/1.1" 200 3647 "-" "WordPress/6.8.3; https://www.amphoragames.com"
66.249.79.33 - - [06/Nov/2025:14:40:14 +0000] "GET /entity/351555980.shtm HTTP/1.1" 301 3813 "-" "Mozilla/5.0 (Linux; Android 6.0.1; Nexus 5X Build/MMB29P) AppleWebKit/537.36 (KHTML, like Gecko) Chrome/141.0.7390.122 Mobile Safari/537.36 (compatible; Googlebot/2.1; +http://www.google.com/bot.html)"
40.77.167.116 - - [06/Nov/2025:14:40:23 +0000] "GET /entity/304957125.shtm HTTP/1.1" 404 33606 "-" "Mozilla/5.0 AppleWebKit/537.36 (KHTML, like Gecko; compatible; bingbot/2.0; +http://www.bing.com/bingbot.htm) Chrome/116.0.1938.76 Safari/537.36"
52.167.144.218 - - [06/Nov/2025:14:40:28 +0000] "GET /product/edit/A487158559 HTTP/1.1" 404 33618 "-" "Mozilla/5.0 AppleWebKit/537.36 (KHTML, like Gecko; compatible; bingbot/2.0; +http://www.bing.com/bingbot.htm) Chrome/116.0.1938.76 Safari/537.36"
66.249.79.32 - - [06/Nov/2025:14:40:31 +0000] "GET /entity/808346668.shtm HTTP/1.1" 301 3813 "-" "Mozilla/5.0 (Linux; Android 6.0.1; Nexus 5X Build/MMB29P) AppleWebKit/537.36 (KHTML, like Gecko) Chrome/141.0.7390.122 Mobile Safari/537.36 (compatible; Googlebot/2.1; +http://www.google.com/bot.html)"
66.249.79.37 - - [06/Nov/2025:14:40:50 +0000] "GET /entity/1097361079.shtm HTTP/1.1" 301 3813 "-" "Mozilla/5.0 (Linux; Android 6.0.1; Nexus 5X Build/MMB29P) AppleWebKit/537.36 (KHTML, like Gecko) Chrome/141.0.7390.122 Mobile Safari/537.36 (compatible; Googlebot/2.1; +http://www.google.com/bot.html)"
66.249.79.37 - - [06/Nov/2025:14:40:57 +0000] "GET /entity/345462947.shtm HTTP/1.1" 301 3813 "-" "Mozilla/5.0 (Linux; Android 6.0.1; Nexus 5X Build/MMB29P) AppleWebKit/537.36 (KHTML, like Gecko) Chrome/141.0.7390.122 Mobile Safari/537.36 (compatible; GoogleOther)"
194.164.62.186 - - [06/Nov/2025:14:41:10 +0000] "POST /wp-cron.php?doing_wp_cron=1762440070.7158379554748535156250 HTTP/1.1" 200 3647 "-" "WordPress/6.8.3; https://www.amphoragames.com"
207.46.13.92 - - [06/Nov/2025:14:41:10 +0000] "GET /entity/331772233.shtm HTTP/1.1" 404 33606 "-" "Mozilla/5.0 AppleWebKit/537.36 (KHTML, like Gecko; compatible; bingbot/2.0; +http://www.bing.com/bingbot.htm) Chrome/116.0.1938.76 Safari/537.36"
40.77.167.116 - - [06/Nov/2025:14:41:14 +0000] "GET /entity/17343427.shtm HTTP/1.1" 404 33602 "-" "Mozilla/5.0 AppleWebKit/537.36 (KHTML, like Gecko; compatible; bingbot/2.0; +http://www.bing.com/bingbot.htm) Chrome/116.0.1938.76 Safari/537.36"
66.249.79.37 - - [06/Nov/2025:14:41:25 +0000] "GET /entity/167964764.shtm HTTP/1.1" 301 3813 "-" "Mozilla/5.0 (Linux; Android 6.0.1; Nexus 5X Build/MMB29P) AppleWebKit/537.36 (KHTML, like Gecko) Chrome/141.0.7390.122 Mobile Safari/537.36 (compatible; Googlebot/2.1; +http://www.google.com/bot.html)"
66.249.79.37 - - [06/Nov/2025:14:41:42 +0000] "GET /zhHant/product/surugaya/A321162849?campaign_uid=f64d716db5e979ed2f947dbaf4296895b951ae7f HTTP/1.1" 301 3813 "-" "Mozilla/5.0 (Linux; Android 6.0.1; Nexus 5X Build/MMB29P) AppleWebKit/537.36 (KHTML, like Gecko) Chrome/141.0.7390.122 Mobile Safari/537.36 (compatible; Googlebot/2.1; +http://www.google.com/bot.html)"
66.249.79.37 - - [06/Nov/2025:14:41:45 +0000] "GET /entity/1228199117.shtm HTTP/1.1" 301 495 "-" "Mozilla/5.0 (Linux; Android 6.0.1; Nexus 5X Build/MMB29P) AppleWebKit/537.36 (KHTML, like Gecko) Chrome/141.0.7390.122 Mobile Safari/537.36 (compatible; Googlebot/2.1; +http://www.google.com/bot.html)"
66.249.79.33 - - [06/Nov/2025:14:42:02 +0000] "GET /entity/679140915.shtm HTTP/1.1" 301 3813 "-" "Mozilla/5.0 (Linux; Android 6.0.1; Nexus 5X Build/MMB29P) AppleWebKit/537.36 (KHTML, like Gecko) Chrome/141.0.7390.122 Mobile Safari/537.36 (compatible; Googlebot/2.1; +http://www.google.com/bot.html)"
194.164.62.186 - - [06/Nov/2025:14:42:19 +0000] "POST /wp-cron.php?doing_wp_cron=1762440139.9042029380798339843750 HTTP/1.1" 200 3647 "-" "WordPress/6.8.3; https://www.amphoragames.com"
66.249.79.37 - - [06/Nov/2025:14:42:19 +0000] "GET /entity/53383428.shtm HTTP/1.1" 301 3813 "-" "Mozilla/5.0 (Linux; Android 6.0.1; Nexus 5X Build/MMB29P) AppleWebKit/537.36 (KHTML, like Gecko) Chrome/141.0.7390.122 Mobile Safari/537.36 (compatible; Googlebot/2.1; +http://www.google.com/bot.html)"
66.249.79.37 - - [06/Nov/2025:14:42:21 +0000] "GET /entity/765680742.shtm HTTP/1.1" 301 495 "-" "Mozilla/5.0 (Linux; Android 6.0.1; Nexus 5X Build/MMB29P) AppleWebKit/537.36 (KHTML, like Gecko) Chrome/141.0.7390.122 Mobile Safari/537.36 (compatible; Googlebot/2.1; +http://www.google.com/bot.html)"
207.46.13.92 - - [06/Nov/2025:14:42:30 +0000] "GET /entity/105201551.shtm HTTP/1.1" 404 33606 "-" "Mozilla/5.0 AppleWebKit/537.36 (KHTML, like Gecko; compatible; bingbot/2.0; +http://www.bing.com/bingbot.htm) Chrome/116.0.1938.76 Safari/537.36"
