74.7.227.143 - - [07/Nov/2025:06:31:40 +0000] "GET /core/?fileloc=/var/www/vhosts/amphoragames.com/httpdocs/wp-content/plugins/backwpup/vendor/paragonie/constant_time_encoding/src/Base32.php&path=/var/www/vhosts/amphoragames.com/httpdocs/wp-content/plugins/backwpup/vendor/paragonie/constant_time_encoding/src HTTP/1.1" 200 5875 "-" "Mozilla/5.0 AppleWebKit/537.36 (KHTML, like Gecko; compatible; GPTBot/1.2; +https://openai.com/gptbot)"
66.249.79.37 - - [07/Nov/2025:06:31:42 +0000] "GET /entity/362191375.shtm?path=/var/www/vhosts/amphoragames.com/httpdocs/wp-admin HTTP/1.1" 200 7047 "-" "Mozilla/5.0 (Linux; Android 6.0.1; Nexus 5X Build/MMB29P) AppleWebKit/537.36 (KHTML, like Gecko) Chrome/141.0.7390.122 Mobile Safari/537.36 (compatible; Googlebot/2.1; +http://www.google.com/bot.html)"
216.73.216.32 - - [07/Nov/2025:06:31:42 +0000] "GET /img_20171013_011536_651?fileloc=%2Fvar%2Fwww%2Fvhosts%2Famphoragames.com%2Fhttpdocs%2Fwp-includes%2Fclass-wp-user-request.php&path=%2Fvar%2Fwww%2Fvhosts%2Famphoragames.com%2Fhttpdocs%2Fwp-includes HTTP/1.1" 200 3427 "-" "Mozilla/5.0 AppleWebKit/537.36 (KHTML, like Gecko; compatible; ClaudeBot/1.0; +claudebot@anthropic.com)"
74.7.227.143 - - [07/Nov/2025:06:31:43 +0000] "GET /core/?fileloc=/var/www/vhosts/amphoragames.com/httpdocs/wp-content/plugins/backwpup/vendor/microsoft/microsoft-graph/src/Model/IPv6Range.php&path=/var/www/vhosts/amphoragames.com/httpdocs/wp-content/plugins/backwpup/vendor/microsoft/microsoft-graph/src/Model HTTP/1.1" 200 3551 "-" "Mozilla/5.0 AppleWebKit/537.36 (KHTML, like Gecko; compatible; GPTBot/1.2; +https://openai.com/gptbot)"
66.249.79.37 - - [07/Nov/2025:06:31:43 +0000] "GET /2018/02/19/amphora-games-imparte-un-taller-sobre-juegos-de-mesa/?fileloc=/var/www/vhosts/amphoragames.com/httpdocs/wp-trackback.php&path=/var/www/vhosts/amphoragames.com/httpdocs HTTP/1.1" 200 8009 "-" "Mozilla/5.0 (Linux; Android 6.0.1; Nexus 5X Build/MMB29P) AppleWebKit/537.36 (KHTML, like Gecko) Chrome/141.0.7390.122 Mobile Safari/537.36 (compatible; GoogleOther)"
66.249.79.37 - - [07/Nov/2025:06:31:45 +0000] "GET /entity/364752844.shtm?path=/var/www/vhosts HTTP/1.1" 200 2871 "-" "Mozilla/5.0 (Linux; Android 6.0.1; Nexus 5X Build/MMB29P) AppleWebKit/537.36 (KHTML, like Gecko) Chrome/141.0.7390.122 Mobile Safari/537.36 (compatible; Googlebot/2.1; +http://www.google.com/bot.html)"
216.73.216.32 - - [07/Nov/2025:06:31:45 +0000] "GET /img_20171013_145805_161?fileloc=%2Fvar%2Fwww%2Fvhosts%2Famphoragames.com%2Fhttpdocs%2Fwp-includes%2Ffunctions.wp-scripts.php&path=%2Fvar%2Fwww%2Fvhosts%2Famphoragames.com%2Fhttpdocs%2Fwp-includes HTTP/1.1" 200 6738 "-" "Mozilla/5.0 AppleWebKit/537.36 (KHTML, like Gecko; compatible; ClaudeBot/1.0; +claudebot@anthropic.com)"
74.7.227.143 - - [07/Nov/2025:06:31:46 +0000] "GET /core/?fileloc=/var/www/vhosts/amphoragames.com/httpdocs/wp-content/plugins/backwpup/vendor/microsoft/microsoft-graph/src/Model/IPv4Range.php&path=/var/www/vhosts/amphoragames.com/httpdocs/wp-content/plugins/backwpup/vendor/microsoft/microsoft-graph/src/Model HTTP/1.1" 200 3551 "-" "Mozilla/5.0 AppleWebKit/537.36 (KHTML, like Gecko; compatible; GPTBot/1.2; +https://openai.com/gptbot)"
66.249.79.37 - - [07/Nov/2025:06:31:46 +0000] "GET /entity/1221382400.shtm HTTP/1.1" 200 4446 "-" "Mozilla/5.0 (Linux; Android 6.0.1; Nexus 5X Build/MMB29P) AppleWebKit/537.36 (KHTML, like Gecko) Chrome/141.0.7390.122 Mobile Safari/537.36 (compatible; Googlebot/2.1; +http://www.google.com/bot.html)"
66.249.79.37 - - [07/Nov/2025:06:31:48 +0000] "GET /entity/1028201504.shtm?path=/var/www/vhosts/amphoragames.com/httpdocs/tts HTTP/1.1" 200 3355 "-" "Mozilla/5.0 (Linux; Android 6.0.1; Nexus 5X Build/MMB29P) AppleWebKit/537.36 (KHTML, like Gecko) Chrome/141.0.7390.122 Mobile Safari/537.36 (compatible; Googlebot/2.1; +http://www.google.com/bot.html)"
216.73.216.32 - - [07/Nov/2025:06:31:48 +0000] "GET /img_20171013_145805_161?fileloc=%2Fvar%2Fwww%2Fvhosts%2Famphoragames.com%2Fhttpdocs%2Fwp-includes%2Fclass-wp-http-encoding.php&path=%2Fvar%2Fwww%2Fvhosts%2Famphoragames.com%2Fhttpdocs%2Fwp-includes HTTP/1.1" 200 4925 "-" "Mozilla/5.0 AppleWebKit/537.36 (KHTML, like Gecko; compatible; ClaudeBot/1.0; +claudebot@anthropic.com)"
74.7.227.143 - - [07/Nov/2025:06:31:49 +0000] "GET /core/?fileloc=/var/www/vhosts/amphoragames.com/httpdocs/wp-content/plugins/backwpup/vendor/paragonie/constant_time_encoding/src/Base32Hex.php&path=/var/www/vhosts/amphoragames.com/httpdocs/wp-content/plugins/backwpup/vendor/paragonie/constant_time_encoding/src HTTP/1.1" 200 4111 "-" "Mozilla/5.0 AppleWebKit/537.36 (KHTML, like Gecko; compatible; GPTBot/1.2; +https://openai.com/gptbot)"
66.249.79.37 - - [07/Nov/2025:06:31:50 +0000] "GET /entity/531067120.shtm HTTP/1.1" 200 4446 "-" "Mozilla/5.0 (Linux; Android 6.0.1; Nexus 5X Build/MMB29P) AppleWebKit/537.36 (KHTML, like Gecko) Chrome/141.0.7390.122 Mobile Safari/537.36 (compatible; Googlebot/2.1; +http://www.google.com/bot.html)"
216.73.216.32 - - [07/Nov/2025:06:31:51 +0000] "GET /img_20171013_145805_161?fileloc=%2Fvar%2Fwww%2Fvhosts%2Famphoragames.com%2Fhttpdocs%2Fwp-includes%2Fclass-wp-block-parser-block.php&path=%2Fvar%2Fwww%2Fvhosts%2Famphoragames.com%2Fhttpdocs%2Fwp-includes HTTP/1.1" 200 3551 "-" "Mozilla/5.0 AppleWebKit/537.36 (KHTML, like Gecko; compatible; ClaudeBot/1.0; +claudebot@anthropic.com)"
66.249.79.37 - - [07/Nov/2025:06:31:52 +0000] "GET /entity/591520878.shtm?fileloc=/var/www/vhosts/amphoragames.com/httpdocs/xmlrpc.php&path=/var/www/vhosts/amphoragames.com/httpdocs HTTP/1.1" 200 4258 "-" "Mozilla/5.0 (Linux; Android 6.0.1; Nexus 5X Build/MMB29P) AppleWebKit/537.36 (KHTML, like Gecko) Chrome/141.0.7390.122 Mobile Safari/537.36 (compatible; Googlebot/2.1; +http://www.google.com/bot.html)"
74.7.227.143 - - [07/Nov/2025:06:31:53 +0000] "GET /core/?fileloc=/var/www/vhosts/amphoragames.com/httpdocs/wp-content/plugins/backwpup/vendor/paragonie/constant_time_encoding/src/Base64.php&path=/var/www/vhosts/amphoragames.com/httpdocs/wp-content/plugins/backwpup/vendor/paragonie/constant_time_encoding/src HTTP/1.1" 200 5853 "-" "Mozilla/5.0 AppleWebKit/537.36 (KHTML, like Gecko; compatible; GPTBot/1.2; +https://openai.com/gptbot)"
52.167.144.206 - - [07/Nov/2025:06:31:53 +0000] "GET /entity/1420552035.shtm HTTP/1.1" 200 7814 "-" "Mozilla/5.0 AppleWebKit/537.36 (KHTML, like Gecko; compatible; bingbot/2.0; +http://www.bing.com/bingbot.htm) Chrome/116.0.1938.76 Safari/537.36"
66.249.79.32 - - [07/Nov/2025:06:31:54 +0000] "GET /entity/10705252.shtm HTTP/1.1" 200 7764 "-" "Mozilla/5.0 (Linux; Android 6.0.1; Nexus 5X Build/MMB29P) AppleWebKit/537.36 (KHTML, like Gecko) Chrome/141.0.7390.122 Mobile Safari/537.36 (compatible; Googlebot/2.1; +http://www.google.com/bot.html)"
216.73.216.32 - - [07/Nov/2025:06:31:54 +0000] "GET /img_20171013_145805_161?fileloc=%2Fvar%2Fwww%2Fvhosts%2Famphoragames.com%2Fhttpdocs%2Fwp-includes%2Fclass-wp-user-request.php&path=%2Fvar%2Fwww%2Fvhosts%2Famphoragames.com%2Fhttpdocs%2Fwp-includes HTTP/1.1" 200 3427 "-" "Mozilla/5.0 AppleWebKit/537.36 (KHTML, like Gecko; compatible; ClaudeBot/1.0; +claudebot@anthropic.com)"
66.249.79.32 - - [07/Nov/2025:06:31:55 +0000] "GET /entity/364752844.shtm?path=/var/www/vhosts/amphoragames.com/httpdocs/images HTTP/1.1" 200 3308 "-" "Mozilla/5.0 (Linux; Android 6.0.1; Nexus 5X Build/MMB29P) AppleWebKit/537.36 (KHTML, like Gecko) Chrome/141.0.7390.122 Mobile Safari/537.36 (compatible; Googlebot/2.1; +http://www.google.com/bot.html)"
74.7.227.143 - - [07/Nov/2025:06:31:56 +0000] "GET /core/?fileloc=/var/www/vhosts/amphoragames.com/httpdocs/wp-content/plugins/backwpup/vendor/pear/pear-core-minimal/src/System.php&path=/var/www/vhosts/amphoragames.com/httpdocs/wp-content/plugins/backwpup/vendor/pear/pear-core-minimal/src HTTP/1.1" 200 8609 "-" "Mozilla/5.0 AppleWebKit/537.36 (KHTML, like Gecko; compatible; GPTBot/1.2; +https://openai.com/gptbot)"
66.249.79.37 - - [07/Nov/2025:06:31:57 +0000] "GET /entity/531023280.shtm HTTP/1.1" 200 7764 "-" "Mozilla/5.0 (Linux; Android 6.0.1; Nexus 5X Build/MMB29P) AppleWebKit/537.36 (KHTML, like Gecko) Chrome/141.0.7390.122 Mobile Safari/537.36 (compatible; Googlebot/2.1; +http://www.google.com/bot.html)"
216.73.216.32 - - [07/Nov/2025:06:31:57 +0000] "GET /?fileloc=%2Fvar%2Fwww%2Fvhosts%2Famphoragames.com%2Fhttpdocs%2Fwp-includes%2Fclass-wp-dependency.php&path=%2Fvar%2Fwww%2Fvhosts%2Famphoragames.com%2Fhttpdocs%2Fwp-includes HTTP/1.1" 200 3689 "-" "Mozilla/5.0 AppleWebKit/537.36 (KHTML, like Gecko; compatible; ClaudeBot/1.0; +claudebot@anthropic.com)"
66.249.79.37 - - [07/Nov/2025:06:31:59 +0000] "GET /entity/1120280508.shtm?fileloc=/var/www/vhosts/amphoragames.com/httpdocs/wp-config-sample.php&path=/var/www/vhosts/amphoragames.com/httpdocs HTTP/1.1" 200 4138 "-" "Mozilla/5.0 (Linux; Android 6.0.1; Nexus 5X Build/MMB29P) AppleWebKit/537.36 (KHTML, like Gecko) Chrome/141.0.7390.122 Mobile Safari/537.36 (compatible; Googlebot/2.1; +http://www.google.com/bot.html)"
74.7.227.143 - - [07/Nov/2025:06:31:59 +0000] "GET /core/?path=/var/www/vhosts/amphoragames.com/httpdocs/wp-content/plugins/az_custom_post_type HTTP/1.1" 200 3432 "-" "Mozilla/5.0 AppleWebKit/537.36 (KHTML, like Gecko; compatible; GPTBot/1.2; +https://openai.com/gptbot)"
216.73.216.32 - - [07/Nov/2025:06:32:00 +0000] "GET /?fileloc=%2Fvar%2Fwww%2Fvhosts%2Famphoragames.com%2Fhttpdocs%2Fwp-includes%2Fclass-wp-exception.php&path=%2Fvar%2Fwww%2Fvhosts%2Famphoragames.com%2Fhttpdocs%2Fwp-includes HTTP/1.1" 200 2933 "-" "Mozilla/5.0 AppleWebKit/537.36 (KHTML, like Gecko; compatible; ClaudeBot/1.0; +claudebot@anthropic.com)"
66.249.79.37 - - [07/Nov/2025:06:32:00 +0000] "GET /entity/531028853.shtm HTTP/1.1" 200 4446 "-" "Mozilla/5.0 (Linux; Android 6.0.1; Nexus 5X Build/MMB29P) AppleWebKit/537.36 (KHTML, like Gecko) Chrome/141.0.7390.122 Mobile Safari/537.36 (compatible; Googlebot/2.1; +http://www.google.com/bot.html)"
66.249.79.37 - - [07/Nov/2025:06:32:02 +0000] "GET /entity/1120280508.shtm?fileloc=/var/www/vhosts/amphoragames.com/httpdocs/index.php&path=/var/www/vhosts/amphoragames.com/httpdocs HTTP/1.1" 200 11922 "-" "Mozilla/5.0 (Linux; Android 6.0.1; Nexus 5X Build/MMB29P) AppleWebKit/537.36 (KHTML, like Gecko) Chrome/141.0.7390.122 Mobile Safari/537.36 (compatible; Googlebot/2.1; +http://www.google.com/bot.html)"
74.7.227.143 - - [07/Nov/2025:06:32:02 +0000] "GET /core/?fileloc=/var/www/vhosts/amphoragames.com/httpdocs/wp-content/plugins/backwpup/vendor/microsoft/microsoft-graph/src/Model/Win32LobAppRuleType.php&path=/var/www/vhosts/amphoragames.com/httpdocs/wp-content/plugins/backwpup/vendor/microsoft/microsoft-graph/src/Model HTTP/1.1" 200 3230 "-" "Mozilla/5.0 AppleWebKit/537.36 (KHTML, like Gecko; compatible; GPTBot/1.2; +https://openai.com/gptbot)"
216.73.216.32 - - [07/Nov/2025:06:32:03 +0000] "GET /?fileloc=%2Fvar%2Fwww%2Fvhosts%2Famphoragames.com%2Fhttpdocs%2Fwp-content%2Fadvanced-cache.php&path=%2Fvar%2Fwww%2Fvhosts%2Famphoragames.com%2Fhttpdocs%2Fwp-content HTTP/1.1" 200 3331 "-" "Mozilla/5.0 AppleWebKit/537.36 (KHTML, like Gecko; compatible; ClaudeBot/1.0; +claudebot@anthropic.com)"
66.249.79.37 - - [07/Nov/2025:06:32:04 +0000] "GET /entity/531020561.shtm HTTP/1.1" 200 4446 "-" "Mozilla/5.0 (Linux; Android 6.0.1; Nexus 5X Build/MMB29P) AppleWebKit/537.36 (KHTML, like Gecko) Chrome/141.0.7390.122 Mobile Safari/537.36 (compatible; Googlebot/2.1; +http://www.google.com/bot.html)"
74.7.227.143 - - [07/Nov/2025:06:32:05 +0000] "GET /core/?fileloc=/var/www/vhosts/amphoragames.com/httpdocs/wp-content/plugins/backwpup/vendor/microsoft/microsoft-graph/src/Model/IPv4CidrRange.php&path=/var/www/vhosts/amphoragames.com/httpdocs/wp-content/plugins/backwpup/vendor/microsoft/microsoft-graph/src/Model HTTP/1.1" 200 3516 "-" "Mozilla/5.0 AppleWebKit/537.36 (KHTML, like Gecko; compatible; GPTBot/1.2; +https://openai.com/gptbot)"
66.249.79.37 - - [07/Nov/2025:06:32:06 +0000] "GET /entity/801856141.shtm HTTP/1.1" 200 4446 "-" "Mozilla/5.0 (Linux; Android 6.0.1; Nexus 5X Build/MMB29P) AppleWebKit/537.36 (KHTML, like Gecko) Chrome/141.0.7390.122 Mobile Safari/537.36 (compatible; Googlebot/2.1; +http://www.google.com/bot.html)"
216.73.216.32 - - [07/Nov/2025:06:32:06 +0000] "GET /?fileloc=%2Fvar%2Fwww%2Fvhosts%2Famphoragames.com%2Fhttpdocs%2Fwp-includes%2Fclass-wp-user-meta-session-tokens.php&path=%2Fvar%2Fwww%2Fvhosts%2Famphoragames.com%2Fhttpdocs%2Fwp-includes HTTP/1.1" 200 3655 "-" "Mozilla/5.0 AppleWebKit/537.36 (KHTML, like Gecko; compatible; ClaudeBot/1.0; +claudebot@anthropic.com)"
66.249.79.37 - - [07/Nov/2025:06:32:07 +0000] "GET /entity/364752844.shtm?path=/var/www/vhosts/amphoragames.com HTTP/1.1" 200 3958 "-" "Mozilla/5.0 (Linux; Android 6.0.1; Nexus 5X Build/MMB29P) AppleWebKit/537.36 (KHTML, like Gecko) Chrome/141.0.7390.122 Mobile Safari/537.36 (compatible; Googlebot/2.1; +http://www.google.com/bot.html)"
74.7.227.143 - - [07/Nov/2025:06:32:08 +0000] "GET /core/?fileloc=/var/www/vhosts/amphoragames.com/httpdocs/wp-content/plugins/backwpup/vendor/microsoft/microsoft-graph/src/Model/B2xIdentityUserFlow.php&path=/var/www/vhosts/amphoragames.com/httpdocs/wp-content/plugins/backwpup/vendor/microsoft/microsoft-graph/src/Model HTTP/1.1" 200 3852 "-" "Mozilla/5.0 AppleWebKit/537.36 (KHTML, like Gecko; compatible; GPTBot/1.2; +https://openai.com/gptbot)"
66.249.79.37 - - [07/Nov/2025:06:32:09 +0000] "GET /entity/238880671.shtm HTTP/1.1" 200 4446 "-" "Mozilla/5.0 (Linux; Android 6.0.1; Nexus 5X Build/MMB29P) AppleWebKit/537.36 (KHTML, like Gecko) Chrome/141.0.7390.122 Mobile Safari/537.36 (compatible; Googlebot/2.1; +http://www.google.com/bot.html)"
216.73.216.32 - - [07/Nov/2025:06:32:09 +0000] "GET /?fileloc=%2Fvar%2Fwww%2Fvhosts%2Famphoragames.com%2Fhttpdocs%2Fwp-includes%2Fclass-wp-theme-json-schema.php&path=%2Fvar%2Fwww%2Fvhosts%2Famphoragames.com%2Fhttpdocs%2Fwp-includes HTTP/1.1" 200 5136 "-" "Mozilla/5.0 AppleWebKit/537.36 (KHTML, like Gecko; compatible; ClaudeBot/1.0; +claudebot@anthropic.com)"
66.249.79.37 - - [07/Nov/2025:06:32:11 +0000] "GET /entity/1120280508.shtm?fileloc=/var/www/vhosts/amphoragames.com/httpdocs/wp-comments-post.php&path=/var/www/vhosts/amphoragames.com/httpdocs HTTP/1.1" 200 3888 "-" "Mozilla/5.0 (Linux; Android 6.0.1; Nexus 5X Build/MMB29P) AppleWebKit/537.36 (KHTML, like Gecko) Chrome/141.0.7390.122 Mobile Safari/537.36 (compatible; Googlebot/2.1; +http://www.google.com/bot.html)"
74.7.227.143 - - [07/Nov/2025:06:32:12 +0000] "GET /core/?fileloc=/var/www/vhosts/amphoragames.com/httpdocs/wp-content/plugins/backwpup/vendor/microsoft/microsoft-graph/src/Model/Win32LobAppRule.php&path=/var/www/vhosts/amphoragames.com/httpdocs/wp-content/plugins/backwpup/vendor/microsoft/microsoft-graph/src/Model HTTP/1.1" 200 3445 "-" "Mozilla/5.0 AppleWebKit/537.36 (KHTML, like Gecko; compatible; GPTBot/1.2; +https://openai.com/gptbot)"
216.73.216.32 - - [07/Nov/2025:06:32:12 +0000] "GET /?fileloc=%2Fvar%2Fwww%2Fvhosts%2Famphoragames.com%2Fhttpdocs%2Fwp-includes%2Fclass-wp-block-metadata-registry.php&path=%2Fvar%2Fwww%2Fvhosts%2Famphoragames.com%2Fhttpdocs%2Fwp-includes HTTP/1.1" 200 6114 "-" "Mozilla/5.0 AppleWebKit/537.36 (KHTML, like Gecko; compatible; ClaudeBot/1.0; +claudebot@anthropic.com)"
66.249.79.37 - - [07/Nov/2025:06:32:13 +0000] "GET /entity/1075305483.shtm HTTP/1.1" 200 4446 "-" "Mozilla/5.0 (Linux; Android 6.0.1; Nexus 5X Build/MMB29P) AppleWebKit/537.36 (KHTML, like Gecko) Chrome/141.0.7390.122 Mobile Safari/537.36 (compatible; Googlebot/2.1; +http://www.google.com/bot.html)"
66.249.79.37 - - [07/Nov/2025:06:32:14 +0000] "GET /entity/362310975.shtm?fileloc=/var/www/vhosts/amphoragames.com/httpdocs/readme.html&path=/var/www/vhosts/amphoragames.com/httpdocs HTTP/1.1" 200 5890 "-" "Mozilla/5.0 (Linux; Android 6.0.1; Nexus 5X Build/MMB29P) AppleWebKit/537.36 (KHTML, like Gecko) Chrome/141.0.7390.122 Mobile Safari/537.36 (compatible; Googlebot/2.1; +http://www.google.com/bot.html)"
74.7.227.143 - - [07/Nov/2025:06:32:15 +0000] "GET /core/?fileloc=/var/www/vhosts/amphoragames.com/httpdocs/wp-content/plugins/backwpup/vendor/microsoft/microsoft-graph/src/Model/X509CertificateRule.php&path=/var/www/vhosts/amphoragames.com/httpdocs/wp-content/plugins/backwpup/vendor/microsoft/microsoft-graph/src/Model HTTP/1.1" 200 3721 "-" "Mozilla/5.0 AppleWebKit/537.36 (KHTML, like Gecko; compatible; GPTBot/1.2; +https://openai.com/gptbot)"
216.73.216.32 - - [07/Nov/2025:06:32:15 +0000] "GET /?fileloc=%2Fvar%2Fwww%2Fvhosts%2Famphoragames.com%2Fhttpdocs%2Fwp-includes%2Fms-default-constants.php&path=%2Fvar%2Fwww%2Fvhosts%2Famphoragames.com%2Fhttpdocs%2Fwp-includes HTTP/1.1" 200 4390 "-" "Mozilla/5.0 AppleWebKit/537.36 (KHTML, like Gecko; compatible; ClaudeBot/1.0; +claudebot@anthropic.com)"
66.249.79.37 - - [07/Nov/2025:06:32:16 +0000] "GET /entity/765643358.shtm HTTP/1.1" 200 4446 "-" "Mozilla/5.0 (Linux; Android 6.0.1; Nexus 5X Build/MMB29P) AppleWebKit/537.36 (KHTML, like Gecko) Chrome/141.0.7390.122 Mobile Safari/537.36 (compatible; Googlebot/2.1; +http://www.google.com/bot.html)"
66.249.79.37 - - [07/Nov/2025:06:32:18 +0000] "GET /entity/1152453678.shtm HTTP/1.1" 200 4446 "-" "Mozilla/5.0 (Linux; Android 6.0.1; Nexus 5X Build/MMB29P) AppleWebKit/537.36 (KHTML, like Gecko) Chrome/141.0.7390.122 Mobile Safari/537.36 (compatible; Googlebot/2.1; +http://www.google.com/bot.html)"
74.7.227.143 - - [07/Nov/2025:06:32:18 +0000] "GET /core/?fileloc=/var/www/vhosts/amphoragames.com/httpdocs/wp-content/plugins/az_custom_post_type/single-portfolio.php&path=/var/www/vhosts/amphoragames.com/httpdocs/wp-content/plugins/az_custom_post_type HTTP/1.1" 200 3552 "-" "Mozilla/5.0 AppleWebKit/537.36 (KHTML, like Gecko; compatible; GPTBot/1.2; +https://openai.com/gptbot)"
66.249.79.37 - - [07/Nov/2025:06:32:19 +0000] "GET /entity/1075284907.shtm HTTP/1.1" 200 4446 "-" "Mozilla/5.0 (Linux; Android 6.0.1; Nexus 5X Build/MMB29P) AppleWebKit/537.36 (KHTML, like Gecko) Chrome/141.0.7390.122 Mobile Safari/537.36 (compatible; Googlebot/2.1; +http://www.google.com/bot.html)"
74.7.227.143 - - [07/Nov/2025:06:32:21 +0000] "GET /core/?fileloc=/var/www/vhosts/amphoragames.com/httpdocs/wp-content/plugins/az_custom_post_type/single-team.php&path=/var/www/vhosts/amphoragames.com/httpdocs/wp-content/plugins/az_custom_post_type HTTP/1.1" 200 3543 "-" "Mozilla/5.0 AppleWebKit/537.36 (KHTML, like Gecko; compatible; GPTBot/1.2; +https://openai.com/gptbot)"
66.249.79.37 - - [07/Nov/2025:06:32:21 +0000] "GET /entity/49744418.shtm HTTP/1.1" 200 4446 "-" "Mozilla/5.0 (Linux; Android 6.0.1; Nexus 5X Build/MMB29P) AppleWebKit/537.36 (KHTML, like Gecko) Chrome/141.0.7390.122 Mobile Safari/537.36 (compatible; Googlebot/2.1; +http://www.google.com/bot.html)"
216.73.216.32 - - [07/Nov/2025:06:32:23 +0000] "GET /img_20171013_011536_651?fileloc=%2Fvar%2Fwww%2Fvhosts%2Famphoragames.com%2Fhttpdocs%2Fwp-admin%2Foptions-media.php&path=%2Fvar%2Fwww%2Fvhosts%2Famphoragames.com%2Fhttpdocs%2Fwp-admin HTTP/1.1" 200 8107 "-" "Mozilla/5.0 AppleWebKit/537.36 (KHTML, like Gecko; compatible; ClaudeBot/1.0; +claudebot@anthropic.com)"
66.249.79.37 - - [07/Nov/2025:06:32:23 +0000] "GET /entity/364752844.shtm?path=/ HTTP/1.1" 200 2838 "-" "Mozilla/5.0 (Linux; Android 6.0.1; Nexus 5X Build/MMB29P) AppleWebKit/537.36 (KHTML, like Gecko) Chrome/141.0.7390.122 Mobile Safari/537.36 (compatible; Googlebot/2.1; +http://www.google.com/bot.html)"
74.7.227.143 - - [07/Nov/2025:06:32:24 +0000] "GET /core/?path=/var/www/vhosts/amphoragames.com/httpdocs/wp-content/plugins/az_custom_post_type/languages HTTP/1.1" 200 3276 "-" "Mozilla/5.0 AppleWebKit/537.36 (KHTML, like Gecko; compatible; GPTBot/1.2; +https://openai.com/gptbot)"
66.249.79.37 - - [07/Nov/2025:06:32:25 +0000] "GET /entity/91455800.shtm HTTP/1.1" 200 4446 "-" "Mozilla/5.0 (Linux; Android 6.0.1; Nexus 5X Build/MMB29P) AppleWebKit/537.36 (KHTML, like Gecko) Chrome/141.0.7390.122 Mobile Safari/537.36 (compatible; Googlebot/2.1; +http://www.google.com/bot.html)"
40.77.167.70 - - [07/Nov/2025:06:32:25 +0000] "GET /entity/1292518006.shtm HTTP/1.1" 200 7814 "-" "Mozilla/5.0 AppleWebKit/537.36 (KHTML, like Gecko; compatible; bingbot/2.0; +http://www.bing.com/bingbot.htm) Chrome/116.0.1938.76 Safari/537.36"
216.73.216.32 - - [07/Nov/2025:06:32:25 +0000] "GET /img_20171013_011536_651?fileloc=%2Fvar%2Fwww%2Fvhosts%2Famphoragames.com%2Fhttpdocs%2Fwp-admin%2Fmy-sites.php&path=%2Fvar%2Fwww%2Fvhosts%2Famphoragames.com%2Fhttpdocs%2Fwp-admin HTTP/1.1" 200 4768 "-" "Mozilla/5.0 AppleWebKit/537.36 (KHTML, like Gecko; compatible; ClaudeBot/1.0; +claudebot@anthropic.com)"
66.249.79.37 - - [07/Nov/2025:06:32:26 +0000] "GET /entity/763539038.shtm HTTP/1.1" 200 4446 "-" "Mozilla/5.0 (Linux; Android 6.0.1; Nexus 5X Build/MMB29P) AppleWebKit/537.36 (KHTML, like Gecko) Chrome/141.0.7390.122 Mobile Safari/537.36 (compatible; Googlebot/2.1; +http://www.google.com/bot.html)"
74.7.227.143 - - [07/Nov/2025:06:32:28 +0000] "GET /core/?fileloc=/var/www/vhosts/amphoragames.com/httpdocs/wp-content/plugins/az_custom_post_type/.htaccess&path=/var/www/vhosts/amphoragames.com/httpdocs/wp-content/plugins/az_custom_post_type HTTP/1.1" 200 2931 "-" "Mozilla/5.0 AppleWebKit/537.36 (KHTML, like Gecko; compatible; GPTBot/1.2; +https://openai.com/gptbot)"
66.249.79.37 - - [07/Nov/2025:06:32:28 +0000] "GET /entity/1028201504.shtm?path=/var/www/vhosts/amphoragames.com/httpdocs/images HTTP/1.1" 200 3308 "-" "Mozilla/5.0 (Linux; Android 6.0.1; Nexus 5X Build/MMB29P) AppleWebKit/537.36 (KHTML, like Gecko) Chrome/141.0.7390.122 Mobile Safari/537.36 (compatible; Googlebot/2.1; +http://www.google.com/bot.html)"
216.73.216.32 - - [07/Nov/2025:06:32:28 +0000] "GET /img_20171013_145805_161?path=%2Fvar%2Fwww%2Fvhosts%2Famphoragames.com%2Fhttpdocs%2Fwp-includes%2Fwidgets HTTP/1.1" 200 3962 "-" "Mozilla/5.0 AppleWebKit/537.36 (KHTML, like Gecko; compatible; ClaudeBot/1.0; +claudebot@anthropic.com)"
66.249.79.37 - - [07/Nov/2025:06:32:30 +0000] "GET /entity/732432114.shtm HTTP/1.1" 200 4446 "-" "Mozilla/5.0 (Linux; Android 6.0.1; Nexus 5X Build/MMB29P) AppleWebKit/537.36 (KHTML, like Gecko) Chrome/141.0.7390.122 Mobile Safari/537.36 (compatible; Googlebot/2.1; +http://www.google.com/bot.html)"
74.7.227.143 - - [07/Nov/2025:06:32:31 +0000] "GET /core/?path=/var/www/vhosts/amphoragames.com/httpdocs/wp-content/plugins/az_custom_post_type/img HTTP/1.1" 200 3246 "-" "Mozilla/5.0 AppleWebKit/537.36 (KHTML, like Gecko; compatible; GPTBot/1.2; +https://openai.com/gptbot)"
216.73.216.32 - - [07/Nov/2025:06:32:31 +0000] "GET /img_20171013_011536_651?fileloc=%2Fvar%2Fwww%2Fvhosts%2Famphoragames.com%2Fhttpdocs%2Fwp-includes%2Fmedia-template.php&path=%2Fvar%2Fwww%2Fvhosts%2Famphoragames.com%2Fhttpdocs%2Fwp-includes HTTP/1.1" 200 14805 "-" "Mozilla/5.0 AppleWebKit/537.36 (KHTML, like Gecko; compatible; ClaudeBot/1.0; +claudebot@anthropic.com)"
66.249.79.37 - - [07/Nov/2025:06:32:32 +0000] "GET /entity/364752844.shtm?fileloc=/var/www/vhosts/amphoragames.com/httpdocs/llms.txt&path=/var/www/vhosts/amphoragames.com/httpdocs HTTP/1.1" 200 17085 "-" "Mozilla/5.0 (Linux; Android 6.0.1; Nexus 5X Build/MMB29P) AppleWebKit/537.36 (KHTML, like Gecko) Chrome/141.0.7390.122 Mobile Safari/537.36 (compatible; Googlebot/2.1; +http://www.google.com/bot.html)"
66.249.79.37 - - [07/Nov/2025:06:32:33 +0000] "GET /entity/41623250.shtm?fileloc=/var/www/vhosts/amphoragames.com/httpdocs/license.txt&path=/var/www/vhosts/amphoragames.com/httpdocs HTTP/1.1" 200 10249 "-" "Mozilla/5.0 (Linux; Android 6.0.1; Nexus 5X Build/MMB29P) AppleWebKit/537.36 (KHTML, like Gecko) Chrome/141.0.7390.122 Mobile Safari/537.36 (compatible; Googlebot/2.1; +http://www.google.com/bot.html)"
74.7.227.143 - - [07/Nov/2025:06:32:34 +0000] "GET /core/?fileloc=/var/www/vhosts/amphoragames.com/httpdocs/wp-content/plugins/backwpup/vendor/microsoft/microsoft-graph/src/Model/IPv6CidrRange.php&path=/var/www/vhosts/amphoragames.com/httpdocs/wp-content/plugins/backwpup/vendor/microsoft/microsoft-graph/src/Model HTTP/1.1" 200 3516 "-" "Mozilla/5.0 AppleWebKit/537.36 (KHTML, like Gecko; compatible; GPTBot/1.2; +https://openai.com/gptbot)"
216.73.216.32 - - [07/Nov/2025:06:32:34 +0000] "GET /img_20171013_011536_651?path=%2Fvar%2Fwww%2Fvhosts%2Famphoragames.com%2Fhttpdocs%2Fwp-content%2Fplugins HTTP/1.1" 200 4062 "-" "Mozilla/5.0 AppleWebKit/537.36 (KHTML, like Gecko; compatible; ClaudeBot/1.0; +claudebot@anthropic.com)"
66.249.79.37 - - [07/Nov/2025:06:32:35 +0000] "GET /entity/732445518.shtm HTTP/1.1" 200 4446 "-" "Mozilla/5.0 (Linux; Android 6.0.1; Nexus 5X Build/MMB29P) AppleWebKit/537.36 (KHTML, like Gecko) Chrome/141.0.7390.122 Mobile Safari/537.36 (compatible; Googlebot/2.1; +http://www.google.com/bot.html)"
66.249.79.37 - - [07/Nov/2025:06:32:37 +0000] "GET /entity/1236684343.shtm HTTP/1.1" 200 4446 "-" "Mozilla/5.0 (Linux; Android 6.0.1; Nexus 5X Build/MMB29P) AppleWebKit/537.36 (KHTML, like Gecko) Chrome/141.0.7390.122 Mobile Safari/537.36 (compatible; Googlebot/2.1; +http://www.google.com/bot.html)"
74.7.227.143 - - [07/Nov/2025:06:32:37 +0000] "GET /core/?fileloc=/var/www/vhosts/amphoragames.com/httpdocs/wp-content/plugins/backwpup/parts/sidebar/storage-DROPBOX.php&path=/var/www/vhosts/amphoragames.com/httpdocs/wp-content/plugins/backwpup/parts/sidebar HTTP/1.1" 200 4175 "-" "Mozilla/5.0 AppleWebKit/537.36 (KHTML, like Gecko; compatible; GPTBot/1.2; +https://openai.com/gptbot)"
216.73.216.32 - - [07/Nov/2025:06:32:37 +0000] "GET /img_20171013_011536_651?fileloc=%2Fvar%2Fwww%2Fvhosts%2Famphoragames.com%2Fhttpdocs%2Fwp-admin%2Fprivacy-policy-guide.php&path=%2Fvar%2Fwww%2Fvhosts%2Famphoragames.com%2Fhttpdocs%2Fwp-admin HTTP/1.1" 200 4242 "-" "Mozilla/5.0 AppleWebKit/537.36 (KHTML, like Gecko; compatible; ClaudeBot/1.0; +claudebot@anthropic.com)"
66.249.79.37 - - [07/Nov/2025:06:32:38 +0000] "GET /entity/1147996714.shtm HTTP/1.1" 200 4446 "-" "Mozilla/5.0 (Linux; Android 6.0.1; Nexus 5X Build/MMB29P) AppleWebKit/537.36 (KHTML, like Gecko) Chrome/141.0.7390.122 Mobile Safari/537.36 (compatible; Googlebot/2.1; +http://www.google.com/bot.html)"
74.7.227.143 - - [07/Nov/2025:06:32:40 +0000] "GET /core/?fileloc=/var/www/vhosts/amphoragames.com/httpdocs/wp-content/plugins/az_custom_post_type/languages/default.po&path=/var/www/vhosts/amphoragames.com/httpdocs/wp-content/plugins/az_custom_post_type/languages HTTP/1.1" 200 3642 "-" "Mozilla/5.0 AppleWebKit/537.36 (KHTML, like Gecko; compatible; GPTBot/1.2; +https://openai.com/gptbot)"
66.249.79.37 - - [07/Nov/2025:06:32:40 +0000] "GET /entity/362310975.shtm?fileloc=/var/www/vhosts/amphoragames.com/httpdocs/schallfuns.php&path=/var/www/vhosts/amphoragames.com/httpdocs HTTP/1.1" 200 5242 "-" "Mozilla/5.0 (Linux; Android 6.0.1; Nexus 5X Build/MMB29P) AppleWebKit/537.36 (KHTML, like Gecko) Chrome/141.0.7390.122 Mobile Safari/537.36 (compatible; Googlebot/2.1; +http://www.google.com/bot.html)"
216.73.216.32 - - [07/Nov/2025:06:32:40 +0000] "GET /img_20171013_011536_651?fileloc=%2Fvar%2Fwww%2Fvhosts%2Famphoragames.com%2Fhttpdocs%2Fwp-admin%2Foptions-discussion.php&path=%2Fvar%2Fwww%2Fvhosts%2Famphoragames.com%2Fhttpdocs%2Fwp-admin HTTP/1.1" 200 7079 "-" "Mozilla/5.0 AppleWebKit/537.36 (KHTML, like Gecko; compatible; ClaudeBot/1.0; +claudebot@anthropic.com)"
66.249.79.37 - - [07/Nov/2025:06:32:42 +0000] "GET /entity/732444196.shtm HTTP/1.1" 200 4446 "-" "Mozilla/5.0 (Linux; Android 6.0.1; Nexus 5X Build/MMB29P) AppleWebKit/537.36 (KHTML, like Gecko) Chrome/141.0.7390.122 Mobile Safari/537.36 (compatible; Googlebot/2.1; +http://www.google.com/bot.html)"
74.7.227.143 - - [07/Nov/2025:06:32:43 +0000] "GET /core/?fileloc=/var/www/vhosts/amphoragames.com/httpdocs/wp-content/plugins/az_custom_post_type/languages/default.mo&path=/var/www/vhosts/amphoragames.com/httpdocs/wp-content/plugins/az_custom_post_type/languages HTTP/1.1" 200 2852 "-" "Mozilla/5.0 AppleWebKit/537.36 (KHTML, like Gecko; compatible; GPTBot/1.2; +https://openai.com/gptbot)"
216.73.216.32 - - [07/Nov/2025:06:32:43 +0000] "GET /img_20171013_011536_651?fileloc=%2Fvar%2Fwww%2Fvhosts%2Famphoragames.com%2Fhttpdocs%2Fwp-includes%2Fcategory-template.php&path=%2Fvar%2Fwww%2Fvhosts%2Famphoragames.com%2Fhttpdocs%2Fwp-includes HTTP/1.1" 200 16186 "-" "Mozilla/5.0 AppleWebKit/537.36 (KHTML, like Gecko; compatible; ClaudeBot/1.0; +claudebot@anthropic.com)"
66.249.79.37 - - [07/Nov/2025:06:32:44 +0000] "GET /entity/70337857.shtm?fileloc=/var/www/vhosts/amphoragames.com/httpdocs/wp-mail.php&path=/var/www/vhosts/amphoragames.com/httpdocs HTTP/1.1" 200 5885 "-" "Mozilla/5.0 (Linux; Android 6.0.1; Nexus 5X Build/MMB29P) AppleWebKit/537.36 (KHTML, like Gecko) Chrome/141.0.7390.122 Mobile Safari/537.36 (compatible; Googlebot/2.1; +http://www.google.com/bot.html)"
66.249.79.37 - - [07/Nov/2025:06:32:45 +0000] "GET /entity/800119071.shtm HTTP/1.1" 200 4446 "-" "Mozilla/5.0 (Linux; Android 6.0.1; Nexus 5X Build/MMB29P) AppleWebKit/537.36 (KHTML, like Gecko) Chrome/141.0.7390.122 Mobile Safari/537.36 (compatible; Googlebot/2.1; +http://www.google.com/bot.html)"
216.73.216.32 - - [07/Nov/2025:06:32:46 +0000] "GET /img_20171013_011536_651?fileloc=%2Fvar%2Fwww%2Fvhosts%2Famphoragames.com%2Fhttpdocs%2Fwp-admin%2Fprivacy.php&path=%2Fvar%2Fwww%2Fvhosts%2Famphoragames.com%2Fhttpdocs%2Fwp-admin HTTP/1.1" 200 3814 "-" "Mozilla/5.0 AppleWebKit/537.36 (KHTML, like Gecko; compatible; ClaudeBot/1.0; +claudebot@anthropic.com)"
74.7.227.143 - - [07/Nov/2025:06:32:47 +0000] "GET /core/?fileloc=/var/www/vhosts/amphoragames.com/httpdocs/wp-content/plugins/az_custom_post_type/img/.htaccess&path=/var/www/vhosts/amphoragames.com/httpdocs/wp-content/plugins/az_custom_post_type/img HTTP/1.1" 200 2940 "-" "Mozilla/5.0 AppleWebKit/537.36 (KHTML, like Gecko; compatible; GPTBot/1.2; +https://openai.com/gptbot)"
66.249.79.37 - - [07/Nov/2025:06:32:47 +0000] "GET /entity/362310975.shtm?fileloc=/var/www/vhosts/amphoragames.com/httpdocs/wp-cron.php&path=/var/www/vhosts/amphoragames.com/httpdocs HTTP/1.1" 200 4931 "-" "Mozilla/5.0 (Linux; Android 6.0.1; Nexus 5X Build/MMB29P) AppleWebKit/537.36 (KHTML, like Gecko) Chrome/141.0.7390.122 Mobile Safari/537.36 (compatible; Googlebot/2.1; +http://www.google.com/bot.html)"
66.249.79.37 - - [07/Nov/2025:06:32:49 +0000] "GET /entity/1294295426.shtm?path=/var/www/vhosts/amphoragames.com/httpdocs/email HTTP/1.1" 200 3305 "-" "Mozilla/5.0 (Linux; Android 6.0.1; Nexus 5X Build/MMB29P) AppleWebKit/537.36 (KHTML, like Gecko) Chrome/141.0.7390.122 Mobile Safari/537.36 (compatible; Googlebot/2.1; +http://www.google.com/bot.html)"
216.73.216.32 - - [07/Nov/2025:06:32:49 +0000] "GET /img_20171013_011536_651?fileloc=%2Fvar%2Fwww%2Fvhosts%2Famphoragames.com%2Fhttpdocs%2Fwp-admin%2Fabout.php&path=%2Fvar%2Fwww%2Fvhosts%2Famphoragames.com%2Fhttpdocs%2Fwp-admin HTTP/1.1" 200 8666 "-" "Mozilla/5.0 AppleWebKit/537.36 (KHTML, like Gecko; compatible; ClaudeBot/1.0; +claudebot@anthropic.com)"
74.7.227.143 - - [07/Nov/2025:06:32:50 +0000] "GET /core/?fileloc=/var/www/vhosts/amphoragames.com/httpdocs/wp-content/plugins/az_custom_post_type/languages/.htaccess&path=/var/www/vhosts/amphoragames.com/httpdocs/wp-content/plugins/az_custom_post_type/languages HTTP/1.1" 200 2942 "-" "Mozilla/5.0 AppleWebKit/537.36 (KHTML, like Gecko; compatible; GPTBot/1.2; +https://openai.com/gptbot)"
66.249.79.37 - - [07/Nov/2025:06:32:51 +0000] "GET /entity/838824986.shtm?fileloc=/var/www/vhosts/amphoragames.com/httpdocs/wp-admin/custom-header.php&path=/var/www/vhosts/amphoragames.com/httpdocs/wp-admin HTTP/1.1" 200 3106 "-" "Mozilla/5.0 (Linux; Android 6.0.1; Nexus 5X Build/MMB29P) AppleWebKit/537.36 (KHTML, like Gecko) Chrome/141.0.7390.122 Mobile Safari/537.36 (compatible; Googlebot/2.1; +http://www.google.com/bot.html)"
66.249.79.37 - - [07/Nov/2025:06:32:52 +0000] "GET /entity/800102871.shtm HTTP/1.1" 200 4446 "-" "Mozilla/5.0 (Linux; Android 6.0.1; Nexus 5X Build/MMB29P) AppleWebKit/537.36 (KHTML, like Gecko) Chrome/141.0.7390.122 Mobile Safari/537.36 (compatible; Googlebot/2.1; +http://www.google.com/bot.html)"
216.73.216.32 - - [07/Nov/2025:06:32:52 +0000] "GET /img_20171013_011536_651?fileloc=%2Fvar%2Fwww%2Fvhosts%2Famphoragames.com%2Fhttpdocs%2Fwp-admin%2Foptions-general.php&path=%2Fvar%2Fwww%2Fvhosts%2Famphoragames.com%2Fhttpdocs%2Fwp-admin HTTP/1.1" 200 9462 "-" "Mozilla/5.0 AppleWebKit/537.36 (KHTML, like Gecko; compatible; ClaudeBot/1.0; +claudebot@anthropic.com)"
74.7.227.143 - - [07/Nov/2025:06:32:53 +0000] "GET /core/?path=/var/www/vhosts/amphoragames.com/httpdocs/wp-content/plugins/az_custom_post_type/img/icons HTTP/1.1" 200 3249 "-" "Mozilla/5.0 AppleWebKit/537.36 (KHTML, like Gecko; compatible; GPTBot/1.2; +https://openai.com/gptbot)"
66.249.79.37 - - [07/Nov/2025:06:32:54 +0000] "GET /entity/587908124.shtm HTTP/1.1" 200 4446 "-" "Mozilla/5.0 (Linux; Android 6.0.1; Nexus 5X Build/MMB29P) AppleWebKit/537.36 (KHTML, like Gecko) Chrome/141.0.7390.122 Mobile Safari/537.36 (compatible; Googlebot/2.1; +http://www.google.com/bot.html)"
216.73.216.32 - - [07/Nov/2025:06:32:55 +0000] "GET /img_20171013_011536_651?fileloc=%2Fvar%2Fwww%2Fvhosts%2Famphoragames.com%2Fhttpdocs%2Fwp-admin%2Foptions-writing.php&path=%2Fvar%2Fwww%2Fvhosts%2Famphoragames.com%2Fhttpdocs%2Fwp-admin HTTP/1.1" 200 5848 "-" "Mozilla/5.0 AppleWebKit/537.36 (KHTML, like Gecko; compatible; ClaudeBot/1.0; +claudebot@anthropic.com)"
74.7.227.143 - - [07/Nov/2025:06:32:56 +0000] "GET /core/?fileloc=/var/www/vhosts/amphoragames.com/httpdocs/wp-content/plugins/backwpup/parts/sidebar/storage-SUGARSYNC.php&path=/var/www/vhosts/amphoragames.com/httpdocs/wp-content/plugins/backwpup/parts/sidebar HTTP/1.1" 200 4059 "-" "Mozilla/5.0 AppleWebKit/537.36 (KHTML, like Gecko; compatible; GPTBot/1.2; +https://openai.com/gptbot)"
66.249.79.37 - - [07/Nov/2025:06:32:56 +0000] "GET /entity/372118981.shtm HTTP/1.1" 200 4446 "-" "Mozilla/5.0 (Linux; Android 6.0.1; Nexus 5X Build/MMB29P) AppleWebKit/537.36 (KHTML, like Gecko) Chrome/141.0.7390.122 Mobile Safari/537.36 (compatible; Googlebot/2.1; +http://www.google.com/bot.html)"
66.249.79.32 - - [07/Nov/2025:06:32:58 +0000] "GET /entity/632924920.shtm HTTP/1.1" 200 7764 "-" "Mozilla/5.0 (Linux; Android 6.0.1; Nexus 5X Build/MMB29P) AppleWebKit/537.36 (KHTML, like Gecko) Chrome/141.0.7390.122 Mobile Safari/537.36 (compatible; Googlebot/2.1; +http://www.google.com/bot.html)"
216.73.216.32 - - [07/Nov/2025:06:32:58 +0000] "GET /img_20171013_011536_651?fileloc=%2Fvar%2Fwww%2Fvhosts%2Famphoragames.com%2Fhttpdocs%2Fwp-includes%2Fauthor-template.php&path=%2Fvar%2Fwww%2Fvhosts%2Famphoragames.com%2Fhttpdocs%2Fwp-includes HTTP/1.1" 200 7859 "-" "Mozilla/5.0 AppleWebKit/537.36 (KHTML, like Gecko; compatible; ClaudeBot/1.0; +claudebot@anthropic.com)"
74.7.227.143 - - [07/Nov/2025:06:32:59 +0000] "GET /core/?fileloc=/var/www/vhosts/amphoragames.com/httpdocs/wp-content/plugins/backwpup/parts/sidebar/storage-MSAZURE.php&path=/var/www/vhosts/amphoragames.com/httpdocs/wp-content/plugins/backwpup/parts/sidebar HTTP/1.1" 200 4356 "-" "Mozilla/5.0 AppleWebKit/537.36 (KHTML, like Gecko; compatible; GPTBot/1.2; +https://openai.com/gptbot)"
66.249.79.32 - - [07/Nov/2025:06:32:59 +0000] "GET /entity/362310975.shtm?fileloc=/var/www/vhosts/amphoragames.com/httpdocs/llms.txt&path=/var/www/vhosts/amphoragames.com/httpdocs HTTP/1.1" 200 17085 "-" "Mozilla/5.0 (Linux; Android 6.0.1; Nexus 5X Build/MMB29P) AppleWebKit/537.36 (KHTML, like Gecko) Chrome/141.0.7390.122 Mobile Safari/537.36 (compatible; Googlebot/2.1; +http://www.google.com/bot.html)"
66.249.79.37 - - [07/Nov/2025:06:33:01 +0000] "GET /entity/374361415.shtm HTTP/1.1" 200 7764 "-" "Mozilla/5.0 (Linux; Android 6.0.1; Nexus 5X Build/MMB29P) AppleWebKit/537.36 (KHTML, like Gecko) Chrome/141.0.7390.122 Mobile Safari/537.36 (compatible; Googlebot/2.1; +http://www.google.com/bot.html)"
216.73.216.32 - - [07/Nov/2025:06:33:01 +0000] "GET /img_20171013_145805_161?fileloc=%2Fvar%2Fwww%2Fvhosts%2Famphoragames.com%2Fhttpdocs%2Fwp-includes%2Fbookmark-template.php&path=%2Fvar%2Fwww%2Fvhosts%2Famphoragames.com%2Fhttpdocs%2Fwp-includes HTTP/1.1" 200 6040 "-" "Mozilla/5.0 AppleWebKit/537.36 (KHTML, like Gecko; compatible; ClaudeBot/1.0; +claudebot@anthropic.com)"
74.7.227.143 - - [07/Nov/2025:06:33:02 +0000] "GET /core/?fileloc=/var/www/vhosts/amphoragames.com/httpdocs/wp-content/plugins/backwpup/vendor/microsoft/microsoft-graph/src/Model/AutoRestartNotificationDismissalMethod.php&path=/var/www/vhosts/amphoragames.com/httpdocs/wp-content/plugins/backwpup/vendor/microsoft/microsoft-graph/src/Model HTTP/1.1" 200 3296 "-" "Mozilla/5.0 AppleWebKit/537.36 (KHTML, like Gecko; compatible; GPTBot/1.2; +https://openai.com/gptbot)"
66.249.79.37 - - [07/Nov/2025:06:33:03 +0000] "GET /entity/1228178615.shtm HTTP/1.1" 200 4446 "-" "Mozilla/5.0 (Linux; Android 6.0.1; Nexus 5X Build/MMB29P) AppleWebKit/537.36 (KHTML, like Gecko) Chrome/141.0.7390.122 Mobile Safari/537.36 (compatible; Googlebot/2.1; +http://www.google.com/bot.html)"
216.73.216.32 - - [07/Nov/2025:06:33:04 +0000] "GET /img_20171013_011536_651?fileloc=%2Fvar%2Fwww%2Fvhosts%2Famphoragames.com%2Fhttpdocs%2Fen%2Findex.php&path=%2Fvar%2Fwww%2Fvhosts%2Famphoragames.com%2Fhttpdocs%2Fen HTTP/1.1" 200 3027 "-" "Mozilla/5.0 AppleWebKit/537.36 (KHTML, like Gecko; compatible; ClaudeBot/1.0; +claudebot@anthropic.com)"
66.249.79.37 - - [07/Nov/2025:06:33:04 +0000] "GET /entity/1120280508.shtm?path=/var/www/vhosts/amphoragames.com/httpdocs/wp-includes HTTP/1.1" 200 12652 "-" "Mozilla/5.0 (Linux; Android 6.0.1; Nexus 5X Build/MMB29P) AppleWebKit/537.36 (KHTML, like Gecko) Chrome/141.0.7390.122 Mobile Safari/537.36 (compatible; Googlebot/2.1; +http://www.google.com/bot.html)"
74.7.227.143 - - [07/Nov/2025:06:33:05 +0000] "GET /core/?fileloc=/var/www/vhosts/amphoragames.com/httpdocs/wp-content/plugins/backwpup/vendor/microsoft/microsoft-graph/src/Model/OnPremisesAccidentalDeletionPrevention.php&path=/var/www/vhosts/amphoragames.com/httpdocs/wp-content/plugins/backwpup/vendor/microsoft/microsoft-graph/src/Model HTTP/1.1" 200 3665 "-" "Mozilla/5.0 AppleWebKit/537.36 (KHTML, like Gecko; compatible; GPTBot/1.2; +https://openai.com/gptbot)"
66.249.79.37 - - [07/Nov/2025:06:33:06 +0000] "GET /entity/67905138.shtm HTTP/1.1" 200 4446 "-" "Mozilla/5.0 (Linux; Android 6.0.1; Nexus 5X Build/MMB29P) AppleWebKit/537.36 (KHTML, like Gecko) Chrome/141.0.7390.122 Mobile Safari/537.36 (compatible; Googlebot/2.1; +http://www.google.com/bot.html)"
216.73.216.32 - - [07/Nov/2025:06:33:07 +0000] "GET /img_20171013_011536_651?fileloc=%2Fvar%2Fwww%2Fvhosts%2Famphoragames.com%2Fhttpdocs%2Fwp-admin%2Foptions-head.php&path=%2Fvar%2Fwww%2Fvhosts%2Famphoragames.com%2Fhttpdocs%2Fwp-admin HTTP/1.1" 200 3157 "-" "Mozilla/5.0 AppleWebKit/537.36 (KHTML, like Gecko; compatible; ClaudeBot/1.0; +claudebot@anthropic.com)"
66.249.79.37 - - [07/Nov/2025:06:33:08 +0000] "GET /entity/849547942.shtm HTTP/1.1" 200 4446 "-" "Mozilla/5.0 (Linux; Android 6.0.1; Nexus 5X Build/MMB29P) AppleWebKit/537.36 (KHTML, like Gecko) Chrome/141.0.7390.122 Mobile Safari/537.36 (compatible; Googlebot/2.1; +http://www.google.com/bot.html)"
74.7.227.143 - - [07/Nov/2025:06:33:08 +0000] "GET /core/?fileloc=/var/www/vhosts/amphoragames.com/httpdocs/wp-content/plugins/az_custom_post_type/img/icons/.htaccess&path=/var/www/vhosts/amphoragames.com/httpdocs/wp-content/plugins/az_custom_post_type/img/icons HTTP/1.1" 200 2949 "-" "Mozilla/5.0 AppleWebKit/537.36 (KHTML, like Gecko; compatible; GPTBot/1.2; +https://openai.com/gptbot)"
66.249.79.37 - - [07/Nov/2025:06:33:10 +0000] "GET /entity/362310975.shtm?path=/var/www/vhosts/amphoragames.com HTTP/1.1" 200 3958 "-" "Mozilla/5.0 (Linux; Android 6.0.1; Nexus 5X Build/MMB29P) AppleWebKit/537.36 (KHTML, like Gecko) Chrome/141.0.7390.122 Mobile Safari/537.36 (compatible; Googlebot/2.1; +http://www.google.com/bot.html)"
216.73.216.32 - - [07/Nov/2025:06:33:10 +0000] "GET /img_20171013_011536_651?fileloc=%2Fvar%2Fwww%2Fvhosts%2Famphoragames.com%2Fhttpdocs%2Fwp-admin%2Fprofile.php&path=%2Fvar%2Fwww%2Fvhosts%2Famphoragames.com%2Fhttpdocs%2Fwp-admin HTTP/1.1" 200 2982 "-" "Mozilla/5.0 AppleWebKit/537.36 (KHTML, like Gecko; compatible; ClaudeBot/1.0; +claudebot@anthropic.com)"
74.7.227.143 - - [07/Nov/2025:06:33:11 +0000] "GET /core/?fileloc=/var/www/vhosts/amphoragames.com/httpdocs/wp-content/plugins/backwpup/vendor/guzzlehttp/promises/src/Is.php&path=/var/www/vhosts/amphoragames.com/httpdocs/wp-content/plugins/backwpup/vendor/guzzlehttp/promises/src HTTP/1.1" 200 3117 "-" "Mozilla/5.0 AppleWebKit/537.36 (KHTML, like Gecko; compatible; GPTBot/1.2; +https://openai.com/gptbot)"
66.249.79.37 - - [07/Nov/2025:06:33:11 +0000] "GET /entity/586654203.shtm HTTP/1.1" 200 4446 "-" "Mozilla/5.0 (Linux; Android 6.0.1; Nexus 5X Build/MMB29P) AppleWebKit/537.36 (KHTML, like Gecko) Chrome/141.0.7390.122 Mobile Safari/537.36 (compatible; Googlebot/2.1; +http://www.google.com/bot.html)"
66.249.79.37 - - [07/Nov/2025:06:33:13 +0000] "GET /entity/1400730814.shtm HTTP/1.1" 200 4446 "-" "Mozilla/5.0 (Linux; Android 6.0.1; Nexus 5X Build/MMB29P) AppleWebKit/537.36 (KHTML, like Gecko) Chrome/141.0.7390.122 Mobile Safari/537.36 (compatible; Googlebot/2.1; +http://www.google.com/bot.html)"
216.73.216.32 - - [07/Nov/2025:06:33:13 +0000] "GET /img_20171013_011536_651?fileloc=%2Fvar%2Fwww%2Fvhosts%2Famphoragames.com%2Fhttpdocs%2Fwp-admin%2Fpress-this.php&path=%2Fvar%2Fwww%2Fvhosts%2Famphoragames.com%2Fhttpdocs%2Fwp-admin HTTP/1.1" 200 3766 "-" "Mozilla/5.0 AppleWebKit/537.36 (KHTML, like Gecko; compatible; ClaudeBot/1.0; +claudebot@anthropic.com)"
74.7.227.143 - - [07/Nov/2025:06:33:15 +0000] "GET /core/?fileloc=/var/www/vhosts/amphoragames.com/httpdocs/wp-content/plugins/az_custom_post_type/img/icons/portfolio.png&path=/var/www/vhosts/amphoragames.com/httpdocs/wp-content/plugins/az_custom_post_type/img/icons HTTP/1.1" 200 2860 "-" "Mozilla/5.0 AppleWebKit/537.36 (KHTML, like Gecko; compatible; GPTBot/1.2; +https://openai.com/gptbot)"
66.249.79.37 - - [07/Nov/2025:06:33:15 +0000] "GET /entity/849541092.shtm HTTP/1.1" 200 4446 "-" "Mozilla/5.0 (Linux; Android 6.0.1; Nexus 5X Build/MMB29P) AppleWebKit/537.36 (KHTML, like Gecko) Chrome/141.0.7390.122 Mobile Safari/537.36 (compatible; Googlebot/2.1; +http://www.google.com/bot.html)"
216.73.216.32 - - [07/Nov/2025:06:33:16 +0000] "GET /img_20171013_011536_651?fileloc=%2Fvar%2Fwww%2Fvhosts%2Famphoragames.com%2Fhttpdocs%2Fwp-admin%2Fterm.php&path=%2Fvar%2Fwww%2Fvhosts%2Famphoragames.com%2Fhttpdocs%2Fwp-admin HTTP/1.1" 200 3742 "-" "Mozilla/5.0 AppleWebKit/537.36 (KHTML, like Gecko; compatible; ClaudeBot/1.0; +claudebot@anthropic.com)"
66.249.79.37 - - [07/Nov/2025:06:33:17 +0000] "GET /entity/1120280508.shtm?path=/var/www/vhosts/amphoragames.com/httpdocs/cgi-bin HTTP/1.1" 200 3255 "-" "Mozilla/5.0 (Linux; Android 6.0.1; Nexus 5X Build/MMB29P) AppleWebKit/537.36 (KHTML, like Gecko) Chrome/141.0.7390.122 Mobile Safari/537.36 (compatible; Googlebot/2.1; +http://www.google.com/bot.html)"
74.7.227.143 - - [07/Nov/2025:06:33:18 +0000] "GET /core/?fileloc=/var/www/vhosts/amphoragames.com/httpdocs/wp-content/plugins/backwpup/vendor/microsoft/microsoft-graph/src/Model/MicrosoftAccountUserConversationMember.php&path=/var/www/vhosts/amphoragames.com/httpdocs/wp-content/plugins/backwpup/vendor/microsoft/microsoft-graph/src/Model HTTP/1.1" 200 3350 "-" "Mozilla/5.0 AppleWebKit/537.36 (KHTML, like Gecko; compatible; GPTBot/1.2; +https://openai.com/gptbot)"
66.249.79.37 - - [07/Nov/2025:06:33:18 +0000] "GET /entity/1190594052.shtm HTTP/1.1" 200 4446 "-" "Mozilla/5.0 (Linux; Android 6.0.1; Nexus 5X Build/MMB29P) AppleWebKit/537.36 (KHTML, like Gecko) Chrome/141.0.7390.122 Mobile Safari/537.36 (compatible; Googlebot/2.1; +http://www.google.com/bot.html)"
66.249.79.37 - - [07/Nov/2025:06:33:20 +0000] "GET /entity/1120280508.shtm?path=/var/www/vhosts/amphoragames.com/httpdocs HTTP/1.1" 200 4446 "-" "Mozilla/5.0 (Linux; Android 6.0.1; Nexus 5X Build/MMB29P) AppleWebKit/537.36 (KHTML, like Gecko) Chrome/141.0.7390.122 Mobile Safari/537.36 (compatible; Googlebot/2.1; +http://www.google.com/bot.html)"
74.7.227.143 - - [07/Nov/2025:06:33:21 +0000] "GET /core/?fileloc=/var/www/vhosts/amphoragames.com/httpdocs/wp-content/plugins/backwpup/vendor/microsoft/microsoft-graph/src/Model/AccessReviewNotificationRecipientScope.php&path=/var/www/vhosts/amphoragames.com/httpdocs/wp-content/plugins/backwpup/vendor/microsoft/microsoft-graph/src/Model HTTP/1.1" 200 3160 "-" "Mozilla/5.0 AppleWebKit/537.36 (KHTML, like Gecko; compatible; GPTBot/1.2; +https://openai.com/gptbot)"
66.249.79.37 - - [07/Nov/2025:06:33:22 +0000] "GET /entity/1190596080.shtm HTTP/1.1" 200 4446 "-" "Mozilla/5.0 (Linux; Android 6.0.1; Nexus 5X Build/MMB29P) AppleWebKit/537.36 (KHTML, like Gecko) Chrome/141.0.7390.122 Mobile Safari/537.36 (compatible; Googlebot/2.1; +http://www.google.com/bot.html)"
66.249.79.37 - - [07/Nov/2025:06:33:23 +0000] "GET /entity/362310975.shtm?path=/var/www/vhosts HTTP/1.1" 200 2871 "-" "Mozilla/5.0 (Linux; Android 6.0.1; Nexus 5X Build/MMB29P) AppleWebKit/537.36 (KHTML, like Gecko) Chrome/141.0.7390.122 Mobile Safari/537.36 (compatible; Googlebot/2.1; +http://www.google.com/bot.html)"
216.73.216.32 - - [07/Nov/2025:06:33:23 +0000] "GET /2017/11/16/nuestro-paso-por-la-bgc-de-malaga/img_20171112_144607_977/feed?path=%2Fvar%2Fwww%2Fvhosts%2Famphoragames.com%2Fhttpdocs%2Fen%2Fwp-admin%2Fjs HTTP/1.1" 200 9566 "-" "Mozilla/5.0 AppleWebKit/537.36 (KHTML, like Gecko; compatible; ClaudeBot/1.0; +claudebot@anthropic.com)"
74.7.227.143 - - [07/Nov/2025:06:33:24 +0000] "GET /core/?fileloc=/var/www/vhosts/amphoragames.com/httpdocs/wp-content/plugins/backwpup/vendor/microsoft/microsoft-graph/src/Model/WindowsInformationProtectionDesktopApp.php&path=/var/www/vhosts/amphoragames.com/httpdocs/wp-content/plugins/backwpup/vendor/microsoft/microsoft-graph/src/Model HTTP/1.1" 200 3628 "-" "Mozilla/5.0 AppleWebKit/537.36 (KHTML, like Gecko; compatible; GPTBot/1.2; +https://openai.com/gptbot)"
66.249.79.37 - - [07/Nov/2025:06:33:25 +0000] "GET /entity/1190556789.shtm HTTP/1.1" 200 4446 "-" "Mozilla/5.0 (Linux; Android 6.0.1; Nexus 5X Build/MMB29P) AppleWebKit/537.36 (KHTML, like Gecko) Chrome/141.0.7390.122 Mobile Safari/537.36 (compatible; Googlebot/2.1; +http://www.google.com/bot.html)"
216.73.216.32 - - [07/Nov/2025:06:33:26 +0000] "GET /2017/11/16/nuestro-paso-por-la-bgc-de-malaga/img_20171112_144607_977/feed?path=%2Fvar%2Fwww%2Fvhosts%2Famphoragames.com%2Fhttpdocs%2Fwp-includes%2Fjs%2Fmediaelement HTTP/1.1" 200 3924 "-" "Mozilla/5.0 AppleWebKit/537.36 (KHTML, like Gecko; compatible; ClaudeBot/1.0; +claudebot@anthropic.com)"
66.249.79.37 - - [07/Nov/2025:06:33:27 +0000] "GET /product/edit/A3631298211 HTTP/1.1" 200 4446 "-" "Mozilla/5.0 (Linux; Android 6.0.1; Nexus 5X Build/MMB29P) AppleWebKit/537.36 (KHTML, like Gecko) Chrome/141.0.7390.122 Mobile Safari/537.36 (compatible; Googlebot/2.1; +http://www.google.com/bot.html)"
74.7.227.143 - - [07/Nov/2025:06:33:27 +0000] "GET /core/?fileloc=/var/www/vhosts/amphoragames.com/httpdocs/wp-content/plugins/backwpup/vendor/microsoft/microsoft-graph/src/Model/VoiceAuthenticationMethodConfiguration.php&path=/var/www/vhosts/amphoragames.com/httpdocs/wp-content/plugins/backwpup/vendor/microsoft/microsoft-graph/src/Model HTTP/1.1" 200 3523 "-" "Mozilla/5.0 AppleWebKit/537.36 (KHTML, like Gecko; compatible; GPTBot/1.2; +https://openai.com/gptbot)"
66.249.79.37 - - [07/Nov/2025:06:33:29 +0000] "GET /entity/364752844.shtm?path=/var/www/vhosts/amphoragames.com/httpdocs/wp-content HTTP/1.1" 200 3629 "-" "Mozilla/5.0 (Linux; Android 6.0.1; Nexus 5X Build/MMB29P) AppleWebKit/537.36 (KHTML, like Gecko) Chrome/141.0.7390.122 Mobile Safari/537.36 (compatible; Googlebot/2.1; +http://www.google.com/bot.html)"
216.73.216.32 - - [07/Nov/2025:06:33:29 +0000] "GET /2017/11/16/nuestro-paso-por-la-bgc-de-malaga/img_20171112_144607_977/feed?path=%2Fvar%2Fwww%2Fvhosts%2Famphoragames.com%2Fhttpdocs%2Fwp-includes%2Fblocks%2Ftext-columns HTTP/1.1" 200 3476 "-" "Mozilla/5.0 AppleWebKit/537.36 (KHTML, like Gecko; compatible; ClaudeBot/1.0; +claudebot@anthropic.com)"
66.249.79.37 - - [07/Nov/2025:06:33:30 +0000] "GET /entity/1316981016.shtm HTTP/1.1" 200 4446 "-" "Mozilla/5.0 (Linux; Android 6.0.1; Nexus 5X Build/MMB29P) AppleWebKit/537.36 (KHTML, like Gecko) Chrome/141.0.7390.122 Mobile Safari/537.36 (compatible; Googlebot/2.1; +http://www.google.com/bot.html)"
74.7.227.143 - - [07/Nov/2025:06:33:31 +0000] "GET /core/?fileloc=/var/www/vhosts/amphoragames.com/httpdocs/wp-content/plugins/backwpup/vendor/microsoft/microsoft-graph/src/Model/WindowsUpdateNotificationDisplayOption.php&path=/var/www/vhosts/amphoragames.com/httpdocs/wp-content/plugins/backwpup/vendor/microsoft/microsoft-graph/src/Model HTTP/1.1" 200 3361 "-" "Mozilla/5.0 AppleWebKit/537.36 (KHTML, like Gecko; compatible; GPTBot/1.2; +https://openai.com/gptbot)"
66.249.79.37 - - [07/Nov/2025:06:33:32 +0000] "GET /entity/638432999.shtm?path=/var/www HTTP/1.1" 200 2859 "-" "Mozilla/5.0 (Linux; Android 6.0.1; Nexus 5X Build/MMB29P) AppleWebKit/537.36 (KHTML, like Gecko) Chrome/141.0.7390.122 Mobile Safari/537.36 (compatible; Googlebot/2.1; +http://www.google.com/bot.html)"
216.73.216.32 - - [07/Nov/2025:06:33:32 +0000] "GET /2017/11/16/nuestro-paso-por-la-bgc-de-malaga/img_20171112_144607_977/feed?path=%2Fvar%2Fwww%2Fvhosts%2Famphoragames.com%2Fhttpdocs%2Fwp-includes%2Fblocks%2Fhome-link HTTP/1.1" 200 3216 "-" "Mozilla/5.0 AppleWebKit/537.36 (KHTML, like Gecko; compatible; ClaudeBot/1.0; +claudebot@anthropic.com)"
74.7.227.143 - - [07/Nov/2025:06:33:34 +0000] "GET /core/?fileloc=/var/www/vhosts/amphoragames.com/httpdocs/wp-content/plugins/backwpup/vendor/microsoft/microsoft-graph/src/Model/EmailAuthenticationMethodConfiguration.php&path=/var/www/vhosts/amphoragames.com/httpdocs/wp-content/plugins/backwpup/vendor/microsoft/microsoft-graph/src/Model HTTP/1.1" 200 3683 "-" "Mozilla/5.0 AppleWebKit/537.36 (KHTML, like Gecko; compatible; GPTBot/1.2; +https://openai.com/gptbot)"
