51.75.119.112 - - [07/Nov/2025:07:26:10 +0000] "GET /?fileloc=/var/www/vhosts/amphoragames.com/httpdocs/wp-content/languages/es_ES-bf23b24175490c2e46aaf92ff6a0c70f.json&path=/var/www/vhosts/amphoragames.com/httpdocs/wp-content/languages HTTP/1.1" 200 3051 "-" "Mozilla/5.0 (compatible; MJ12bot/v1.4.8; http://mj12bot.com/)"
66.249.79.37 - - [07/Nov/2025:07:26:11 +0000] "GET /entity/255527589.shtm HTTP/1.1" 200 4446 "-" "Mozilla/5.0 (Linux; Android 6.0.1; Nexus 5X Build/MMB29P) AppleWebKit/537.36 (KHTML, like Gecko) Chrome/141.0.7390.122 Mobile Safari/537.36 (compatible; Googlebot/2.1; +http://www.google.com/bot.html)"
74.7.227.143 - - [07/Nov/2025:07:26:13 +0000] "GET /core/?fileloc=/var/www/vhosts/amphoragames.com/.composer/vendor/symfony/console/Tests/Fixtures/Style/SymfonyStyle/output/output_16.txt&path=/var/www/vhosts/amphoragames.com/.composer/vendor/symfony/console/Tests/Fixtures/Style/SymfonyStyle/output HTTP/1.1" 200 3206 "-" "Mozilla/5.0 AppleWebKit/537.36 (KHTML, like Gecko; compatible; GPTBot/1.2; +https://openai.com/gptbot)"
66.249.79.37 - - [07/Nov/2025:07:26:13 +0000] "GET /entity/614511096.shtm?path=/var/www/vhosts/amphoragames.com/httpdocs/tts HTTP/1.1" 200 3355 "-" "Mozilla/5.0 (Linux; Android 6.0.1; Nexus 5X Build/MMB29P) AppleWebKit/537.36 (KHTML, like Gecko) Chrome/141.0.7390.122 Mobile Safari/537.36 (compatible; Googlebot/2.1; +http://www.google.com/bot.html)"
51.75.119.112 - - [07/Nov/2025:07:26:14 +0000] "GET /?fileloc=/var/www/vhosts/amphoragames.com/httpdocs/wp-content/languages/es_ES-c31d5f185753910c14afebc6deb2ce24.json&path=/var/www/vhosts/amphoragames.com/httpdocs/wp-content/languages HTTP/1.1" 200 14261 "-" "Mozilla/5.0 (compatible; MJ12bot/v1.4.8; http://mj12bot.com/)"
66.249.79.37 - - [07/Nov/2025:07:26:15 +0000] "GET /entity/122009194.shtm?path=/var/www/vhosts/amphoragames.com/httpdocs/cgi-bin HTTP/1.1" 200 3255 "-" "Mozilla/5.0 (Linux; Android 6.0.1; Nexus 5X Build/MMB29P) AppleWebKit/537.36 (KHTML, like Gecko) Chrome/141.0.7390.122 Mobile Safari/537.36 (compatible; Googlebot/2.1; +http://www.google.com/bot.html)"
74.7.227.143 - - [07/Nov/2025:07:26:16 +0000] "GET /core/?fileloc=/var/www/vhosts/amphoragames.com/.composer/vendor/symfony/console/Tests/Fixtures/Style/SymfonyStyle/output/output_12.txt&path=/var/www/vhosts/amphoragames.com/.composer/vendor/symfony/console/Tests/Fixtures/Style/SymfonyStyle/output HTTP/1.1" 200 3170 "-" "Mozilla/5.0 AppleWebKit/537.36 (KHTML, like Gecko; compatible; GPTBot/1.2; +https://openai.com/gptbot)"
66.249.79.37 - - [07/Nov/2025:07:26:17 +0000] "GET /entity/988744491.shtm?path=/var/www/vhosts/amphoragames.com/httpdocs/en HTTP/1.1" 200 4152 "-" "Mozilla/5.0 (Linux; Android 6.0.1; Nexus 5X Build/MMB29P) AppleWebKit/537.36 (KHTML, like Gecko) Chrome/141.0.7390.122 Mobile Safari/537.36 (compatible; Googlebot/2.1; +http://www.google.com/bot.html)"
51.75.119.112 - - [07/Nov/2025:07:26:17 +0000] "GET /?fileloc=/var/www/vhosts/amphoragames.com/httpdocs/wp-content/languages/es_ES-ca28138671823450e87dfd354f7afc6b.json&path=/var/www/vhosts/amphoragames.com/httpdocs/wp-content/languages HTTP/1.1" 200 3099 "-" "Mozilla/5.0 (compatible; MJ12bot/v1.4.8; http://mj12bot.com/)"
66.249.79.37 - - [07/Nov/2025:07:26:18 +0000] "GET /entity/928948631.shtm?fileloc=/var/www/vhosts/amphoragames.com/httpdocs/wp-activate.php&path=/var/www/vhosts/amphoragames.com/httpdocs HTTP/1.1" 200 5330 "-" "Mozilla/5.0 (Linux; Android 6.0.1; Nexus 5X Build/MMB29P) AppleWebKit/537.36 (KHTML, like Gecko) Chrome/141.0.7390.122 Mobile Safari/537.36 (compatible; Googlebot/2.1; +http://www.google.com/bot.html)"
74.7.227.143 - - [07/Nov/2025:07:26:19 +0000] "GET /core/?fileloc=/var/www/vhosts/amphoragames.com/.composer/vendor/symfony/console/Tests/Fixtures/Style/SymfonyStyle/output/output_15.txt&path=/var/www/vhosts/amphoragames.com/.composer/vendor/symfony/console/Tests/Fixtures/Style/SymfonyStyle/output HTTP/1.1" 200 3181 "-" "Mozilla/5.0 AppleWebKit/537.36 (KHTML, like Gecko; compatible; GPTBot/1.2; +https://openai.com/gptbot)"
66.249.79.37 - - [07/Nov/2025:07:26:20 +0000] "GET /entity/255531118.shtm HTTP/1.1" 200 4446 "-" "Mozilla/5.0 (Linux; Android 6.0.1; Nexus 5X Build/MMB29P) AppleWebKit/537.36 (KHTML, like Gecko) Chrome/141.0.7390.122 Mobile Safari/537.36 (compatible; Googlebot/2.1; +http://www.google.com/bot.html)"
51.75.119.112 - - [07/Nov/2025:07:26:22 +0000] "GET /?fileloc=/var/www/vhosts/amphoragames.com/httpdocs/wp-content/languages/es_ES-daeb084aab42199d26393a56c3465bc0.json&path=/var/www/vhosts/amphoragames.com/httpdocs/wp-content/languages HTTP/1.1" 200 3408 "-" "Mozilla/5.0 (compatible; MJ12bot/v1.4.8; http://mj12bot.com/)"
66.249.79.37 - - [07/Nov/2025:07:26:22 +0000] "GET /entity/623062372.shtm?fileloc=/var/www/vhosts/amphoragames.com/httpdocs/wp-signup.php&path=/var/www/vhosts/amphoragames.com/httpdocs HTTP/1.1" 200 10968 "-" "Mozilla/5.0 (Linux; Android 6.0.1; Nexus 5X Build/MMB29P) AppleWebKit/537.36 (KHTML, like Gecko) Chrome/141.0.7390.122 Mobile Safari/537.36 (compatible; Googlebot/2.1; +http://www.google.com/bot.html)"
74.7.227.143 - - [07/Nov/2025:07:26:23 +0000] "GET /core/?fileloc=/var/www/vhosts/amphoragames.com/.composer/vendor/symfony/console/Tests/Fixtures/Style/SymfonyStyle/output/output_10.txt&path=/var/www/vhosts/amphoragames.com/.composer/vendor/symfony/console/Tests/Fixtures/Style/SymfonyStyle/output HTTP/1.1" 200 3184 "-" "Mozilla/5.0 AppleWebKit/537.36 (KHTML, like Gecko; compatible; GPTBot/1.2; +https://openai.com/gptbot)"
66.249.79.37 - - [07/Nov/2025:07:26:24 +0000] "GET /entity/869433172.shtm?fileloc=/var/www/vhosts/amphoragames.com/httpdocs/xmlrpc.php&path=/var/www/vhosts/amphoragames.com/httpdocs HTTP/1.1" 200 4258 "-" "Mozilla/5.0 (Linux; Android 6.0.1; Nexus 5X Build/MMB29P) AppleWebKit/537.36 (KHTML, like Gecko) Chrome/141.0.7390.122 Mobile Safari/537.36 (compatible; Googlebot/2.1; +http://www.google.com/bot.html)"
66.249.79.37 - - [07/Nov/2025:07:26:26 +0000] "GET /entity/121998170.shtm?path=/var/www/vhosts/amphoragames.com/httpdocs/email HTTP/1.1" 200 3305 "-" "Mozilla/5.0 (Linux; Android 6.0.1; Nexus 5X Build/MMB29P) AppleWebKit/537.36 (KHTML, like Gecko) Chrome/141.0.7390.122 Mobile Safari/537.36 (compatible; Googlebot/2.1; +http://www.google.com/bot.html)"
74.7.227.143 - - [07/Nov/2025:07:26:26 +0000] "GET /core/?fileloc=/var/www/vhosts/amphoragames.com/.composer/vendor/symfony/console/Tests/Fixtures/Style/SymfonyStyle/output/output_2.txt&path=/var/www/vhosts/amphoragames.com/.composer/vendor/symfony/console/Tests/Fixtures/Style/SymfonyStyle/output HTTP/1.1" 200 2991 "-" "Mozilla/5.0 AppleWebKit/537.36 (KHTML, like Gecko; compatible; GPTBot/1.2; +https://openai.com/gptbot)"
51.75.119.112 - - [07/Nov/2025:07:26:27 +0000] "GET /?fileloc=/var/www/vhosts/amphoragames.com/httpdocs/wp-content/languages/es_ES-e2791ba830489d23043be8650a22a22b.json&path=/var/www/vhosts/amphoragames.com/httpdocs/wp-content/languages HTTP/1.1" 200 3123 "-" "Mozilla/5.0 (compatible; MJ12bot/v1.4.8; http://mj12bot.com/)"
66.249.79.37 - - [07/Nov/2025:07:26:27 +0000] "GET /entity/89644169.shtm?path=/var/www/vhosts/amphoragames.com/httpdocs/wp-content HTTP/1.1" 200 3629 "-" "Mozilla/5.0 (Linux; Android 6.0.1; Nexus 5X Build/MMB29P) AppleWebKit/537.36 (KHTML, like Gecko) Chrome/141.0.7390.122 Mobile Safari/537.36 (compatible; Googlebot/2.1; +http://www.google.com/bot.html)"
74.7.227.143 - - [07/Nov/2025:07:26:29 +0000] "GET /core/?fileloc=/var/www/vhosts/amphoragames.com/.composer/vendor/symfony/console/Tests/Fixtures/Style/SymfonyStyle/output/output_17.txt&path=/var/www/vhosts/amphoragames.com/.composer/vendor/symfony/console/Tests/Fixtures/Style/SymfonyStyle/output HTTP/1.1" 200 2914 "-" "Mozilla/5.0 AppleWebKit/537.36 (KHTML, like Gecko; compatible; GPTBot/1.2; +https://openai.com/gptbot)"
66.249.79.37 - - [07/Nov/2025:07:26:29 +0000] "GET /entity/1146914261.shtm HTTP/1.1" 200 4446 "-" "Mozilla/5.0 (Linux; Android 6.0.1; Nexus 5X Build/MMB29P) AppleWebKit/537.36 (KHTML, like Gecko) Chrome/141.0.7390.122 Mobile Safari/537.36 (compatible; Googlebot/2.1; +http://www.google.com/bot.html)"
66.249.79.37 - - [07/Nov/2025:07:26:31 +0000] "GET /entity/147631821.shtm?path=/var/www/vhosts/amphoragames.com/httpdocs/wp-admin/js HTTP/1.1" 200 6577 "-" "Mozilla/5.0 (Linux; Android 6.0.1; Nexus 5X Build/MMB29P) AppleWebKit/537.36 (KHTML, like Gecko) Chrome/141.0.7390.122 Mobile Safari/537.36 (compatible; Googlebot/2.1; +http://www.google.com/bot.html)"
74.7.227.143 - - [07/Nov/2025:07:26:32 +0000] "GET /core/?fileloc=/var/www/vhosts/amphoragames.com/.composer/vendor/symfony/console/Tests/Fixtures/Style/SymfonyStyle/output/output_14.txt&path=/var/www/vhosts/amphoragames.com/.composer/vendor/symfony/console/Tests/Fixtures/Style/SymfonyStyle/output HTTP/1.1" 200 3171 "-" "Mozilla/5.0 AppleWebKit/537.36 (KHTML, like Gecko; compatible; GPTBot/1.2; +https://openai.com/gptbot)"
66.249.79.37 - - [07/Nov/2025:07:26:33 +0000] "GET /entity/513064918.shtm HTTP/1.1" 200 4446 "-" "Mozilla/5.0 (Linux; Android 6.0.1; Nexus 5X Build/MMB29P) AppleWebKit/537.36 (KHTML, like Gecko) Chrome/141.0.7390.122 Mobile Safari/537.36 (compatible; Googlebot/2.1; +http://www.google.com/bot.html)"
51.75.119.112 - - [07/Nov/2025:07:26:33 +0000] "GET /?fileloc=/var/www/vhosts/amphoragames.com/httpdocs/wp-content/themes/.htaccess&path=/var/www/vhosts/amphoragames.com/httpdocs/wp-content/themes HTTP/1.1" 200 5992 "-" "Mozilla/5.0 (compatible; MJ12bot/v1.4.8; http://mj12bot.com/)"
66.249.79.37 - - [07/Nov/2025:07:26:34 +0000] "GET /entity/49903644.shtm?fileloc=/var/www/vhosts/amphoragames.com/httpdocs/wp-trackback.php&path=/var/www/vhosts/amphoragames.com/httpdocs HTTP/1.1" 200 4691 "-" "Mozilla/5.0 (Linux; Android 6.0.1; Nexus 5X Build/MMB29P) AppleWebKit/537.36 (KHTML, like Gecko) Chrome/141.0.7390.122 Mobile Safari/537.36 (compatible; Googlebot/2.1; +http://www.google.com/bot.html)"
74.7.227.143 - - [07/Nov/2025:07:26:35 +0000] "GET /core/?fileloc=/var/www/vhosts/amphoragames.com/.composer/vendor/symfony/console/Tests/Fixtures/Style/SymfonyStyle/output/output_9.txt&path=/var/www/vhosts/amphoragames.com/.composer/vendor/symfony/console/Tests/Fixtures/Style/SymfonyStyle/output HTTP/1.1" 200 2929 "-" "Mozilla/5.0 AppleWebKit/537.36 (KHTML, like Gecko; compatible; GPTBot/1.2; +https://openai.com/gptbot)"
87.250.224.57 - - [07/Nov/2025:07:26:35 +0000] "GET /robots.txt HTTP/1.1" 200 3754 "-" "Mozilla/5.0 (compatible; YandexBot/3.0; +http://yandex.com/bots)"
213.180.203.143 - - [07/Nov/2025:07:26:36 +0000] "GET /2017/03/29/jornadas-cmcm/ HTTP/1.1" 200 7779 "-" "Mozilla/5.0 (compatible; YandexBot/3.0; +http://yandex.com/bots)"
66.249.79.37 - - [07/Nov/2025:07:26:36 +0000] "GET /entity/841179597.shtm HTTP/1.1" 200 4446 "-" "Mozilla/5.0 (Linux; Android 6.0.1; Nexus 5X Build/MMB29P) AppleWebKit/537.36 (KHTML, like Gecko) Chrome/141.0.7390.122 Mobile Safari/537.36 (compatible; Googlebot/2.1; +http://www.google.com/bot.html)"
51.75.119.112 - - [07/Nov/2025:07:26:37 +0000] "GET /?fileloc=/var/www/vhosts/amphoragames.com/httpdocs/wp-content/themes/index.php&path=/var/www/vhosts/amphoragames.com/httpdocs/wp-content/themes HTTP/1.1" 200 2845 "-" "Mozilla/5.0 (compatible; MJ12bot/v1.4.8; http://mj12bot.com/)"
66.249.79.37 - - [07/Nov/2025:07:26:38 +0000] "GET /entity/1116586988.shtm HTTP/1.1" 200 4446 "-" "Mozilla/5.0 (Linux; Android 6.0.1; Nexus 5X Build/MMB29P) AppleWebKit/537.36 (KHTML, like Gecko) Chrome/141.0.7390.122 Mobile Safari/537.36 (compatible; Googlebot/2.1; +http://www.google.com/bot.html)"
74.7.227.143 - - [07/Nov/2025:07:26:38 +0000] "GET /core/?fileloc=/var/www/vhosts/amphoragames.com/.composer/vendor/symfony/console/Tests/Fixtures/Style/SymfonyStyle/output/output_13.txt&path=/var/www/vhosts/amphoragames.com/.composer/vendor/symfony/console/Tests/Fixtures/Style/SymfonyStyle/output HTTP/1.1" 200 3201 "-" "Mozilla/5.0 AppleWebKit/537.36 (KHTML, like Gecko; compatible; GPTBot/1.2; +https://openai.com/gptbot)"
66.249.79.37 - - [07/Nov/2025:07:26:40 +0000] "GET /entity/742111278.shtm HTTP/1.1" 200 4446 "-" "Mozilla/5.0 (Linux; Android 6.0.1; Nexus 5X Build/MMB29P) AppleWebKit/537.36 (KHTML, like Gecko) Chrome/141.0.7390.122 Mobile Safari/537.36 (compatible; Googlebot/2.1; +http://www.google.com/bot.html)"
66.249.79.37 - - [07/Nov/2025:07:26:41 +0000] "GET /entity/49903644.shtm?fileloc=/var/www/vhosts/amphoragames.com/httpdocs/wp-blog-header.php&path=/var/www/vhosts/amphoragames.com/httpdocs HTTP/1.1" 200 3180 "-" "Mozilla/5.0 (Linux; Android 6.0.1; Nexus 5X Build/MMB29P) AppleWebKit/537.36 (KHTML, like Gecko) Chrome/141.0.7390.122 Mobile Safari/537.36 (compatible; Googlebot/2.1; +http://www.google.com/bot.html)"
74.7.227.143 - - [07/Nov/2025:07:26:41 +0000] "GET /core/?fileloc=/var/www/vhosts/amphoragames.com/.composer/vendor/symfony/console/Tests/Fixtures/Style/SymfonyStyle/output/output_11.txt&path=/var/www/vhosts/amphoragames.com/.composer/vendor/symfony/console/Tests/Fixtures/Style/SymfonyStyle/output HTTP/1.1" 200 3032 "-" "Mozilla/5.0 AppleWebKit/537.36 (KHTML, like Gecko; compatible; GPTBot/1.2; +https://openai.com/gptbot)"
51.75.119.112 - - [07/Nov/2025:07:26:42 +0000] "GET /?fileloc=/var/www/vhosts/amphoragames.com/httpdocs/wp-content/uploads/.htaccess&path=/var/www/vhosts/amphoragames.com/httpdocs/wp-content/uploads HTTP/1.1" 200 2912 "-" "Mozilla/5.0 (compatible; MJ12bot/v1.4.8; http://mj12bot.com/)"
66.249.79.37 - - [07/Nov/2025:07:26:43 +0000] "GET /entity/841233348.shtm HTTP/1.1" 200 4446 "-" "Mozilla/5.0 (Linux; Android 6.0.1; Nexus 5X Build/MMB29P) AppleWebKit/537.36 (KHTML, like Gecko) Chrome/141.0.7390.122 Mobile Safari/537.36 (compatible; Googlebot/2.1; +http://www.google.com/bot.html)"
74.7.227.143 - - [07/Nov/2025:07:26:45 +0000] "GET /core/?fileloc=/var/www/vhosts/amphoragames.com/.composer/vendor/symfony/console/Tests/Fixtures/Style/SymfonyStyle/output/output_4.txt&path=/var/www/vhosts/amphoragames.com/.composer/vendor/symfony/console/Tests/Fixtures/Style/SymfonyStyle/output HTTP/1.1" 200 2948 "-" "Mozilla/5.0 AppleWebKit/537.36 (KHTML, like Gecko; compatible; GPTBot/1.2; +https://openai.com/gptbot)"
66.249.79.37 - - [07/Nov/2025:07:26:45 +0000] "GET /tag/jerez?path=/var/www/vhosts/amphoragames.com/httpdocs/en HTTP/1.1" 200 7470 "-" "Mozilla/5.0 (Linux; Android 6.0.1; Nexus 5X Build/MMB29P) AppleWebKit/537.36 (KHTML, like Gecko) Chrome/141.0.7390.122 Mobile Safari/537.36 (compatible; GoogleOther)"
51.75.119.112 - - [07/Nov/2025:07:26:45 +0000] "GET /?fileloc=/var/www/vhosts/amphoragames.com/httpdocs/wp-content/uploads/GeoIP.dat&path=/var/www/vhosts/amphoragames.com/httpdocs/wp-content/uploads HTTP/1.1" 200 2824 "-" "Mozilla/5.0 (compatible; MJ12bot/v1.4.8; http://mj12bot.com/)"
66.249.79.37 - - [07/Nov/2025:07:26:47 +0000] "GET /entity/415565445.shtm?fileloc=/var/www/vhosts/amphoragames.com/httpdocs/wp-load.php&path=/var/www/vhosts/amphoragames.com/httpdocs HTTP/1.1" 200 4602 "-" "Mozilla/5.0 (Linux; Android 6.0.1; Nexus 5X Build/MMB29P) AppleWebKit/537.36 (KHTML, like Gecko) Chrome/141.0.7390.122 Mobile Safari/537.36 (compatible; Googlebot/2.1; +http://www.google.com/bot.html)"
74.7.227.143 - - [07/Nov/2025:07:26:48 +0000] "GET /core/?fileloc=/var/www/vhosts/amphoragames.com/httpdocs/en/wp-content/plugins/all-in-one-seo-pack/admin/display/.htaccess&path=/var/www/vhosts/amphoragames.com/httpdocs/en/wp-content/plugins/all-in-one-seo-pack/admin/display HTTP/1.1" 200 2960 "-" "Mozilla/5.0 AppleWebKit/537.36 (KHTML, like Gecko; compatible; GPTBot/1.2; +https://openai.com/gptbot)"
66.249.79.37 - - [07/Nov/2025:07:26:48 +0000] "GET /entity/841186447.shtm HTTP/1.1" 200 4446 "-" "Mozilla/5.0 (Linux; Android 6.0.1; Nexus 5X Build/MMB29P) AppleWebKit/537.36 (KHTML, like Gecko) Chrome/141.0.7390.122 Mobile Safari/537.36 (compatible; Googlebot/2.1; +http://www.google.com/bot.html)"
66.249.79.37 - - [07/Nov/2025:07:26:50 +0000] "GET /entity/869425703.shtm?fileloc=/var/www/vhosts/amphoragames.com/httpdocs/en/wp-config.php&path=/var/www/vhosts/amphoragames.com/httpdocs/en HTTP/1.1" 200 4551 "-" "Mozilla/5.0 (Linux; Android 6.0.1; Nexus 5X Build/MMB29P) AppleWebKit/537.36 (KHTML, like Gecko) Chrome/141.0.7390.122 Mobile Safari/537.36 (compatible; Googlebot/2.1; +http://www.google.com/bot.html)"
51.75.119.112 - - [07/Nov/2025:07:26:50 +0000] "GET /?fileloc=/var/www/vhosts/amphoragames.com/httpdocs/wp-content/uploads/GeoIPv6.dat&path=/var/www/vhosts/amphoragames.com/httpdocs/wp-content/uploads HTTP/1.1" 200 2825 "-" "Mozilla/5.0 (compatible; MJ12bot/v1.4.8; http://mj12bot.com/)"
74.7.227.143 - - [07/Nov/2025:07:26:51 +0000] "GET /core/?fileloc=/var/www/vhosts/amphoragames.com/httpdocs/wp-content/plugins/all-in-one-seo-pack/vendor/monolog/monolog/src/Monolog/Processor/MemoryUsageProcessor.php&path=/var/www/vhosts/amphoragames.com/httpdocs/wp-content/plugins/all-in-one-seo-pack/vendor/monolog/monolog/src/Monolog/Processor HTTP/1.1" 200 3295 "-" "Mozilla/5.0 AppleWebKit/537.36 (KHTML, like Gecko; compatible; GPTBot/1.2; +https://openai.com/gptbot)"
66.249.79.37 - - [07/Nov/2025:07:26:52 +0000] "GET /entity/254296313.shtm?fileloc=/var/www/vhosts/amphoragames.com/httpdocs/schallfuns.php&path=/var/www/vhosts/amphoragames.com/httpdocs HTTP/1.1" 200 5242 "-" "Mozilla/5.0 (Linux; Android 6.0.1; Nexus 5X Build/MMB29P) AppleWebKit/537.36 (KHTML, like Gecko) Chrome/141.0.7390.122 Mobile Safari/537.36 (compatible; Googlebot/2.1; +http://www.google.com/bot.html)"
66.249.79.37 - - [07/Nov/2025:07:26:54 +0000] "GET /entity/657431480.shtm?fileloc=/var/www/vhosts/amphoragames.com/httpdocs/wp-config-sample.php&path=/var/www/vhosts/amphoragames.com/httpdocs HTTP/1.1" 200 4138 "-" "Mozilla/5.0 (Linux; Android 6.0.1; Nexus 5X Build/MMB29P) AppleWebKit/537.36 (KHTML, like Gecko) Chrome/141.0.7390.122 Mobile Safari/537.36 (compatible; Googlebot/2.1; +http://www.google.com/bot.html)"
51.75.119.112 - - [07/Nov/2025:07:26:54 +0000] "GET /?fileloc=/var/www/vhosts/amphoragames.com/httpdocs/wp-content/uploads/woocommerce-placeholder-1000x1000.png&path=/var/www/vhosts/amphoragames.com/httpdocs/wp-content/uploads HTTP/1.1" 200 2835 "-" "Mozilla/5.0 (compatible; MJ12bot/v1.4.8; http://mj12bot.com/)"
74.7.227.143 - - [07/Nov/2025:07:26:54 +0000] "GET /core/?fileloc=/var/www/vhosts/amphoragames.com/httpdocs/wp-content/plugins/all-in-one-seo-pack/vendor/monolog/monolog/src/Monolog/Formatter/NormalizerFormatter.php&path=/var/www/vhosts/amphoragames.com/httpdocs/wp-content/plugins/all-in-one-seo-pack/vendor/monolog/monolog/src/Monolog/Formatter HTTP/1.1" 200 4648 "-" "Mozilla/5.0 AppleWebKit/537.36 (KHTML, like Gecko; compatible; GPTBot/1.2; +https://openai.com/gptbot)"
66.249.79.37 - - [07/Nov/2025:07:26:55 +0000] "GET /entity/1183474234.shtm HTTP/1.1" 200 4446 "-" "Mozilla/5.0 (Linux; Android 6.0.1; Nexus 5X Build/MMB29P) AppleWebKit/537.36 (KHTML, like Gecko) Chrome/141.0.7390.122 Mobile Safari/537.36 (compatible; Googlebot/2.1; +http://www.google.com/bot.html)"
74.7.227.143 - - [07/Nov/2025:07:26:57 +0000] "GET /core/?fileloc=/var/www/vhosts/amphoragames.com/httpdocs/wp-content/plugins/all-in-one-seo-pack/vendor/monolog/monolog/src/Monolog/Processor/ProcessorInterface.php&path=/var/www/vhosts/amphoragames.com/httpdocs/wp-content/plugins/all-in-one-seo-pack/vendor/monolog/monolog/src/Monolog/Processor HTTP/1.1" 200 3201 "-" "Mozilla/5.0 AppleWebKit/537.36 (KHTML, like Gecko; compatible; GPTBot/1.2; +https://openai.com/gptbot)"
66.249.79.37 - - [07/Nov/2025:07:26:57 +0000] "GET /entity/37912969.shtm?path=/var/www/vhosts/amphoragames.com/httpdocs/en HTTP/1.1" 200 4152 "-" "Mozilla/5.0 (Linux; Android 6.0.1; Nexus 5X Build/MMB29P) AppleWebKit/537.36 (KHTML, like Gecko) Chrome/141.0.7390.122 Mobile Safari/537.36 (compatible; Googlebot/2.1; +http://www.google.com/bot.html)"
51.75.119.112 - - [07/Nov/2025:07:26:57 +0000] "GET /?fileloc=/var/www/vhosts/amphoragames.com/httpdocs/wp-content/uploads/woocommerce-placeholder-1024x1024.png&path=/var/www/vhosts/amphoragames.com/httpdocs/wp-content/uploads HTTP/1.1" 200 2836 "-" "Mozilla/5.0 (compatible; MJ12bot/v1.4.8; http://mj12bot.com/)"
66.249.79.37 - - [07/Nov/2025:07:26:59 +0000] "GET /entity/888259285.shtm?fileloc=/var/www/vhosts/amphoragames.com/httpdocs/wp-activate.php&path=/var/www/vhosts/amphoragames.com/httpdocs HTTP/1.1" 200 5330 "-" "Mozilla/5.0 (Linux; Android 6.0.1; Nexus 5X Build/MMB29P) AppleWebKit/537.36 (KHTML, like Gecko) Chrome/141.0.7390.122 Mobile Safari/537.36 (compatible; Googlebot/2.1; +http://www.google.com/bot.html)"
74.7.227.143 - - [07/Nov/2025:07:27:00 +0000] "GET /core/?fileloc=/var/www/vhosts/amphoragames.com/httpdocs/wp-content/plugins/all-in-one-seo-pack/vendor/monolog/monolog/src/Monolog/Processor/ProcessIdProcessor.php&path=/var/www/vhosts/amphoragames.com/httpdocs/wp-content/plugins/all-in-one-seo-pack/vendor/monolog/monolog/src/Monolog/Processor HTTP/1.1" 200 3239 "-" "Mozilla/5.0 AppleWebKit/537.36 (KHTML, like Gecko; compatible; GPTBot/1.2; +https://openai.com/gptbot)"
66.249.79.32 - - [07/Nov/2025:07:27:01 +0000] "GET /entity/382907483.shtm?fileloc=/var/www/vhosts/amphoragames.com/httpdocs/wp-activate.php&path=/var/www/vhosts/amphoragames.com/httpdocs HTTP/1.1" 200 8648 "-" "Mozilla/5.0 (Linux; Android 6.0.1; Nexus 5X Build/MMB29P) AppleWebKit/537.36 (KHTML, like Gecko) Chrome/141.0.7390.122 Mobile Safari/537.36 (compatible; Googlebot/2.1; +http://www.google.com/bot.html)"
51.75.119.112 - - [07/Nov/2025:07:27:01 +0000] "GET /?fileloc=/var/www/vhosts/amphoragames.com/httpdocs/wp-content/uploads/woocommerce-placeholder-150x150.png&path=/var/www/vhosts/amphoragames.com/httpdocs/wp-content/uploads HTTP/1.1" 200 2835 "-" "Mozilla/5.0 (compatible; MJ12bot/v1.4.8; http://mj12bot.com/)"
66.249.79.33 - - [07/Nov/2025:07:27:03 +0000] "GET /entity/1076730676.shtm HTTP/1.1" 200 7764 "-" "Mozilla/5.0 (Linux; Android 6.0.1; Nexus 5X Build/MMB29P) AppleWebKit/537.36 (KHTML, like Gecko) Chrome/141.0.7390.122 Mobile Safari/537.36 (compatible; Googlebot/2.1; +http://www.google.com/bot.html)"
74.7.227.143 - - [07/Nov/2025:07:27:04 +0000] "GET /core/?fileloc=/var/www/vhosts/amphoragames.com/httpdocs/wp-content/plugins/all-in-one-seo-pack/vendor/monolog/monolog/src/Monolog/Formatter/FormatterInterface.php&path=/var/www/vhosts/amphoragames.com/httpdocs/wp-content/plugins/all-in-one-seo-pack/vendor/monolog/monolog/src/Monolog/Formatter HTTP/1.1" 200 3218 "-" "Mozilla/5.0 AppleWebKit/537.36 (KHTML, like Gecko; compatible; GPTBot/1.2; +https://openai.com/gptbot)"
66.249.79.33 - - [07/Nov/2025:07:27:04 +0000] "GET /entity/49998174.shtm HTTP/1.1" 200 4446 "-" "Mozilla/5.0 (Linux; Android 6.0.1; Nexus 5X Build/MMB29P) AppleWebKit/537.36 (KHTML, like Gecko) Chrome/141.0.7390.122 Mobile Safari/537.36 (compatible; Googlebot/2.1; +http://www.google.com/bot.html)"
51.75.119.112 - - [07/Nov/2025:07:27:05 +0000] "GET /?fileloc=/var/www/vhosts/amphoragames.com/httpdocs/wp-content/uploads/woocommerce-placeholder-292x311.png&path=/var/www/vhosts/amphoragames.com/httpdocs/wp-content/uploads HTTP/1.1" 200 2837 "-" "Mozilla/5.0 (compatible; MJ12bot/v1.4.8; http://mj12bot.com/)"
66.249.79.32 - - [07/Nov/2025:07:27:06 +0000] "GET /entity/150832215.shtm?fileloc=/var/www/vhosts/amphoragames.com/httpdocs/wp-activate.php&path=/var/www/vhosts/amphoragames.com/httpdocs HTTP/1.1" 200 8648 "-" "Mozilla/5.0 (Linux; Android 6.0.1; Nexus 5X Build/MMB29P) AppleWebKit/537.36 (KHTML, like Gecko) Chrome/141.0.7390.122 Mobile Safari/537.36 (compatible; Googlebot/2.1; +http://www.google.com/bot.html)"
74.7.227.143 - - [07/Nov/2025:07:27:07 +0000] "GET /core/?fileloc=/var/www/vhosts/amphoragames.com/httpdocs/wp-content/plugins/all-in-one-seo-pack/vendor/monolog/monolog/src/Monolog/Formatter/GelfMessageFormatter.php&path=/var/www/vhosts/amphoragames.com/httpdocs/wp-content/plugins/all-in-one-seo-pack/vendor/monolog/monolog/src/Monolog/Formatter HTTP/1.1" 200 4254 "-" "Mozilla/5.0 AppleWebKit/537.36 (KHTML, like Gecko; compatible; GPTBot/1.2; +https://openai.com/gptbot)"
66.249.79.37 - - [07/Nov/2025:07:27:08 +0000] "GET /entity/1293200945.shtm?fileloc=/var/www/vhosts/amphoragames.com/httpdocs/license.txt&path=/var/www/vhosts/amphoragames.com/httpdocs HTTP/1.1" 200 13567 "-" "Mozilla/5.0 (Linux; Android 6.0.1; Nexus 5X Build/MMB29P) AppleWebKit/537.36 (KHTML, like Gecko) Chrome/141.0.7390.122 Mobile Safari/537.36 (compatible; Googlebot/2.1; +http://www.google.com/bot.html)"
51.75.119.112 - - [07/Nov/2025:07:27:09 +0000] "GET /?fileloc=/var/www/vhosts/amphoragames.com/httpdocs/wp-content/uploads/woocommerce-placeholder-300x300.png&path=/var/www/vhosts/amphoragames.com/httpdocs/wp-content/uploads HTTP/1.1" 200 2835 "-" "Mozilla/5.0 (compatible; MJ12bot/v1.4.8; http://mj12bot.com/)"
66.249.79.32 - - [07/Nov/2025:07:27:10 +0000] "GET /entity/926534337.shtm HTTP/1.1" 200 4446 "-" "Mozilla/5.0 (Linux; Android 6.0.1; Nexus 5X Build/MMB29P) AppleWebKit/537.36 (KHTML, like Gecko) Chrome/141.0.7390.122 Mobile Safari/537.36 (compatible; Googlebot/2.1; +http://www.google.com/bot.html)"
74.7.227.143 - - [07/Nov/2025:07:27:10 +0000] "GET /core/?fileloc=/var/www/vhosts/amphoragames.com/httpdocs/wp-content/plugins/all-in-one-seo-pack/vendor/monolog/monolog/src/Monolog/Processor/MercurialProcessor.php&path=/var/www/vhosts/amphoragames.com/httpdocs/wp-content/plugins/all-in-one-seo-pack/vendor/monolog/monolog/src/Monolog/Processor HTTP/1.1" 200 3486 "-" "Mozilla/5.0 AppleWebKit/537.36 (KHTML, like Gecko; compatible; GPTBot/1.2; +https://openai.com/gptbot)"
66.249.79.37 - - [07/Nov/2025:07:27:11 +0000] "GET /entity/238897095.shtm?path=/var/www HTTP/1.1" 200 2859 "-" "Mozilla/5.0 (Linux; Android 6.0.1; Nexus 5X Build/MMB29P) AppleWebKit/537.36 (KHTML, like Gecko) Chrome/141.0.7390.122 Mobile Safari/537.36 (compatible; Googlebot/2.1; +http://www.google.com/bot.html)"
66.249.79.37 - - [07/Nov/2025:07:27:13 +0000] "GET /entity/564404034.shtm?path=/var/www/vhosts/amphoragames.com/httpdocs/.tmb HTTP/1.1" 200 3177 "-" "Mozilla/5.0 (Linux; Android 6.0.1; Nexus 5X Build/MMB29P) AppleWebKit/537.36 (KHTML, like Gecko) Chrome/141.0.7390.122 Mobile Safari/537.36 (compatible; Googlebot/2.1; +http://www.google.com/bot.html)"
74.7.227.143 - - [07/Nov/2025:07:27:13 +0000] "GET /core/?fileloc=/var/www/vhosts/amphoragames.com/httpdocs/en/wp-content/plugins/enable-media-replace/languages/enable-media-replace.mo&path=/var/www/vhosts/amphoragames.com/httpdocs/en/wp-content/plugins/enable-media-replace/languages HTTP/1.1" 200 2854 "-" "Mozilla/5.0 AppleWebKit/537.36 (KHTML, like Gecko; compatible; GPTBot/1.2; +https://openai.com/gptbot)"
51.75.119.112 - - [07/Nov/2025:07:27:14 +0000] "GET /?fileloc=/var/www/vhosts/amphoragames.com/httpdocs/wp-content/uploads/woocommerce-placeholder-478x384.png&path=/var/www/vhosts/amphoragames.com/httpdocs/wp-content/uploads HTTP/1.1" 200 2836 "-" "Mozilla/5.0 (compatible; MJ12bot/v1.4.8; http://mj12bot.com/)"
52.167.144.182 - - [07/Nov/2025:07:27:14 +0000] "GET /entity/1155729588.shtm HTTP/1.1" 200 7814 "-" "Mozilla/5.0 AppleWebKit/537.36 (KHTML, like Gecko; compatible; bingbot/2.0; +http://www.bing.com/bingbot.htm) Chrome/116.0.1938.76 Safari/537.36"
66.249.79.37 - - [07/Nov/2025:07:27:15 +0000] "GET /entity/744540118.shtm HTTP/1.1" 200 4446 "-" "Mozilla/5.0 (Linux; Android 6.0.1; Nexus 5X Build/MMB29P) AppleWebKit/537.36 (KHTML, like Gecko) Chrome/141.0.7390.122 Mobile Safari/537.36 (compatible; Googlebot/2.1; +http://www.google.com/bot.html)"
74.7.227.143 - - [07/Nov/2025:07:27:17 +0000] "GET /core/?fileloc=/var/www/vhosts/amphoragames.com/httpdocs/en/wp-content/plugins/enable-media-replace/languages/enable-media-replace.po&path=/var/www/vhosts/amphoragames.com/httpdocs/en/wp-content/plugins/enable-media-replace/languages HTTP/1.1" 200 3849 "-" "Mozilla/5.0 AppleWebKit/537.36 (KHTML, like Gecko; compatible; GPTBot/1.2; +https://openai.com/gptbot)"
66.249.79.37 - - [07/Nov/2025:07:27:17 +0000] "GET /entity/649638856.shtm?fileloc=/var/www/vhosts/amphoragames.com/httpdocs/wp-admin/ms-edit.php&path=/var/www/vhosts/amphoragames.com/httpdocs/wp-admin HTTP/1.1" 200 3000 "-" "Mozilla/5.0 (Linux; Android 6.0.1; Nexus 5X Build/MMB29P) AppleWebKit/537.36 (KHTML, like Gecko) Chrome/141.0.7390.122 Mobile Safari/537.36 (compatible; Googlebot/2.1; +http://www.google.com/bot.html)"
51.75.119.112 - - [07/Nov/2025:07:27:18 +0000] "GET /?fileloc=/var/www/vhosts/amphoragames.com/httpdocs/wp-content/uploads/woocommerce-placeholder-500x1000.png&path=/var/www/vhosts/amphoragames.com/httpdocs/wp-content/uploads HTTP/1.1" 200 2836 "-" "Mozilla/5.0 (compatible; MJ12bot/v1.4.8; http://mj12bot.com/)"
66.249.79.37 - - [07/Nov/2025:07:27:18 +0000] "GET /entity/1053533491.shtm HTTP/1.1" 200 4446 "-" "Mozilla/5.0 (Linux; Android 6.0.1; Nexus 5X Build/MMB29P) AppleWebKit/537.36 (KHTML, like Gecko) Chrome/141.0.7390.122 Mobile Safari/537.36 (compatible; Googlebot/2.1; +http://www.google.com/bot.html)"
74.7.227.143 - - [07/Nov/2025:07:27:20 +0000] "GET /core/?fileloc=/var/www/vhosts/amphoragames.com/httpdocs/tts/pentaurus1/pentaurus1/zbvGXMjSqNtxcflrTyg.ogv&path=/var/www/vhosts/amphoragames.com/httpdocs/tts/pentaurus1/pentaurus1 HTTP/1.1" 200 5318 "-" "Mozilla/5.0 AppleWebKit/537.36 (KHTML, like Gecko; compatible; GPTBot/1.2; +https://openai.com/gptbot)"
66.249.79.37 - - [07/Nov/2025:07:27:20 +0000] "GET /entity/1179805622.shtm HTTP/1.1" 200 4446 "-" "Mozilla/5.0 (Linux; Android 6.0.1; Nexus 5X Build/MMB29P) AppleWebKit/537.36 (KHTML, like Gecko) Chrome/141.0.7390.122 Mobile Safari/537.36 (compatible; Googlebot/2.1; +http://www.google.com/bot.html)"
66.249.79.37 - - [07/Nov/2025:07:27:22 +0000] "GET /entity/802387493.shtm?fileloc=/var/www/vhosts/amphoragames.com/httpdocs/wp-config.php&path=/var/www/vhosts/amphoragames.com/httpdocs HTTP/1.1" 200 4585 "-" "Mozilla/5.0 (Linux; Android 6.0.1; Nexus 5X Build/MMB29P) AppleWebKit/537.36 (KHTML, like Gecko) Chrome/141.0.7390.122 Mobile Safari/537.36 (compatible; Googlebot/2.1; +http://www.google.com/bot.html)"
159.65.158.125 - - [07/Nov/2025:07:27:22 +0000] "POST /xmlrpc.php HTTP/1.1" 200 7723 "https://www.amphoragames.com" "Mozilla/5.0 (Macintosh; Intel Mac OS X 10_15_7) AppleWebKit/537.36 (KHTML, like Gecko) Chrome/126.0.0.0 Safari/537.36"
51.75.119.112 - - [07/Nov/2025:07:27:22 +0000] "GET /?fileloc=/var/www/vhosts/amphoragames.com/httpdocs/wp-content/uploads/woocommerce-placeholder-500x500.png&path=/var/www/vhosts/amphoragames.com/httpdocs/wp-content/uploads HTTP/1.1" 200 2835 "-" "Mozilla/5.0 (compatible; MJ12bot/v1.4.8; http://mj12bot.com/)"
74.7.227.143 - - [07/Nov/2025:07:27:23 +0000] "GET /core/?path=/var/www/vhosts/amphoragames.com/httpdocs/wp-content/plugins/backwpup/vendor/aws/aws-sdk-php/src/Sts/RegionalEndpoints/Exception HTTP/1.1" 200 3257 "-" "Mozilla/5.0 AppleWebKit/537.36 (KHTML, like Gecko; compatible; GPTBot/1.2; +https://openai.com/gptbot)"
66.249.79.37 - - [07/Nov/2025:07:27:24 +0000] "GET /entity/118965046.shtm HTTP/1.1" 200 4446 "-" "Mozilla/5.0 (Linux; Android 6.0.1; Nexus 5X Build/MMB29P) AppleWebKit/537.36 (KHTML, like Gecko) Chrome/141.0.7390.122 Mobile Safari/537.36 (compatible; Googlebot/2.1; +http://www.google.com/bot.html)"
66.249.79.37 - - [07/Nov/2025:07:27:25 +0000] "GET /entity/38252119.shtm?path=/var/www/vhosts/amphoragames.com/httpdocs/.tmb HTTP/1.1" 200 3177 "-" "Mozilla/5.0 (Linux; Android 6.0.1; Nexus 5X Build/MMB29P) AppleWebKit/537.36 (KHTML, like Gecko) Chrome/141.0.7390.122 Mobile Safari/537.36 (compatible; Googlebot/2.1; +http://www.google.com/bot.html)"
74.7.227.143 - - [07/Nov/2025:07:27:26 +0000] "GET /core/?fileloc=/var/www/vhosts/amphoragames.com/httpdocs/images/images/images/images/images/images/wmv_68c325567df4f.zip&path=/var/www/vhosts/amphoragames.com/httpdocs/images/images/images/images/images/images HTTP/1.1" 200 2832 "-" "Mozilla/5.0 AppleWebKit/537.36 (KHTML, like Gecko; compatible; GPTBot/1.2; +https://openai.com/gptbot)"
51.75.119.112 - - [07/Nov/2025:07:27:26 +0000] "GET /?fileloc=/var/www/vhosts/amphoragames.com/httpdocs/wp-content/uploads/woocommerce-placeholder-578x384.png&path=/var/www/vhosts/amphoragames.com/httpdocs/wp-content/uploads HTTP/1.1" 200 2836 "-" "Mozilla/5.0 (compatible; MJ12bot/v1.4.8; http://mj12bot.com/)"
66.249.79.37 - - [07/Nov/2025:07:27:27 +0000] "GET /entity/802387493.shtm?path=/var/www/vhosts/amphoragames.com/httpdocs/en HTTP/1.1" 200 4152 "-" "Mozilla/5.0 (Linux; Android 6.0.1; Nexus 5X Build/MMB29P) AppleWebKit/537.36 (KHTML, like Gecko) Chrome/141.0.7390.122 Mobile Safari/537.36 (compatible; Googlebot/2.1; +http://www.google.com/bot.html)"
66.249.79.37 - - [07/Nov/2025:07:27:29 +0000] "GET /entity/1090995731.shtm HTTP/1.1" 200 4446 "-" "Mozilla/5.0 (Linux; Android 6.0.1; Nexus 5X Build/MMB29P) AppleWebKit/537.36 (KHTML, like Gecko) Chrome/141.0.7390.122 Mobile Safari/537.36 (compatible; Googlebot/2.1; +http://www.google.com/bot.html)"
74.7.227.143 - - [07/Nov/2025:07:27:29 +0000] "GET /core/?fileloc=/var/www/vhosts/amphoragames.com/httpdocs/wp-content/themes/ibuki/framework/options/inc/fields/ace_editor/vendor/mode-json.js&path=/var/www/vhosts/amphoragames.com/httpdocs/wp-content/themes/ibuki/framework/options/inc/fields/ace_editor/vendor HTTP/1.1" 200 5637 "-" "Mozilla/5.0 AppleWebKit/537.36 (KHTML, like Gecko; compatible; GPTBot/1.2; +https://openai.com/gptbot)"
51.75.119.112 - - [07/Nov/2025:07:27:30 +0000] "GET /?fileloc=/var/www/vhosts/amphoragames.com/httpdocs/wp-content/uploads/woocommerce-placeholder-578x578.png&path=/var/www/vhosts/amphoragames.com/httpdocs/wp-content/uploads HTTP/1.1" 200 2835 "-" "Mozilla/5.0 (compatible; MJ12bot/v1.4.8; http://mj12bot.com/)"
66.249.79.37 - - [07/Nov/2025:07:27:31 +0000] "GET /entity/632916628.shtm HTTP/1.1" 200 4446 "-" "Mozilla/5.0 (Linux; Android 6.0.1; Nexus 5X Build/MMB29P) AppleWebKit/537.36 (KHTML, like Gecko) Chrome/141.0.7390.122 Mobile Safari/537.36 (compatible; Googlebot/2.1; +http://www.google.com/bot.html)"
66.249.79.37 - - [07/Nov/2025:07:27:32 +0000] "GET /entity/383013285.shtm HTTP/1.1" 200 4446 "-" "Mozilla/5.0 (Linux; Android 6.0.1; Nexus 5X Build/MMB29P) AppleWebKit/537.36 (KHTML, like Gecko) Chrome/141.0.7390.122 Mobile Safari/537.36 (compatible; Googlebot/2.1; +http://www.google.com/bot.html)"
74.7.227.143 - - [07/Nov/2025:07:27:32 +0000] "GET /core/?fileloc=/var/www/vhosts/amphoragames.com/httpdocs/wp-content/plugins/all-in-one-seo-pack/vendor/jwhennessey/phpinsight/composer.json&path=/var/www/vhosts/amphoragames.com/httpdocs/wp-content/plugins/all-in-one-seo-pack/vendor/jwhennessey/phpinsight HTTP/1.1" 200 3131 "-" "Mozilla/5.0 AppleWebKit/537.36 (KHTML, like Gecko; compatible; GPTBot/1.2; +https://openai.com/gptbot)"
66.249.79.37 - - [07/Nov/2025:07:27:34 +0000] "GET /entity/650828695.shtm HTTP/1.1" 200 4446 "-" "Mozilla/5.0 (Linux; Android 6.0.1; Nexus 5X Build/MMB29P) AppleWebKit/537.36 (KHTML, like Gecko) Chrome/141.0.7390.122 Mobile Safari/537.36 (compatible; Googlebot/2.1; +http://www.google.com/bot.html)"
51.75.119.112 - - [07/Nov/2025:07:27:34 +0000] "GET /?fileloc=/var/www/vhosts/amphoragames.com/httpdocs/wp-content/uploads/woocommerce-placeholder-768x768.png&path=/var/www/vhosts/amphoragames.com/httpdocs/wp-content/uploads HTTP/1.1" 200 2835 "-" "Mozilla/5.0 (compatible; MJ12bot/v1.4.8; http://mj12bot.com/)"
74.7.227.143 - - [07/Nov/2025:07:27:36 +0000] "GET /core/?path=/var/www/vhosts/amphoragames.com/httpdocs/wp-content/plugins/backwpup/vendor/aws/aws-sdk-php/src/SSO HTTP/1.1" 200 3291 "-" "Mozilla/5.0 AppleWebKit/537.36 (KHTML, like Gecko; compatible; GPTBot/1.2; +https://openai.com/gptbot)"
66.249.79.37 - - [07/Nov/2025:07:27:36 +0000] "GET /entity/802387493.shtm?fileloc=/var/www/vhosts/amphoragames.com/httpdocs/wp-signup.php&path=/var/www/vhosts/amphoragames.com/httpdocs HTTP/1.1" 200 10968 "-" "Mozilla/5.0 (Linux; Android 6.0.1; Nexus 5X Build/MMB29P) AppleWebKit/537.36 (KHTML, like Gecko) Chrome/141.0.7390.122 Mobile Safari/537.36 (compatible; Googlebot/2.1; +http://www.google.com/bot.html)"
66.249.79.37 - - [07/Nov/2025:07:27:38 +0000] "GET /entity/1368507361.shtm HTTP/1.1" 200 4446 "-" "Mozilla/5.0 (Linux; Android 6.0.1; Nexus 5X Build/MMB29P) AppleWebKit/537.36 (KHTML, like Gecko) Chrome/141.0.7390.122 Mobile Safari/537.36 (compatible; Googlebot/2.1; +http://www.google.com/bot.html)"
51.75.119.112 - - [07/Nov/2025:07:27:38 +0000] "GET /?fileloc=/var/www/vhosts/amphoragames.com/httpdocs/wp-content/uploads/woocommerce-placeholder-800x390.png&path=/var/www/vhosts/amphoragames.com/httpdocs/wp-content/uploads HTTP/1.1" 200 2836 "-" "Mozilla/5.0 (compatible; MJ12bot/v1.4.8; http://mj12bot.com/)"
74.7.227.143 - - [07/Nov/2025:07:27:39 +0000] "GET /core/?fileloc=/var/www/vhosts/amphoragames.com/httpdocs/wp-content/plugins/all-in-one-seo-pack/vendor/monolog/monolog/composer.json&path=/var/www/vhosts/amphoragames.com/httpdocs/wp-content/plugins/all-in-one-seo-pack/vendor/monolog/monolog HTTP/1.1" 200 3637 "-" "Mozilla/5.0 AppleWebKit/537.36 (KHTML, like Gecko; compatible; GPTBot/1.2; +https://openai.com/gptbot)"
66.249.79.37 - - [07/Nov/2025:07:27:39 +0000] "GET /entity/802387493.shtm?fileloc=/var/www/vhosts/amphoragames.com/httpdocs/license.txt&path=/var/www/vhosts/amphoragames.com/httpdocs HTTP/1.1" 200 10249 "-" "Mozilla/5.0 (Linux; Android 6.0.1; Nexus 5X Build/MMB29P) AppleWebKit/537.36 (KHTML, like Gecko) Chrome/141.0.7390.122 Mobile Safari/537.36 (compatible; Googlebot/2.1; +http://www.google.com/bot.html)"
66.249.79.37 - - [07/Nov/2025:07:27:41 +0000] "GET /entity/635187559.shtm HTTP/1.1" 200 4446 "-" "Mozilla/5.0 (Linux; Android 6.0.1; Nexus 5X Build/MMB29P) AppleWebKit/537.36 (KHTML, like Gecko) Chrome/141.0.7390.122 Mobile Safari/537.36 (compatible; Googlebot/2.1; +http://www.google.com/bot.html)"
74.7.227.143 - - [07/Nov/2025:07:27:42 +0000] "GET /core/?fileloc=/var/www/vhosts/amphoragames.com/httpdocs/wp-content/plugins/backwpup/vendor/phpseclib/phpseclib/phpseclib/Crypt/Twofish.php&path=/var/www/vhosts/amphoragames.com/httpdocs/wp-content/plugins/backwpup/vendor/phpseclib/phpseclib/phpseclib/Crypt HTTP/1.1" 200 14547 "-" "Mozilla/5.0 AppleWebKit/537.36 (KHTML, like Gecko; compatible; GPTBot/1.2; +https://openai.com/gptbot)"
51.75.119.112 - - [07/Nov/2025:07:27:42 +0000] "GET /?fileloc=/var/www/vhosts/amphoragames.com/httpdocs/wp-content/uploads/woocommerce-placeholder.png&path=/var/www/vhosts/amphoragames.com/httpdocs/wp-content/uploads HTTP/1.1" 200 2829 "-" "Mozilla/5.0 (compatible; MJ12bot/v1.4.8; http://mj12bot.com/)"
66.249.79.37 - - [07/Nov/2025:07:27:43 +0000] "GET /entity/802387493.shtm?fileloc=/var/www/vhosts/amphoragames.com/httpdocs/wp-login.php&path=/var/www/vhosts/amphoragames.com/httpdocs HTTP/1.1" 200 15879 "-" "Mozilla/5.0 (Linux; Android 6.0.1; Nexus 5X Build/MMB29P) AppleWebKit/537.36 (KHTML, like Gecko) Chrome/141.0.7390.122 Mobile Safari/537.36 (compatible; Googlebot/2.1; +http://www.google.com/bot.html)"
66.249.79.37 - - [07/Nov/2025:07:27:45 +0000] "GET /entity/1052342466.shtm HTTP/1.1" 200 4446 "-" "Mozilla/5.0 (Linux; Android 6.0.1; Nexus 5X Build/MMB29P) AppleWebKit/537.36 (KHTML, like Gecko) Chrome/141.0.7390.122 Mobile Safari/537.36 (compatible; Googlebot/2.1; +http://www.google.com/bot.html)"
74.7.227.143 - - [07/Nov/2025:07:27:45 +0000] "GET /core/?fileloc=/var/www/vhosts/amphoragames.com/httpdocs/wp-content/plugins/backwpup/vendor/swiftmailer/swiftmailer/lib/classes/Swift/Preferences.php&path=/var/www/vhosts/amphoragames.com/httpdocs/wp-content/plugins/backwpup/vendor/swiftmailer/swiftmailer/lib/classes/Swift HTTP/1.1" 200 3663 "-" "Mozilla/5.0 AppleWebKit/537.36 (KHTML, like Gecko; compatible; GPTBot/1.2; +https://openai.com/gptbot)"
66.249.79.37 - - [07/Nov/2025:07:27:46 +0000] "GET /entity/493273553.shtm HTTP/1.1" 200 4446 "-" "Mozilla/5.0 (Linux; Android 6.0.1; Nexus 5X Build/MMB29P) AppleWebKit/537.36 (KHTML, like Gecko) Chrome/141.0.7390.122 Mobile Safari/537.36 (compatible; Googlebot/2.1; +http://www.google.com/bot.html)"
51.75.119.112 - - [07/Nov/2025:07:27:47 +0000] "GET /?fileloc=/var/www/vhosts/amphoragames.com/httpdocs/wp-includes/ID3/.htaccess&path=/var/www/vhosts/amphoragames.com/httpdocs/wp-includes/ID3 HTTP/1.1" 200 2914 "-" "Mozilla/5.0 (compatible; MJ12bot/v1.4.8; http://mj12bot.com/)"
74.7.227.143 - - [07/Nov/2025:07:27:48 +0000] "GET /core/?fileloc=/var/www/vhosts/amphoragames.com/httpdocs/wp-content/plugins/backwpup/vendor/swiftmailer/swiftmailer/lib/classes/Swift/Transport.php&path=/var/www/vhosts/amphoragames.com/httpdocs/wp-content/plugins/backwpup/vendor/swiftmailer/swiftmailer/lib/classes/Swift HTTP/1.1" 200 3398 "-" "Mozilla/5.0 AppleWebKit/537.36 (KHTML, like Gecko; compatible; GPTBot/1.2; +https://openai.com/gptbot)"
66.249.79.37 - - [07/Nov/2025:07:27:48 +0000] "GET /entity/802387493.shtm?fileloc=/var/www/vhosts/amphoragames.com/httpdocs/wp-config-sample.php&path=/var/www/vhosts/amphoragames.com/httpdocs HTTP/1.1" 200 4138 "-" "Mozilla/5.0 (Linux; Android 6.0.1; Nexus 5X Build/MMB29P) AppleWebKit/537.36 (KHTML, like Gecko) Chrome/141.0.7390.122 Mobile Safari/537.36 (compatible; Googlebot/2.1; +http://www.google.com/bot.html)"
66.249.79.37 - - [07/Nov/2025:07:27:50 +0000] "GET /entity/254300069.shtm HTTP/1.1" 200 4446 "-" "Mozilla/5.0 (Linux; Android 6.0.1; Nexus 5X Build/MMB29P) AppleWebKit/537.36 (KHTML, like Gecko) Chrome/141.0.7390.122 Mobile Safari/537.36 (compatible; Googlebot/2.1; +http://www.google.com/bot.html)"
51.75.119.112 - - [07/Nov/2025:07:27:51 +0000] "GET /?fileloc=/var/www/vhosts/amphoragames.com/httpdocs/wp-includes/ID3/getid3.lib.php&path=/var/www/vhosts/amphoragames.com/httpdocs/wp-includes/ID3 HTTP/1.1" 200 15515 "-" "Mozilla/5.0 (compatible; MJ12bot/v1.4.8; http://mj12bot.com/)"
74.7.227.143 - - [07/Nov/2025:07:27:51 +0000] "GET /core/?fileloc=/var/www/vhosts/amphoragames.com/httpdocs/wp-content/plugins/backwpup/vendor/inpsyde/backwpup-restore-shared/psalm.xml&path=/var/www/vhosts/amphoragames.com/httpdocs/wp-content/plugins/backwpup/vendor/inpsyde/backwpup-restore-shared HTTP/1.1" 200 3192 "-" "Mozilla/5.0 AppleWebKit/537.36 (KHTML, like Gecko; compatible; GPTBot/1.2; +https://openai.com/gptbot)"
66.249.79.37 - - [07/Nov/2025:07:27:52 +0000] "GET /entity/813508474.shtm HTTP/1.1" 200 4446 "-" "Mozilla/5.0 (Linux; Android 6.0.1; Nexus 5X Build/MMB29P) AppleWebKit/537.36 (KHTML, like Gecko) Chrome/141.0.7390.122 Mobile Safari/537.36 (compatible; Googlebot/2.1; +http://www.google.com/bot.html)"
66.249.79.37 - - [07/Nov/2025:07:27:53 +0000] "GET /entity/1216052754.shtm?path=/var/www/vhosts/amphoragames.com/httpdocs/images HTTP/1.1" 200 3308 "-" "Mozilla/5.0 (Linux; Android 6.0.1; Nexus 5X Build/MMB29P) AppleWebKit/537.36 (KHTML, like Gecko) Chrome/141.0.7390.122 Mobile Safari/537.36 (compatible; Googlebot/2.1; +http://www.google.com/bot.html)"
74.7.227.143 - - [07/Nov/2025:07:27:54 +0000] "GET /core/?fileloc=/var/www/vhosts/amphoragames.com/httpdocs/wp-content/plugins/backwpup/vendor/swiftmailer/swiftmailer/lib/classes/Swift/SpoolTransport.php&path=/var/www/vhosts/amphoragames.com/httpdocs/wp-content/plugins/backwpup/vendor/swiftmailer/swiftmailer/lib/classes/Swift HTTP/1.1" 200 3329 "-" "Mozilla/5.0 AppleWebKit/537.36 (KHTML, like Gecko; compatible; GPTBot/1.2; +https://openai.com/gptbot)"
51.75.119.112 - - [07/Nov/2025:07:27:55 +0000] "GET /?fileloc=/var/www/vhosts/amphoragames.com/httpdocs/wp-includes/ID3/getid3.php&path=/var/www/vhosts/amphoragames.com/httpdocs/wp-includes/ID3 HTTP/1.1" 200 23907 "-" "Mozilla/5.0 (compatible; MJ12bot/v1.4.8; http://mj12bot.com/)"
66.249.79.37 - - [07/Nov/2025:07:27:55 +0000] "GET /entity/1354321301.shtm HTTP/1.1" 200 4446 "-" "Mozilla/5.0 (Linux; Android 6.0.1; Nexus 5X Build/MMB29P) AppleWebKit/537.36 (KHTML, like Gecko) Chrome/141.0.7390.122 Mobile Safari/537.36 (compatible; Googlebot/2.1; +http://www.google.com/bot.html)"
66.249.79.37 - - [07/Nov/2025:07:27:57 +0000] "GET /entity/1216052754.shtm?fileloc=/var/www/vhosts/amphoragames.com/httpdocs/.htaccess&path=/var/www/vhosts/amphoragames.com/httpdocs HTTP/1.1" 200 3632 "-" "Mozilla/5.0 (Linux; Android 6.0.1; Nexus 5X Build/MMB29P) AppleWebKit/537.36 (KHTML, like Gecko) Chrome/141.0.7390.122 Mobile Safari/537.36 (compatible; Googlebot/2.1; +http://www.google.com/bot.html)"
74.7.227.143 - - [07/Nov/2025:07:27:57 +0000] "GET /core/?fileloc=/var/www/vhosts/amphoragames.com/httpdocs/wp-content/plugins/backwpup/vendor/monolog/monolog/src/Monolog/Handler/AbstractSyslogHandler.php&path=/var/www/vhosts/amphoragames.com/httpdocs/wp-content/plugins/backwpup/vendor/monolog/monolog/src/Monolog/Handler HTTP/1.1" 200 4122 "-" "Mozilla/5.0 AppleWebKit/537.36 (KHTML, like Gecko; compatible; GPTBot/1.2; +https://openai.com/gptbot)"
66.249.79.37 - - [07/Nov/2025:07:27:58 +0000] "GET /entity/1079209280.shtm HTTP/1.1" 200 4446 "-" "Mozilla/5.0 (Linux; Android 6.0.1; Nexus 5X Build/MMB29P) AppleWebKit/537.36 (KHTML, like Gecko) Chrome/141.0.7390.122 Mobile Safari/537.36 (compatible; Googlebot/2.1; +http://www.google.com/bot.html)"
51.75.119.112 - - [07/Nov/2025:07:27:59 +0000] "GET /?fileloc=/var/www/vhosts/amphoragames.com/httpdocs/wp-includes/ID3/license.txt&path=/var/www/vhosts/amphoragames.com/httpdocs/wp-includes/ID3 HTTP/1.1" 200 3246 "-" "Mozilla/5.0 (compatible; MJ12bot/v1.4.8; http://mj12bot.com/)"
66.249.79.37 - - [07/Nov/2025:07:28:00 +0000] "GET /entity/1216052754.shtm?fileloc=/var/www/vhosts/amphoragames.com/httpdocs/wp-mail.php&path=/var/www/vhosts/amphoragames.com/httpdocs HTTP/1.1" 200 5885 "-" "Mozilla/5.0 (Linux; Android 6.0.1; Nexus 5X Build/MMB29P) AppleWebKit/537.36 (KHTML, like Gecko) Chrome/141.0.7390.122 Mobile Safari/537.36 (compatible; Googlebot/2.1; +http://www.google.com/bot.html)"
74.7.227.143 - - [07/Nov/2025:07:28:00 +0000] "GET /core/?fileloc=/var/www/vhosts/amphoragames.com/httpdocs/wp-content/plugins/backwpup/vendor/swiftmailer/swiftmailer/lib/classes/Swift/Filterable.php&path=/var/www/vhosts/amphoragames.com/httpdocs/wp-content/plugins/backwpup/vendor/swiftmailer/swiftmailer/lib/classes/Swift HTTP/1.1" 200 3208 "-" "Mozilla/5.0 AppleWebKit/537.36 (KHTML, like Gecko; compatible; GPTBot/1.2; +https://openai.com/gptbot)"
51.75.119.112 - - [07/Nov/2025:07:28:02 +0000] "GET /?fileloc=/var/www/vhosts/amphoragames.com/httpdocs/wp-includes/ID3/module.audio-video.asf.php&path=/var/www/vhosts/amphoragames.com/httpdocs/wp-includes/ID3 HTTP/1.1" 200 23999 "-" "Mozilla/5.0 (compatible; MJ12bot/v1.4.8; http://mj12bot.com/)"
66.249.79.32 - - [07/Nov/2025:07:28:02 +0000] "GET /entity/986269504.shtm HTTP/1.1" 200 7764 "-" "Mozilla/5.0 (Linux; Android 6.0.1; Nexus 5X Build/MMB29P) AppleWebKit/537.36 (KHTML, like Gecko) Chrome/141.0.7390.122 Mobile Safari/537.36 (compatible; Googlebot/2.1; +http://www.google.com/bot.html)"
74.7.227.143 - - [07/Nov/2025:07:28:04 +0000] "GET /core/?fileloc=/var/www/vhosts/amphoragames.com/httpdocs/wp-content/plugins/backwpup/vendor/swiftmailer/swiftmailer/lib/classes/Swift/SmtpTransport.php&path=/var/www/vhosts/amphoragames.com/httpdocs/wp-content/plugins/backwpup/vendor/swiftmailer/swiftmailer/lib/classes/Swift HTTP/1.1" 200 3514 "-" "Mozilla/5.0 AppleWebKit/537.36 (KHTML, like Gecko; compatible; GPTBot/1.2; +https://openai.com/gptbot)"
66.249.79.37 - - [07/Nov/2025:07:28:04 +0000] "GET /entity/224918034.shtm HTTP/1.1" 200 4446 "-" "Mozilla/5.0 (Linux; Android 6.0.1; Nexus 5X Build/MMB29P) AppleWebKit/537.36 (KHTML, like Gecko) Chrome/141.0.7390.122 Mobile Safari/537.36 (compatible; Googlebot/2.1; +http://www.google.com/bot.html)"
66.249.79.37 - - [07/Nov/2025:07:28:05 +0000] "GET /entity/90282325.shtm?fileloc=/var/www/vhosts/amphoragames.com/httpdocs/wp-config-sample.php&path=/var/www/vhosts/amphoragames.com/httpdocs HTTP/1.1" 200 4138 "-" "Mozilla/5.0 (Linux; Android 6.0.1; Nexus 5X Build/MMB29P) AppleWebKit/537.36 (KHTML, like Gecko) Chrome/141.0.7390.122 Mobile Safari/537.36 (compatible; Googlebot/2.1; +http://www.google.com/bot.html)"
51.75.119.112 - - [07/Nov/2025:07:28:06 +0000] "GET /?fileloc=/var/www/vhosts/amphoragames.com/httpdocs/wp-includes/ID3/module.audio-video.flv.php&path=/var/www/vhosts/amphoragames.com/httpdocs/wp-includes/ID3 HTTP/1.1" 200 8889 "-" "Mozilla/5.0 (compatible; MJ12bot/v1.4.8; http://mj12bot.com/)"
74.7.227.143 - - [07/Nov/2025:07:28:07 +0000] "GET /core/?fileloc=/var/www/vhosts/amphoragames.com/httpdocs/wp-content/plugins/backwpup/vendor/monolog/monolog/src/Monolog/Handler/WhatFailureGroupHandler.php&path=/var/www/vhosts/amphoragames.com/httpdocs/wp-content/plugins/backwpup/vendor/monolog/monolog/src/Monolog/Handler HTTP/1.1" 200 3511 "-" "Mozilla/5.0 AppleWebKit/537.36 (KHTML, like Gecko; compatible; GPTBot/1.2; +https://openai.com/gptbot)"
66.249.79.37 - - [07/Nov/2025:07:28:07 +0000] "GET /entity/1139465643.shtm HTTP/1.1" 200 4446 "-" "Mozilla/5.0 (Linux; Android 6.0.1; Nexus 5X Build/MMB29P) AppleWebKit/537.36 (KHTML, like Gecko) Chrome/141.0.7390.122 Mobile Safari/537.36 (compatible; Googlebot/2.1; +http://www.google.com/bot.html)"
66.249.79.37 - - [07/Nov/2025:07:28:09 +0000] "GET /entity/347897189.shtm HTTP/1.1" 200 4446 "-" "Mozilla/5.0 (Linux; Android 6.0.1; Nexus 5X Build/MMB29P) AppleWebKit/537.36 (KHTML, like Gecko) Chrome/141.0.7390.122 Mobile Safari/537.36 (compatible; Googlebot/2.1; +http://www.google.com/bot.html)"
51.75.119.112 - - [07/Nov/2025:07:28:09 +0000] "GET /?fileloc=/var/www/vhosts/amphoragames.com/httpdocs/wp-includes/ID3/module.audio-video.matroska.php&path=/var/www/vhosts/amphoragames.com/httpdocs/wp-includes/ID3 HTTP/1.1" 200 25479 "-" "Mozilla/5.0 (compatible; MJ12bot/v1.4.8; http://mj12bot.com/)"
74.7.227.143 - - [07/Nov/2025:07:28:10 +0000] "GET /core/?fileloc=/var/www/vhosts/amphoragames.com/httpdocs/wp-content/plugins/enable-media-replace/build/shortpixel/replacer/src/Libraries/Unserialize/Unserialize.php&path=/var/www/vhosts/amphoragames.com/httpdocs/wp-content/plugins/enable-media-replace/build/shortpixel/replacer/src/Libraries/Unserialize HTTP/1.1" 200 3378 "-" "Mozilla/5.0 AppleWebKit/537.36 (KHTML, like Gecko; compatible; GPTBot/1.2; +https://openai.com/gptbot)"
