66.249.79.37 - - [07/Nov/2025:06:45:51 +0000] "GET /entity/1218624598.shtm?fileloc=/var/www/vhosts/amphoragames.com/httpdocs/wp-signup.php&path=/var/www/vhosts/amphoragames.com/httpdocs HTTP/1.1" 200 10968 "-" "Mozilla/5.0 (Linux; Android 6.0.1; Nexus 5X Build/MMB29P) AppleWebKit/537.36 (KHTML, like Gecko) Chrome/141.0.7390.122 Mobile Safari/537.36 (compatible; Googlebot/2.1; +http://www.google.com/bot.html)"
66.249.79.37 - - [07/Nov/2025:06:45:53 +0000] "GET /entity/1233098896.shtm?path=/ HTTP/1.1" 200 2838 "-" "Mozilla/5.0 (Linux; Android 6.0.1; Nexus 5X Build/MMB29P) AppleWebKit/537.36 (KHTML, like Gecko) Chrome/141.0.7390.122 Mobile Safari/537.36 (compatible; Googlebot/2.1; +http://www.google.com/bot.html)"
216.73.216.32 - - [07/Nov/2025:06:45:53 +0000] "GET /?fileloc=%2Fvar%2Fwww%2Fvhosts%2Famphoragames.com%2Fhttpdocs%2Fwp-admin%2Fjs%2Fapplication-passwords.min.js&path=%2Fvar%2Fwww%2Fvhosts%2Famphoragames.com%2Fhttpdocs%2Fwp-admin%2Fjs HTTP/1.1" 200 3940 "-" "Mozilla/5.0 AppleWebKit/537.36 (KHTML, like Gecko; compatible; ClaudeBot/1.0; +claudebot@anthropic.com)"
74.7.227.143 - - [07/Nov/2025:06:45:54 +0000] "GET /core/?fileloc=/var/www/vhosts/amphoragames.com/httpdocs/wp-content/plugins/backwpup/vendor/phpseclib/phpseclib/phpseclib/File/ASN1/Maps/SpecifiedECDomain.php&path=/var/www/vhosts/amphoragames.com/httpdocs/wp-content/plugins/backwpup/vendor/phpseclib/phpseclib/phpseclib/File/ASN1/Maps HTTP/1.1" 200 3328 "-" "Mozilla/5.0 AppleWebKit/537.36 (KHTML, like Gecko; compatible; GPTBot/1.2; +https://openai.com/gptbot)"
66.249.79.37 - - [07/Nov/2025:06:45:54 +0000] "GET /entity/987457302.shtm HTTP/1.1" 200 4446 "-" "Mozilla/5.0 (Linux; Android 6.0.1; Nexus 5X Build/MMB29P) AppleWebKit/537.36 (KHTML, like Gecko) Chrome/141.0.7390.122 Mobile Safari/537.36 (compatible; Googlebot/2.1; +http://www.google.com/bot.html)"
66.249.79.37 - - [07/Nov/2025:06:45:56 +0000] "GET /entity/34296570.shtm?fileloc=/var/www/vhosts/amphoragames.com/httpdocs/wp-cron.php&path=/var/www/vhosts/amphoragames.com/httpdocs HTTP/1.1" 200 4931 "-" "Mozilla/5.0 (Linux; Android 6.0.1; Nexus 5X Build/MMB29P) AppleWebKit/537.36 (KHTML, like Gecko) Chrome/141.0.7390.122 Mobile Safari/537.36 (compatible; Googlebot/2.1; +http://www.google.com/bot.html)"
216.73.216.32 - - [07/Nov/2025:06:45:56 +0000] "GET /?fileloc=%2Fvar%2Fwww%2Fvhosts%2Famphoragames.com%2Fhttpdocs%2Fwp-admin%2Fjs%2Fgallery.js&path=%2Fvar%2Fwww%2Fvhosts%2Famphoragames.com%2Fhttpdocs%2Fwp-admin%2Fjs HTTP/1.1" 200 4612 "-" "Mozilla/5.0 AppleWebKit/537.36 (KHTML, like Gecko; compatible; ClaudeBot/1.0; +claudebot@anthropic.com)"
74.7.227.143 - - [07/Nov/2025:06:45:57 +0000] "GET /core/?fileloc=/var/www/vhosts/amphoragames.com/httpdocs/wp-content/plugins/backwpup/vendor/phpseclib/phpseclib/phpseclib/File/ASN1/Maps/MaskGenAlgorithm.php&path=/var/www/vhosts/amphoragames.com/httpdocs/wp-content/plugins/backwpup/vendor/phpseclib/phpseclib/phpseclib/File/ASN1/Maps HTTP/1.1" 200 3119 "-" "Mozilla/5.0 AppleWebKit/537.36 (KHTML, like Gecko; compatible; GPTBot/1.2; +https://openai.com/gptbot)"
66.249.79.32 - - [07/Nov/2025:06:45:58 +0000] "GET /entity/635194401.shtm HTTP/1.1" 200 7764 "-" "Mozilla/5.0 (Linux; Android 6.0.1; Nexus 5X Build/MMB29P) AppleWebKit/537.36 (KHTML, like Gecko) Chrome/141.0.7390.122 Mobile Safari/537.36 (compatible; Googlebot/2.1; +http://www.google.com/bot.html)"
216.73.216.32 - - [07/Nov/2025:06:45:59 +0000] "GET /?fileloc=%2Fvar%2Fwww%2Fvhosts%2Famphoragames.com%2Fhttpdocs%2Fwp-admin%2Fjs%2Fpostbox.min.js&path=%2Fvar%2Fwww%2Fvhosts%2Famphoragames.com%2Fhttpdocs%2Fwp-admin%2Fjs HTTP/1.1" 200 5091 "-" "Mozilla/5.0 AppleWebKit/537.36 (KHTML, like Gecko; compatible; ClaudeBot/1.0; +claudebot@anthropic.com)"
66.249.79.32 - - [07/Nov/2025:06:45:59 +0000] "GET /entity/1295201683.shtm?path=/ HTTP/1.1" 200 2838 "-" "Mozilla/5.0 (Linux; Android 6.0.1; Nexus 5X Build/MMB29P) AppleWebKit/537.36 (KHTML, like Gecko) Chrome/141.0.7390.122 Mobile Safari/537.36 (compatible; Googlebot/2.1; +http://www.google.com/bot.html)"
74.7.227.143 - - [07/Nov/2025:06:46:00 +0000] "GET /core/?fileloc=/var/www/vhosts/amphoragames.com/httpdocs/wp-content/plugins/backwpup/vendor/phpseclib/phpseclib/phpseclib/Crypt/DSA/Formats/Signature/SSH2.php&path=/var/www/vhosts/amphoragames.com/httpdocs/wp-content/plugins/backwpup/vendor/phpseclib/phpseclib/phpseclib/Crypt/DSA/Formats/Signature HTTP/1.1" 200 3545 "-" "Mozilla/5.0 AppleWebKit/537.36 (KHTML, like Gecko; compatible; GPTBot/1.2; +https://openai.com/gptbot)"
40.77.167.7 - - [07/Nov/2025:06:46:01 +0000] "GET /entity/1040442478.shtm HTTP/1.1" 200 7814 "-" "Mozilla/5.0 AppleWebKit/537.36 (KHTML, like Gecko; compatible; bingbot/2.0; +http://www.bing.com/bingbot.htm) Chrome/116.0.1938.76 Safari/537.36"
66.249.79.37 - - [07/Nov/2025:06:46:02 +0000] "GET /entity/41107215.shtm?fileloc=/var/www/vhosts/amphoragames.com/httpdocs/wp-signup.php&path=/var/www/vhosts/amphoragames.com/httpdocs HTTP/1.1" 200 14286 "-" "Mozilla/5.0 (Linux; Android 6.0.1; Nexus 5X Build/MMB29P) AppleWebKit/537.36 (KHTML, like Gecko) Chrome/141.0.7390.122 Mobile Safari/537.36 (compatible; Googlebot/2.1; +http://www.google.com/bot.html)"
216.73.216.32 - - [07/Nov/2025:06:46:02 +0000] "GET /?fileloc=%2Fvar%2Fwww%2Fvhosts%2Famphoragames.com%2Fhttpdocs%2Fwp-admin%2Fjs%2Fword-count.js&path=%2Fvar%2Fwww%2Fvhosts%2Famphoragames.com%2Fhttpdocs%2Fwp-admin%2Fjs HTTP/1.1" 200 5123 "-" "Mozilla/5.0 AppleWebKit/537.36 (KHTML, like Gecko; compatible; ClaudeBot/1.0; +claudebot@anthropic.com)"
66.249.79.37 - - [07/Nov/2025:06:46:03 +0000] "GET /entity/1218624598.shtm?fileloc=/var/www/vhosts/amphoragames.com/httpdocs/xmlrpc.php&path=/var/www/vhosts/amphoragames.com/httpdocs HTTP/1.1" 200 4258 "-" "Mozilla/5.0 (Linux; Android 6.0.1; Nexus 5X Build/MMB29P) AppleWebKit/537.36 (KHTML, like Gecko) Chrome/141.0.7390.122 Mobile Safari/537.36 (compatible; Googlebot/2.1; +http://www.google.com/bot.html)"
74.7.227.143 - - [07/Nov/2025:06:46:03 +0000] "GET /core/?fileloc=/var/www/vhosts/amphoragames.com/httpdocs/wp-content/plugins/backwpup/vendor/phpseclib/phpseclib/phpseclib/File/ASN1/Maps/AdministrationDomainName.php&path=/var/www/vhosts/amphoragames.com/httpdocs/wp-content/plugins/backwpup/vendor/phpseclib/phpseclib/phpseclib/File/ASN1/Maps HTTP/1.1" 200 3316 "-" "Mozilla/5.0 AppleWebKit/537.36 (KHTML, like Gecko; compatible; GPTBot/1.2; +https://openai.com/gptbot)"
66.249.79.37 - - [07/Nov/2025:06:46:05 +0000] "GET /entity/635217012.shtm HTTP/1.1" 200 4446 "-" "Mozilla/5.0 (Linux; Android 6.0.1; Nexus 5X Build/MMB29P) AppleWebKit/537.36 (KHTML, like Gecko) Chrome/141.0.7390.122 Mobile Safari/537.36 (compatible; Googlebot/2.1; +http://www.google.com/bot.html)"
216.73.216.32 - - [07/Nov/2025:06:46:05 +0000] "GET /?fileloc=%2Fvar%2Fwww%2Fvhosts%2Famphoragames.com%2Fhttpdocs%2Fwp-includes%2FText%2FDiff.php&path=%2Fvar%2Fwww%2Fvhosts%2Famphoragames.com%2Fhttpdocs%2Fwp-includes%2FText HTTP/1.1" 200 5895 "-" "Mozilla/5.0 AppleWebKit/537.36 (KHTML, like Gecko; compatible; ClaudeBot/1.0; +claudebot@anthropic.com)"
74.7.227.143 - - [07/Nov/2025:06:46:06 +0000] "GET /core/?fileloc=/var/www/vhosts/amphoragames.com/httpdocs/wp-content/plugins/backwpup/vendor/phpseclib/phpseclib/phpseclib/File/ASN1/Maps/CertificationRequest.php&path=/var/www/vhosts/amphoragames.com/httpdocs/wp-content/plugins/backwpup/vendor/phpseclib/phpseclib/phpseclib/File/ASN1/Maps HTTP/1.1" 200 3222 "-" "Mozilla/5.0 AppleWebKit/537.36 (KHTML, like Gecko; compatible; GPTBot/1.2; +https://openai.com/gptbot)"
66.249.79.37 - - [07/Nov/2025:06:46:06 +0000] "GET /entity/85777068.shtm?path=/var/www/vhosts/amphoragames.com/httpdocs/wp-admin HTTP/1.1" 200 7047 "-" "Mozilla/5.0 (Linux; Android 6.0.1; Nexus 5X Build/MMB29P) AppleWebKit/537.36 (KHTML, like Gecko) Chrome/141.0.7390.122 Mobile Safari/537.36 (compatible; Googlebot/2.1; +http://www.google.com/bot.html)"
66.249.79.37 - - [07/Nov/2025:06:46:08 +0000] "GET /entity/1052311723.shtm HTTP/1.1" 200 4446 "-" "Mozilla/5.0 (Linux; Android 6.0.1; Nexus 5X Build/MMB29P) AppleWebKit/537.36 (KHTML, like Gecko) Chrome/141.0.7390.122 Mobile Safari/537.36 (compatible; Googlebot/2.1; +http://www.google.com/bot.html)"
216.73.216.32 - - [07/Nov/2025:06:46:08 +0000] "GET /?fileloc=%2Fvar%2Fwww%2Fvhosts%2Famphoragames.com%2Fhttpdocs%2Fwp-admin%2Fjs%2Fcolor-picker.js&path=%2Fvar%2Fwww%2Fvhosts%2Famphoragames.com%2Fhttpdocs%2Fwp-admin%2Fjs HTTP/1.1" 200 5515 "-" "Mozilla/5.0 AppleWebKit/537.36 (KHTML, like Gecko; compatible; ClaudeBot/1.0; +claudebot@anthropic.com)"
74.7.227.143 - - [07/Nov/2025:06:46:09 +0000] "GET /core/?fileloc=/var/www/vhosts/amphoragames.com/httpdocs/wp-content/plugins/backwpup/vendor/phpseclib/phpseclib/phpseclib/File/ASN1/Maps/NumericUserIdentifier.php&path=/var/www/vhosts/amphoragames.com/httpdocs/wp-content/plugins/backwpup/vendor/phpseclib/phpseclib/phpseclib/File/ASN1/Maps HTTP/1.1" 200 3146 "-" "Mozilla/5.0 AppleWebKit/537.36 (KHTML, like Gecko; compatible; GPTBot/1.2; +https://openai.com/gptbot)"
66.249.79.37 - - [07/Nov/2025:06:46:10 +0000] "GET /entity/396198101.shtm?fileloc=/var/www/vhosts/amphoragames.com/httpdocs/llms.txt&path=/var/www/vhosts/amphoragames.com/httpdocs HTTP/1.1" 200 17085 "-" "Mozilla/5.0 (Linux; Android 6.0.1; Nexus 5X Build/MMB29P) AppleWebKit/537.36 (KHTML, like Gecko) Chrome/141.0.7390.122 Mobile Safari/537.36 (compatible; Googlebot/2.1; +http://www.google.com/bot.html)"
216.73.216.32 - - [07/Nov/2025:06:46:11 +0000] "GET /?fileloc=%2Fvar%2Fwww%2Fvhosts%2Famphoragames.com%2Fhttpdocs%2Fwp-admin%2Fjs%2Fpassword-strength-meter.js&path=%2Fvar%2Fwww%2Fvhosts%2Famphoragames.com%2Fhttpdocs%2Fwp-admin%2Fjs HTTP/1.1" 200 4278 "-" "Mozilla/5.0 AppleWebKit/537.36 (KHTML, like Gecko; compatible; ClaudeBot/1.0; +claudebot@anthropic.com)"
66.249.79.37 - - [07/Nov/2025:06:46:12 +0000] "GET /entity/40213264.shtm?fileloc=/var/www/vhosts/amphoragames.com/httpdocs/wp-admin/plugins.php&path=/var/www/vhosts/amphoragames.com/httpdocs/wp-admin HTTP/1.1" 200 10463 "-" "Mozilla/5.0 (Linux; Android 6.0.1; Nexus 5X Build/MMB29P) AppleWebKit/537.36 (KHTML, like Gecko) Chrome/141.0.7390.122 Mobile Safari/537.36 (compatible; Googlebot/2.1; +http://www.google.com/bot.html)"
74.7.227.143 - - [07/Nov/2025:06:46:13 +0000] "GET /core/?fileloc=/var/www/vhosts/amphoragames.com/httpdocs/wp-content/plugins/backwpup/vendor/phpseclib/phpseclib/phpseclib/File/ASN1/Maps/DistributionPointName.php&path=/var/www/vhosts/amphoragames.com/httpdocs/wp-content/plugins/backwpup/vendor/phpseclib/phpseclib/phpseclib/File/ASN1/Maps HTTP/1.1" 200 3252 "-" "Mozilla/5.0 AppleWebKit/537.36 (KHTML, like Gecko; compatible; GPTBot/1.2; +https://openai.com/gptbot)"
66.249.79.37 - - [07/Nov/2025:06:46:13 +0000] "GET /entity/1291905487.shtm HTTP/1.1" 200 4446 "-" "Mozilla/5.0 (Linux; Android 6.0.1; Nexus 5X Build/MMB29P) AppleWebKit/537.36 (KHTML, like Gecko) Chrome/141.0.7390.122 Mobile Safari/537.36 (compatible; Googlebot/2.1; +http://www.google.com/bot.html)"
216.73.216.32 - - [07/Nov/2025:06:46:14 +0000] "GET /?fileloc=%2Fvar%2Fwww%2Fvhosts%2Famphoragames.com%2Fhttpdocs%2Fwp-admin%2Fjs%2Ftheme.js&path=%2Fvar%2Fwww%2Fvhosts%2Famphoragames.com%2Fhttpdocs%2Fwp-admin%2Fjs HTTP/1.1" 200 17147 "-" "Mozilla/5.0 AppleWebKit/537.36 (KHTML, like Gecko; compatible; ClaudeBot/1.0; +claudebot@anthropic.com)"
66.249.79.37 - - [07/Nov/2025:06:46:15 +0000] "GET /entity/402972213.shtm HTTP/1.1" 200 4446 "-" "Mozilla/5.0 (Linux; Android 6.0.1; Nexus 5X Build/MMB29P) AppleWebKit/537.36 (KHTML, like Gecko) Chrome/141.0.7390.122 Mobile Safari/537.36 (compatible; Googlebot/2.1; +http://www.google.com/bot.html)"
74.7.227.143 - - [07/Nov/2025:06:46:16 +0000] "GET /core/?fileloc=/var/www/vhosts/amphoragames.com/httpdocs/wp-content/plugins/backwpup/vendor/phpseclib/phpseclib/phpseclib/File/ASN1/Maps/PrivateDomainName.php&path=/var/www/vhosts/amphoragames.com/httpdocs/wp-content/plugins/backwpup/vendor/phpseclib/phpseclib/phpseclib/File/ASN1/Maps HTTP/1.1" 200 3201 "-" "Mozilla/5.0 AppleWebKit/537.36 (KHTML, like Gecko; compatible; GPTBot/1.2; +https://openai.com/gptbot)"
66.249.79.37 - - [07/Nov/2025:06:46:17 +0000] "GET /entity/587291856.shtm?fileloc=/var/www/vhosts/amphoragames.com/httpdocs/wp-activate.php&path=/var/www/vhosts/amphoragames.com/httpdocs HTTP/1.1" 200 5330 "-" "Mozilla/5.0 (Linux; Android 6.0.1; Nexus 5X Build/MMB29P) AppleWebKit/537.36 (KHTML, like Gecko) Chrome/141.0.7390.122 Mobile Safari/537.36 (compatible; Googlebot/2.1; +http://www.google.com/bot.html)"
216.73.216.32 - - [07/Nov/2025:06:46:17 +0000] "GET /?fileloc=%2Fvar%2Fwww%2Fvhosts%2Famphoragames.com%2Fhttpdocs%2Fwp-admin%2Fjs%2Fcommon.min.js&path=%2Fvar%2Fwww%2Fvhosts%2Famphoragames.com%2Fhttpdocs%2Fwp-admin%2Fjs HTTP/1.1" 200 11019 "-" "Mozilla/5.0 AppleWebKit/537.36 (KHTML, like Gecko; compatible; ClaudeBot/1.0; +claudebot@anthropic.com)"
66.249.79.37 - - [07/Nov/2025:06:46:19 +0000] "GET /entity/415513185.shtm HTTP/1.1" 200 4446 "-" "Mozilla/5.0 (Linux; Android 6.0.1; Nexus 5X Build/MMB29P) AppleWebKit/537.36 (KHTML, like Gecko) Chrome/141.0.7390.122 Mobile Safari/537.36 (compatible; Googlebot/2.1; +http://www.google.com/bot.html)"
74.7.227.143 - - [07/Nov/2025:06:46:19 +0000] "GET /core/?fileloc=/var/www/vhosts/amphoragames.com/httpdocs/wp-content/plugins/backwpup/vendor/phpseclib/phpseclib/phpseclib/File/ASN1/Maps/PolicyInformation.php&path=/var/www/vhosts/amphoragames.com/httpdocs/wp-content/plugins/backwpup/vendor/phpseclib/phpseclib/phpseclib/File/ASN1/Maps HTTP/1.1" 200 3228 "-" "Mozilla/5.0 AppleWebKit/537.36 (KHTML, like Gecko; compatible; GPTBot/1.2; +https://openai.com/gptbot)"
66.249.79.37 - - [07/Nov/2025:06:46:20 +0000] "GET /entity/396198101.shtm?fileloc=/var/www/vhosts/amphoragames.com/httpdocs/wp-load.php&path=/var/www/vhosts/amphoragames.com/httpdocs HTTP/1.1" 200 4602 "-" "Mozilla/5.0 (Linux; Android 6.0.1; Nexus 5X Build/MMB29P) AppleWebKit/537.36 (KHTML, like Gecko) Chrome/141.0.7390.122 Mobile Safari/537.36 (compatible; Googlebot/2.1; +http://www.google.com/bot.html)"
216.73.216.32 - - [07/Nov/2025:06:46:20 +0000] "GET /?fileloc=%2Fvar%2Fwww%2Fvhosts%2Famphoragames.com%2Fhttpdocs%2Fwp-admin%2Fjs%2Fuser-suggest.js&path=%2Fvar%2Fwww%2Fvhosts%2Famphoragames.com%2Fhttpdocs%2Fwp-admin%2Fjs HTTP/1.1" 200 3758 "-" "Mozilla/5.0 AppleWebKit/537.36 (KHTML, like Gecko; compatible; ClaudeBot/1.0; +claudebot@anthropic.com)"
74.7.227.143 - - [07/Nov/2025:06:46:22 +0000] "GET /core/?fileloc=/var/www/vhosts/amphoragames.com/httpdocs/wp-content/plugins/backwpup/vendor/phpseclib/phpseclib/phpseclib/File/ASN1/Maps/AttributeTypeAndValue.php&path=/var/www/vhosts/amphoragames.com/httpdocs/wp-content/plugins/backwpup/vendor/phpseclib/phpseclib/phpseclib/File/ASN1/Maps HTTP/1.1" 200 3198 "-" "Mozilla/5.0 AppleWebKit/537.36 (KHTML, like Gecko; compatible; GPTBot/1.2; +https://openai.com/gptbot)"
66.249.79.37 - - [07/Nov/2025:06:46:22 +0000] "GET /entity/635188144.shtm HTTP/1.1" 200 4446 "-" "Mozilla/5.0 (Linux; Android 6.0.1; Nexus 5X Build/MMB29P) AppleWebKit/537.36 (KHTML, like Gecko) Chrome/141.0.7390.122 Mobile Safari/537.36 (compatible; Googlebot/2.1; +http://www.google.com/bot.html)"
66.249.79.37 - - [07/Nov/2025:06:46:24 +0000] "GET /entity/47906781.shtm?fileloc=/var/www/vhosts/amphoragames.com/httpdocs/wp-blog-header.php&path=/var/www/vhosts/amphoragames.com/httpdocs HTTP/1.1" 200 3180 "-" "Mozilla/5.0 (Linux; Android 6.0.1; Nexus 5X Build/MMB29P) AppleWebKit/537.36 (KHTML, like Gecko) Chrome/141.0.7390.122 Mobile Safari/537.36 (compatible; Googlebot/2.1; +http://www.google.com/bot.html)"
74.7.227.143 - - [07/Nov/2025:06:46:25 +0000] "GET /core/?fileloc=/var/www/vhosts/amphoragames.com/httpdocs/wp-content/plugins/backwpup/vendor/phpseclib/phpseclib/phpseclib/File/ASN1/Maps/OneAsymmetricKey.php&path=/var/www/vhosts/amphoragames.com/httpdocs/wp-content/plugins/backwpup/vendor/phpseclib/phpseclib/phpseclib/File/ASN1/Maps HTTP/1.1" 200 6656 "-" "Mozilla/5.0 AppleWebKit/537.36 (KHTML, like Gecko; compatible; GPTBot/1.2; +https://openai.com/gptbot)"
66.249.79.37 - - [07/Nov/2025:06:46:26 +0000] "GET /entity/1218624598.shtm?fileloc=/var/www/vhosts/amphoragames.com/httpdocs/wp-trackback.php&path=/var/www/vhosts/amphoragames.com/httpdocs HTTP/1.1" 200 4691 "-" "Mozilla/5.0 (Linux; Android 6.0.1; Nexus 5X Build/MMB29P) AppleWebKit/537.36 (KHTML, like Gecko) Chrome/141.0.7390.122 Mobile Safari/537.36 (compatible; Googlebot/2.1; +http://www.google.com/bot.html)"
66.249.79.37 - - [07/Nov/2025:06:46:27 +0000] "GET /entity/635197760.shtm HTTP/1.1" 200 4446 "-" "Mozilla/5.0 (Linux; Android 6.0.1; Nexus 5X Build/MMB29P) AppleWebKit/537.36 (KHTML, like Gecko) Chrome/141.0.7390.122 Mobile Safari/537.36 (compatible; Googlebot/2.1; +http://www.google.com/bot.html)"
74.7.227.143 - - [07/Nov/2025:06:46:28 +0000] "GET /core/?fileloc=/var/www/vhosts/amphoragames.com/httpdocs/wp-content/plugins/backwpup/vendor/aws/aws-sdk-php/src/functions.php&path=/var/www/vhosts/amphoragames.com/httpdocs/wp-content/plugins/backwpup/vendor/aws/aws-sdk-php/src HTTP/1.1" 200 7301 "-" "Mozilla/5.0 AppleWebKit/537.36 (KHTML, like Gecko; compatible; GPTBot/1.2; +https://openai.com/gptbot)"
66.249.79.37 - - [07/Nov/2025:06:46:29 +0000] "GET /entity/1218624598.shtm?fileloc=/var/www/vhosts/amphoragames.com/httpdocs/schallfuns.php&path=/var/www/vhosts/amphoragames.com/httpdocs HTTP/1.1" 200 5242 "-" "Mozilla/5.0 (Linux; Android 6.0.1; Nexus 5X Build/MMB29P) AppleWebKit/537.36 (KHTML, like Gecko) Chrome/141.0.7390.122 Mobile Safari/537.36 (compatible; Googlebot/2.1; +http://www.google.com/bot.html)"
66.249.79.37 - - [07/Nov/2025:06:46:31 +0000] "GET /entity/33050549.shtm?fileloc=/var/www/vhosts/amphoragames.com/httpdocs/wp-admin/post.php&path=/var/www/vhosts/amphoragames.com/httpdocs/wp-admin HTTP/1.1" 200 9156 "-" "Mozilla/5.0 (Linux; Android 6.0.1; Nexus 5X Build/MMB29P) AppleWebKit/537.36 (KHTML, like Gecko) Chrome/141.0.7390.122 Mobile Safari/537.36 (compatible; GoogleOther)"
74.7.227.143 - - [07/Nov/2025:06:46:32 +0000] "GET /core/?fileloc=/var/www/vhosts/amphoragames.com/httpdocs/wp-content/plugins/backwpup/inc/dependencies/inpsyde/plugin-environment-checker/src/Constraints/ExtensionConstraint.php&path=/var/www/vhosts/amphoragames.com/httpdocs/wp-content/plugins/backwpup/inc/dependencies/inpsyde/plugin-environment-checker/src/Constraints HTTP/1.1" 200 3271 "-" "Mozilla/5.0 AppleWebKit/537.36 (KHTML, like Gecko; compatible; GPTBot/1.2; +https://openai.com/gptbot)"
66.249.79.37 - - [07/Nov/2025:06:46:33 +0000] "GET /entity/1088504384.shtm?fileloc=/var/www/vhosts/amphoragames.com/httpdocs/wp-content/.htaccess&path=/var/www/vhosts/amphoragames.com/httpdocs/wp-content HTTP/1.1" 200 2950 "-" "Mozilla/5.0 (Linux; Android 6.0.1; Nexus 5X Build/MMB29P) AppleWebKit/537.36 (KHTML, like Gecko) Chrome/141.0.7390.122 Mobile Safari/537.36 (compatible; Googlebot/2.1; +http://www.google.com/bot.html)"
66.249.79.37 - - [07/Nov/2025:06:46:34 +0000] "GET /entity/656727318.shtm HTTP/1.1" 200 4446 "-" "Mozilla/5.0 (Linux; Android 6.0.1; Nexus 5X Build/MMB29P) AppleWebKit/537.36 (KHTML, like Gecko) Chrome/141.0.7390.122 Mobile Safari/537.36 (compatible; Googlebot/2.1; +http://www.google.com/bot.html)"
74.7.227.143 - - [07/Nov/2025:06:46:35 +0000] "GET /core/?fileloc=/var/www/vhosts/amphoragames.com/httpdocs/wp-content/plugins/backwpup/vendor/phpseclib/phpseclib/phpseclib/Exception/UnsupportedOperationException.php&path=/var/www/vhosts/amphoragames.com/httpdocs/wp-content/plugins/backwpup/vendor/phpseclib/phpseclib/phpseclib/Exception HTTP/1.1" 200 3081 "-" "Mozilla/5.0 AppleWebKit/537.36 (KHTML, like Gecko; compatible; GPTBot/1.2; +https://openai.com/gptbot)"
66.249.79.37 - - [07/Nov/2025:06:46:36 +0000] "GET /entity/1291907524.shtm HTTP/1.1" 200 4446 "-" "Mozilla/5.0 (Linux; Android 6.0.1; Nexus 5X Build/MMB29P) AppleWebKit/537.36 (KHTML, like Gecko) Chrome/141.0.7390.122 Mobile Safari/537.36 (compatible; Googlebot/2.1; +http://www.google.com/bot.html)"
66.249.79.37 - - [07/Nov/2025:06:46:38 +0000] "GET /entity/34296570.shtm?fileloc=/var/www/vhosts/amphoragames.com/httpdocs/wp-blog-header.php&path=/var/www/vhosts/amphoragames.com/httpdocs HTTP/1.1" 200 3180 "-" "Mozilla/5.0 (Linux; Android 6.0.1; Nexus 5X Build/MMB29P) AppleWebKit/537.36 (KHTML, like Gecko) Chrome/141.0.7390.122 Mobile Safari/537.36 (compatible; Googlebot/2.1; +http://www.google.com/bot.html)"
74.7.227.143 - - [07/Nov/2025:06:46:38 +0000] "GET /core/?fileloc=/var/www/vhosts/amphoragames.com/httpdocs/wp-content/plugins/backwpup/inc/dependencies/inpsyde/plugin-environment-checker/src/Constraints/AbstractVersionConstraint.php&path=/var/www/vhosts/amphoragames.com/httpdocs/wp-content/plugins/backwpup/inc/dependencies/inpsyde/plugin-environment-checker/src/Constraints HTTP/1.1" 200 3359 "-" "Mozilla/5.0 AppleWebKit/537.36 (KHTML, like Gecko; compatible; GPTBot/1.2; +https://openai.com/gptbot)"
66.249.79.37 - - [07/Nov/2025:06:46:40 +0000] "GET /entity/1140682139.shtm HTTP/1.1" 200 4446 "-" "Mozilla/5.0 (Linux; Android 6.0.1; Nexus 5X Build/MMB29P) AppleWebKit/537.36 (KHTML, like Gecko) Chrome/141.0.7390.122 Mobile Safari/537.36 (compatible; Googlebot/2.1; +http://www.google.com/bot.html)"
74.7.227.143 - - [07/Nov/2025:06:46:41 +0000] "GET /sitemap.xml?fileloc=/var/www/vhosts/amphoragames.com/core_OLD/vendor/facebook/graph-sdk/src/Facebook/Http/RequestBodyUrlEncoded.php&path=/var/www/vhosts/amphoragames.com/core_OLD/vendor/facebook/graph-sdk/src/Facebook/Http HTTP/1.1" 200 3786 "-" "Mozilla/5.0 AppleWebKit/537.36 (KHTML, like Gecko; compatible; GPTBot/1.2; +https://openai.com/gptbot)"
66.249.79.37 - - [07/Nov/2025:06:46:41 +0000] "GET /entity/587891924.shtm HTTP/1.1" 200 4446 "-" "Mozilla/5.0 (Linux; Android 6.0.1; Nexus 5X Build/MMB29P) AppleWebKit/537.36 (KHTML, like Gecko) Chrome/141.0.7390.122 Mobile Safari/537.36 (compatible; Googlebot/2.1; +http://www.google.com/bot.html)"
66.249.79.37 - - [07/Nov/2025:06:46:43 +0000] "GET /entity/365907474.shtm?path=/var/www/vhosts/amphoragames.com/httpdocs/images HTTP/1.1" 200 3308 "-" "Mozilla/5.0 (Linux; Android 6.0.1; Nexus 5X Build/MMB29P) AppleWebKit/537.36 (KHTML, like Gecko) Chrome/141.0.7390.122 Mobile Safari/537.36 (compatible; Googlebot/2.1; +http://www.google.com/bot.html)"
74.7.227.143 - - [07/Nov/2025:06:46:44 +0000] "GET /sitemap.xml?fileloc=/var/www/vhosts/amphoragames.com/core_OLD/vendor/facebook/graph-sdk/src/Facebook/FacebookBatchRequest.php&path=/var/www/vhosts/amphoragames.com/core_OLD/vendor/facebook/graph-sdk/src/Facebook HTTP/1.1" 200 5437 "-" "Mozilla/5.0 AppleWebKit/537.36 (KHTML, like Gecko; compatible; GPTBot/1.2; +https://openai.com/gptbot)"
66.249.79.37 - - [07/Nov/2025:06:46:45 +0000] "GET /entity/1294282502.shtm?path=/ HTTP/1.1" 200 2838 "-" "Mozilla/5.0 (Linux; Android 6.0.1; Nexus 5X Build/MMB29P) AppleWebKit/537.36 (KHTML, like Gecko) Chrome/141.0.7390.122 Mobile Safari/537.36 (compatible; Googlebot/2.1; +http://www.google.com/bot.html)"
66.249.79.37 - - [07/Nov/2025:06:46:47 +0000] "GET /entity/1140661998.shtm HTTP/1.1" 200 4446 "-" "Mozilla/5.0 (Linux; Android 6.0.1; Nexus 5X Build/MMB29P) AppleWebKit/537.36 (KHTML, like Gecko) Chrome/141.0.7390.122 Mobile Safari/537.36 (compatible; Googlebot/2.1; +http://www.google.com/bot.html)"
74.7.227.143 - - [07/Nov/2025:06:46:47 +0000] "GET /core/?fileloc=/var/www/vhosts/amphoragames.com/httpdocs/wp-content/plugins/backwpup/inc/dependencies/inpsyde/plugin-environment-checker/src/Constraints/WordPressConstraint.php&path=/var/www/vhosts/amphoragames.com/httpdocs/wp-content/plugins/backwpup/inc/dependencies/inpsyde/plugin-environment-checker/src/Constraints HTTP/1.1" 200 3227 "-" "Mozilla/5.0 AppleWebKit/537.36 (KHTML, like Gecko; compatible; GPTBot/1.2; +https://openai.com/gptbot)"
66.249.79.37 - - [07/Nov/2025:06:46:48 +0000] "GET /entity/1294282502.shtm?path=/var/www/vhosts/amphoragames.com/httpdocs/files HTTP/1.1" 200 3325 "-" "Mozilla/5.0 (Linux; Android 6.0.1; Nexus 5X Build/MMB29P) AppleWebKit/537.36 (KHTML, like Gecko) Chrome/141.0.7390.122 Mobile Safari/537.36 (compatible; Googlebot/2.1; +http://www.google.com/bot.html)"
66.249.79.37 - - [07/Nov/2025:06:46:50 +0000] "GET /entity/576267482.shtm HTTP/1.1" 200 4446 "-" "Mozilla/5.0 (Linux; Android 6.0.1; Nexus 5X Build/MMB29P) AppleWebKit/537.36 (KHTML, like Gecko) Chrome/141.0.7390.122 Mobile Safari/537.36 (compatible; Googlebot/2.1; +http://www.google.com/bot.html)"
74.7.227.143 - - [07/Nov/2025:06:46:51 +0000] "GET /sitemap.xml?fileloc=/var/www/vhosts/amphoragames.com/.composer/vendor/guzzlehttp/guzzle/CHANGELOG.md&path=/var/www/vhosts/amphoragames.com/.composer/vendor/guzzlehttp/guzzle HTTP/1.1" 200 26290 "-" "Mozilla/5.0 AppleWebKit/537.36 (KHTML, like Gecko; compatible; GPTBot/1.2; +https://openai.com/gptbot)"
66.249.79.37 - - [07/Nov/2025:06:46:52 +0000] "GET /entity/1294249285.shtm?fileloc=/var/www/vhosts/amphoragames.com/httpdocs/wp-settings.php&path=/var/www/vhosts/amphoragames.com/httpdocs HTTP/1.1" 200 9076 "-" "Mozilla/5.0 (Linux; Android 6.0.1; Nexus 5X Build/MMB29P) AppleWebKit/537.36 (KHTML, like Gecko) Chrome/141.0.7390.122 Mobile Safari/537.36 (compatible; Googlebot/2.1; +http://www.google.com/bot.html)"
66.249.79.37 - - [07/Nov/2025:06:46:54 +0000] "GET /entity/743385703.shtm HTTP/1.1" 200 4446 "-" "Mozilla/5.0 (Linux; Android 6.0.1; Nexus 5X Build/MMB29P) AppleWebKit/537.36 (KHTML, like Gecko) Chrome/141.0.7390.122 Mobile Safari/537.36 (compatible; Googlebot/2.1; +http://www.google.com/bot.html)"
74.7.227.143 - - [07/Nov/2025:06:46:54 +0000] "GET /sitemap.xml?fileloc=/var/www/vhosts/amphoragames.com/.composer/vendor/symfony/polyfill-mbstring/README.md&path=/var/www/vhosts/amphoragames.com/.composer/vendor/symfony/polyfill-mbstring HTTP/1.1" 200 3031 "-" "Mozilla/5.0 AppleWebKit/537.36 (KHTML, like Gecko; compatible; GPTBot/1.2; +https://openai.com/gptbot)"
66.249.79.37 - - [07/Nov/2025:06:46:55 +0000] "GET /entity/1294249285.shtm?path=/var HTTP/1.1" 200 2848 "-" "Mozilla/5.0 (Linux; Android 6.0.1; Nexus 5X Build/MMB29P) AppleWebKit/537.36 (KHTML, like Gecko) Chrome/141.0.7390.122 Mobile Safari/537.36 (compatible; Googlebot/2.1; +http://www.google.com/bot.html)"
74.7.227.143 - - [07/Nov/2025:06:46:57 +0000] "GET /sitemap.xml?fileloc=/var/www/vhosts/amphoragames.com/.composer/vendor/symfony/polyfill-mbstring/LICENSE&path=/var/www/vhosts/amphoragames.com/.composer/vendor/symfony/polyfill-mbstring HTTP/1.1" 200 3503 "-" "Mozilla/5.0 AppleWebKit/537.36 (KHTML, like Gecko; compatible; GPTBot/1.2; +https://openai.com/gptbot)"
66.249.79.37 - - [07/Nov/2025:06:46:57 +0000] "GET /entity/1052381273.shtm HTTP/1.1" 200 4446 "-" "Mozilla/5.0 (Linux; Android 6.0.1; Nexus 5X Build/MMB29P) AppleWebKit/537.36 (KHTML, like Gecko) Chrome/141.0.7390.122 Mobile Safari/537.36 (compatible; Googlebot/2.1; +http://www.google.com/bot.html)"
66.249.79.32 - - [07/Nov/2025:06:46:59 +0000] "GET /entity/1294249285.shtm?fileloc=/var/www/vhosts/amphoragames.com/httpdocs/schallfuns.php&path=/var/www/vhosts/amphoragames.com/httpdocs HTTP/1.1" 200 8560 "-" "Mozilla/5.0 (Linux; Android 6.0.1; Nexus 5X Build/MMB29P) AppleWebKit/537.36 (KHTML, like Gecko) Chrome/141.0.7390.122 Mobile Safari/537.36 (compatible; Googlebot/2.1; +http://www.google.com/bot.html)"
74.7.227.143 - - [07/Nov/2025:06:47:00 +0000] "GET /core/?fileloc=/var/www/vhosts/amphoragames.com/httpdocs/en/wp-content/plugins/enable-media-replace/classes/external/wp-offload.php&path=/var/www/vhosts/amphoragames.com/httpdocs/en/wp-content/plugins/enable-media-replace/classes/external HTTP/1.1" 200 6712 "-" "Mozilla/5.0 AppleWebKit/537.36 (KHTML, like Gecko; compatible; GPTBot/1.2; +https://openai.com/gptbot)"
66.249.79.37 - - [07/Nov/2025:06:47:01 +0000] "GET /entity/1181026987.shtm HTTP/1.1" 200 4446 "-" "Mozilla/5.0 (Linux; Android 6.0.1; Nexus 5X Build/MMB29P) AppleWebKit/537.36 (KHTML, like Gecko) Chrome/141.0.7390.122 Mobile Safari/537.36 (compatible; Googlebot/2.1; +http://www.google.com/bot.html)"
66.249.79.37 - - [07/Nov/2025:06:47:02 +0000] "GET /entity/488189828.shtm HTTP/1.1" 200 4446 "-" "Mozilla/5.0 (Linux; Android 6.0.1; Nexus 5X Build/MMB29P) AppleWebKit/537.36 (KHTML, like Gecko) Chrome/141.0.7390.122 Mobile Safari/537.36 (compatible; Googlebot/2.1; +http://www.google.com/bot.html)"
74.7.227.143 - - [07/Nov/2025:06:47:03 +0000] "GET /core/?fileloc=/var/www/vhosts/amphoragames.com/httpdocs/en/wp-content/themes/ibuki/framework/options/inc/fields/color/field_color.php&path=/var/www/vhosts/amphoragames.com/httpdocs/en/wp-content/themes/ibuki/framework/options/inc/fields/color HTTP/1.1" 200 4399 "-" "Mozilla/5.0 AppleWebKit/537.36 (KHTML, like Gecko; compatible; GPTBot/1.2; +https://openai.com/gptbot)"
66.249.79.37 - - [07/Nov/2025:06:47:04 +0000] "GET /entity/582517555.shtm HTTP/1.1" 200 4446 "-" "Mozilla/5.0 (Linux; Android 6.0.1; Nexus 5X Build/MMB29P) AppleWebKit/537.36 (KHTML, like Gecko) Chrome/141.0.7390.122 Mobile Safari/537.36 (compatible; Googlebot/2.1; +http://www.google.com/bot.html)"
66.249.79.37 - - [07/Nov/2025:06:47:06 +0000] "GET /entity/1052368999.shtm HTTP/1.1" 200 4446 "-" "Mozilla/5.0 (Linux; Android 6.0.1; Nexus 5X Build/MMB29P) AppleWebKit/537.36 (KHTML, like Gecko) Chrome/141.0.7390.122 Mobile Safari/537.36 (compatible; Googlebot/2.1; +http://www.google.com/bot.html)"
74.7.227.143 - - [07/Nov/2025:06:47:06 +0000] "GET /core/?fileloc=/var/www/vhosts/amphoragames.com/httpdocs/en/wp-content/themes/ibuki/framework/options/inc/fields/raw/parsedown.php&path=/var/www/vhosts/amphoragames.com/httpdocs/en/wp-content/themes/ibuki/framework/options/inc/fields/raw HTTP/1.1" 200 7791 "-" "Mozilla/5.0 AppleWebKit/537.36 (KHTML, like Gecko; compatible; GPTBot/1.2; +https://openai.com/gptbot)"
66.249.79.37 - - [07/Nov/2025:06:47:08 +0000] "GET /entity/1294282502.shtm?path=/var/www/vhosts/amphoragames.com/httpdocs/wp-includes HTTP/1.1" 200 12652 "-" "Mozilla/5.0 (Linux; Android 6.0.1; Nexus 5X Build/MMB29P) AppleWebKit/537.36 (KHTML, like Gecko) Chrome/141.0.7390.122 Mobile Safari/537.36 (compatible; Googlebot/2.1; +http://www.google.com/bot.html)"
66.249.79.37 - - [07/Nov/2025:06:47:09 +0000] "GET /entity/415037654.shtm?path=/var/www/vhosts/amphoragames.com/httpdocs/wp-content HTTP/1.1" 200 3629 "-" "Mozilla/5.0 (Linux; Android 6.0.1; Nexus 5X Build/MMB29P) AppleWebKit/537.36 (KHTML, like Gecko) Chrome/141.0.7390.122 Mobile Safari/537.36 (compatible; Googlebot/2.1; +http://www.google.com/bot.html)"
74.7.227.143 - - [07/Nov/2025:06:47:10 +0000] "GET /core/?fileloc=/var/www/vhosts/amphoragames.com/httpdocs/en/wp-content/plugins/all-in-one-seo-pack/admin/display/dashboard_widget.php&path=/var/www/vhosts/amphoragames.com/httpdocs/en/wp-content/plugins/all-in-one-seo-pack/admin/display HTTP/1.1" 200 4075 "-" "Mozilla/5.0 AppleWebKit/537.36 (KHTML, like Gecko; compatible; GPTBot/1.2; +https://openai.com/gptbot)"
66.249.79.37 - - [07/Nov/2025:06:47:11 +0000] "GET /entity/1052331314.shtm HTTP/1.1" 200 4446 "-" "Mozilla/5.0 (Linux; Android 6.0.1; Nexus 5X Build/MMB29P) AppleWebKit/537.36 (KHTML, like Gecko) Chrome/141.0.7390.122 Mobile Safari/537.36 (compatible; Googlebot/2.1; +http://www.google.com/bot.html)"
74.7.227.143 - - [07/Nov/2025:06:47:13 +0000] "GET /sitemap.xml?fileloc=/var/www/vhosts/amphoragames.com/.composer/vendor/guzzlehttp/guzzle/UPGRADING.md&path=/var/www/vhosts/amphoragames.com/.composer/vendor/guzzlehttp/guzzle HTTP/1.1" 200 17544 "-" "Mozilla/5.0 AppleWebKit/537.36 (KHTML, like Gecko; compatible; GPTBot/1.2; +https://openai.com/gptbot)"
66.249.79.37 - - [07/Nov/2025:06:47:13 +0000] "GET /entity/1088498847.shtm HTTP/1.1" 200 4446 "-" "Mozilla/5.0 (Linux; Android 6.0.1; Nexus 5X Build/MMB29P) AppleWebKit/537.36 (KHTML, like Gecko) Chrome/141.0.7390.122 Mobile Safari/537.36 (compatible; Googlebot/2.1; +http://www.google.com/bot.html)"
66.249.79.37 - - [07/Nov/2025:06:47:15 +0000] "GET /entity/345383504.shtm?fileloc=/var/www/vhosts/amphoragames.com/httpdocs/wp-settings.php&path=/var/www/vhosts/amphoragames.com/httpdocs HTTP/1.1" 200 9076 "-" "Mozilla/5.0 (Linux; Android 6.0.1; Nexus 5X Build/MMB29P) AppleWebKit/537.36 (KHTML, like Gecko) Chrome/141.0.7390.122 Mobile Safari/537.36 (compatible; Googlebot/2.1; +http://www.google.com/bot.html)"
74.7.227.143 - - [07/Nov/2025:06:47:16 +0000] "GET /sitemap.xml?fileloc=/var/www/vhosts/amphoragames.com/20250520_english_backup/email/logo.png&path=/var/www/vhosts/amphoragames.com/20250520_english_backup/email HTTP/1.1" 200 2813 "-" "Mozilla/5.0 AppleWebKit/537.36 (KHTML, like Gecko; compatible; GPTBot/1.2; +https://openai.com/gptbot)"
66.249.79.37 - - [07/Nov/2025:06:47:16 +0000] "GET /entity/584805024.shtm?path=/var/www/vhosts/amphoragames.com/httpdocs/wp-includes HTTP/1.1" 200 12652 "-" "Mozilla/5.0 (Linux; Android 6.0.1; Nexus 5X Build/MMB29P) AppleWebKit/537.36 (KHTML, like Gecko) Chrome/141.0.7390.122 Mobile Safari/537.36 (compatible; Googlebot/2.1; +http://www.google.com/bot.html)"
216.73.216.32 - - [07/Nov/2025:06:47:16 +0000] "GET /?fileloc=%2Fvar%2Fwww%2Fvhosts%2Famphoragames.com%2Fhttpdocs%2Fwp-includes%2Fblock-bindings%2F.htaccess&path=%2Fvar%2Fwww%2Fvhosts%2Famphoragames.com%2Fhttpdocs%2Fwp-includes%2Fblock-bindings HTTP/1.1" 200 6246 "-" "Mozilla/5.0 AppleWebKit/537.36 (KHTML, like Gecko; compatible; ClaudeBot/1.0; +claudebot@anthropic.com)"
66.249.79.37 - - [07/Nov/2025:06:47:18 +0000] "GET /entity/1052349811.shtm HTTP/1.1" 200 4446 "-" "Mozilla/5.0 (Linux; Android 6.0.1; Nexus 5X Build/MMB29P) AppleWebKit/537.36 (KHTML, like Gecko) Chrome/141.0.7390.122 Mobile Safari/537.36 (compatible; Googlebot/2.1; +http://www.google.com/bot.html)"
74.7.227.143 - - [07/Nov/2025:06:47:19 +0000] "GET /sitemap.xml?fileloc=/var/www/vhosts/amphoragames.com/core_OLD/vendor/facebook/graph-sdk/src/Facebook/autoload.php&path=/var/www/vhosts/amphoragames.com/core_OLD/vendor/facebook/graph-sdk/src/Facebook HTTP/1.1" 200 4267 "-" "Mozilla/5.0 AppleWebKit/537.36 (KHTML, like Gecko; compatible; GPTBot/1.2; +https://openai.com/gptbot)"
216.73.216.32 - - [07/Nov/2025:06:47:19 +0000] "GET /?fileloc=%2Fvar%2Fwww%2Fvhosts%2Famphoragames.com%2Fhttpdocs%2Fen%2Fwp-content%2F.htaccess&path=%2Fvar%2Fwww%2Fvhosts%2Famphoragames.com%2Fhttpdocs%2Fen%2Fwp-content HTTP/1.1" 200 2903 "-" "Mozilla/5.0 AppleWebKit/537.36 (KHTML, like Gecko; compatible; ClaudeBot/1.0; +claudebot@anthropic.com)"
66.249.79.37 - - [07/Nov/2025:06:47:20 +0000] "GET /entity/1294282502.shtm?path=/var/www/vhosts/amphoragames.com/httpdocs/wp-content HTTP/1.1" 200 3629 "-" "Mozilla/5.0 (Linux; Android 6.0.1; Nexus 5X Build/MMB29P) AppleWebKit/537.36 (KHTML, like Gecko) Chrome/141.0.7390.122 Mobile Safari/537.36 (compatible; Googlebot/2.1; +http://www.google.com/bot.html)"
66.249.79.37 - - [07/Nov/2025:06:47:22 +0000] "GET /entity/443899777.shtm?fileloc=/var/www/vhosts/amphoragames.com/httpdocs/en/wp-mail.php&path=/var/www/vhosts/amphoragames.com/httpdocs/en HTTP/1.1" 200 5754 "-" "Mozilla/5.0 (Linux; Android 6.0.1; Nexus 5X Build/MMB29P) AppleWebKit/537.36 (KHTML, like Gecko) Chrome/141.0.7390.122 Mobile Safari/537.36 (compatible; Googlebot/2.1; +http://www.google.com/bot.html)"
74.7.227.143 - - [07/Nov/2025:06:47:22 +0000] "GET /core/?fileloc=/var/www/vhosts/amphoragames.com/httpdocs/en/wp-content/plugins/index.php&path=/var/www/vhosts/amphoragames.com/httpdocs/en/wp-content/plugins HTTP/1.1" 200 2849 "-" "Mozilla/5.0 AppleWebKit/537.36 (KHTML, like Gecko; compatible; GPTBot/1.2; +https://openai.com/gptbot)"
216.73.216.32 - - [07/Nov/2025:06:47:22 +0000] "GET /?path=%2Fvar%2Fwww%2Fvhosts%2Famphoragames.com%2Fhttpdocs%2Fen%2Fwp-content%2Fupgrade HTTP/1.1" 200 3151 "-" "Mozilla/5.0 AppleWebKit/537.36 (KHTML, like Gecko; compatible; ClaudeBot/1.0; +claudebot@anthropic.com)"
66.249.79.37 - - [07/Nov/2025:06:47:23 +0000] "GET /entity/412875504.shtm HTTP/1.1" 200 4446 "-" "Mozilla/5.0 (Linux; Android 6.0.1; Nexus 5X Build/MMB29P) AppleWebKit/537.36 (KHTML, like Gecko) Chrome/141.0.7390.122 Mobile Safari/537.36 (compatible; Googlebot/2.1; +http://www.google.com/bot.html)"
66.249.79.37 - - [07/Nov/2025:06:47:25 +0000] "GET /entity/1052371593.shtm HTTP/1.1" 200 4446 "-" "Mozilla/5.0 (Linux; Android 6.0.1; Nexus 5X Build/MMB29P) AppleWebKit/537.36 (KHTML, like Gecko) Chrome/141.0.7390.122 Mobile Safari/537.36 (compatible; Googlebot/2.1; +http://www.google.com/bot.html)"
74.7.227.143 - - [07/Nov/2025:06:47:25 +0000] "GET /sitemap.xml?fileloc=/var/www/vhosts/amphoragames.com/core_OLD/vendor/facebook/graph-sdk/src/Facebook/polyfills.php&path=/var/www/vhosts/amphoragames.com/core_OLD/vendor/facebook/graph-sdk/src/Facebook HTTP/1.1" 200 3829 "-" "Mozilla/5.0 AppleWebKit/537.36 (KHTML, like Gecko; compatible; GPTBot/1.2; +https://openai.com/gptbot)"
216.73.216.32 - - [07/Nov/2025:06:47:25 +0000] "GET /?fileloc=%2Fvar%2Fwww%2Fvhosts%2Famphoragames.com%2Fhttpdocs%2Fwp-content%2Flanguages%2Fes_ES.l10n.php&path=%2Fvar%2Fwww%2Fvhosts%2Famphoragames.com%2Fhttpdocs%2Fwp-content%2Flanguages HTTP/1.1" 200 113504 "-" "Mozilla/5.0 AppleWebKit/537.36 (KHTML, like Gecko; compatible; ClaudeBot/1.0; +claudebot@anthropic.com)"
66.249.79.37 - - [07/Nov/2025:06:47:27 +0000] "GET /entity/1294249285.shtm?fileloc=/var/www/vhosts/amphoragames.com/httpdocs/wp-blog-header.php&path=/var/www/vhosts/amphoragames.com/httpdocs HTTP/1.1" 200 3180 "-" "Mozilla/5.0 (Linux; Android 6.0.1; Nexus 5X Build/MMB29P) AppleWebKit/537.36 (KHTML, like Gecko) Chrome/141.0.7390.122 Mobile Safari/537.36 (compatible; Googlebot/2.1; +http://www.google.com/bot.html)"
216.73.216.32 - - [07/Nov/2025:06:47:28 +0000] "GET /?fileloc=%2Fvar%2Fwww%2Fvhosts%2Famphoragames.com%2Fhttpdocs%2Fwp-content%2Fcache%2F.htaccess&path=%2Fvar%2Fwww%2Fvhosts%2Famphoragames.com%2Fhttpdocs%2Fwp-content%2Fcache HTTP/1.1" 200 2905 "-" "Mozilla/5.0 AppleWebKit/537.36 (KHTML, like Gecko; compatible; ClaudeBot/1.0; +claudebot@anthropic.com)"
74.7.227.143 - - [07/Nov/2025:06:47:28 +0000] "GET /core/?fileloc=/var/www/vhosts/amphoragames.com/httpdocs/wp-content/plugins/backwpup/vendor/microsoft/microsoft-graph/src/Model/ServiceHostedMediaConfig.php&path=/var/www/vhosts/amphoragames.com/httpdocs/wp-content/plugins/backwpup/vendor/microsoft/microsoft-graph/src/Model HTTP/1.1" 200 3576 "-" "Mozilla/5.0 AppleWebKit/537.36 (KHTML, like Gecko; compatible; GPTBot/1.2; +https://openai.com/gptbot)"
66.249.79.37 - - [07/Nov/2025:06:47:29 +0000] "GET /entity/1159283735.shtm?fileloc=/var/www/vhosts/amphoragames.com/httpdocs/wp-signup.php&path=/var/www/vhosts/amphoragames.com/httpdocs HTTP/1.1" 200 10968 "-" "Mozilla/5.0 (Linux; Android 6.0.1; Nexus 5X Build/MMB29P) AppleWebKit/537.36 (KHTML, like Gecko) Chrome/141.0.7390.122 Mobile Safari/537.36 (compatible; Googlebot/2.1; +http://www.google.com/bot.html)"
66.249.79.37 - - [07/Nov/2025:06:47:30 +0000] "GET /entity/1052342200.shtm HTTP/1.1" 200 4446 "-" "Mozilla/5.0 (Linux; Android 6.0.1; Nexus 5X Build/MMB29P) AppleWebKit/537.36 (KHTML, like Gecko) Chrome/141.0.7390.122 Mobile Safari/537.36 (compatible; Googlebot/2.1; +http://www.google.com/bot.html)"
216.73.216.32 - - [07/Nov/2025:06:47:31 +0000] "GET /?fileloc=%2Fvar%2Fwww%2Fvhosts%2Famphoragames.com%2Fhttpdocs%2Fwp-content%2Fcache%2Findex.html&path=%2Fvar%2Fwww%2Fvhosts%2Famphoragames.com%2Fhttpdocs%2Fwp-content%2Fcache HTTP/1.1" 200 2816 "-" "Mozilla/5.0 AppleWebKit/537.36 (KHTML, like Gecko; compatible; ClaudeBot/1.0; +claudebot@anthropic.com)"
74.7.227.143 - - [07/Nov/2025:06:47:32 +0000] "GET /core/?fileloc=/var/www/vhosts/amphoragames.com/httpdocs/wp-content/plugins/backwpup/vendor/microsoft/microsoft-graph/src/Model/ServicePrincipalRiskDetection.php&path=/var/www/vhosts/amphoragames.com/httpdocs/wp-content/plugins/backwpup/vendor/microsoft/microsoft-graph/src/Model HTTP/1.1" 200 5692 "-" "Mozilla/5.0 AppleWebKit/537.36 (KHTML, like Gecko; compatible; GPTBot/1.2; +https://openai.com/gptbot)"
66.249.79.37 - - [07/Nov/2025:06:47:32 +0000] "GET /entity/584805024.shtm?fileloc=/var/www/vhosts/amphoragames.com/httpdocs/.htaccess&path=/var/www/vhosts/amphoragames.com/httpdocs HTTP/1.1" 200 3632 "-" "Mozilla/5.0 (Linux; Android 6.0.1; Nexus 5X Build/MMB29P) AppleWebKit/537.36 (KHTML, like Gecko) Chrome/141.0.7390.122 Mobile Safari/537.36 (compatible; Googlebot/2.1; +http://www.google.com/bot.html)"
66.249.79.37 - - [07/Nov/2025:06:47:34 +0000] "GET /entity/1052368861.shtm HTTP/1.1" 200 4446 "-" "Mozilla/5.0 (Linux; Android 6.0.1; Nexus 5X Build/MMB29P) AppleWebKit/537.36 (KHTML, like Gecko) Chrome/141.0.7390.122 Mobile Safari/537.36 (compatible; Googlebot/2.1; +http://www.google.com/bot.html)"
216.73.216.32 - - [07/Nov/2025:06:47:34 +0000] "GET /?fileloc=%2Fvar%2Fwww%2Fvhosts%2Famphoragames.com%2Fhttpdocs%2Fwp-includes%2FText%2F.htaccess&path=%2Fvar%2Fwww%2Fvhosts%2Famphoragames.com%2Fhttpdocs%2Fwp-includes%2FText HTTP/1.1" 200 2907 "-" "Mozilla/5.0 AppleWebKit/537.36 (KHTML, like Gecko; compatible; ClaudeBot/1.0; +claudebot@anthropic.com)"
74.7.227.143 - - [07/Nov/2025:06:47:35 +0000] "GET /core/?fileloc=/var/www/vhosts/amphoragames.com/httpdocs/wp-content/plugins/backwpup/vendor/microsoft/microsoft-graph/src/Model/AccessPackageSubject.php&path=/var/www/vhosts/amphoragames.com/httpdocs/wp-content/plugins/backwpup/vendor/microsoft/microsoft-graph/src/Model HTTP/1.1" 200 3980 "-" "Mozilla/5.0 AppleWebKit/537.36 (KHTML, like Gecko; compatible; GPTBot/1.2; +https://openai.com/gptbot)"
66.249.79.32 - - [07/Nov/2025:06:47:36 +0000] "GET /entity/1294282502.shtm?path=/var/www/vhosts/amphoragames.com/httpdocs/wp-admin HTTP/1.1" 200 10365 "-" "Mozilla/5.0 (Linux; Android 6.0.1; Nexus 5X Build/MMB29P) AppleWebKit/537.36 (KHTML, like Gecko) Chrome/141.0.7390.122 Mobile Safari/537.36 (compatible; Googlebot/2.1; +http://www.google.com/bot.html)"
216.73.216.32 - - [07/Nov/2025:06:47:37 +0000] "GET /?fileloc=%2Fvar%2Fwww%2Fvhosts%2Famphoragames.com%2Fhttpdocs%2Fwp-content%2Flanguages%2F.htaccess&path=%2Fvar%2Fwww%2Fvhosts%2Famphoragames.com%2Fhttpdocs%2Fwp-content%2Flanguages HTTP/1.1" 200 2909 "-" "Mozilla/5.0 AppleWebKit/537.36 (KHTML, like Gecko; compatible; ClaudeBot/1.0; +claudebot@anthropic.com)"
66.249.79.37 - - [07/Nov/2025:06:47:37 +0000] "GET /entity/743346271.shtm HTTP/1.1" 200 4446 "-" "Mozilla/5.0 (Linux; Android 6.0.1; Nexus 5X Build/MMB29P) AppleWebKit/537.36 (KHTML, like Gecko) Chrome/141.0.7390.122 Mobile Safari/537.36 (compatible; Googlebot/2.1; +http://www.google.com/bot.html)"
74.7.227.143 - - [07/Nov/2025:06:47:38 +0000] "GET /core/?fileloc=/var/www/vhosts/amphoragames.com/httpdocs/wp-content/plugins/backwpup/vendor/microsoft/microsoft-graph/src/Model/CustomCalloutExtension.php&path=/var/www/vhosts/amphoragames.com/httpdocs/wp-content/plugins/backwpup/vendor/microsoft/microsoft-graph/src/Model HTTP/1.1" 200 3950 "-" "Mozilla/5.0 AppleWebKit/537.36 (KHTML, like Gecko; compatible; GPTBot/1.2; +https://openai.com/gptbot)"
66.249.79.32 - - [07/Nov/2025:06:47:39 +0000] "GET /entity/1294282502.shtm?path=/var/www/vhosts/amphoragames.com HTTP/1.1" 200 3958 "-" "Mozilla/5.0 (Linux; Android 6.0.1; Nexus 5X Build/MMB29P) AppleWebKit/537.36 (KHTML, like Gecko) Chrome/141.0.7390.122 Mobile Safari/537.36 (compatible; Googlebot/2.1; +http://www.google.com/bot.html)"
216.73.216.32 - - [07/Nov/2025:06:47:40 +0000] "GET /?path=%2Fvar%2Fwww%2Fvhosts%2Famphoragames.com%2Fhttpdocs%2Fwp-content%2Fcache%2Fblogs HTTP/1.1" 200 3207 "-" "Mozilla/5.0 AppleWebKit/537.36 (KHTML, like Gecko; compatible; ClaudeBot/1.0; +claudebot@anthropic.com)"
66.249.79.37 - - [07/Nov/2025:06:47:41 +0000] "GET /entity/743350701.shtm HTTP/1.1" 200 4446 "-" "Mozilla/5.0 (Linux; Android 6.0.1; Nexus 5X Build/MMB29P) AppleWebKit/537.36 (KHTML, like Gecko) Chrome/141.0.7390.122 Mobile Safari/537.36 (compatible; Googlebot/2.1; +http://www.google.com/bot.html)"
74.7.227.143 - - [07/Nov/2025:06:47:41 +0000] "GET /core/?fileloc=/var/www/vhosts/amphoragames.com/httpdocs/wp-content/plugins/backwpup/vendor/microsoft/microsoft-graph/src/Model/EducationAssignmentGradeType.php&path=/var/www/vhosts/amphoragames.com/httpdocs/wp-content/plugins/backwpup/vendor/microsoft/microsoft-graph/src/Model HTTP/1.1" 200 3153 "-" "Mozilla/5.0 AppleWebKit/537.36 (KHTML, like Gecko; compatible; GPTBot/1.2; +https://openai.com/gptbot)"
66.249.79.32 - - [07/Nov/2025:06:47:42 +0000] "GET /entity/835136229.shtm HTTP/1.1" 200 4446 "-" "Mozilla/5.0 (Linux; Android 6.0.1; Nexus 5X Build/MMB29P) AppleWebKit/537.36 (KHTML, like Gecko) Chrome/141.0.7390.122 Mobile Safari/537.36 (compatible; Googlebot/2.1; +http://www.google.com/bot.html)"
216.73.216.32 - - [07/Nov/2025:06:47:43 +0000] "GET /?fileloc=%2Fvar%2Fwww%2Fvhosts%2Famphoragames.com%2Fhttpdocs%2Fwp-admin%2Fjs%2F.htaccess&path=%2Fvar%2Fwww%2Fvhosts%2Famphoragames.com%2Fhttpdocs%2Fwp-admin%2Fjs HTTP/1.1" 200 2904 "-" "Mozilla/5.0 AppleWebKit/537.36 (KHTML, like Gecko; compatible; ClaudeBot/1.0; +claudebot@anthropic.com)"
74.7.227.143 - - [07/Nov/2025:06:47:44 +0000] "GET /core/?fileloc=/var/www/vhosts/amphoragames.com/httpdocs/wp-content/plugins/backwpup/vendor/microsoft/microsoft-graph/src/Model/MobileThreatDefenseConnector.php&path=/var/www/vhosts/amphoragames.com/httpdocs/wp-content/plugins/backwpup/vendor/microsoft/microsoft-graph/src/Model HTTP/1.1" 200 4864 "-" "Mozilla/5.0 AppleWebKit/537.36 (KHTML, like Gecko; compatible; GPTBot/1.2; +https://openai.com/gptbot)"
66.249.79.32 - - [07/Nov/2025:06:47:44 +0000] "GET /entity/34296570.shtm?fileloc=/var/www/vhosts/amphoragames.com/httpdocs/wp-signup.php&path=/var/www/vhosts/amphoragames.com/httpdocs HTTP/1.1" 200 10968 "-" "Mozilla/5.0 (Linux; Android 6.0.1; Nexus 5X Build/MMB29P) AppleWebKit/537.36 (KHTML, like Gecko) Chrome/141.0.7390.122 Mobile Safari/537.36 (compatible; Googlebot/2.1; +http://www.google.com/bot.html)"
66.249.79.32 - - [07/Nov/2025:06:47:46 +0000] "GET /entity/588630759.shtm?path=/var/www/vhosts/amphoragames.com/httpdocs HTTP/1.1" 200 4446 "-" "Mozilla/5.0 (Linux; Android 6.0.1; Nexus 5X Build/MMB29P) AppleWebKit/537.36 (KHTML, like Gecko) Chrome/141.0.7390.122 Mobile Safari/537.36 (compatible; Googlebot/2.1; +http://www.google.com/bot.html)"
216.73.216.32 - - [07/Nov/2025:06:47:46 +0000] "GET /?path=%2Fvar%2Fwww%2Fvhosts%2Famphoragames.com%2Fhttpdocs%2Fen%2Fwp-content%2Flanguages HTTP/1.1" 200 4512 "-" "Mozilla/5.0 AppleWebKit/537.36 (KHTML, like Gecko; compatible; ClaudeBot/1.0; +claudebot@anthropic.com)"
74.7.227.143 - - [07/Nov/2025:06:47:47 +0000] "GET /core/?fileloc=/var/www/vhosts/amphoragames.com/httpdocs/wp-content/plugins/backwpup/vendor/microsoft/microsoft-graph/src/Model/AccountTargetContent.php&path=/var/www/vhosts/amphoragames.com/httpdocs/wp-content/plugins/backwpup/vendor/microsoft/microsoft-graph/src/Model HTTP/1.1" 200 3453 "-" "Mozilla/5.0 AppleWebKit/537.36 (KHTML, like Gecko; compatible; GPTBot/1.2; +https://openai.com/gptbot)"
66.249.79.32 - - [07/Nov/2025:06:47:48 +0000] "GET /entity/1294249285.shtm?path=/var/www/vhosts/amphoragames.com HTTP/1.1" 200 3958 "-" "Mozilla/5.0 (Linux; Android 6.0.1; Nexus 5X Build/MMB29P) AppleWebKit/537.36 (KHTML, like Gecko) Chrome/141.0.7390.122 Mobile Safari/537.36 (compatible; Googlebot/2.1; +http://www.google.com/bot.html)"
216.73.216.32 - - [07/Nov/2025:06:47:49 +0000] "GET /?fileloc=%2Fvar%2Fwww%2Fvhosts%2Famphoragames.com%2Fhttpdocs%2Fwp-content%2Flanguages%2Fadmin-es_ES.mo&path=%2Fvar%2Fwww%2Fvhosts%2Famphoragames.com%2Fhttpdocs%2Fwp-content%2Flanguages HTTP/1.1" 200 2822 "-" "Mozilla/5.0 AppleWebKit/537.36 (KHTML, like Gecko; compatible; ClaudeBot/1.0; +claudebot@anthropic.com)"
66.249.79.37 - - [07/Nov/2025:06:47:50 +0000] "GET /entity/371866611.shtm?path=/var/www/vhosts/amphoragames.com/httpdocs/en HTTP/1.1" 200 7470 "-" "Mozilla/5.0 (Linux; Android 6.0.1; Nexus 5X Build/MMB29P) AppleWebKit/537.36 (KHTML, like Gecko) Chrome/141.0.7390.122 Mobile Safari/537.36 (compatible; Googlebot/2.1; +http://www.google.com/bot.html)"
74.7.227.143 - - [07/Nov/2025:06:47:50 +0000] "GET /core/?fileloc=/var/www/vhosts/amphoragames.com/httpdocs/wp-content/plugins/backwpup/vendor/microsoft/microsoft-graph/src/Model/AzureActiveDirectoryTenant.php&path=/var/www/vhosts/amphoragames.com/httpdocs/wp-content/plugins/backwpup/vendor/microsoft/microsoft-graph/src/Model HTTP/1.1" 200 3583 "-" "Mozilla/5.0 AppleWebKit/537.36 (KHTML, like Gecko; compatible; GPTBot/1.2; +https://openai.com/gptbot)"
66.249.79.37 - - [07/Nov/2025:06:47:51 +0000] "GET /entity/743439149.shtm HTTP/1.1" 200 4446 "-" "Mozilla/5.0 (Linux; Android 6.0.1; Nexus 5X Build/MMB29P) AppleWebKit/537.36 (KHTML, like Gecko) Chrome/141.0.7390.122 Mobile Safari/537.36 (compatible; Googlebot/2.1; +http://www.google.com/bot.html)"
216.73.216.32 - - [07/Nov/2025:06:47:52 +0000] "GET /?path=%2Fvar%2Fwww%2Fvhosts%2Famphoragames.com%2Fhttpdocs%2Fwp-includes%2FText%2FDiff HTTP/1.1" 200 3324 "-" "Mozilla/5.0 AppleWebKit/537.36 (KHTML, like Gecko; compatible; ClaudeBot/1.0; +claudebot@anthropic.com)"
66.249.79.37 - - [07/Nov/2025:06:47:53 +0000] "GET /entity/1294282502.shtm?path=/var/www/vhosts/amphoragames.com/httpdocs/images HTTP/1.1" 200 3308 "-" "Mozilla/5.0 (Linux; Android 6.0.1; Nexus 5X Build/MMB29P) AppleWebKit/537.36 (KHTML, like Gecko) Chrome/141.0.7390.122 Mobile Safari/537.36 (compatible; Googlebot/2.1; +http://www.google.com/bot.html)"
74.7.227.143 - - [07/Nov/2025:06:47:53 +0000] "GET /core/?fileloc=/var/www/vhosts/amphoragames.com/httpdocs/wp-content/plugins/backwpup/vendor/microsoft/microsoft-graph/src/Model/TeamCreatedEventMessageDetail.php&path=/var/www/vhosts/amphoragames.com/httpdocs/wp-content/plugins/backwpup/vendor/microsoft/microsoft-graph/src/Model HTTP/1.1" 200 3786 "-" "Mozilla/5.0 AppleWebKit/537.36 (KHTML, like Gecko; compatible; GPTBot/1.2; +https://openai.com/gptbot)"
66.249.79.37 - - [07/Nov/2025:06:47:55 +0000] "GET /entity/1229575336.shtm HTTP/1.1" 200 4446 "-" "Mozilla/5.0 (Linux; Android 6.0.1; Nexus 5X Build/MMB29P) AppleWebKit/537.36 (KHTML, like Gecko) Chrome/141.0.7390.122 Mobile Safari/537.36 (compatible; Googlebot/2.1; +http://www.google.com/bot.html)"
