216.73.216.32 - - [07/Nov/2025:06:47:55 +0000] "GET /?path=%2Fvar%2Fwww%2Fvhosts%2Famphoragames.com%2Fhttpdocs%2Fwp-content%2Fcache%2Fsupercache HTTP/1.1" 200 3207 "-" "Mozilla/5.0 AppleWebKit/537.36 (KHTML, like Gecko; compatible; ClaudeBot/1.0; +claudebot@anthropic.com)"
74.7.227.143 - - [07/Nov/2025:06:47:56 +0000] "GET /core/?fileloc=/var/www/vhosts/amphoragames.com/httpdocs/wp-content/plugins/backwpup/vendor/microsoft/microsoft-graph/src/Model/TeamworkNotificationRecipient.php&path=/var/www/vhosts/amphoragames.com/httpdocs/wp-content/plugins/backwpup/vendor/microsoft/microsoft-graph/src/Model HTTP/1.1" 200 3153 "-" "Mozilla/5.0 AppleWebKit/537.36 (KHTML, like Gecko; compatible; GPTBot/1.2; +https://openai.com/gptbot)"
66.249.79.32 - - [07/Nov/2025:06:47:57 +0000] "GET /entity/743435954.shtm HTTP/1.1" 200 7764 "-" "Mozilla/5.0 (Linux; Android 6.0.1; Nexus 5X Build/MMB29P) AppleWebKit/537.36 (KHTML, like Gecko) Chrome/141.0.7390.122 Mobile Safari/537.36 (compatible; Googlebot/2.1; +http://www.google.com/bot.html)"
216.73.216.32 - - [07/Nov/2025:06:47:58 +0000] "GET /?fileloc=%2Fvar%2Fwww%2Fvhosts%2Famphoragames.com%2Fhttpdocs%2Fwp-content%2Flanguages%2Fadmin-es_ES.l10n.php&path=%2Fvar%2Fwww%2Fvhosts%2Famphoragames.com%2Fhttpdocs%2Fwp-content%2Flanguages HTTP/1.1" 200 154006 "-" "Mozilla/5.0 AppleWebKit/537.36 (KHTML, like Gecko; compatible; ClaudeBot/1.0; +claudebot@anthropic.com)"
66.249.79.37 - - [07/Nov/2025:06:47:58 +0000] "GET /entity/885680428.shtm HTTP/1.1" 200 4446 "-" "Mozilla/5.0 (Linux; Android 6.0.1; Nexus 5X Build/MMB29P) AppleWebKit/537.36 (KHTML, like Gecko) Chrome/141.0.7390.122 Mobile Safari/537.36 (compatible; Googlebot/2.1; +http://www.google.com/bot.html)"
74.7.227.143 - - [07/Nov/2025:06:47:59 +0000] "GET /core/?fileloc=/var/www/vhosts/amphoragames.com/httpdocs/wp-content/plugins/backwpup/vendor/microsoft/microsoft-graph/src/Model/ExternalAudienceScope.php&path=/var/www/vhosts/amphoragames.com/httpdocs/wp-content/plugins/backwpup/vendor/microsoft/microsoft-graph/src/Model HTTP/1.1" 200 3236 "-" "Mozilla/5.0 AppleWebKit/537.36 (KHTML, like Gecko; compatible; GPTBot/1.2; +https://openai.com/gptbot)"
66.249.79.37 - - [07/Nov/2025:06:48:00 +0000] "GET /entity/584805024.shtm?fileloc=/var/www/vhosts/amphoragames.com/httpdocs/jowqw.php&path=/var/www/vhosts/amphoragames.com/httpdocs HTTP/1.1" 200 6154 "-" "Mozilla/5.0 (Linux; Android 6.0.1; Nexus 5X Build/MMB29P) AppleWebKit/537.36 (KHTML, like Gecko) Chrome/141.0.7390.122 Mobile Safari/537.36 (compatible; Googlebot/2.1; +http://www.google.com/bot.html)"
216.73.216.32 - - [07/Nov/2025:06:48:01 +0000] "GET /?fileloc=%2Fvar%2Fwww%2Fvhosts%2Famphoragames.com%2Fhttpdocs%2Fwp-admin%2Fjs%2Fsvg-painter.min.js&path=%2Fvar%2Fwww%2Fvhosts%2Famphoragames.com%2Fhttpdocs%2Fwp-admin%2Fjs HTTP/1.1" 200 3588 "-" "Mozilla/5.0 AppleWebKit/537.36 (KHTML, like Gecko; compatible; ClaudeBot/1.0; +claudebot@anthropic.com)"
66.249.79.37 - - [07/Nov/2025:06:48:02 +0000] "GET /entity/737952467.shtm HTTP/1.1" 200 4446 "-" "Mozilla/5.0 (Linux; Android 6.0.1; Nexus 5X Build/MMB29P) AppleWebKit/537.36 (KHTML, like Gecko) Chrome/141.0.7390.122 Mobile Safari/537.36 (compatible; Googlebot/2.1; +http://www.google.com/bot.html)"
74.7.227.143 - - [07/Nov/2025:06:48:03 +0000] "GET /core/?fileloc=/var/www/vhosts/amphoragames.com/httpdocs/wp-content/plugins/backwpup/vendor/microsoft/microsoft-graph/src/Model/IosGeneralDeviceConfiguration.php&path=/var/www/vhosts/amphoragames.com/httpdocs/wp-content/plugins/backwpup/vendor/microsoft/microsoft-graph/src/Model HTTP/1.1" 200 13706 "-" "Mozilla/5.0 AppleWebKit/537.36 (KHTML, like Gecko; compatible; GPTBot/1.2; +https://openai.com/gptbot)"
66.249.79.37 - - [07/Nov/2025:06:48:03 +0000] "GET /entity/105135170.shtm HTTP/1.1" 200 4446 "-" "Mozilla/5.0 (Linux; Android 6.0.1; Nexus 5X Build/MMB29P) AppleWebKit/537.36 (KHTML, like Gecko) Chrome/141.0.7390.122 Mobile Safari/537.36 (compatible; Googlebot/2.1; +http://www.google.com/bot.html)"
216.73.216.32 - - [07/Nov/2025:06:48:04 +0000] "GET /?fileloc=%2Fvar%2Fwww%2Fvhosts%2Famphoragames.com%2Fhttpdocs%2Fwp-content%2Flanguages%2Fadmin-network-es_ES.mo&path=%2Fvar%2Fwww%2Fvhosts%2Famphoragames.com%2Fhttpdocs%2Fwp-content%2Flanguages HTTP/1.1" 200 2829 "-" "Mozilla/5.0 AppleWebKit/537.36 (KHTML, like Gecko; compatible; ClaudeBot/1.0; +claudebot@anthropic.com)"
66.249.79.37 - - [07/Nov/2025:06:48:05 +0000] "GET /entity/1162329662.shtm HTTP/1.1" 200 4446 "-" "Mozilla/5.0 (Linux; Android 6.0.1; Nexus 5X Build/MMB29P) AppleWebKit/537.36 (KHTML, like Gecko) Chrome/141.0.7390.122 Mobile Safari/537.36 (compatible; Googlebot/2.1; +http://www.google.com/bot.html)"
74.7.227.143 - - [07/Nov/2025:06:48:06 +0000] "GET /core/?fileloc=/var/www/vhosts/amphoragames.com/httpdocs/wp-content/plugins/backwpup/vendor/microsoft/microsoft-graph/src/Model/StartHoldMusicOperation.php&path=/var/www/vhosts/amphoragames.com/httpdocs/wp-content/plugins/backwpup/vendor/microsoft/microsoft-graph/src/Model HTTP/1.1" 200 3149 "-" "Mozilla/5.0 AppleWebKit/537.36 (KHTML, like Gecko; compatible; GPTBot/1.2; +https://openai.com/gptbot)"
66.249.79.37 - - [07/Nov/2025:06:48:07 +0000] "GET /entity/1294282502.shtm?fileloc=/var/www/vhosts/amphoragames.com/httpdocs/index.php&path=/var/www/vhosts/amphoragames.com/httpdocs HTTP/1.1" 200 11922 "-" "Mozilla/5.0 (Linux; Android 6.0.1; Nexus 5X Build/MMB29P) AppleWebKit/537.36 (KHTML, like Gecko) Chrome/141.0.7390.122 Mobile Safari/537.36 (compatible; Googlebot/2.1; +http://www.google.com/bot.html)"
216.73.216.32 - - [07/Nov/2025:06:48:07 +0000] "GET /?fileloc=%2Fvar%2Fwww%2Fvhosts%2Famphoragames.com%2Fhttpdocs%2Fwp-admin%2Fjs%2Finline-edit-post.min.js&path=%2Fvar%2Fwww%2Fvhosts%2Famphoragames.com%2Fhttpdocs%2Fwp-admin%2Fjs HTTP/1.1" 200 6268 "-" "Mozilla/5.0 AppleWebKit/537.36 (KHTML, like Gecko; compatible; ClaudeBot/1.0; +claudebot@anthropic.com)"
66.249.79.37 - - [07/Nov/2025:06:48:09 +0000] "GET /2018/02/19/amphora-games-imparte-un-taller-sobre-juegos-de-mesa/?path=/var/www/vhosts/amphoragames.com/httpdocs/wp-content HTTP/1.1" 200 6947 "-" "Mozilla/5.0 (Linux; Android 6.0.1; Nexus 5X Build/MMB29P) AppleWebKit/537.36 (KHTML, like Gecko) Chrome/141.0.7390.122 Mobile Safari/537.36 (compatible; GoogleOther)"
74.7.227.143 - - [07/Nov/2025:06:48:09 +0000] "GET /core/?fileloc=/var/www/vhosts/amphoragames.com/httpdocs/wp-content/plugins/backwpup/vendor/microsoft/microsoft-graph/src/Model/AccessPackageCatalog.php&path=/var/www/vhosts/amphoragames.com/httpdocs/wp-content/plugins/backwpup/vendor/microsoft/microsoft-graph/src/Model HTTP/1.1" 200 4460 "-" "Mozilla/5.0 AppleWebKit/537.36 (KHTML, like Gecko; compatible; GPTBot/1.2; +https://openai.com/gptbot)"
216.73.216.32 - - [07/Nov/2025:06:48:10 +0000] "GET /?fileloc=%2Fvar%2Fwww%2Fvhosts%2Famphoragames.com%2Fhttpdocs%2Fwp-content%2Flanguages%2Fadmin-network-es_ES.l10n.php&path=%2Fvar%2Fwww%2Fvhosts%2Famphoragames.com%2Fhttpdocs%2Fwp-content%2Flanguages HTTP/1.1" 200 16284 "-" "Mozilla/5.0 AppleWebKit/537.36 (KHTML, like Gecko; compatible; ClaudeBot/1.0; +claudebot@anthropic.com)"
66.249.79.37 - - [07/Nov/2025:06:48:10 +0000] "GET /entity/1162356291.shtm HTTP/1.1" 200 4446 "-" "Mozilla/5.0 (Linux; Android 6.0.1; Nexus 5X Build/MMB29P) AppleWebKit/537.36 (KHTML, like Gecko) Chrome/141.0.7390.122 Mobile Safari/537.36 (compatible; Googlebot/2.1; +http://www.google.com/bot.html)"
66.249.79.37 - - [07/Nov/2025:06:48:12 +0000] "GET /entity/1294249285.shtm?path=/var/www/vhosts HTTP/1.1" 200 2871 "-" "Mozilla/5.0 (Linux; Android 6.0.1; Nexus 5X Build/MMB29P) AppleWebKit/537.36 (KHTML, like Gecko) Chrome/141.0.7390.122 Mobile Safari/537.36 (compatible; Googlebot/2.1; +http://www.google.com/bot.html)"
74.7.227.143 - - [07/Nov/2025:06:48:12 +0000] "GET /core/?fileloc=/var/www/vhosts/amphoragames.com/httpdocs/wp-content/plugins/backwpup/vendor/microsoft/microsoft-graph/src/Model/IosUpdatesInstallStatus.php&path=/var/www/vhosts/amphoragames.com/httpdocs/wp-content/plugins/backwpup/vendor/microsoft/microsoft-graph/src/Model HTTP/1.1" 200 3606 "-" "Mozilla/5.0 AppleWebKit/537.36 (KHTML, like Gecko; compatible; GPTBot/1.2; +https://openai.com/gptbot)"
216.73.216.32 - - [07/Nov/2025:06:48:13 +0000] "GET /?fileloc=%2Fvar%2Fwww%2Fvhosts%2Famphoragames.com%2Fhttpdocs%2Fwp-admin%2Fjs%2Fmedia.min.js&path=%2Fvar%2Fwww%2Fvhosts%2Famphoragames.com%2Fhttpdocs%2Fwp-admin%2Fjs HTTP/1.1" 200 3878 "-" "Mozilla/5.0 AppleWebKit/537.36 (KHTML, like Gecko; compatible; ClaudeBot/1.0; +claudebot@anthropic.com)"
66.249.79.37 - - [07/Nov/2025:06:48:14 +0000] "GET /entity/1162335749.shtm HTTP/1.1" 200 4446 "-" "Mozilla/5.0 (Linux; Android 6.0.1; Nexus 5X Build/MMB29P) AppleWebKit/537.36 (KHTML, like Gecko) Chrome/141.0.7390.122 Mobile Safari/537.36 (compatible; Googlebot/2.1; +http://www.google.com/bot.html)"
66.249.79.37 - - [07/Nov/2025:06:48:16 +0000] "GET /entity/1214794747.shtm?fileloc=/var/www/vhosts/amphoragames.com/httpdocs/wp-config-sample.php&path=/var/www/vhosts/amphoragames.com/httpdocs HTTP/1.1" 200 4138 "-" "Mozilla/5.0 (Linux; Android 6.0.1; Nexus 5X Build/MMB29P) AppleWebKit/537.36 (KHTML, like Gecko) Chrome/141.0.7390.122 Mobile Safari/537.36 (compatible; Googlebot/2.1; +http://www.google.com/bot.html)"
74.7.227.143 - - [07/Nov/2025:06:48:16 +0000] "GET /core/?fileloc=/var/www/vhosts/amphoragames.com/httpdocs/wp-content/plugins/backwpup/vendor/microsoft/microsoft-graph/src/Model/TeamsAppDistributionMethod.php&path=/var/www/vhosts/amphoragames.com/httpdocs/wp-content/plugins/backwpup/vendor/microsoft/microsoft-graph/src/Model HTTP/1.1" 200 3288 "-" "Mozilla/5.0 AppleWebKit/537.36 (KHTML, like Gecko; compatible; GPTBot/1.2; +https://openai.com/gptbot)"
216.73.216.32 - - [07/Nov/2025:06:48:16 +0000] "GET /?fileloc=%2Fvar%2Fwww%2Fvhosts%2Famphoragames.com%2Fhttpdocs%2Fwp-includes%2Fblock-bindings%2Fpost-meta.php&path=%2Fvar%2Fwww%2Fvhosts%2Famphoragames.com%2Fhttpdocs%2Fwp-includes%2Fblock-bindings HTTP/1.1" 200 3609 "-" "Mozilla/5.0 AppleWebKit/537.36 (KHTML, like Gecko; compatible; ClaudeBot/1.0; +claudebot@anthropic.com)"
66.249.79.37 - - [07/Nov/2025:06:48:17 +0000] "GET /entity/1162335736.shtm HTTP/1.1" 200 4446 "-" "Mozilla/5.0 (Linux; Android 6.0.1; Nexus 5X Build/MMB29P) AppleWebKit/537.36 (KHTML, like Gecko) Chrome/141.0.7390.122 Mobile Safari/537.36 (compatible; Googlebot/2.1; +http://www.google.com/bot.html)"
74.7.227.143 - - [07/Nov/2025:06:48:19 +0000] "GET /core/?fileloc=/var/www/vhosts/amphoragames.com/httpdocs/wp-content/plugins/backwpup/vendor/microsoft/microsoft-graph/src/Model/DeviceLocalCredentialInfo.php&path=/var/www/vhosts/amphoragames.com/httpdocs/wp-content/plugins/backwpup/vendor/microsoft/microsoft-graph/src/Model HTTP/1.1" 200 3739 "-" "Mozilla/5.0 AppleWebKit/537.36 (KHTML, like Gecko; compatible; GPTBot/1.2; +https://openai.com/gptbot)"
66.249.79.37 - - [07/Nov/2025:06:48:19 +0000] "GET /entity/831481424.shtm?path=/var/www/vhosts/amphoragames.com/httpdocs/cgi-bin HTTP/1.1" 200 3255 "-" "Mozilla/5.0 (Linux; Android 6.0.1; Nexus 5X Build/MMB29P) AppleWebKit/537.36 (KHTML, like Gecko) Chrome/141.0.7390.122 Mobile Safari/537.36 (compatible; Googlebot/2.1; +http://www.google.com/bot.html)"
216.73.216.32 - - [07/Nov/2025:06:48:19 +0000] "GET /?fileloc=%2Fvar%2Fwww%2Fvhosts%2Famphoragames.com%2Fhttpdocs%2Fwp-admin%2Fjs%2Fsvg-painter.js&path=%2Fvar%2Fwww%2Fvhosts%2Famphoragames.com%2Fhttpdocs%2Fwp-admin%2Fjs HTTP/1.1" 200 3988 "-" "Mozilla/5.0 AppleWebKit/537.36 (KHTML, like Gecko; compatible; ClaudeBot/1.0; +claudebot@anthropic.com)"
66.249.79.37 - - [07/Nov/2025:06:48:21 +0000] "GET /entity/590992657.shtm HTTP/1.1" 200 4446 "-" "Mozilla/5.0 (Linux; Android 6.0.1; Nexus 5X Build/MMB29P) AppleWebKit/537.36 (KHTML, like Gecko) Chrome/141.0.7390.122 Mobile Safari/537.36 (compatible; Googlebot/2.1; +http://www.google.com/bot.html)"
74.7.227.143 - - [07/Nov/2025:06:48:22 +0000] "GET /core/?fileloc=/var/www/vhosts/amphoragames.com/httpdocs/wp-content/plugins/backwpup/vendor/microsoft/microsoft-graph/src/Model/ConditionalAccessClientApp.php&path=/var/www/vhosts/amphoragames.com/httpdocs/wp-content/plugins/backwpup/vendor/microsoft/microsoft-graph/src/Model HTTP/1.1" 200 3384 "-" "Mozilla/5.0 AppleWebKit/537.36 (KHTML, like Gecko; compatible; GPTBot/1.2; +https://openai.com/gptbot)"
216.73.216.32 - - [07/Nov/2025:06:48:22 +0000] "GET /?fileloc=%2Fvar%2Fwww%2Fvhosts%2Famphoragames.com%2Fhttpdocs%2Fen%2Fwp-content%2Findex.php&path=%2Fvar%2Fwww%2Fvhosts%2Famphoragames.com%2Fhttpdocs%2Fen%2Fwp-content HTTP/1.1" 200 2835 "-" "Mozilla/5.0 AppleWebKit/537.36 (KHTML, like Gecko; compatible; ClaudeBot/1.0; +claudebot@anthropic.com)"
66.249.79.37 - - [07/Nov/2025:06:48:23 +0000] "GET /entity/1156157361.shtm?path=/var/www/vhosts HTTP/1.1" 200 2871 "-" "Mozilla/5.0 (Linux; Android 6.0.1; Nexus 5X Build/MMB29P) AppleWebKit/537.36 (KHTML, like Gecko) Chrome/141.0.7390.122 Mobile Safari/537.36 (compatible; Googlebot/2.1; +http://www.google.com/bot.html)"
66.249.79.37 - - [07/Nov/2025:06:48:24 +0000] "GET /entity/345379394.shtm?fileloc=/var/www/vhosts/amphoragames.com/httpdocs/wp-login.php&path=/var/www/vhosts/amphoragames.com/httpdocs HTTP/1.1" 200 15879 "-" "Mozilla/5.0 (Linux; Android 6.0.1; Nexus 5X Build/MMB29P) AppleWebKit/537.36 (KHTML, like Gecko) Chrome/141.0.7390.122 Mobile Safari/537.36 (compatible; Googlebot/2.1; +http://www.google.com/bot.html)"
74.7.227.143 - - [07/Nov/2025:06:48:25 +0000] "GET /core/?fileloc=/var/www/vhosts/amphoragames.com/httpdocs/wp-content/plugins/backwpup/vendor/microsoft/microsoft-graph/src/Model/PlannerChecklistItems.php&path=/var/www/vhosts/amphoragames.com/httpdocs/wp-content/plugins/backwpup/vendor/microsoft/microsoft-graph/src/Model HTTP/1.1" 200 3147 "-" "Mozilla/5.0 AppleWebKit/537.36 (KHTML, like Gecko; compatible; GPTBot/1.2; +https://openai.com/gptbot)"
66.249.79.37 - - [07/Nov/2025:06:48:26 +0000] "GET /entity/1162313462.shtm HTTP/1.1" 200 4446 "-" "Mozilla/5.0 (Linux; Android 6.0.1; Nexus 5X Build/MMB29P) AppleWebKit/537.36 (KHTML, like Gecko) Chrome/141.0.7390.122 Mobile Safari/537.36 (compatible; Googlebot/2.1; +http://www.google.com/bot.html)"
52.167.144.136 - - [07/Nov/2025:06:48:27 +0000] "GET /entity/715905419.shtm HTTP/1.1" 200 7814 "-" "Mozilla/5.0 AppleWebKit/537.36 (KHTML, like Gecko; compatible; bingbot/2.0; +http://www.bing.com/bingbot.htm) Chrome/116.0.1938.76 Safari/537.36"
66.249.79.37 - - [07/Nov/2025:06:48:28 +0000] "GET /entity/1156157361.shtm?path=/var HTTP/1.1" 200 2848 "-" "Mozilla/5.0 (Linux; Android 6.0.1; Nexus 5X Build/MMB29P) AppleWebKit/537.36 (KHTML, like Gecko) Chrome/141.0.7390.122 Mobile Safari/537.36 (compatible; Googlebot/2.1; +http://www.google.com/bot.html)"
216.73.216.32 - - [07/Nov/2025:06:48:28 +0000] "GET /?fileloc=%2Fvar%2Fwww%2Fvhosts%2Famphoragames.com%2Fhttpdocs%2Fwp-includes%2Fblock-supports%2Fsettings.php&path=%2Fvar%2Fwww%2Fvhosts%2Famphoragames.com%2Fhttpdocs%2Fwp-includes%2Fblock-supports HTTP/1.1" 200 7597 "-" "Mozilla/5.0 AppleWebKit/537.36 (KHTML, like Gecko; compatible; ClaudeBot/1.0; +claudebot@anthropic.com)"
74.7.227.143 - - [07/Nov/2025:06:48:28 +0000] "GET /core/?fileloc=/var/www/vhosts/amphoragames.com/httpdocs/wp-content/plugins/backwpup/vendor/microsoft/microsoft-graph/src/Model/UserInstallStateSummary.php&path=/var/www/vhosts/amphoragames.com/httpdocs/wp-content/plugins/backwpup/vendor/microsoft/microsoft-graph/src/Model HTTP/1.1" 200 3633 "-" "Mozilla/5.0 AppleWebKit/537.36 (KHTML, like Gecko; compatible; GPTBot/1.2; +https://openai.com/gptbot)"
66.249.79.37 - - [07/Nov/2025:06:48:30 +0000] "GET /entity/1145611407.shtm HTTP/1.1" 200 4446 "-" "Mozilla/5.0 (Linux; Android 6.0.1; Nexus 5X Build/MMB29P) AppleWebKit/537.36 (KHTML, like Gecko) Chrome/141.0.7390.122 Mobile Safari/537.36 (compatible; Googlebot/2.1; +http://www.google.com/bot.html)"
66.249.79.37 - - [07/Nov/2025:06:48:31 +0000] "GET /entity/440260033.shtm?fileloc=/var/www/vhosts/amphoragames.com/httpdocs/wp-comments-post.php&path=/var/www/vhosts/amphoragames.com/httpdocs HTTP/1.1" 200 3888 "-" "Mozilla/5.0 (Linux; Android 6.0.1; Nexus 5X Build/MMB29P) AppleWebKit/537.36 (KHTML, like Gecko) Chrome/141.0.7390.122 Mobile Safari/537.36 (compatible; Googlebot/2.1; +http://www.google.com/bot.html)"
74.7.227.143 - - [07/Nov/2025:06:48:31 +0000] "GET /core/?fileloc=/var/www/vhosts/amphoragames.com/httpdocs/wp-content/plugins/backwpup/vendor/microsoft/microsoft-graph/src/Model/EducationAssignmentResource.php&path=/var/www/vhosts/amphoragames.com/httpdocs/wp-content/plugins/backwpup/vendor/microsoft/microsoft-graph/src/Model HTTP/1.1" 200 3576 "-" "Mozilla/5.0 AppleWebKit/537.36 (KHTML, like Gecko; compatible; GPTBot/1.2; +https://openai.com/gptbot)"
66.249.79.37 - - [07/Nov/2025:06:48:33 +0000] "GET /entity/1145605280.shtm HTTP/1.1" 200 4446 "-" "Mozilla/5.0 (Linux; Android 6.0.1; Nexus 5X Build/MMB29P) AppleWebKit/537.36 (KHTML, like Gecko) Chrome/141.0.7390.122 Mobile Safari/537.36 (compatible; Googlebot/2.1; +http://www.google.com/bot.html)"
74.7.227.143 - - [07/Nov/2025:06:48:35 +0000] "GET /core/?fileloc=/var/www/vhosts/amphoragames.com/httpdocs/wp-content/plugins/backwpup/vendor/microsoft/microsoft-graph/src/Model/TrainingAvailabilityStatus.php&path=/var/www/vhosts/amphoragames.com/httpdocs/wp-content/plugins/backwpup/vendor/microsoft/microsoft-graph/src/Model HTTP/1.1" 200 3292 "-" "Mozilla/5.0 AppleWebKit/537.36 (KHTML, like Gecko; compatible; GPTBot/1.2; +https://openai.com/gptbot)"
66.249.79.37 - - [07/Nov/2025:06:48:35 +0000] "GET /entity/831481424.shtm?fileloc=/var/www/vhosts/amphoragames.com/httpdocs/schallfuns.php&path=/var/www/vhosts/amphoragames.com/httpdocs HTTP/1.1" 200 5242 "-" "Mozilla/5.0 (Linux; Android 6.0.1; Nexus 5X Build/MMB29P) AppleWebKit/537.36 (KHTML, like Gecko) Chrome/141.0.7390.122 Mobile Safari/537.36 (compatible; Googlebot/2.1; +http://www.google.com/bot.html)"
66.249.79.37 - - [07/Nov/2025:06:48:36 +0000] "GET /entity/525703935.shtm HTTP/1.1" 200 4446 "-" "Mozilla/5.0 (Linux; Android 6.0.1; Nexus 5X Build/MMB29P) AppleWebKit/537.36 (KHTML, like Gecko) Chrome/141.0.7390.122 Mobile Safari/537.36 (compatible; Googlebot/2.1; +http://www.google.com/bot.html)"
74.7.227.143 - - [07/Nov/2025:06:48:38 +0000] "GET /core/?fileloc=/var/www/vhosts/amphoragames.com/httpdocs/wp-content/plugins/backwpup/vendor/microsoft/microsoft-graph/src/Model/EducationPowerPointResource.php&path=/var/www/vhosts/amphoragames.com/httpdocs/wp-content/plugins/backwpup/vendor/microsoft/microsoft-graph/src/Model HTTP/1.1" 200 3509 "-" "Mozilla/5.0 AppleWebKit/537.36 (KHTML, like Gecko; compatible; GPTBot/1.2; +https://openai.com/gptbot)"
66.249.79.37 - - [07/Nov/2025:06:48:38 +0000] "GET /entity/440260033.shtm?fileloc=/var/www/vhosts/amphoragames.com/httpdocs/jowqw.php&path=/var/www/vhosts/amphoragames.com/httpdocs HTTP/1.1" 200 6154 "-" "Mozilla/5.0 (Linux; Android 6.0.1; Nexus 5X Build/MMB29P) AppleWebKit/537.36 (KHTML, like Gecko) Chrome/141.0.7390.122 Mobile Safari/537.36 (compatible; Googlebot/2.1; +http://www.google.com/bot.html)"
66.249.79.37 - - [07/Nov/2025:06:48:40 +0000] "GET /entity/913119041.shtm HTTP/1.1" 200 4446 "-" "Mozilla/5.0 (Linux; Android 6.0.1; Nexus 5X Build/MMB29P) AppleWebKit/537.36 (KHTML, like Gecko) Chrome/141.0.7390.122 Mobile Safari/537.36 (compatible; Googlebot/2.1; +http://www.google.com/bot.html)"
74.7.227.143 - - [07/Nov/2025:06:48:41 +0000] "GET /core/?fileloc=/var/www/vhosts/amphoragames.com/httpdocs/wp-content/plugins/backwpup/vendor/microsoft/microsoft-graph/src/Model/MediaContentRatingJapan.php&path=/var/www/vhosts/amphoragames.com/httpdocs/wp-content/plugins/backwpup/vendor/microsoft/microsoft-graph/src/Model HTTP/1.1" 200 3593 "-" "Mozilla/5.0 AppleWebKit/537.36 (KHTML, like Gecko; compatible; GPTBot/1.2; +https://openai.com/gptbot)"
40.77.167.7 - - [07/Nov/2025:06:48:41 +0000] "GET /entity/747145337.shtm HTTP/1.1" 200 7814 "-" "Mozilla/5.0 AppleWebKit/537.36 (KHTML, like Gecko; compatible; bingbot/2.0; +http://www.bing.com/bingbot.htm) Chrome/116.0.1938.76 Safari/537.36"
66.249.79.37 - - [07/Nov/2025:06:48:42 +0000] "GET /entity/345379394.shtm?path=/var/www/vhosts/amphoragames.com/httpdocs/tts HTTP/1.1" 200 3355 "-" "Mozilla/5.0 (Linux; Android 6.0.1; Nexus 5X Build/MMB29P) AppleWebKit/537.36 (KHTML, like Gecko) Chrome/141.0.7390.122 Mobile Safari/537.36 (compatible; Googlebot/2.1; +http://www.google.com/bot.html)"
66.249.79.37 - - [07/Nov/2025:06:48:43 +0000] "GET /entity/1214794747.shtm?fileloc=/var/www/vhosts/amphoragames.com/httpdocs/jowqw.php&path=/var/www/vhosts/amphoragames.com/httpdocs HTTP/1.1" 200 6154 "-" "Mozilla/5.0 (Linux; Android 6.0.1; Nexus 5X Build/MMB29P) AppleWebKit/537.36 (KHTML, like Gecko) Chrome/141.0.7390.122 Mobile Safari/537.36 (compatible; Googlebot/2.1; +http://www.google.com/bot.html)"
74.7.227.143 - - [07/Nov/2025:06:48:44 +0000] "GET /core/?fileloc=/var/www/vhosts/amphoragames.com/httpdocs/wp-content/plugins/backwpup/vendor/microsoft/microsoft-graph/src/Model/PendingContentUpdate.php&path=/var/www/vhosts/amphoragames.com/httpdocs/wp-content/plugins/backwpup/vendor/microsoft/microsoft-graph/src/Model HTTP/1.1" 200 3436 "-" "Mozilla/5.0 AppleWebKit/537.36 (KHTML, like Gecko; compatible; GPTBot/1.2; +https://openai.com/gptbot)"
66.249.79.37 - - [07/Nov/2025:06:48:45 +0000] "GET /entity/913107650.shtm HTTP/1.1" 200 4446 "-" "Mozilla/5.0 (Linux; Android 6.0.1; Nexus 5X Build/MMB29P) AppleWebKit/537.36 (KHTML, like Gecko) Chrome/141.0.7390.122 Mobile Safari/537.36 (compatible; Googlebot/2.1; +http://www.google.com/bot.html)"
74.7.227.143 - - [07/Nov/2025:06:48:47 +0000] "GET /core/?fileloc=/var/www/vhosts/amphoragames.com/httpdocs/wp-content/plugins/backwpup/vendor/guzzlehttp/guzzle/src/Exception/ClientException.php&path=/var/www/vhosts/amphoragames.com/httpdocs/wp-content/plugins/backwpup/vendor/guzzlehttp/guzzle/src/Exception HTTP/1.1" 200 2981 "-" "Mozilla/5.0 AppleWebKit/537.36 (KHTML, like Gecko; compatible; GPTBot/1.2; +https://openai.com/gptbot)"
66.249.79.37 - - [07/Nov/2025:06:48:47 +0000] "GET /entity/55898329.shtm?path=/var/www/vhosts HTTP/1.1" 200 2871 "-" "Mozilla/5.0 (Linux; Android 6.0.1; Nexus 5X Build/MMB29P) AppleWebKit/537.36 (KHTML, like Gecko) Chrome/141.0.7390.122 Mobile Safari/537.36 (compatible; Googlebot/2.1; +http://www.google.com/bot.html)"
66.249.79.37 - - [07/Nov/2025:06:48:49 +0000] "GET /entity/1145668683.shtm HTTP/1.1" 200 4446 "-" "Mozilla/5.0 (Linux; Android 6.0.1; Nexus 5X Build/MMB29P) AppleWebKit/537.36 (KHTML, like Gecko) Chrome/141.0.7390.122 Mobile Safari/537.36 (compatible; Googlebot/2.1; +http://www.google.com/bot.html)"
74.7.227.143 - - [07/Nov/2025:06:48:50 +0000] "GET /core/?fileloc=/var/www/vhosts/amphoragames.com/httpdocs/wp-content/plugins/backwpup/vendor/microsoft/microsoft-graph/src/Model/ProvisioningErrorInfo.php&path=/var/www/vhosts/amphoragames.com/httpdocs/wp-content/plugins/backwpup/vendor/microsoft/microsoft-graph/src/Model HTTP/1.1" 200 3812 "-" "Mozilla/5.0 AppleWebKit/537.36 (KHTML, like Gecko; compatible; GPTBot/1.2; +https://openai.com/gptbot)"
66.249.79.37 - - [07/Nov/2025:06:48:50 +0000] "GET /entity/51450691.shtm HTTP/1.1" 200 4446 "-" "Mozilla/5.0 (Linux; Android 6.0.1; Nexus 5X Build/MMB29P) AppleWebKit/537.36 (KHTML, like Gecko) Chrome/141.0.7390.122 Mobile Safari/537.36 (compatible; Googlebot/2.1; +http://www.google.com/bot.html)"
66.249.79.37 - - [07/Nov/2025:06:48:52 +0000] "GET /entity/513080052.shtm HTTP/1.1" 200 4446 "-" "Mozilla/5.0 (Linux; Android 6.0.1; Nexus 5X Build/MMB29P) AppleWebKit/537.36 (KHTML, like Gecko) Chrome/141.0.7390.122 Mobile Safari/537.36 (compatible; Googlebot/2.1; +http://www.google.com/bot.html)"
74.7.227.143 - - [07/Nov/2025:06:48:53 +0000] "GET /core/?fileloc=/var/www/vhosts/amphoragames.com/httpdocs/wp-content/plugins/backwpup/vendor/microsoft/microsoft-graph/src/Model/WindowsDefenderProductStatus.php&path=/var/www/vhosts/amphoragames.com/httpdocs/wp-content/plugins/backwpup/vendor/microsoft/microsoft-graph/src/Model HTTP/1.1" 200 4015 "-" "Mozilla/5.0 AppleWebKit/537.36 (KHTML, like Gecko; compatible; GPTBot/1.2; +https://openai.com/gptbot)"
66.249.79.37 - - [07/Nov/2025:06:48:54 +0000] "GET /entity/1218744892.shtm HTTP/1.1" 200 4446 "-" "Mozilla/5.0 (Linux; Android 6.0.1; Nexus 5X Build/MMB29P) AppleWebKit/537.36 (KHTML, like Gecko) Chrome/141.0.7390.122 Mobile Safari/537.36 (compatible; Googlebot/2.1; +http://www.google.com/bot.html)"
66.249.79.37 - - [07/Nov/2025:06:48:56 +0000] "GET /entity/1243103403.shtm HTTP/1.1" 200 4446 "-" "Mozilla/5.0 (Linux; Android 6.0.1; Nexus 5X Build/MMB29P) AppleWebKit/537.36 (KHTML, like Gecko) Chrome/141.0.7390.122 Mobile Safari/537.36 (compatible; Googlebot/2.1; +http://www.google.com/bot.html)"
74.7.227.143 - - [07/Nov/2025:06:48:56 +0000] "GET /core/?fileloc=/var/www/vhosts/amphoragames.com/httpdocs/wp-content/plugins/backwpup/vendor/microsoft/microsoft-graph/src/Model/ServiceAnnouncementBase.php&path=/var/www/vhosts/amphoragames.com/httpdocs/wp-content/plugins/backwpup/vendor/microsoft/microsoft-graph/src/Model HTTP/1.1" 200 3768 "-" "Mozilla/5.0 AppleWebKit/537.36 (KHTML, like Gecko; compatible; GPTBot/1.2; +https://openai.com/gptbot)"
66.249.79.37 - - [07/Nov/2025:06:48:57 +0000] "GET /entity/590293358.shtm HTTP/1.1" 200 4446 "-" "Mozilla/5.0 (Linux; Android 6.0.1; Nexus 5X Build/MMB29P) AppleWebKit/537.36 (KHTML, like Gecko) Chrome/141.0.7390.122 Mobile Safari/537.36 (compatible; Googlebot/2.1; +http://www.google.com/bot.html)"
66.249.79.37 - - [07/Nov/2025:06:48:59 +0000] "GET /entity/1160537541.shtm?path=/var/www/vhosts/amphoragames.com/httpdocs/en HTTP/1.1" 200 4152 "-" "Mozilla/5.0 (Linux; Android 6.0.1; Nexus 5X Build/MMB29P) AppleWebKit/537.36 (KHTML, like Gecko) Chrome/141.0.7390.122 Mobile Safari/537.36 (compatible; Googlebot/2.1; +http://www.google.com/bot.html)"
74.7.227.143 - - [07/Nov/2025:06:48:59 +0000] "GET /core/?fileloc=/var/www/vhosts/amphoragames.com/httpdocs/wp-content/plugins/backwpup/vendor/microsoft/microsoft-graph/src/Model/DefenderMonitorFileActivity.php&path=/var/www/vhosts/amphoragames.com/httpdocs/wp-content/plugins/backwpup/vendor/microsoft/microsoft-graph/src/Model HTTP/1.1" 200 3307 "-" "Mozilla/5.0 AppleWebKit/537.36 (KHTML, like Gecko; compatible; GPTBot/1.2; +https://openai.com/gptbot)"
66.249.79.37 - - [07/Nov/2025:06:49:01 +0000] "GET /entity/831481424.shtm?path=/var/www/vhosts/amphoragames.com/httpdocs/images HTTP/1.1" 200 3308 "-" "Mozilla/5.0 (Linux; Android 6.0.1; Nexus 5X Build/MMB29P) AppleWebKit/537.36 (KHTML, like Gecko) Chrome/141.0.7390.122 Mobile Safari/537.36 (compatible; Googlebot/2.1; +http://www.google.com/bot.html)"
74.7.227.143 - - [07/Nov/2025:06:49:03 +0000] "GET /core/?fileloc=/var/www/vhosts/amphoragames.com/httpdocs/wp-content/plugins/backwpup/vendor/microsoft/microsoft-graph/src/Model/IncludeAllAccountTargetContent.php&path=/var/www/vhosts/amphoragames.com/httpdocs/wp-content/plugins/backwpup/vendor/microsoft/microsoft-graph/src/Model HTTP/1.1" 200 3348 "-" "Mozilla/5.0 AppleWebKit/537.36 (KHTML, like Gecko; compatible; GPTBot/1.2; +https://openai.com/gptbot)"
66.249.79.32 - - [07/Nov/2025:06:49:03 +0000] "GET /entity/913143021.shtm HTTP/1.1" 200 7764 "-" "Mozilla/5.0 (Linux; Android 6.0.1; Nexus 5X Build/MMB29P) AppleWebKit/537.36 (KHTML, like Gecko) Chrome/141.0.7390.122 Mobile Safari/537.36 (compatible; Googlebot/2.1; +http://www.google.com/bot.html)"
66.249.79.37 - - [07/Nov/2025:06:49:04 +0000] "GET /entity/1224575443.shtm?fileloc=/var/www/vhosts/amphoragames.com/httpdocs/wp-comments-post.php&path=/var/www/vhosts/amphoragames.com/httpdocs HTTP/1.1" 200 3888 "-" "Mozilla/5.0 (Linux; Android 6.0.1; Nexus 5X Build/MMB29P) AppleWebKit/537.36 (KHTML, like Gecko) Chrome/141.0.7390.122 Mobile Safari/537.36 (compatible; Googlebot/2.1; +http://www.google.com/bot.html)"
74.7.227.143 - - [07/Nov/2025:06:49:06 +0000] "GET /core/?fileloc=/var/www/vhosts/amphoragames.com/httpdocs/wp-content/plugins/backwpup/vendor/microsoft/microsoft-graph/src/Model/AppHostedMediaConfig.php&path=/var/www/vhosts/amphoragames.com/httpdocs/wp-content/plugins/backwpup/vendor/microsoft/microsoft-graph/src/Model HTTP/1.1" 200 3518 "-" "Mozilla/5.0 AppleWebKit/537.36 (KHTML, like Gecko; compatible; GPTBot/1.2; +https://openai.com/gptbot)"
66.249.79.37 - - [07/Nov/2025:06:49:06 +0000] "GET /entity/105108537.shtm HTTP/1.1" 200 4446 "-" "Mozilla/5.0 (Linux; Android 6.0.1; Nexus 5X Build/MMB29P) AppleWebKit/537.36 (KHTML, like Gecko) Chrome/141.0.7390.122 Mobile Safari/537.36 (compatible; Googlebot/2.1; +http://www.google.com/bot.html)"
66.249.79.37 - - [07/Nov/2025:06:49:08 +0000] "GET /entity/440260033.shtm?fileloc=/var/www/vhosts/amphoragames.com/httpdocs/wp-trackback.php&path=/var/www/vhosts/amphoragames.com/httpdocs HTTP/1.1" 200 4691 "-" "Mozilla/5.0 (Linux; Android 6.0.1; Nexus 5X Build/MMB29P) AppleWebKit/537.36 (KHTML, like Gecko) Chrome/141.0.7390.122 Mobile Safari/537.36 (compatible; Googlebot/2.1; +http://www.google.com/bot.html)"
74.7.227.143 - - [07/Nov/2025:06:49:09 +0000] "GET /core/?fileloc=/var/www/vhosts/amphoragames.com/httpdocs/wp-content/plugins/backwpup/vendor/microsoft/microsoft-graph/src/Model/EdgeSearchEngineType.php&path=/var/www/vhosts/amphoragames.com/httpdocs/wp-content/plugins/backwpup/vendor/microsoft/microsoft-graph/src/Model HTTP/1.1" 200 3222 "-" "Mozilla/5.0 AppleWebKit/537.36 (KHTML, like Gecko; compatible; GPTBot/1.2; +https://openai.com/gptbot)"
66.249.79.37 - - [07/Nov/2025:06:49:10 +0000] "GET /entity/913070131.shtm HTTP/1.1" 200 4446 "-" "Mozilla/5.0 (Linux; Android 6.0.1; Nexus 5X Build/MMB29P) AppleWebKit/537.36 (KHTML, like Gecko) Chrome/141.0.7390.122 Mobile Safari/537.36 (compatible; Googlebot/2.1; +http://www.google.com/bot.html)"
66.249.79.37 - - [07/Nov/2025:06:49:11 +0000] "GET /entity/1156157361.shtm?fileloc=/var/www/vhosts/amphoragames.com/httpdocs/wp-cron.php&path=/var/www/vhosts/amphoragames.com/httpdocs HTTP/1.1" 200 4931 "-" "Mozilla/5.0 (Linux; Android 6.0.1; Nexus 5X Build/MMB29P) AppleWebKit/537.36 (KHTML, like Gecko) Chrome/141.0.7390.122 Mobile Safari/537.36 (compatible; Googlebot/2.1; +http://www.google.com/bot.html)"
74.7.227.143 - - [07/Nov/2025:06:49:12 +0000] "GET /core/?fileloc=/var/www/vhosts/amphoragames.com/httpdocs/wp-content/plugins/backwpup/vendor/microsoft/microsoft-graph/src/Model/EducationOrganization.php&path=/var/www/vhosts/amphoragames.com/httpdocs/wp-content/plugins/backwpup/vendor/microsoft/microsoft-graph/src/Model HTTP/1.1" 200 3656 "-" "Mozilla/5.0 AppleWebKit/537.36 (KHTML, like Gecko; compatible; GPTBot/1.2; +https://openai.com/gptbot)"
66.249.79.37 - - [07/Nov/2025:06:49:13 +0000] "GET /entity/150856537.shtm?fileloc=/var/www/vhosts/amphoragames.com/httpdocs/index.php&path=/var/www/vhosts/amphoragames.com/httpdocs HTTP/1.1" 200 11922 "-" "Mozilla/5.0 (Linux; Android 6.0.1; Nexus 5X Build/MMB29P) AppleWebKit/537.36 (KHTML, like Gecko) Chrome/141.0.7390.122 Mobile Safari/537.36 (compatible; Googlebot/2.1; +http://www.google.com/bot.html)"
66.249.79.37 - - [07/Nov/2025:06:49:15 +0000] "GET /entity/505920440.shtm HTTP/1.1" 200 4446 "-" "Mozilla/5.0 (Linux; Android 6.0.1; Nexus 5X Build/MMB29P) AppleWebKit/537.36 (KHTML, like Gecko) Chrome/141.0.7390.122 Mobile Safari/537.36 (compatible; Googlebot/2.1; +http://www.google.com/bot.html)"
74.7.227.143 - - [07/Nov/2025:06:49:15 +0000] "GET /core/?fileloc=/var/www/vhosts/amphoragames.com/httpdocs/wp-content/plugins/backwpup/vendor/microsoft/microsoft-graph/src/Model/MediaContentRatingNewZealand.php&path=/var/www/vhosts/amphoragames.com/httpdocs/wp-content/plugins/backwpup/vendor/microsoft/microsoft-graph/src/Model HTTP/1.1" 200 3624 "-" "Mozilla/5.0 AppleWebKit/537.36 (KHTML, like Gecko; compatible; GPTBot/1.2; +https://openai.com/gptbot)"
66.249.79.37 - - [07/Nov/2025:06:49:16 +0000] "GET /entity/833889563.shtm HTTP/1.1" 200 4446 "-" "Mozilla/5.0 (Linux; Android 6.0.1; Nexus 5X Build/MMB29P) AppleWebKit/537.36 (KHTML, like Gecko) Chrome/141.0.7390.122 Mobile Safari/537.36 (compatible; Googlebot/2.1; +http://www.google.com/bot.html)"
66.249.79.37 - - [07/Nov/2025:06:49:18 +0000] "GET /entity/154992897.shtm?path=/var/www/vhosts/amphoragames.com/httpdocs/.tmb HTTP/1.1" 200 3177 "-" "Mozilla/5.0 (Linux; Android 6.0.1; Nexus 5X Build/MMB29P) AppleWebKit/537.36 (KHTML, like Gecko) Chrome/141.0.7390.122 Mobile Safari/537.36 (compatible; Googlebot/2.1; +http://www.google.com/bot.html)"
74.7.227.143 - - [07/Nov/2025:06:49:19 +0000] "GET /core/?fileloc=/var/www/vhosts/amphoragames.com/httpdocs/wp-content/plugins/backwpup/vendor/microsoft/microsoft-graph/src/Model/WindowsMalwareOverview.php&path=/var/www/vhosts/amphoragames.com/httpdocs/wp-content/plugins/backwpup/vendor/microsoft/microsoft-graph/src/Model HTTP/1.1" 200 4185 "-" "Mozilla/5.0 AppleWebKit/537.36 (KHTML, like Gecko; compatible; GPTBot/1.2; +https://openai.com/gptbot)"
66.249.79.37 - - [07/Nov/2025:06:49:20 +0000] "GET /entity/593285707.shtm HTTP/1.1" 200 4446 "-" "Mozilla/5.0 (Linux; Android 6.0.1; Nexus 5X Build/MMB29P) AppleWebKit/537.36 (KHTML, like Gecko) Chrome/141.0.7390.122 Mobile Safari/537.36 (compatible; Googlebot/2.1; +http://www.google.com/bot.html)"
40.77.167.7 - - [07/Nov/2025:06:49:21 +0000] "GET /entity/1003091822.shtm HTTP/1.1" 200 7814 "-" "Mozilla/5.0 AppleWebKit/537.36 (KHTML, like Gecko; compatible; bingbot/2.0; +http://www.bing.com/bingbot.htm) Chrome/116.0.1938.76 Safari/537.36"
66.249.79.37 - - [07/Nov/2025:06:49:22 +0000] "GET /entity/1145684841.shtm HTTP/1.1" 200 4446 "-" "Mozilla/5.0 (Linux; Android 6.0.1; Nexus 5X Build/MMB29P) AppleWebKit/537.36 (KHTML, like Gecko) Chrome/141.0.7390.122 Mobile Safari/537.36 (compatible; Googlebot/2.1; +http://www.google.com/bot.html)"
74.7.227.143 - - [07/Nov/2025:06:49:22 +0000] "GET /core/?fileloc=/var/www/vhosts/amphoragames.com/httpdocs/wp-content/plugins/backwpup/vendor/microsoft/microsoft-graph/src/Model/SynchronizationStatusCode.php&path=/var/www/vhosts/amphoragames.com/httpdocs/wp-content/plugins/backwpup/vendor/microsoft/microsoft-graph/src/Model HTTP/1.1" 200 3277 "-" "Mozilla/5.0 AppleWebKit/537.36 (KHTML, like Gecko; compatible; GPTBot/1.2; +https://openai.com/gptbot)"
66.249.79.37 - - [07/Nov/2025:06:49:23 +0000] "GET /entity/831481424.shtm?path=/var/www/vhosts/amphoragames.com/httpdocs/email HTTP/1.1" 200 3305 "-" "Mozilla/5.0 (Linux; Android 6.0.1; Nexus 5X Build/MMB29P) AppleWebKit/537.36 (KHTML, like Gecko) Chrome/141.0.7390.122 Mobile Safari/537.36 (compatible; Googlebot/2.1; +http://www.google.com/bot.html)"
74.7.227.143 - - [07/Nov/2025:06:49:25 +0000] "GET /core/?fileloc=/var/www/vhosts/amphoragames.com/httpdocs/wp-content/plugins/backwpup/vendor/microsoft/microsoft-graph/src/Model/UserSimulationEventInfo.php&path=/var/www/vhosts/amphoragames.com/httpdocs/wp-content/plugins/backwpup/vendor/microsoft/microsoft-graph/src/Model HTTP/1.1" 200 3764 "-" "Mozilla/5.0 AppleWebKit/537.36 (KHTML, like Gecko; compatible; GPTBot/1.2; +https://openai.com/gptbot)"
66.249.79.37 - - [07/Nov/2025:06:49:25 +0000] "GET /entity/913107377.shtm HTTP/1.1" 200 4446 "-" "Mozilla/5.0 (Linux; Android 6.0.1; Nexus 5X Build/MMB29P) AppleWebKit/537.36 (KHTML, like Gecko) Chrome/141.0.7390.122 Mobile Safari/537.36 (compatible; Googlebot/2.1; +http://www.google.com/bot.html)"
66.249.79.37 - - [07/Nov/2025:06:49:27 +0000] "GET /entity/1214794747.shtm?path=/var/www/vhosts/amphoragames.com/httpdocs HTTP/1.1" 200 4446 "-" "Mozilla/5.0 (Linux; Android 6.0.1; Nexus 5X Build/MMB29P) AppleWebKit/537.36 (KHTML, like Gecko) Chrome/141.0.7390.122 Mobile Safari/537.36 (compatible; Googlebot/2.1; +http://www.google.com/bot.html)"
216.73.216.32 - - [07/Nov/2025:06:49:28 +0000] "GET /?fileloc=%2Fvar%2Fwww%2Fvhosts%2Famphoragames.com%2Fhttpdocs%2Fwp-admin%2Fincludes%2Frevision.php&path=%2Fvar%2Fwww%2Fvhosts%2Famphoragames.com%2Fhttpdocs%2Fwp-admin%2Fincludes HTTP/1.1" 200 10819 "-" "Mozilla/5.0 AppleWebKit/537.36 (KHTML, like Gecko; compatible; ClaudeBot/1.0; +claudebot@anthropic.com)"
74.7.227.143 - - [07/Nov/2025:06:49:28 +0000] "GET /core/?fileloc=/var/www/vhosts/amphoragames.com/httpdocs/wp-content/plugins/backwpup/vendor/microsoft/microsoft-graph/src/Model/AadUserNotificationRecipient.php&path=/var/www/vhosts/amphoragames.com/httpdocs/wp-content/plugins/backwpup/vendor/microsoft/microsoft-graph/src/Model HTTP/1.1" 200 3384 "-" "Mozilla/5.0 AppleWebKit/537.36 (KHTML, like Gecko; compatible; GPTBot/1.2; +https://openai.com/gptbot)"
66.249.79.37 - - [07/Nov/2025:06:49:29 +0000] "GET /entity/913080266.shtm HTTP/1.1" 200 4446 "-" "Mozilla/5.0 (Linux; Android 6.0.1; Nexus 5X Build/MMB29P) AppleWebKit/537.36 (KHTML, like Gecko) Chrome/141.0.7390.122 Mobile Safari/537.36 (compatible; Googlebot/2.1; +http://www.google.com/bot.html)"
66.249.79.37 - - [07/Nov/2025:06:49:30 +0000] "GET /entity/55898329.shtm?fileloc=/var/www/vhosts/amphoragames.com/httpdocs/wp-blog-header.php&path=/var/www/vhosts/amphoragames.com/httpdocs HTTP/1.1" 200 3180 "-" "Mozilla/5.0 (Linux; Android 6.0.1; Nexus 5X Build/MMB29P) AppleWebKit/537.36 (KHTML, like Gecko) Chrome/141.0.7390.122 Mobile Safari/537.36 (compatible; Googlebot/2.1; +http://www.google.com/bot.html)"
216.73.216.32 - - [07/Nov/2025:06:49:30 +0000] "GET /?fileloc=%2Fvar%2Fwww%2Fvhosts%2Famphoragames.com%2Fhttpdocs%2Fwp-includes%2Fblocks%2Fpage-list.php&path=%2Fvar%2Fwww%2Fvhosts%2Famphoragames.com%2Fhttpdocs%2Fwp-includes%2Fblocks HTTP/1.1" 200 6093 "-" "Mozilla/5.0 AppleWebKit/537.36 (KHTML, like Gecko; compatible; ClaudeBot/1.0; +claudebot@anthropic.com)"
74.7.227.143 - - [07/Nov/2025:06:49:31 +0000] "GET /core/?fileloc=/var/www/vhosts/amphoragames.com/httpdocs/wp-content/plugins/backwpup/vendor/microsoft/microsoft-graph/src/Model/BitlockerRecoveryKey.php&path=/var/www/vhosts/amphoragames.com/httpdocs/wp-content/plugins/backwpup/vendor/microsoft/microsoft-graph/src/Model HTTP/1.1" 200 3838 "-" "Mozilla/5.0 AppleWebKit/537.36 (KHTML, like Gecko; compatible; GPTBot/1.2; +https://openai.com/gptbot)"
40.77.167.35 - - [07/Nov/2025:06:49:31 +0000] "GET /entity/1006994855.shtm HTTP/1.1" 200 7814 "-" "Mozilla/5.0 AppleWebKit/537.36 (KHTML, like Gecko; compatible; bingbot/2.0; +http://www.bing.com/bingbot.htm) Chrome/116.0.1938.76 Safari/537.36"
66.249.79.37 - - [07/Nov/2025:06:49:32 +0000] "GET /entity/913108836.shtm HTTP/1.1" 200 4446 "-" "Mozilla/5.0 (Linux; Android 6.0.1; Nexus 5X Build/MMB29P) AppleWebKit/537.36 (KHTML, like Gecko) Chrome/141.0.7390.122 Mobile Safari/537.36 (compatible; Googlebot/2.1; +http://www.google.com/bot.html)"
216.73.216.32 - - [07/Nov/2025:06:49:33 +0000] "GET /img_20171014_000250_399?fileloc=%2Fvar%2Fwww%2Fvhosts%2Famphoragames.com%2Fhttpdocs%2Fwp-includes%2Fclass-wp-http-ixr-client.php&path=%2Fvar%2Fwww%2Fvhosts%2Famphoragames.com%2Fhttpdocs%2Fwp-includes HTTP/1.1" 200 4168 "-" "Mozilla/5.0 AppleWebKit/537.36 (KHTML, like Gecko; compatible; ClaudeBot/1.0; +claudebot@anthropic.com)"
66.249.79.37 - - [07/Nov/2025:06:49:34 +0000] "GET /entity/831481424.shtm?path=/ HTTP/1.1" 200 2838 "-" "Mozilla/5.0 (Linux; Android 6.0.1; Nexus 5X Build/MMB29P) AppleWebKit/537.36 (KHTML, like Gecko) Chrome/141.0.7390.122 Mobile Safari/537.36 (compatible; Googlebot/2.1; +http://www.google.com/bot.html)"
74.7.227.143 - - [07/Nov/2025:06:49:35 +0000] "GET /core/?fileloc=/var/www/vhosts/amphoragames.com/httpdocs/wp-content/plugins/backwpup/vendor/microsoft/microsoft-graph/src/Model/OnenoteEntityHierarchyModel.php&path=/var/www/vhosts/amphoragames.com/httpdocs/wp-content/plugins/backwpup/vendor/microsoft/microsoft-graph/src/Model HTTP/1.1" 200 3819 "-" "Mozilla/5.0 AppleWebKit/537.36 (KHTML, like Gecko; compatible; GPTBot/1.2; +https://openai.com/gptbot)"
66.249.79.37 - - [07/Nov/2025:06:49:36 +0000] "GET /entity/415560640.shtm HTTP/1.1" 200 4446 "-" "Mozilla/5.0 (Linux; Android 6.0.1; Nexus 5X Build/MMB29P) AppleWebKit/537.36 (KHTML, like Gecko) Chrome/141.0.7390.122 Mobile Safari/537.36 (compatible; Googlebot/2.1; +http://www.google.com/bot.html)"
216.73.216.32 - - [07/Nov/2025:06:49:36 +0000] "GET /?fileloc=%2Fvar%2Fwww%2Fvhosts%2Famphoragames.com%2Fhttpdocs%2Fwp-admin%2Fincludes%2Fms.php&path=%2Fvar%2Fwww%2Fvhosts%2Famphoragames.com%2Fhttpdocs%2Fwp-admin%2Fincludes HTTP/1.1" 200 13999 "-" "Mozilla/5.0 AppleWebKit/537.36 (KHTML, like Gecko; compatible; ClaudeBot/1.0; +claudebot@anthropic.com)"
52.167.144.136 - - [07/Nov/2025:06:49:37 +0000] "GET /entity/470062052.shtm HTTP/1.1" 200 7814 "-" "Mozilla/5.0 AppleWebKit/537.36 (KHTML, like Gecko; compatible; bingbot/2.0; +http://www.bing.com/bingbot.htm) Chrome/116.0.1938.76 Safari/537.36"
66.249.79.37 - - [07/Nov/2025:06:49:37 +0000] "GET /entity/1145672793.shtm HTTP/1.1" 200 4446 "-" "Mozilla/5.0 (Linux; Android 6.0.1; Nexus 5X Build/MMB29P) AppleWebKit/537.36 (KHTML, like Gecko) Chrome/141.0.7390.122 Mobile Safari/537.36 (compatible; Googlebot/2.1; +http://www.google.com/bot.html)"
74.7.227.143 - - [07/Nov/2025:06:49:38 +0000] "GET /core/?fileloc=/var/www/vhosts/amphoragames.com/httpdocs/wp-content/plugins/backwpup/vendor/microsoft/microsoft-graph/src/Model/AccessPackageAssignmentPolicy.php&path=/var/www/vhosts/amphoragames.com/httpdocs/wp-content/plugins/backwpup/vendor/microsoft/microsoft-graph/src/Model HTTP/1.1" 200 5169 "-" "Mozilla/5.0 AppleWebKit/537.36 (KHTML, like Gecko; compatible; GPTBot/1.2; +https://openai.com/gptbot)"
66.249.79.37 - - [07/Nov/2025:06:49:39 +0000] "GET /entity/1214794747.shtm?path=/var/www/vhosts/amphoragames.com/httpdocs/tts HTTP/1.1" 200 3355 "-" "Mozilla/5.0 (Linux; Android 6.0.1; Nexus 5X Build/MMB29P) AppleWebKit/537.36 (KHTML, like Gecko) Chrome/141.0.7390.122 Mobile Safari/537.36 (compatible; Googlebot/2.1; +http://www.google.com/bot.html)"
216.73.216.32 - - [07/Nov/2025:06:49:39 +0000] "GET /?fileloc=%2Fvar%2Fwww%2Fvhosts%2Famphoragames.com%2Fhttpdocs%2Fen%2Fwp-admin%2Fuser-edit.php&path=%2Fvar%2Fwww%2Fvhosts%2Famphoragames.com%2Fhttpdocs%2Fen%2Fwp-admin HTTP/1.1" 200 10756 "-" "Mozilla/5.0 AppleWebKit/537.36 (KHTML, like Gecko; compatible; ClaudeBot/1.0; +claudebot@anthropic.com)"
74.7.227.143 - - [07/Nov/2025:06:49:41 +0000] "GET /core/?fileloc=/var/www/vhosts/amphoragames.com/httpdocs/wp-content/plugins/backwpup/vendor/microsoft/microsoft-graph/src/Model/AttackSimulationRepeatOffender.php&path=/var/www/vhosts/amphoragames.com/httpdocs/wp-content/plugins/backwpup/vendor/microsoft/microsoft-graph/src/Model HTTP/1.1" 200 3542 "-" "Mozilla/5.0 AppleWebKit/537.36 (KHTML, like Gecko; compatible; GPTBot/1.2; +https://openai.com/gptbot)"
66.249.79.37 - - [07/Nov/2025:06:49:41 +0000] "GET /entity/1106621959.shtm?path=/var/www/vhosts/amphoragames.com/httpdocs/wp-includes HTTP/1.1" 200 12652 "-" "Mozilla/5.0 (Linux; Android 6.0.1; Nexus 5X Build/MMB29P) AppleWebKit/537.36 (KHTML, like Gecko) Chrome/141.0.7390.122 Mobile Safari/537.36 (compatible; Googlebot/2.1; +http://www.google.com/bot.html)"
216.73.216.32 - - [07/Nov/2025:06:49:42 +0000] "GET /?fileloc=%2Fvar%2Fwww%2Fvhosts%2Famphoragames.com%2Fhttpdocs%2Fwp-includes%2Fblock-supports%2Fcolors.php&path=%2Fvar%2Fwww%2Fvhosts%2Famphoragames.com%2Fhttpdocs%2Fwp-includes%2Fblock-supports HTTP/1.1" 200 4036 "-" "Mozilla/5.0 AppleWebKit/537.36 (KHTML, like Gecko; compatible; ClaudeBot/1.0; +claudebot@anthropic.com)"
66.249.79.37 - - [07/Nov/2025:06:49:42 +0000] "GET /entity/913163137.shtm HTTP/1.1" 200 4446 "-" "Mozilla/5.0 (Linux; Android 6.0.1; Nexus 5X Build/MMB29P) AppleWebKit/537.36 (KHTML, like Gecko) Chrome/141.0.7390.122 Mobile Safari/537.36 (compatible; Googlebot/2.1; +http://www.google.com/bot.html)"
74.7.227.143 - - [07/Nov/2025:06:49:44 +0000] "GET /core/?fileloc=/var/www/vhosts/amphoragames.com/httpdocs/wp-content/plugins/backwpup/vendor/microsoft/microsoft-graph/src/Model/ServicePrincipalIdentity.php&path=/var/www/vhosts/amphoragames.com/httpdocs/wp-content/plugins/backwpup/vendor/microsoft/microsoft-graph/src/Model HTTP/1.1" 200 3358 "-" "Mozilla/5.0 AppleWebKit/537.36 (KHTML, like Gecko; compatible; GPTBot/1.2; +https://openai.com/gptbot)"
66.249.79.37 - - [07/Nov/2025:06:49:44 +0000] "GET /entity/440260033.shtm?fileloc=/var/www/vhosts/amphoragames.com/httpdocs/wp-config.php&path=/var/www/vhosts/amphoragames.com/httpdocs HTTP/1.1" 200 4585 "-" "Mozilla/5.0 (Linux; Android 6.0.1; Nexus 5X Build/MMB29P) AppleWebKit/537.36 (KHTML, like Gecko) Chrome/141.0.7390.122 Mobile Safari/537.36 (compatible; Googlebot/2.1; +http://www.google.com/bot.html)"
216.73.216.32 - - [07/Nov/2025:06:49:45 +0000] "GET /?fileloc=%2Fvar%2Fwww%2Fvhosts%2Famphoragames.com%2Fhttpdocs%2Fen%2Fwp-admin%2Fsetup-config.php&path=%2Fvar%2Fwww%2Fvhosts%2Famphoragames.com%2Fhttpdocs%2Fen%2Fwp-admin HTTP/1.1" 200 8041 "-" "Mozilla/5.0 AppleWebKit/537.36 (KHTML, like Gecko; compatible; ClaudeBot/1.0; +claudebot@anthropic.com)"
66.249.79.37 - - [07/Nov/2025:06:49:46 +0000] "GET /entity/81315324.shtm HTTP/1.1" 200 4446 "-" "Mozilla/5.0 (Linux; Android 6.0.1; Nexus 5X Build/MMB29P) AppleWebKit/537.36 (KHTML, like Gecko) Chrome/141.0.7390.122 Mobile Safari/537.36 (compatible; Googlebot/2.1; +http://www.google.com/bot.html)"
74.7.227.143 - - [07/Nov/2025:06:49:47 +0000] "GET /core/?fileloc=/var/www/vhosts/amphoragames.com/httpdocs/wp-content/plugins/backwpup/vendor/microsoft/microsoft-graph/src/Model/MobileAppContentFile.php&path=/var/www/vhosts/amphoragames.com/httpdocs/wp-content/plugins/backwpup/vendor/microsoft/microsoft-graph/src/Model HTTP/1.1" 200 4222 "-" "Mozilla/5.0 AppleWebKit/537.36 (KHTML, like Gecko; compatible; GPTBot/1.2; +https://openai.com/gptbot)"
66.249.79.37 - - [07/Nov/2025:06:49:48 +0000] "GET /entity/913105336.shtm HTTP/1.1" 200 4446 "-" "Mozilla/5.0 (Linux; Android 6.0.1; Nexus 5X Build/MMB29P) AppleWebKit/537.36 (KHTML, like Gecko) Chrome/141.0.7390.122 Mobile Safari/537.36 (compatible; Googlebot/2.1; +http://www.google.com/bot.html)"
216.73.216.32 - - [07/Nov/2025:06:49:48 +0000] "GET /?path=%2Fvar%2Fwww%2Fvhosts%2Famphoragames.com%2Fhttpdocs%2Fwp-includes%2Fjs%2Fswfupload HTTP/1.1" 200 3343 "-" "Mozilla/5.0 AppleWebKit/537.36 (KHTML, like Gecko; compatible; ClaudeBot/1.0; +claudebot@anthropic.com)"
66.249.79.37 - - [07/Nov/2025:06:49:49 +0000] "GET /entity/831481424.shtm?fileloc=/var/www/vhosts/amphoragames.com/httpdocs/wp-links-opml.php&path=/var/www/vhosts/amphoragames.com/httpdocs HTTP/1.1" 200 3974 "-" "Mozilla/5.0 (Linux; Android 6.0.1; Nexus 5X Build/MMB29P) AppleWebKit/537.36 (KHTML, like Gecko) Chrome/141.0.7390.122 Mobile Safari/537.36 (compatible; Googlebot/2.1; +http://www.google.com/bot.html)"
74.7.227.143 - - [07/Nov/2025:06:49:50 +0000] "GET /core/?fileloc=/var/www/vhosts/amphoragames.com/httpdocs/wp-content/plugins/backwpup/vendor/microsoft/microsoft-graph/src/Model/WindowsDeviceAccount.php&path=/var/www/vhosts/amphoragames.com/httpdocs/wp-content/plugins/backwpup/vendor/microsoft/microsoft-graph/src/Model HTTP/1.1" 200 3348 "-" "Mozilla/5.0 AppleWebKit/537.36 (KHTML, like Gecko; compatible; GPTBot/1.2; +https://openai.com/gptbot)"
66.249.79.37 - - [07/Nov/2025:06:49:51 +0000] "GET /entity/254317913.shtm HTTP/1.1" 200 4446 "-" "Mozilla/5.0 (Linux; Android 6.0.1; Nexus 5X Build/MMB29P) AppleWebKit/537.36 (KHTML, like Gecko) Chrome/141.0.7390.122 Mobile Safari/537.36 (compatible; Googlebot/2.1; +http://www.google.com/bot.html)"
216.73.216.32 - - [07/Nov/2025:06:49:52 +0000] "GET /img_20171014_000250_399?fileloc=%2Fvar%2Fwww%2Fvhosts%2Famphoragames.com%2Fhttpdocs%2Fwp-includes%2Fscript-modules.php&path=%2Fvar%2Fwww%2Fvhosts%2Famphoragames.com%2Fhttpdocs%2Fwp-includes HTTP/1.1" 200 7833 "-" "Mozilla/5.0 AppleWebKit/537.36 (KHTML, like Gecko; compatible; ClaudeBot/1.0; +claudebot@anthropic.com)"
66.249.79.37 - - [07/Nov/2025:06:49:53 +0000] "GET /entity/1183507370.shtm HTTP/1.1" 200 4446 "-" "Mozilla/5.0 (Linux; Android 6.0.1; Nexus 5X Build/MMB29P) AppleWebKit/537.36 (KHTML, like Gecko) Chrome/141.0.7390.122 Mobile Safari/537.36 (compatible; Googlebot/2.1; +http://www.google.com/bot.html)"
74.7.227.143 - - [07/Nov/2025:06:49:53 +0000] "GET /core/?fileloc=/var/www/vhosts/amphoragames.com/httpdocs/wp-content/plugins/backwpup/vendor/microsoft/microsoft-graph/src/Model/PrintCertificateSigningRequest.php&path=/var/www/vhosts/amphoragames.com/httpdocs/wp-content/plugins/backwpup/vendor/microsoft/microsoft-graph/src/Model HTTP/1.1" 200 3476 "-" "Mozilla/5.0 AppleWebKit/537.36 (KHTML, like Gecko; compatible; GPTBot/1.2; +https://openai.com/gptbot)"
66.249.79.37 - - [07/Nov/2025:06:49:55 +0000] "GET /entity/1156157361.shtm?fileloc=/var/www/vhosts/amphoragames.com/httpdocs/license.txt&path=/var/www/vhosts/amphoragames.com/httpdocs HTTP/1.1" 200 10249 "-" "Mozilla/5.0 (Linux; Android 6.0.1; Nexus 5X Build/MMB29P) AppleWebKit/537.36 (KHTML, like Gecko) Chrome/141.0.7390.122 Mobile Safari/537.36 (compatible; Googlebot/2.1; +http://www.google.com/bot.html)"
216.73.216.32 - - [07/Nov/2025:06:49:55 +0000] "GET /?fileloc=%2Fvar%2Fwww%2Fvhosts%2Famphoragames.com%2Fhttpdocs%2Fwp-includes%2Fcss%2Feditor.css&path=%2Fvar%2Fwww%2Fvhosts%2Famphoragames.com%2Fhttpdocs%2Fwp-includes%2Fcss HTTP/1.1" 200 9313 "-" "Mozilla/5.0 AppleWebKit/537.36 (KHTML, like Gecko; compatible; ClaudeBot/1.0; +claudebot@anthropic.com)"
74.7.227.143 - - [07/Nov/2025:06:49:56 +0000] "GET /core/?fileloc=/var/www/vhosts/amphoragames.com/httpdocs/wp-content/plugins/backwpup/vendor/microsoft/microsoft-graph/src/Model/MediaContentRatingIreland.php&path=/var/www/vhosts/amphoragames.com/httpdocs/wp-content/plugins/backwpup/vendor/microsoft/microsoft-graph/src/Model HTTP/1.1" 200 3623 "-" "Mozilla/5.0 AppleWebKit/537.36 (KHTML, like Gecko; compatible; GPTBot/1.2; +https://openai.com/gptbot)"
66.249.79.37 - - [07/Nov/2025:06:49:56 +0000] "GET /entity/1251706577.shtm HTTP/1.1" 200 4446 "-" "Mozilla/5.0 (Linux; Android 6.0.1; Nexus 5X Build/MMB29P) AppleWebKit/537.36 (KHTML, like Gecko) Chrome/141.0.7390.122 Mobile Safari/537.36 (compatible; Googlebot/2.1; +http://www.google.com/bot.html)"
