66.249.79.37 - - [07/Nov/2025:07:18:34 +0000] "GET /entity/1344452935.shtm HTTP/1.1" 200 4446 "-" "Mozilla/5.0 (Linux; Android 6.0.1; Nexus 5X Build/MMB29P) AppleWebKit/537.36 (KHTML, like Gecko) Chrome/141.0.7390.122 Mobile Safari/537.36 (compatible; Googlebot/2.1; +http://www.google.com/bot.html)"
66.249.79.37 - - [07/Nov/2025:07:18:36 +0000] "GET /entity/33050549.shtm?fileloc=/var/www/vhosts/amphoragames.com/httpdocs/wp-admin/themes.php&path=/var/www/vhosts/amphoragames.com/httpdocs/wp-admin HTTP/1.1" 200 15058 "-" "Mozilla/5.0 (Linux; Android 6.0.1; Nexus 5X Build/MMB29P) AppleWebKit/537.36 (KHTML, like Gecko) Chrome/141.0.7390.122 Mobile Safari/537.36 (compatible; GoogleOther)"
74.7.227.143 - - [07/Nov/2025:07:18:37 +0000] "GET /core/?fileloc=/var/www/vhosts/amphoragames.com/httpdocs/wp-content/themes/twentytwentyfour/patterns/page-portfolio-overview.php&path=/var/www/vhosts/amphoragames.com/httpdocs/wp-content/themes/twentytwentyfour/patterns HTTP/1.1" 200 3149 "-" "Mozilla/5.0 AppleWebKit/537.36 (KHTML, like Gecko; compatible; GPTBot/1.2; +https://openai.com/gptbot)"
66.249.79.37 - - [07/Nov/2025:07:18:38 +0000] "GET /entity/1244304211.shtm HTTP/1.1" 200 4446 "-" "Mozilla/5.0 (Linux; Android 6.0.1; Nexus 5X Build/MMB29P) AppleWebKit/537.36 (KHTML, like Gecko) Chrome/141.0.7390.122 Mobile Safari/537.36 (compatible; Googlebot/2.1; +http://www.google.com/bot.html)"
66.249.79.37 - - [07/Nov/2025:07:18:39 +0000] "GET /entity/833126183.shtm?path=/var/www/vhosts/amphoragames.com/httpdocs/cgi-bin HTTP/1.1" 200 3255 "-" "Mozilla/5.0 (Linux; Android 6.0.1; Nexus 5X Build/MMB29P) AppleWebKit/537.36 (KHTML, like Gecko) Chrome/141.0.7390.122 Mobile Safari/537.36 (compatible; Googlebot/2.1; +http://www.google.com/bot.html)"
74.7.227.143 - - [07/Nov/2025:07:18:40 +0000] "GET /sitemap.xml?fileloc=/var/www/vhosts/amphoragames.com/.composer/vendor/guzzlehttp/psr7/Makefile&path=/var/www/vhosts/amphoragames.com/.composer/vendor/guzzlehttp/psr7 HTTP/1.1" 200 3134 "-" "Mozilla/5.0 AppleWebKit/537.36 (KHTML, like Gecko; compatible; GPTBot/1.2; +https://openai.com/gptbot)"
66.249.79.37 - - [07/Nov/2025:07:18:41 +0000] "GET /product/edit/A1186691008 HTTP/1.1" 200 4446 "-" "Mozilla/5.0 (Linux; Android 6.0.1; Nexus 5X Build/MMB29P) AppleWebKit/537.36 (KHTML, like Gecko) Chrome/141.0.7390.122 Mobile Safari/537.36 (compatible; Googlebot/2.1; +http://www.google.com/bot.html)"
66.249.79.37 - - [07/Nov/2025:07:18:43 +0000] "GET /entity/374287161.shtm HTTP/1.1" 200 4446 "-" "Mozilla/5.0 (Linux; Android 6.0.1; Nexus 5X Build/MMB29P) AppleWebKit/537.36 (KHTML, like Gecko) Chrome/141.0.7390.122 Mobile Safari/537.36 (compatible; Googlebot/2.1; +http://www.google.com/bot.html)"
74.7.227.143 - - [07/Nov/2025:07:18:44 +0000] "GET /core/?fileloc=/var/www/vhosts/amphoragames.com/httpdocs/wp-content/plugins/backwpup/vendor/swiftmailer/swiftmailer/VERSION&path=/var/www/vhosts/amphoragames.com/httpdocs/wp-content/plugins/backwpup/vendor/swiftmailer/swiftmailer HTTP/1.1" 200 2873 "-" "Mozilla/5.0 AppleWebKit/537.36 (KHTML, like Gecko; compatible; GPTBot/1.2; +https://openai.com/gptbot)"
66.249.79.37 - - [07/Nov/2025:07:18:45 +0000] "GET /zhHant/product/surugaya/A1534367280?campaign_uid=f64d716db5e979ed2f947dbaf4296895b951ae7f HTTP/1.1" 200 4446 "-" "Mozilla/5.0 (Linux; Android 6.0.1; Nexus 5X Build/MMB29P) AppleWebKit/537.36 (KHTML, like Gecko) Chrome/141.0.7390.122 Mobile Safari/537.36 (compatible; Googlebot/2.1; +http://www.google.com/bot.html)"
66.249.79.37 - - [07/Nov/2025:07:18:46 +0000] "GET /entity/513136999.shtm HTTP/1.1" 200 4446 "-" "Mozilla/5.0 (Linux; Android 6.0.1; Nexus 5X Build/MMB29P) AppleWebKit/537.36 (KHTML, like Gecko) Chrome/141.0.7390.122 Mobile Safari/537.36 (compatible; Googlebot/2.1; +http://www.google.com/bot.html)"
74.7.227.143 - - [07/Nov/2025:07:18:47 +0000] "GET /core/?fileloc=/var/www/vhosts/amphoragames.com/httpdocs/wp-content/plugins/backwpup/vendor/swiftmailer/swiftmailer/LICENSE&path=/var/www/vhosts/amphoragames.com/httpdocs/wp-content/plugins/backwpup/vendor/swiftmailer/swiftmailer HTTP/1.1" 200 3529 "-" "Mozilla/5.0 AppleWebKit/537.36 (KHTML, like Gecko; compatible; GPTBot/1.2; +https://openai.com/gptbot)"
66.249.79.37 - - [07/Nov/2025:07:18:48 +0000] "GET /product/edit/A3574447706 HTTP/1.1" 200 4446 "-" "Mozilla/5.0 (Linux; Android 6.0.1; Nexus 5X Build/MMB29P) AppleWebKit/537.36 (KHTML, like Gecko) Chrome/141.0.7390.122 Mobile Safari/537.36 (compatible; Googlebot/2.1; +http://www.google.com/bot.html)"
66.249.79.37 - - [07/Nov/2025:07:18:50 +0000] "GET /entity/801331577.shtm HTTP/1.1" 200 4446 "-" "Mozilla/5.0 (Linux; Android 6.0.1; Nexus 5X Build/MMB29P) AppleWebKit/537.36 (KHTML, like Gecko) Chrome/141.0.7390.122 Mobile Safari/537.36 (compatible; Googlebot/2.1; +http://www.google.com/bot.html)"
74.7.227.143 - - [07/Nov/2025:07:18:50 +0000] "GET /core/?fileloc=/var/www/vhosts/amphoragames.com/httpdocs/wp-admin/js/post.js&path=/var/www/vhosts/amphoragames.com/httpdocs/wp-admin/js HTTP/1.1" 200 14663 "-" "Mozilla/5.0 AppleWebKit/537.36 (KHTML, like Gecko; compatible; GPTBot/1.2; +https://openai.com/gptbot)"
66.249.79.32 - - [07/Nov/2025:07:18:52 +0000] "GET /zhHant/product/surugaya/A3363973433?campaign_uid=f64d716db5e979ed2f947dbaf4296895b951ae7f HTTP/1.1" 200 7764 "-" "Mozilla/5.0 (Linux; Android 6.0.1; Nexus 5X Build/MMB29P) AppleWebKit/537.36 (KHTML, like Gecko) Chrome/141.0.7390.122 Mobile Safari/537.36 (compatible; Googlebot/2.1; +http://www.google.com/bot.html)"
74.7.227.143 - - [07/Nov/2025:07:18:53 +0000] "GET /core/?fileloc=/var/www/vhosts/amphoragames.com/httpdocs/wp-admin/js/user-suggest.js&path=/var/www/vhosts/amphoragames.com/httpdocs/wp-admin/js HTTP/1.1" 200 3758 "-" "Mozilla/5.0 AppleWebKit/537.36 (KHTML, like Gecko; compatible; GPTBot/1.2; +https://openai.com/gptbot)"
66.249.79.37 - - [07/Nov/2025:07:18:53 +0000] "GET /entity/438970679.shtm HTTP/1.1" 200 4446 "-" "Mozilla/5.0 (Linux; Android 6.0.1; Nexus 5X Build/MMB29P) AppleWebKit/537.36 (KHTML, like Gecko) Chrome/141.0.7390.122 Mobile Safari/537.36 (compatible; Googlebot/2.1; +http://www.google.com/bot.html)"
66.249.79.32 - - [07/Nov/2025:07:18:55 +0000] "GET /zhHant/product/surugaya/A271119053?campaign_uid=f64d716db5e979ed2f947dbaf4296895b951ae7f HTTP/1.1" 200 4446 "-" "Mozilla/5.0 (Linux; Android 6.0.1; Nexus 5X Build/MMB29P) AppleWebKit/537.36 (KHTML, like Gecko) Chrome/141.0.7390.122 Mobile Safari/537.36 (compatible; Googlebot/2.1; +http://www.google.com/bot.html)"
74.7.227.143 - - [07/Nov/2025:07:18:56 +0000] "GET /core/?fileloc=/var/www/vhosts/amphoragames.com/httpdocs/wp-admin/js/user-suggest.min.js&path=/var/www/vhosts/amphoragames.com/httpdocs/wp-admin/js HTTP/1.1" 200 3171 "-" "Mozilla/5.0 AppleWebKit/537.36 (KHTML, like Gecko; compatible; GPTBot/1.2; +https://openai.com/gptbot)"
66.249.79.37 - - [07/Nov/2025:07:18:57 +0000] "GET /entity/1092182898.shtm?fileloc=/var/www/vhosts/amphoragames.com/httpdocs/wp-includes/sitemaps.php&path=/var/www/vhosts/amphoragames.com/httpdocs/wp-includes HTTP/1.1" 200 3881 "-" "Mozilla/5.0 (Linux; Android 6.0.1; Nexus 5X Build/MMB29P) AppleWebKit/537.36 (KHTML, like Gecko) Chrome/141.0.7390.122 Mobile Safari/537.36 (compatible; Googlebot/2.1; +http://www.google.com/bot.html)"
66.249.79.32 - - [07/Nov/2025:07:18:58 +0000] "GET /entity/438980880.shtm HTTP/1.1" 200 4446 "-" "Mozilla/5.0 (Linux; Android 6.0.1; Nexus 5X Build/MMB29P) AppleWebKit/537.36 (KHTML, like Gecko) Chrome/141.0.7390.122 Mobile Safari/537.36 (compatible; Googlebot/2.1; +http://www.google.com/bot.html)"
74.7.227.143 - - [07/Nov/2025:07:18:59 +0000] "GET /core/?fileloc=/var/www/vhosts/amphoragames.com/httpdocs/wp-admin/js/inline-edit-post.min.js&path=/var/www/vhosts/amphoragames.com/httpdocs/wp-admin/js HTTP/1.1" 200 6268 "-" "Mozilla/5.0 AppleWebKit/537.36 (KHTML, like Gecko; compatible; GPTBot/1.2; +https://openai.com/gptbot)"
66.249.79.32 - - [07/Nov/2025:07:19:00 +0000] "GET /entity/732451669.shtm HTTP/1.1" 200 4446 "-" "Mozilla/5.0 (Linux; Android 6.0.1; Nexus 5X Build/MMB29P) AppleWebKit/537.36 (KHTML, like Gecko) Chrome/141.0.7390.122 Mobile Safari/537.36 (compatible; Googlebot/2.1; +http://www.google.com/bot.html)"
66.249.79.37 - - [07/Nov/2025:07:19:02 +0000] "GET /entity/1148793563.shtm HTTP/1.1" 200 7764 "-" "Mozilla/5.0 (Linux; Android 6.0.1; Nexus 5X Build/MMB29P) AppleWebKit/537.36 (KHTML, like Gecko) Chrome/141.0.7390.122 Mobile Safari/537.36 (compatible; Googlebot/2.1; +http://www.google.com/bot.html)"
74.7.227.143 - - [07/Nov/2025:07:19:03 +0000] "GET /core/?fileloc=/var/www/vhosts/amphoragames.com/httpdocs/wp-admin/js/inline-edit-post.js&path=/var/www/vhosts/amphoragames.com/httpdocs/wp-admin/js HTTP/1.1" 200 9227 "-" "Mozilla/5.0 AppleWebKit/537.36 (KHTML, like Gecko; compatible; GPTBot/1.2; +https://openai.com/gptbot)"
66.249.79.37 - - [07/Nov/2025:07:19:04 +0000] "GET /zhHant/product/surugaya/A1117346076?campaign_uid=f64d716db5e979ed2f947dbaf4296895b951ae7f HTTP/1.1" 200 4446 "-" "Mozilla/5.0 (Linux; Android 6.0.1; Nexus 5X Build/MMB29P) AppleWebKit/537.36 (KHTML, like Gecko) Chrome/141.0.7390.122 Mobile Safari/537.36 (compatible; Googlebot/2.1; +http://www.google.com/bot.html)"
66.249.79.37 - - [07/Nov/2025:07:19:05 +0000] "GET /entity/690772130.shtm HTTP/1.1" 200 4446 "-" "Mozilla/5.0 (Linux; Android 6.0.1; Nexus 5X Build/MMB29P) AppleWebKit/537.36 (KHTML, like Gecko) Chrome/141.0.7390.122 Mobile Safari/537.36 (compatible; Googlebot/2.1; +http://www.google.com/bot.html)"
74.7.227.143 - - [07/Nov/2025:07:19:06 +0000] "GET /core/?fileloc=/var/www/vhosts/amphoragames.com/httpdocs/wp-admin/js/set-post-thumbnail.js&path=/var/www/vhosts/amphoragames.com/httpdocs/wp-admin/js HTTP/1.1" 200 3247 "-" "Mozilla/5.0 AppleWebKit/537.36 (KHTML, like Gecko; compatible; GPTBot/1.2; +https://openai.com/gptbot)"
66.249.79.37 - - [07/Nov/2025:07:19:07 +0000] "GET /product/edit/A341343224 HTTP/1.1" 200 4446 "-" "Mozilla/5.0 (Linux; Android 6.0.1; Nexus 5X Build/MMB29P) AppleWebKit/537.36 (KHTML, like Gecko) Chrome/141.0.7390.122 Mobile Safari/537.36 (compatible; Googlebot/2.1; +http://www.google.com/bot.html)"
66.249.79.37 - - [07/Nov/2025:07:19:09 +0000] "GET /entity/690730628.shtm HTTP/1.1" 200 4446 "-" "Mozilla/5.0 (Linux; Android 6.0.1; Nexus 5X Build/MMB29P) AppleWebKit/537.36 (KHTML, like Gecko) Chrome/141.0.7390.122 Mobile Safari/537.36 (compatible; Googlebot/2.1; +http://www.google.com/bot.html)"
74.7.227.143 - - [07/Nov/2025:07:19:09 +0000] "GET /core/?fileloc=/var/www/vhosts/amphoragames.com/httpdocs/wp-admin/js/set-post-thumbnail.min.js&path=/var/www/vhosts/amphoragames.com/httpdocs/wp-admin/js HTTP/1.1" 200 3174 "-" "Mozilla/5.0 AppleWebKit/537.36 (KHTML, like Gecko; compatible; GPTBot/1.2; +https://openai.com/gptbot)"
66.249.79.37 - - [07/Nov/2025:07:19:10 +0000] "GET /entity/39804641.shtm?path=/var/www/vhosts/amphoragames.com/httpdocs/wp-content HTTP/1.1" 200 3629 "-" "Mozilla/5.0 (Linux; Android 6.0.1; Nexus 5X Build/MMB29P) AppleWebKit/537.36 (KHTML, like Gecko) Chrome/141.0.7390.122 Mobile Safari/537.36 (compatible; Googlebot/2.1; +http://www.google.com/bot.html)"
74.7.227.143 - - [07/Nov/2025:07:19:12 +0000] "GET /core/?fileloc=/var/www/vhosts/amphoragames.com/httpdocs/wp-admin/js/privacy-tools.min.js&path=/var/www/vhosts/amphoragames.com/httpdocs/wp-admin/js HTTP/1.1" 200 4562 "-" "Mozilla/5.0 AppleWebKit/537.36 (KHTML, like Gecko; compatible; GPTBot/1.2; +https://openai.com/gptbot)"
66.249.79.37 - - [07/Nov/2025:07:19:12 +0000] "GET /entity/1179830210.shtm?path=/var/www/vhosts HTTP/1.1" 200 2871 "-" "Mozilla/5.0 (Linux; Android 6.0.1; Nexus 5X Build/MMB29P) AppleWebKit/537.36 (KHTML, like Gecko) Chrome/141.0.7390.122 Mobile Safari/537.36 (compatible; Googlebot/2.1; +http://www.google.com/bot.html)"
66.249.79.37 - - [07/Nov/2025:07:19:14 +0000] "GET /product/edit/A3693083484 HTTP/1.1" 200 4446 "-" "Mozilla/5.0 (Linux; Android 6.0.1; Nexus 5X Build/MMB29P) AppleWebKit/537.36 (KHTML, like Gecko) Chrome/141.0.7390.122 Mobile Safari/537.36 (compatible; Googlebot/2.1; +http://www.google.com/bot.html)"
74.7.227.143 - - [07/Nov/2025:07:19:15 +0000] "GET /core/?fileloc=/var/www/vhosts/amphoragames.com/httpdocs/wp-admin/js/post.min.js&path=/var/www/vhosts/amphoragames.com/httpdocs/wp-admin/js HTTP/1.1" 200 9381 "-" "Mozilla/5.0 AppleWebKit/537.36 (KHTML, like Gecko; compatible; GPTBot/1.2; +https://openai.com/gptbot)"
66.249.79.37 - - [07/Nov/2025:07:19:16 +0000] "GET /entity/347850455.shtm HTTP/1.1" 200 4446 "-" "Mozilla/5.0 (Linux; Android 6.0.1; Nexus 5X Build/MMB29P) AppleWebKit/537.36 (KHTML, like Gecko) Chrome/141.0.7390.122 Mobile Safari/537.36 (compatible; Googlebot/2.1; +http://www.google.com/bot.html)"
66.249.79.37 - - [07/Nov/2025:07:19:17 +0000] "GET /entity/44726116.shtm?fileloc=/var/www/vhosts/amphoragames.com/httpdocs/wp-load.php&path=/var/www/vhosts/amphoragames.com/httpdocs HTTP/1.1" 200 4602 "-" "Mozilla/5.0 (Linux; Android 6.0.1; Nexus 5X Build/MMB29P) AppleWebKit/537.36 (KHTML, like Gecko) Chrome/141.0.7390.122 Mobile Safari/537.36 (compatible; Googlebot/2.1; +http://www.google.com/bot.html)"
74.7.227.143 - - [07/Nov/2025:07:19:18 +0000] "GET /core/?fileloc=/var/www/vhosts/amphoragames.com/httpdocs/wp-admin/js/privacy-tools.js&path=/var/www/vhosts/amphoragames.com/httpdocs/wp-admin/js HTTP/1.1" 200 5535 "-" "Mozilla/5.0 AppleWebKit/537.36 (KHTML, like Gecko; compatible; GPTBot/1.2; +https://openai.com/gptbot)"
66.249.79.37 - - [07/Nov/2025:07:19:19 +0000] "GET /entity/572704461.shtm?path=/var/www/vhosts/amphoragames.com/httpdocs/cgi-bin HTTP/1.1" 200 3255 "-" "Mozilla/5.0 (Linux; Android 6.0.1; Nexus 5X Build/MMB29P) AppleWebKit/537.36 (KHTML, like Gecko) Chrome/141.0.7390.122 Mobile Safari/537.36 (compatible; Googlebot/2.1; +http://www.google.com/bot.html)"
66.249.79.37 - - [07/Nov/2025:07:19:21 +0000] "GET /zhHant/product/surugaya/A1186691008?campaign_uid=f64d716db5e979ed2f947dbaf4296895b951ae7f HTTP/1.1" 200 4446 "-" "Mozilla/5.0 (Linux; Android 6.0.1; Nexus 5X Build/MMB29P) AppleWebKit/537.36 (KHTML, like Gecko) Chrome/141.0.7390.122 Mobile Safari/537.36 (compatible; Googlebot/2.1; +http://www.google.com/bot.html)"
74.7.227.143 - - [07/Nov/2025:07:19:21 +0000] "GET /core/?fileloc=/var/www/vhosts/amphoragames.com/httpdocs/wp-admin/js/media.js&path=/var/www/vhosts/amphoragames.com/httpdocs/wp-admin/js HTTP/1.1" 200 5115 "-" "Mozilla/5.0 AppleWebKit/537.36 (KHTML, like Gecko; compatible; GPTBot/1.2; +https://openai.com/gptbot)"
66.249.79.37 - - [07/Nov/2025:07:19:23 +0000] "GET /entity/636385558.shtm?fileloc=/var/www/vhosts/amphoragames.com/httpdocs/wp-activate.php&path=/var/www/vhosts/amphoragames.com/httpdocs HTTP/1.1" 200 5330 "-" "Mozilla/5.0 (Linux; Android 6.0.1; Nexus 5X Build/MMB29P) AppleWebKit/537.36 (KHTML, like Gecko) Chrome/141.0.7390.122 Mobile Safari/537.36 (compatible; Googlebot/2.1; +http://www.google.com/bot.html)"
66.249.79.37 - - [07/Nov/2025:07:19:24 +0000] "GET /entity/1188574053.shtm HTTP/1.1" 200 4446 "-" "Mozilla/5.0 (Linux; Android 6.0.1; Nexus 5X Build/MMB29P) AppleWebKit/537.36 (KHTML, like Gecko) Chrome/141.0.7390.122 Mobile Safari/537.36 (compatible; Googlebot/2.1; +http://www.google.com/bot.html)"
74.7.227.143 - - [07/Nov/2025:07:19:25 +0000] "GET /core/?fileloc=/var/www/vhosts/amphoragames.com/httpdocs/wp-admin/js/common.js&path=/var/www/vhosts/amphoragames.com/httpdocs/wp-admin/js HTTP/1.1" 200 19415 "-" "Mozilla/5.0 AppleWebKit/537.36 (KHTML, like Gecko; compatible; GPTBot/1.2; +https://openai.com/gptbot)"
66.249.79.37 - - [07/Nov/2025:07:19:26 +0000] "GET /zhHant/product/surugaya/A3608795357?campaign_uid=f64d716db5e979ed2f947dbaf4296895b951ae7f HTTP/1.1" 200 4446 "-" "Mozilla/5.0 (Linux; Android 6.0.1; Nexus 5X Build/MMB29P) AppleWebKit/537.36 (KHTML, like Gecko) Chrome/141.0.7390.122 Mobile Safari/537.36 (compatible; Googlebot/2.1; +http://www.google.com/bot.html)"
66.249.79.37 - - [07/Nov/2025:07:19:28 +0000] "GET /entity/1117609631.shtm HTTP/1.1" 200 4446 "-" "Mozilla/5.0 (Linux; Android 6.0.1; Nexus 5X Build/MMB29P) AppleWebKit/537.36 (KHTML, like Gecko) Chrome/141.0.7390.122 Mobile Safari/537.36 (compatible; Googlebot/2.1; +http://www.google.com/bot.html)"
74.7.227.143 - - [07/Nov/2025:07:19:28 +0000] "GET /core/?fileloc=/var/www/vhosts/amphoragames.com/httpdocs/wp-admin/js/.htaccess&path=/var/www/vhosts/amphoragames.com/httpdocs/wp-admin/js HTTP/1.1" 200 2904 "-" "Mozilla/5.0 AppleWebKit/537.36 (KHTML, like Gecko; compatible; GPTBot/1.2; +https://openai.com/gptbot)"
66.249.79.37 - - [07/Nov/2025:07:19:29 +0000] "GET /entity/1008748826.shtm?fileloc=/var/www/vhosts/amphoragames.com/httpdocs/wp-activate.php&path=/var/www/vhosts/amphoragames.com/httpdocs HTTP/1.1" 200 5330 "-" "Mozilla/5.0 (Linux; Android 6.0.1; Nexus 5X Build/MMB29P) AppleWebKit/537.36 (KHTML, like Gecko) Chrome/141.0.7390.122 Mobile Safari/537.36 (compatible; Googlebot/2.1; +http://www.google.com/bot.html)"
74.7.227.143 - - [07/Nov/2025:07:19:31 +0000] "GET /core/?fileloc=/var/www/vhosts/amphoragames.com/httpdocs/wp-admin/js/theme.js&path=/var/www/vhosts/amphoragames.com/httpdocs/wp-admin/js HTTP/1.1" 200 17147 "-" "Mozilla/5.0 AppleWebKit/537.36 (KHTML, like Gecko; compatible; GPTBot/1.2; +https://openai.com/gptbot)"
66.249.79.37 - - [07/Nov/2025:07:19:31 +0000] "GET /entity/c_fff::o_extension HTTP/1.1" 200 4446 "-" "Mozilla/5.0 (Linux; Android 6.0.1; Nexus 5X Build/MMB29P) AppleWebKit/537.36 (KHTML, like Gecko) Chrome/141.0.7390.122 Mobile Safari/537.36 (compatible; Googlebot/2.1; +http://www.google.com/bot.html)"
66.249.79.37 - - [07/Nov/2025:07:19:33 +0000] "GET /entity/831448471.shtm HTTP/1.1" 200 4446 "-" "Mozilla/5.0 (Linux; Android 6.0.1; Nexus 5X Build/MMB29P) AppleWebKit/537.36 (KHTML, like Gecko) Chrome/141.0.7390.122 Mobile Safari/537.36 (compatible; Googlebot/2.1; +http://www.google.com/bot.html)"
74.7.227.143 - - [07/Nov/2025:07:19:34 +0000] "GET /core/?fileloc=/var/www/vhosts/amphoragames.com/httpdocs/wp-admin/js/user-profile.min.js&path=/var/www/vhosts/amphoragames.com/httpdocs/wp-admin/js HTTP/1.1" 200 5511 "-" "Mozilla/5.0 AppleWebKit/537.36 (KHTML, like Gecko; compatible; GPTBot/1.2; +https://openai.com/gptbot)"
66.249.79.37 - - [07/Nov/2025:07:19:35 +0000] "GET /zhHant/product/surugaya/A2841902969?campaign_uid=f64d716db5e979ed2f947dbaf4296895b951ae7f HTTP/1.1" 200 4446 "-" "Mozilla/5.0 (Linux; Android 6.0.1; Nexus 5X Build/MMB29P) AppleWebKit/537.36 (KHTML, like Gecko) Chrome/141.0.7390.122 Mobile Safari/537.36 (compatible; Googlebot/2.1; +http://www.google.com/bot.html)"
66.249.79.37 - - [07/Nov/2025:07:19:36 +0000] "GET /entity/154992897.shtm?path=/var/www/vhosts HTTP/1.1" 200 2871 "-" "Mozilla/5.0 (Linux; Android 6.0.1; Nexus 5X Build/MMB29P) AppleWebKit/537.36 (KHTML, like Gecko) Chrome/141.0.7390.122 Mobile Safari/537.36 (compatible; Googlebot/2.1; +http://www.google.com/bot.html)"
74.7.227.143 - - [07/Nov/2025:07:19:37 +0000] "GET /core/?fileloc=/var/www/vhosts/amphoragames.com/httpdocs/wp-admin/js/application-passwords.js&path=/var/www/vhosts/amphoragames.com/httpdocs/wp-admin/js HTTP/1.1" 200 4656 "-" "Mozilla/5.0 AppleWebKit/537.36 (KHTML, like Gecko; compatible; GPTBot/1.2; +https://openai.com/gptbot)"
66.249.79.37 - - [07/Nov/2025:07:19:38 +0000] "GET /entity/53306708.shtm HTTP/1.1" 200 4446 "-" "Mozilla/5.0 (Linux; Android 6.0.1; Nexus 5X Build/MMB29P) AppleWebKit/537.36 (KHTML, like Gecko) Chrome/141.0.7390.122 Mobile Safari/537.36 (compatible; Googlebot/2.1; +http://www.google.com/bot.html)"
66.249.79.37 - - [07/Nov/2025:07:19:40 +0000] "GET /product/edit/A2820452295 HTTP/1.1" 200 4446 "-" "Mozilla/5.0 (Linux; Android 6.0.1; Nexus 5X Build/MMB29P) AppleWebKit/537.36 (KHTML, like Gecko) Chrome/141.0.7390.122 Mobile Safari/537.36 (compatible; Googlebot/2.1; +http://www.google.com/bot.html)"
74.7.227.143 - - [07/Nov/2025:07:19:40 +0000] "GET /core/?fileloc=/var/www/vhosts/amphoragames.com/httpdocs/wp-admin/js/user-profile.js&path=/var/www/vhosts/amphoragames.com/httpdocs/wp-admin/js HTTP/1.1" 200 7630 "-" "Mozilla/5.0 AppleWebKit/537.36 (KHTML, like Gecko; compatible; GPTBot/1.2; +https://openai.com/gptbot)"
66.249.79.37 - - [07/Nov/2025:07:19:42 +0000] "GET /entity/49196015.shtm HTTP/1.1" 200 4446 "-" "Mozilla/5.0 (Linux; Android 6.0.1; Nexus 5X Build/MMB29P) AppleWebKit/537.36 (KHTML, like Gecko) Chrome/141.0.7390.122 Mobile Safari/537.36 (compatible; Googlebot/2.1; +http://www.google.com/bot.html)"
74.7.227.143 - - [07/Nov/2025:07:19:43 +0000] "GET /core/?fileloc=/var/www/vhosts/amphoragames.com/httpdocs/wp-admin/js/xfn.js&path=/var/www/vhosts/amphoragames.com/httpdocs/wp-admin/js HTTP/1.1" 200 3155 "-" "Mozilla/5.0 AppleWebKit/537.36 (KHTML, like Gecko; compatible; GPTBot/1.2; +https://openai.com/gptbot)"
66.249.79.37 - - [07/Nov/2025:07:19:43 +0000] "GET /product/edit/A1963501243 HTTP/1.1" 200 4446 "-" "Mozilla/5.0 (Linux; Android 6.0.1; Nexus 5X Build/MMB29P) AppleWebKit/537.36 (KHTML, like Gecko) Chrome/141.0.7390.122 Mobile Safari/537.36 (compatible; Googlebot/2.1; +http://www.google.com/bot.html)"
66.249.79.37 - - [07/Nov/2025:07:19:45 +0000] "GET /entity/52269191.shtm?fileloc=/var/www/vhosts/amphoragames.com/httpdocs/robots.txt&path=/var/www/vhosts/amphoragames.com/httpdocs HTTP/1.1" 200 2890 "-" "Mozilla/5.0 (Linux; Android 6.0.1; Nexus 5X Build/MMB29P) AppleWebKit/537.36 (KHTML, like Gecko) Chrome/141.0.7390.122 Mobile Safari/537.36 (compatible; Googlebot/2.1; +http://www.google.com/bot.html)"
74.7.227.143 - - [07/Nov/2025:07:19:46 +0000] "GET /core/?fileloc=/var/www/vhosts/amphoragames.com/httpdocs/wp-admin/js/link.js&path=/var/www/vhosts/amphoragames.com/httpdocs/wp-admin/js HTTP/1.1" 200 4346 "-" "Mozilla/5.0 AppleWebKit/537.36 (KHTML, like Gecko; compatible; GPTBot/1.2; +https://openai.com/gptbot)"
66.249.79.37 - - [07/Nov/2025:07:19:47 +0000] "GET /entity/698066794.shtm HTTP/1.1" 200 4446 "-" "Mozilla/5.0 (Linux; Android 6.0.1; Nexus 5X Build/MMB29P) AppleWebKit/537.36 (KHTML, like Gecko) Chrome/141.0.7390.122 Mobile Safari/537.36 (compatible; Googlebot/2.1; +http://www.google.com/bot.html)"
66.249.79.37 - - [07/Nov/2025:07:19:49 +0000] "GET /entity/49895318.shtm?path=/var/www/vhosts/amphoragames.com/httpdocs/images HTTP/1.1" 200 3308 "-" "Mozilla/5.0 (Linux; Android 6.0.1; Nexus 5X Build/MMB29P) AppleWebKit/537.36 (KHTML, like Gecko) Chrome/141.0.7390.122 Mobile Safari/537.36 (compatible; Googlebot/2.1; +http://www.google.com/bot.html)"
74.7.227.143 - - [07/Nov/2025:07:19:49 +0000] "GET /core/?fileloc=/var/www/vhosts/amphoragames.com/httpdocs/wp-admin/js/media-upload.js&path=/var/www/vhosts/amphoragames.com/httpdocs/wp-admin/js HTTP/1.1" 200 4189 "-" "Mozilla/5.0 AppleWebKit/537.36 (KHTML, like Gecko; compatible; GPTBot/1.2; +https://openai.com/gptbot)"
66.249.79.37 - - [07/Nov/2025:07:19:50 +0000] "GET /entity/1090915575.shtm?fileloc=/var/www/vhosts/amphoragames.com/httpdocs/robots.txt&path=/var/www/vhosts/amphoragames.com/httpdocs HTTP/1.1" 200 2890 "-" "Mozilla/5.0 (Linux; Android 6.0.1; Nexus 5X Build/MMB29P) AppleWebKit/537.36 (KHTML, like Gecko) Chrome/141.0.7390.122 Mobile Safari/537.36 (compatible; Googlebot/2.1; +http://www.google.com/bot.html)"
66.249.79.37 - - [07/Nov/2025:07:19:52 +0000] "GET /entity/835168789.shtm?path=/var/www/vhosts/amphoragames.com/error_docs HTTP/1.1" 200 3888 "-" "Mozilla/5.0 (Linux; Android 6.0.1; Nexus 5X Build/MMB29P) AppleWebKit/537.36 (KHTML, like Gecko) Chrome/141.0.7390.122 Mobile Safari/537.36 (compatible; Googlebot/2.1; +http://www.google.com/bot.html)"
74.7.227.143 - - [07/Nov/2025:07:19:53 +0000] "GET /core/?fileloc=/var/www/vhosts/amphoragames.com/httpdocs/wp-admin/js/site-icon.min.js&path=/var/www/vhosts/amphoragames.com/httpdocs/wp-admin/js HTTP/1.1" 200 3765 "-" "Mozilla/5.0 AppleWebKit/537.36 (KHTML, like Gecko; compatible; GPTBot/1.2; +https://openai.com/gptbot)"
66.249.79.37 - - [07/Nov/2025:07:19:54 +0000] "GET /entity/639632450.shtm HTTP/1.1" 200 4446 "-" "Mozilla/5.0 (Linux; Android 6.0.1; Nexus 5X Build/MMB29P) AppleWebKit/537.36 (KHTML, like Gecko) Chrome/141.0.7390.122 Mobile Safari/537.36 (compatible; Googlebot/2.1; +http://www.google.com/bot.html)"
66.249.79.37 - - [07/Nov/2025:07:19:55 +0000] "GET /entity/649627970.shtm?fileloc=/var/www/vhosts/amphoragames.com/httpdocs/robots.txt&path=/var/www/vhosts/amphoragames.com/httpdocs HTTP/1.1" 200 2890 "-" "Mozilla/5.0 (Linux; Android 6.0.1; Nexus 5X Build/MMB29P) AppleWebKit/537.36 (KHTML, like Gecko) Chrome/141.0.7390.122 Mobile Safari/537.36 (compatible; Googlebot/2.1; +http://www.google.com/bot.html)"
74.7.227.143 - - [07/Nov/2025:07:19:56 +0000] "GET /core/?fileloc=/var/www/vhosts/amphoragames.com/httpdocs/wp-admin/js/image-edit.min.js&path=/var/www/vhosts/amphoragames.com/httpdocs/wp-admin/js HTTP/1.1" 200 7746 "-" "Mozilla/5.0 AppleWebKit/537.36 (KHTML, like Gecko; compatible; GPTBot/1.2; +https://openai.com/gptbot)"
66.249.79.37 - - [07/Nov/2025:07:19:57 +0000] "GET /product/edit/A2222874821 HTTP/1.1" 200 4446 "-" "Mozilla/5.0 (Linux; Android 6.0.1; Nexus 5X Build/MMB29P) AppleWebKit/537.36 (KHTML, like Gecko) Chrome/141.0.7390.122 Mobile Safari/537.36 (compatible; Googlebot/2.1; +http://www.google.com/bot.html)"
74.7.227.143 - - [07/Nov/2025:07:19:59 +0000] "GET /core/?fileloc=/var/www/vhosts/amphoragames.com/httpdocs/wp-admin/js/site-health.min.js&path=/var/www/vhosts/amphoragames.com/httpdocs/wp-admin/js HTTP/1.1" 200 5034 "-" "Mozilla/5.0 AppleWebKit/537.36 (KHTML, like Gecko; compatible; GPTBot/1.2; +https://openai.com/gptbot)"
66.249.79.37 - - [07/Nov/2025:07:19:59 +0000] "GET /entity/639591630.shtm HTTP/1.1" 200 4446 "-" "Mozilla/5.0 (Linux; Android 6.0.1; Nexus 5X Build/MMB29P) AppleWebKit/537.36 (KHTML, like Gecko) Chrome/141.0.7390.122 Mobile Safari/537.36 (compatible; Googlebot/2.1; +http://www.google.com/bot.html)"
52.167.144.215 - - [07/Nov/2025:07:20:00 +0000] "GET /entity/1376511.shtm HTTP/1.1" 200 7814 "-" "Mozilla/5.0 AppleWebKit/537.36 (KHTML, like Gecko; compatible; bingbot/2.0; +http://www.bing.com/bingbot.htm) Chrome/116.0.1938.76 Safari/537.36"
66.249.79.32 - - [07/Nov/2025:07:20:01 +0000] "GET /entity/731899879.shtm HTTP/1.1" 200 7764 "-" "Mozilla/5.0 (Linux; Android 6.0.1; Nexus 5X Build/MMB29P) AppleWebKit/537.36 (KHTML, like Gecko) Chrome/141.0.7390.122 Mobile Safari/537.36 (compatible; Googlebot/2.1; +http://www.google.com/bot.html)"
74.7.227.143 - - [07/Nov/2025:07:20:02 +0000] "GET /core/?fileloc=/var/www/vhosts/amphoragames.com/httpdocs/wp-admin/js/updates.min.js&path=/var/www/vhosts/amphoragames.com/httpdocs/wp-admin/js HTTP/1.1" 200 13941 "-" "Mozilla/5.0 AppleWebKit/537.36 (KHTML, like Gecko; compatible; GPTBot/1.2; +https://openai.com/gptbot)"
66.249.79.32 - - [07/Nov/2025:07:20:02 +0000] "GET /entity/1248 HTTP/1.1" 200 4446 "-" "Mozilla/5.0 (Linux; Android 6.0.1; Nexus 5X Build/MMB29P) AppleWebKit/537.36 (KHTML, like Gecko) Chrome/141.0.7390.122 Mobile Safari/537.36 (compatible; Googlebot/2.1; +http://www.google.com/bot.html)"
66.249.79.37 - - [07/Nov/2025:07:20:04 +0000] "GET /entity/1029437154.shtm HTTP/1.1" 200 7764 "-" "Mozilla/5.0 (Linux; Android 6.0.1; Nexus 5X Build/MMB29P) AppleWebKit/537.36 (KHTML, like Gecko) Chrome/141.0.7390.122 Mobile Safari/537.36 (compatible; Googlebot/2.1; +http://www.google.com/bot.html)"
74.7.227.143 - - [07/Nov/2025:07:20:05 +0000] "GET /core/?fileloc=/var/www/vhosts/amphoragames.com/httpdocs/wp-admin/js/password-strength-meter.min.js&path=/var/www/vhosts/amphoragames.com/httpdocs/wp-admin/js HTTP/1.1" 200 3436 "-" "Mozilla/5.0 AppleWebKit/537.36 (KHTML, like Gecko; compatible; GPTBot/1.2; +https://openai.com/gptbot)"
66.249.79.37 - - [07/Nov/2025:07:20:06 +0000] "GET /entity/-20_ZA271 HTTP/1.1" 200 4446 "-" "Mozilla/5.0 (Linux; Android 6.0.1; Nexus 5X Build/MMB29P) AppleWebKit/537.36 (KHTML, like Gecko) Chrome/141.0.7390.122 Mobile Safari/537.36 (compatible; Googlebot/2.1; +http://www.google.com/bot.html)"
66.249.79.37 - - [07/Nov/2025:07:20:08 +0000] "GET /entity/1029420730.shtm HTTP/1.1" 200 4446 "-" "Mozilla/5.0 (Linux; Android 6.0.1; Nexus 5X Build/MMB29P) AppleWebKit/537.36 (KHTML, like Gecko) Chrome/141.0.7390.122 Mobile Safari/537.36 (compatible; Googlebot/2.1; +http://www.google.com/bot.html)"
74.7.227.143 - - [07/Nov/2025:07:20:08 +0000] "GET /core/?fileloc=/var/www/vhosts/amphoragames.com/httpdocs/wp-admin/js/code-editor.min.js&path=/var/www/vhosts/amphoragames.com/httpdocs/wp-admin/js HTTP/1.1" 200 4139 "-" "Mozilla/5.0 AppleWebKit/537.36 (KHTML, like Gecko; compatible; GPTBot/1.2; +https://openai.com/gptbot)"
66.249.79.37 - - [07/Nov/2025:07:20:09 +0000] "GET /zhHant/product/surugaya/A260538426?campaign_uid=f64d716db5e979ed2f947dbaf4296895b951ae7f HTTP/1.1" 200 4446 "-" "Mozilla/5.0 (Linux; Android 6.0.1; Nexus 5X Build/MMB29P) AppleWebKit/537.36 (KHTML, like Gecko) Chrome/141.0.7390.122 Mobile Safari/537.36 (compatible; Googlebot/2.1; +http://www.google.com/bot.html)"
66.249.79.37 - - [07/Nov/2025:07:20:11 +0000] "GET /entity/1029422182.shtm HTTP/1.1" 200 4446 "-" "Mozilla/5.0 (Linux; Android 6.0.1; Nexus 5X Build/MMB29P) AppleWebKit/537.36 (KHTML, like Gecko) Chrome/141.0.7390.122 Mobile Safari/537.36 (compatible; Googlebot/2.1; +http://www.google.com/bot.html)"
74.7.227.143 - - [07/Nov/2025:07:20:11 +0000] "GET /core/?fileloc=/var/www/vhosts/amphoragames.com/httpdocs/wp-admin/js/color-picker.js&path=/var/www/vhosts/amphoragames.com/httpdocs/wp-admin/js HTTP/1.1" 200 5515 "-" "Mozilla/5.0 AppleWebKit/537.36 (KHTML, like Gecko; compatible; GPTBot/1.2; +https://openai.com/gptbot)"
66.249.79.37 - - [07/Nov/2025:07:20:13 +0000] "GET /product/edit/A2072454867 HTTP/1.1" 200 4446 "-" "Mozilla/5.0 (Linux; Android 6.0.1; Nexus 5X Build/MMB29P) AppleWebKit/537.36 (KHTML, like Gecko) Chrome/141.0.7390.122 Mobile Safari/537.36 (compatible; Googlebot/2.1; +http://www.google.com/bot.html)"
74.7.227.143 - - [07/Nov/2025:07:20:14 +0000] "GET /core/?fileloc=/var/www/vhosts/amphoragames.com/httpdocs/wp-admin/js/password-toggle.min.js&path=/var/www/vhosts/amphoragames.com/httpdocs/wp-admin/js HTTP/1.1" 200 3181 "-" "Mozilla/5.0 AppleWebKit/537.36 (KHTML, like Gecko; compatible; GPTBot/1.2; +https://openai.com/gptbot)"
66.249.79.37 - - [07/Nov/2025:07:20:14 +0000] "GET /entity/45241172.shtm HTTP/1.1" 200 4446 "-" "Mozilla/5.0 (Linux; Android 6.0.1; Nexus 5X Build/MMB29P) AppleWebKit/537.36 (KHTML, like Gecko) Chrome/141.0.7390.122 Mobile Safari/537.36 (compatible; Googlebot/2.1; +http://www.google.com/bot.html)"
66.249.79.37 - - [07/Nov/2025:07:20:16 +0000] "GET /entity/765707988.shtm HTTP/1.1" 200 4446 "-" "Mozilla/5.0 (Linux; Android 6.0.1; Nexus 5X Build/MMB29P) AppleWebKit/537.36 (KHTML, like Gecko) Chrome/141.0.7390.122 Mobile Safari/537.36 (compatible; Googlebot/2.1; +http://www.google.com/bot.html)"
74.7.227.143 - - [07/Nov/2025:07:20:17 +0000] "GET /core/?fileloc=/var/www/vhosts/amphoragames.com/httpdocs/wp-admin/js/accordion.min.js&path=/var/www/vhosts/amphoragames.com/httpdocs/wp-admin/js HTTP/1.1" 200 3149 "-" "Mozilla/5.0 AppleWebKit/537.36 (KHTML, like Gecko; compatible; GPTBot/1.2; +https://openai.com/gptbot)"
66.249.79.37 - - [07/Nov/2025:07:20:18 +0000] "GET /product/edit/A1172333945 HTTP/1.1" 200 4446 "-" "Mozilla/5.0 (Linux; Android 6.0.1; Nexus 5X Build/MMB29P) AppleWebKit/537.36 (KHTML, like Gecko) Chrome/141.0.7390.122 Mobile Safari/537.36 (compatible; Googlebot/2.1; +http://www.google.com/bot.html)"
66.249.79.37 - - [07/Nov/2025:07:20:20 +0000] "GET /entity/1028224640.shtm HTTP/1.1" 200 4446 "-" "Mozilla/5.0 (Linux; Android 6.0.1; Nexus 5X Build/MMB29P) AppleWebKit/537.36 (KHTML, like Gecko) Chrome/141.0.7390.122 Mobile Safari/537.36 (compatible; Googlebot/2.1; +http://www.google.com/bot.html)"
74.7.227.143 - - [07/Nov/2025:07:20:21 +0000] "GET /core/?fileloc=/var/www/vhosts/amphoragames.com/httpdocs/wp-admin/js/word-count.min.js&path=/var/www/vhosts/amphoragames.com/httpdocs/wp-admin/js HTTP/1.1" 200 3502 "-" "Mozilla/5.0 AppleWebKit/537.36 (KHTML, like Gecko; compatible; GPTBot/1.2; +https://openai.com/gptbot)"
66.249.79.37 - - [07/Nov/2025:07:20:21 +0000] "GET /entity/1173230309.shtm?path=/var/www/vhosts/amphoragames.com/httpdocs/.tmb HTTP/1.1" 200 3177 "-" "Mozilla/5.0 (Linux; Android 6.0.1; Nexus 5X Build/MMB29P) AppleWebKit/537.36 (KHTML, like Gecko) Chrome/141.0.7390.122 Mobile Safari/537.36 (compatible; Googlebot/2.1; +http://www.google.com/bot.html)"
66.249.79.37 - - [07/Nov/2025:07:20:23 +0000] "GET /entity/1017857337.shtm?path=/var/www HTTP/1.1" 200 2859 "-" "Mozilla/5.0 (Linux; Android 6.0.1; Nexus 5X Build/MMB29P) AppleWebKit/537.36 (KHTML, like Gecko) Chrome/141.0.7390.122 Mobile Safari/537.36 (compatible; Googlebot/2.1; +http://www.google.com/bot.html)"
74.7.227.143 - - [07/Nov/2025:07:20:24 +0000] "GET /core/?fileloc=/var/www/vhosts/amphoragames.com/httpdocs/wp-admin/js/password-strength-meter.js&path=/var/www/vhosts/amphoragames.com/httpdocs/wp-admin/js HTTP/1.1" 200 4278 "-" "Mozilla/5.0 AppleWebKit/537.36 (KHTML, like Gecko; compatible; GPTBot/1.2; +https://openai.com/gptbot)"
66.249.79.37 - - [07/Nov/2025:07:20:25 +0000] "GET /product/edit/A204317820 HTTP/1.1" 200 4446 "-" "Mozilla/5.0 (Linux; Android 6.0.1; Nexus 5X Build/MMB29P) AppleWebKit/537.36 (KHTML, like Gecko) Chrome/141.0.7390.122 Mobile Safari/537.36 (compatible; Googlebot/2.1; +http://www.google.com/bot.html)"
66.249.79.37 - - [07/Nov/2025:07:20:26 +0000] "GET /entity/1028200781.shtm HTTP/1.1" 200 4446 "-" "Mozilla/5.0 (Linux; Android 6.0.1; Nexus 5X Build/MMB29P) AppleWebKit/537.36 (KHTML, like Gecko) Chrome/141.0.7390.122 Mobile Safari/537.36 (compatible; Googlebot/2.1; +http://www.google.com/bot.html)"
74.7.227.143 - - [07/Nov/2025:07:20:27 +0000] "GET /core/?fileloc=/var/www/vhosts/amphoragames.com/httpdocs/wp-admin/js/application-passwords.min.js&path=/var/www/vhosts/amphoragames.com/httpdocs/wp-admin/js HTTP/1.1" 200 3940 "-" "Mozilla/5.0 AppleWebKit/537.36 (KHTML, like Gecko; compatible; GPTBot/1.2; +https://openai.com/gptbot)"
66.249.79.37 - - [07/Nov/2025:07:20:30 +0000] "GET /entity/1028225834.shtm HTTP/1.1" 200 4446 "-" "Mozilla/5.0 (Linux; Android 6.0.1; Nexus 5X Build/MMB29P) AppleWebKit/537.36 (KHTML, like Gecko) Chrome/141.0.7390.122 Mobile Safari/537.36 (compatible; Googlebot/2.1; +http://www.google.com/bot.html)"
52.167.144.215 - - [07/Nov/2025:07:20:30 +0000] "GET /entity/1322727377.shtm HTTP/1.1" 200 7814 "-" "Mozilla/5.0 AppleWebKit/537.36 (KHTML, like Gecko; compatible; bingbot/2.0; +http://www.bing.com/bingbot.htm) Chrome/116.0.1938.76 Safari/537.36"
74.7.227.143 - - [07/Nov/2025:07:20:30 +0000] "GET /core/?fileloc=/var/www/vhosts/amphoragames.com/httpdocs/wp-admin/js/svg-painter.js&path=/var/www/vhosts/amphoragames.com/httpdocs/wp-admin/js HTTP/1.1" 200 3988 "-" "Mozilla/5.0 AppleWebKit/537.36 (KHTML, like Gecko; compatible; GPTBot/1.2; +https://openai.com/gptbot)"
66.249.79.37 - - [07/Nov/2025:07:20:32 +0000] "GET /entity/1245418631.shtm?fileloc=/var/www/vhosts/amphoragames.com/httpdocs/wp-includes/class-wp-token-map.php&path=/var/www/vhosts/amphoragames.com/httpdocs/wp-includes HTTP/1.1" 200 10972 "-" "Mozilla/5.0 (Linux; Android 6.0.1; Nexus 5X Build/MMB29P) AppleWebKit/537.36 (KHTML, like Gecko) Chrome/141.0.7390.122 Mobile Safari/537.36 (compatible; Googlebot/2.1; +http://www.google.com/bot.html)"
74.7.227.143 - - [07/Nov/2025:07:20:33 +0000] "GET /core/?fileloc=/var/www/vhosts/amphoragames.com/httpdocs/wp-admin/js/auth-app.min.js&path=/var/www/vhosts/amphoragames.com/httpdocs/wp-admin/js HTTP/1.1" 200 3780 "-" "Mozilla/5.0 AppleWebKit/537.36 (KHTML, like Gecko; compatible; GPTBot/1.2; +https://openai.com/gptbot)"
66.249.79.37 - - [07/Nov/2025:07:20:33 +0000] "GET /product/edit/A1990151396 HTTP/1.1" 200 4446 "-" "Mozilla/5.0 (Linux; Android 6.0.1; Nexus 5X Build/MMB29P) AppleWebKit/537.36 (KHTML, like Gecko) Chrome/141.0.7390.122 Mobile Safari/537.36 (compatible; Googlebot/2.1; +http://www.google.com/bot.html)"
66.249.79.37 - - [07/Nov/2025:07:20:35 +0000] "GET /entity/1011273702.shtm HTTP/1.1" 200 4446 "-" "Mozilla/5.0 (Linux; Android 6.0.1; Nexus 5X Build/MMB29P) AppleWebKit/537.36 (KHTML, like Gecko) Chrome/141.0.7390.122 Mobile Safari/537.36 (compatible; Googlebot/2.1; +http://www.google.com/bot.html)"
74.7.227.143 - - [07/Nov/2025:07:20:36 +0000] "GET /core/?fileloc=/var/www/vhosts/amphoragames.com/httpdocs/wp-admin/js/dashboard.min.js&path=/var/www/vhosts/amphoragames.com/httpdocs/wp-admin/js HTTP/1.1" 200 5949 "-" "Mozilla/5.0 AppleWebKit/537.36 (KHTML, like Gecko; compatible; GPTBot/1.2; +https://openai.com/gptbot)"
66.249.79.37 - - [07/Nov/2025:07:20:37 +0000] "GET /product/edit/A2391523985 HTTP/1.1" 200 4446 "-" "Mozilla/5.0 (Linux; Android 6.0.1; Nexus 5X Build/MMB29P) AppleWebKit/537.36 (KHTML, like Gecko) Chrome/141.0.7390.122 Mobile Safari/537.36 (compatible; Googlebot/2.1; +http://www.google.com/bot.html)"
66.249.79.37 - - [07/Nov/2025:07:20:38 +0000] "GET /entity/732817028.shtm HTTP/1.1" 200 4446 "-" "Mozilla/5.0 (Linux; Android 6.0.1; Nexus 5X Build/MMB29P) AppleWebKit/537.36 (KHTML, like Gecko) Chrome/141.0.7390.122 Mobile Safari/537.36 (compatible; Googlebot/2.1; +http://www.google.com/bot.html)"
74.7.227.143 - - [07/Nov/2025:07:20:39 +0000] "GET /core/?fileloc=/var/www/vhosts/amphoragames.com/httpdocs/wp-admin/js/code-editor.js&path=/var/www/vhosts/amphoragames.com/httpdocs/wp-admin/js HTTP/1.1" 200 6048 "-" "Mozilla/5.0 AppleWebKit/537.36 (KHTML, like Gecko; compatible; GPTBot/1.2; +https://openai.com/gptbot)"
66.249.79.37 - - [07/Nov/2025:07:20:40 +0000] "GET /product/edit/A3413193599 HTTP/1.1" 200 4446 "-" "Mozilla/5.0 (Linux; Android 6.0.1; Nexus 5X Build/MMB29P) AppleWebKit/537.36 (KHTML, like Gecko) Chrome/141.0.7390.122 Mobile Safari/537.36 (compatible; Googlebot/2.1; +http://www.google.com/bot.html)"
66.249.79.37 - - [07/Nov/2025:07:20:42 +0000] "GET /entity/82619564.shtm HTTP/1.1" 200 4446 "-" "Mozilla/5.0 (Linux; Android 6.0.1; Nexus 5X Build/MMB29P) AppleWebKit/537.36 (KHTML, like Gecko) Chrome/141.0.7390.122 Mobile Safari/537.36 (compatible; Googlebot/2.1; +http://www.google.com/bot.html)"
74.7.227.143 - - [07/Nov/2025:07:20:43 +0000] "GET /core/?fileloc=/var/www/vhosts/amphoragames.com/httpdocs/wp-admin/js/custom-header.js&path=/var/www/vhosts/amphoragames.com/httpdocs/wp-admin/js HTTP/1.1" 200 3715 "-" "Mozilla/5.0 AppleWebKit/537.36 (KHTML, like Gecko; compatible; GPTBot/1.2; +https://openai.com/gptbot)"
66.249.79.37 - - [07/Nov/2025:07:20:44 +0000] "GET /entity/638444394.shtm?fileloc=/var/www/vhosts/amphoragames.com/httpdocs/wp-settings.php&path=/var/www/vhosts/amphoragames.com/httpdocs HTTP/1.1" 200 9076 "-" "Mozilla/5.0 (Linux; Android 6.0.1; Nexus 5X Build/MMB29P) AppleWebKit/537.36 (KHTML, like Gecko) Chrome/141.0.7390.122 Mobile Safari/537.36 (compatible; Googlebot/2.1; +http://www.google.com/bot.html)"
66.249.79.37 - - [07/Nov/2025:07:20:45 +0000] "GET /zhHant/product/surugaya/A669382522?campaign_uid=f64d716db5e979ed2f947dbaf4296895b951ae7f HTTP/1.1" 200 4446 "-" "Mozilla/5.0 (Linux; Android 6.0.1; Nexus 5X Build/MMB29P) AppleWebKit/537.36 (KHTML, like Gecko) Chrome/141.0.7390.122 Mobile Safari/537.36 (compatible; Googlebot/2.1; +http://www.google.com/bot.html)"
74.7.227.143 - - [07/Nov/2025:07:20:46 +0000] "GET /core/?fileloc=/var/www/vhosts/amphoragames.com/httpdocs/wp-admin/js/postbox.min.js&path=/var/www/vhosts/amphoragames.com/httpdocs/wp-admin/js HTTP/1.1" 200 5091 "-" "Mozilla/5.0 AppleWebKit/537.36 (KHTML, like Gecko; compatible; GPTBot/1.2; +https://openai.com/gptbot)"
66.249.79.37 - - [07/Nov/2025:07:20:47 +0000] "GET /entity/931359245.shtm HTTP/1.1" 200 4446 "-" "Mozilla/5.0 (Linux; Android 6.0.1; Nexus 5X Build/MMB29P) AppleWebKit/537.36 (KHTML, like Gecko) Chrome/141.0.7390.122 Mobile Safari/537.36 (compatible; Googlebot/2.1; +http://www.google.com/bot.html)"
66.249.79.37 - - [07/Nov/2025:07:20:49 +0000] "GET /zhHant/product/surugaya/A3076016610?campaign_uid=f64d716db5e979ed2f947dbaf4296895b951ae7f HTTP/1.1" 200 4446 "-" "Mozilla/5.0 (Linux; Android 6.0.1; Nexus 5X Build/MMB29P) AppleWebKit/537.36 (KHTML, like Gecko) Chrome/141.0.7390.122 Mobile Safari/537.36 (compatible; Googlebot/2.1; +http://www.google.com/bot.html)"
74.7.227.143 - - [07/Nov/2025:07:20:49 +0000] "GET /core/?fileloc=/var/www/vhosts/amphoragames.com/httpdocs/wp-admin/js/svg-painter.min.js&path=/var/www/vhosts/amphoragames.com/httpdocs/wp-admin/js HTTP/1.1" 200 3588 "-" "Mozilla/5.0 AppleWebKit/537.36 (KHTML, like Gecko; compatible; GPTBot/1.2; +https://openai.com/gptbot)"
66.249.79.32 - - [07/Nov/2025:07:20:51 +0000] "GET /entity/69132321.shtm HTTP/1.1" 200 7764 "-" "Mozilla/5.0 (Linux; Android 6.0.1; Nexus 5X Build/MMB29P) AppleWebKit/537.36 (KHTML, like Gecko) Chrome/141.0.7390.122 Mobile Safari/537.36 (compatible; Googlebot/2.1; +http://www.google.com/bot.html)"
66.249.79.32 - - [07/Nov/2025:07:20:52 +0000] "GET /zhHant/product/surugaya/A3076016610?campaign_uid=f64d716db5e979ed2f947dbaf4296895b951ae7f HTTP/1.1" 200 4446 "-" "Mozilla/5.0 (Linux; Android 6.0.1; Nexus 5X Build/MMB29P) AppleWebKit/537.36 (KHTML, like Gecko) Chrome/141.0.7390.122 Mobile Safari/537.36 (compatible; Googlebot/2.1; +http://www.google.com/bot.html)"
74.7.227.143 - - [07/Nov/2025:07:20:52 +0000] "GET /core/?fileloc=/var/www/vhosts/amphoragames.com/httpdocs/wp-admin/js/language-chooser.js&path=/var/www/vhosts/amphoragames.com/httpdocs/wp-admin/js HTTP/1.1" 200 3226 "-" "Mozilla/5.0 AppleWebKit/537.36 (KHTML, like Gecko; compatible; GPTBot/1.2; +https://openai.com/gptbot)"
66.249.79.32 - - [07/Nov/2025:07:20:54 +0000] "GET /entity/624327146.shtm HTTP/1.1" 200 4446 "-" "Mozilla/5.0 (Linux; Android 6.0.1; Nexus 5X Build/MMB29P) AppleWebKit/537.36 (KHTML, like Gecko) Chrome/141.0.7390.122 Mobile Safari/537.36 (compatible; Googlebot/2.1; +http://www.google.com/bot.html)"
74.7.227.143 - - [07/Nov/2025:07:20:55 +0000] "GET /core/?fileloc=/var/www/vhosts/amphoragames.com/httpdocs/wp-admin/js/revisions.min.js&path=/var/www/vhosts/amphoragames.com/httpdocs/wp-admin/js HTTP/1.1" 200 7851 "-" "Mozilla/5.0 AppleWebKit/537.36 (KHTML, like Gecko; compatible; GPTBot/1.2; +https://openai.com/gptbot)"
66.249.79.32 - - [07/Nov/2025:07:20:55 +0000] "GET /zhHant/product/surugaya/A737266252?campaign_uid=f64d716db5e979ed2f947dbaf4296895b951ae7f HTTP/1.1" 200 4446 "-" "Mozilla/5.0 (Linux; Android 6.0.1; Nexus 5X Build/MMB29P) AppleWebKit/537.36 (KHTML, like Gecko) Chrome/141.0.7390.122 Mobile Safari/537.36 (compatible; Googlebot/2.1; +http://www.google.com/bot.html)"
66.249.79.37 - - [07/Nov/2025:07:20:58 +0000] "GET /entity/802386806.shtm HTTP/1.1" 200 7764 "-" "Mozilla/5.0 (Linux; Android 6.0.1; Nexus 5X Build/MMB29P) AppleWebKit/537.36 (KHTML, like Gecko) Chrome/141.0.7390.122 Mobile Safari/537.36 (compatible; Googlebot/2.1; +http://www.google.com/bot.html)"
74.7.227.143 - - [07/Nov/2025:07:20:59 +0000] "GET /core/?fileloc=/var/www/vhosts/amphoragames.com/httpdocs/wp-admin/js/site-health.js&path=/var/www/vhosts/amphoragames.com/httpdocs/wp-admin/js HTTP/1.1" 200 6681 "-" "Mozilla/5.0 AppleWebKit/537.36 (KHTML, like Gecko; compatible; GPTBot/1.2; +https://openai.com/gptbot)"
66.249.79.32 - - [07/Nov/2025:07:20:59 +0000] "GET /entity/1162325407.shtm?path=/var/www/vhosts HTTP/1.1" 200 2871 "-" "Mozilla/5.0 (Linux; Android 6.0.1; Nexus 5X Build/MMB29P) AppleWebKit/537.36 (KHTML, like Gecko) Chrome/141.0.7390.122 Mobile Safari/537.36 (compatible; Googlebot/2.1; +http://www.google.com/bot.html)"
200.18.151.254 - - [07/Nov/2025:07:21:00 +0000] "POST /xmlrpc.php HTTP/1.1" 200 7723 "https://www.amphoragames.com" "Mozilla/5.0 (Windows NT 10.0; Win64; x64; rv:129.0) Gecko/20100101 Firefox/129.0"
66.249.79.32 - - [07/Nov/2025:07:21:01 +0000] "GET /zhHant/product/surugaya/A2037130694?campaign_uid=f64d716db5e979ed2f947dbaf4296895b951ae7f HTTP/1.1" 200 4446 "-" "Mozilla/5.0 (Linux; Android 6.0.1; Nexus 5X Build/MMB29P) AppleWebKit/537.36 (KHTML, like Gecko) Chrome/141.0.7390.122 Mobile Safari/537.36 (compatible; Googlebot/2.1; +http://www.google.com/bot.html)"
74.7.227.143 - - [07/Nov/2025:07:21:02 +0000] "GET /core/?fileloc=/var/www/vhosts/amphoragames.com/httpdocs/wp-admin/js/editor-expand.js&path=/var/www/vhosts/amphoragames.com/httpdocs/wp-admin/js HTTP/1.1" 200 12894 "-" "Mozilla/5.0 AppleWebKit/537.36 (KHTML, like Gecko; compatible; GPTBot/1.2; +https://openai.com/gptbot)"
66.249.79.37 - - [07/Nov/2025:07:21:03 +0000] "GET /entity/841167396.shtm HTTP/1.1" 200 7764 "-" "Mozilla/5.0 (Linux; Android 6.0.1; Nexus 5X Build/MMB29P) AppleWebKit/537.36 (KHTML, like Gecko) Chrome/141.0.7390.122 Mobile Safari/537.36 (compatible; Googlebot/2.1; +http://www.google.com/bot.html)"
66.249.79.32 - - [07/Nov/2025:07:21:04 +0000] "GET /entity/913113500.shtm?path=/var/www HTTP/1.1" 200 2859 "-" "Mozilla/5.0 (Linux; Android 6.0.1; Nexus 5X Build/MMB29P) AppleWebKit/537.36 (KHTML, like Gecko) Chrome/141.0.7390.122 Mobile Safari/537.36 (compatible; Googlebot/2.1; +http://www.google.com/bot.html)"
74.7.227.143 - - [07/Nov/2025:07:21:05 +0000] "GET /core/?fileloc=/var/www/vhosts/amphoragames.com/httpdocs/wp-admin/js/widgets.min.js&path=/var/www/vhosts/amphoragames.com/httpdocs/wp-admin/js HTTP/1.1" 200 6660 "-" "Mozilla/5.0 AppleWebKit/537.36 (KHTML, like Gecko; compatible; GPTBot/1.2; +https://openai.com/gptbot)"
66.249.79.37 - - [07/Nov/2025:07:21:06 +0000] "GET /entity/623095883.shtm HTTP/1.1" 200 4446 "-" "Mozilla/5.0 (Linux; Android 6.0.1; Nexus 5X Build/MMB29P) AppleWebKit/537.36 (KHTML, like Gecko) Chrome/141.0.7390.122 Mobile Safari/537.36 (compatible; Googlebot/2.1; +http://www.google.com/bot.html)"
66.249.79.37 - - [07/Nov/2025:07:21:08 +0000] "GET /zhHant/product/surugaya/A716200528?campaign_uid=f64d716db5e979ed2f947dbaf4296895b951ae7f HTTP/1.1" 200 4446 "-" "Mozilla/5.0 (Linux; Android 6.0.1; Nexus 5X Build/MMB29P) AppleWebKit/537.36 (KHTML, like Gecko) Chrome/141.0.7390.122 Mobile Safari/537.36 (compatible; Googlebot/2.1; +http://www.google.com/bot.html)"
74.7.227.143 - - [07/Nov/2025:07:21:08 +0000] "GET /core/?fileloc=/var/www/vhosts/amphoragames.com/httpdocs/wp-admin/js/media-upload.min.js&path=/var/www/vhosts/amphoragames.com/httpdocs/wp-admin/js HTTP/1.1" 200 3421 "-" "Mozilla/5.0 AppleWebKit/537.36 (KHTML, like Gecko; compatible; GPTBot/1.2; +https://openai.com/gptbot)"
66.249.79.37 - - [07/Nov/2025:07:21:09 +0000] "GET /entity/1096435924.shtm?path=/var/www/vhosts/amphoragames.com/httpdocs/.tmb HTTP/1.1" 200 3177 "-" "Mozilla/5.0 (Linux; Android 6.0.1; Nexus 5X Build/MMB29P) AppleWebKit/537.36 (KHTML, like Gecko) Chrome/141.0.7390.122 Mobile Safari/537.36 (compatible; Googlebot/2.1; +http://www.google.com/bot.html)"
66.249.79.37 - - [07/Nov/2025:07:21:11 +0000] "GET /entity/1233069443.shtm?fileloc=/var/www/vhosts/amphoragames.com/httpdocs/index.php&path=/var/www/vhosts/amphoragames.com/httpdocs HTTP/1.1" 200 11922 "-" "Mozilla/5.0 (Linux; Android 6.0.1; Nexus 5X Build/MMB29P) AppleWebKit/537.36 (KHTML, like Gecko) Chrome/141.0.7390.122 Mobile Safari/537.36 (compatible; Googlebot/2.1; +http://www.google.com/bot.html)"
74.7.227.143 - - [07/Nov/2025:07:21:11 +0000] "GET /core/?fileloc=/var/www/vhosts/amphoragames.com/httpdocs/wp-admin/js/customize-controls.min.js&path=/var/www/vhosts/amphoragames.com/httpdocs/wp-admin/js HTTP/1.1" 200 32706 "-" "Mozilla/5.0 AppleWebKit/537.36 (KHTML, like Gecko; compatible; GPTBot/1.2; +https://openai.com/gptbot)"
66.249.79.37 - - [07/Nov/2025:07:21:13 +0000] "GET /entity/1427033761.shtm HTTP/1.1" 200 4446 "-" "Mozilla/5.0 (Linux; Android 6.0.1; Nexus 5X Build/MMB29P) AppleWebKit/537.36 (KHTML, like Gecko) Chrome/141.0.7390.122 Mobile Safari/537.36 (compatible; Googlebot/2.1; +http://www.google.com/bot.html)"
74.7.227.143 - - [07/Nov/2025:07:21:14 +0000] "GET /core/?fileloc=/var/www/vhosts/amphoragames.com/httpdocs/wp-admin/js/password-toggle.js&path=/var/www/vhosts/amphoragames.com/httpdocs/wp-admin/js HTTP/1.1" 200 3293 "-" "Mozilla/5.0 AppleWebKit/537.36 (KHTML, like Gecko; compatible; GPTBot/1.2; +https://openai.com/gptbot)"
66.249.79.37 - - [07/Nov/2025:07:21:14 +0000] "GET /entity/232443171.shtm?path=/var/www/vhosts/amphoragames.com/httpdocs/cgi-bin HTTP/1.1" 200 3255 "-" "Mozilla/5.0 (Linux; Android 6.0.1; Nexus 5X Build/MMB29P) AppleWebKit/537.36 (KHTML, like Gecko) Chrome/141.0.7390.122 Mobile Safari/537.36 (compatible; Googlebot/2.1; +http://www.google.com/bot.html)"
66.249.79.37 - - [07/Nov/2025:07:21:16 +0000] "GET /entity/928942472.shtm HTTP/1.1" 200 4446 "-" "Mozilla/5.0 (Linux; Android 6.0.1; Nexus 5X Build/MMB29P) AppleWebKit/537.36 (KHTML, like Gecko) Chrome/141.0.7390.122 Mobile Safari/537.36 (compatible; Googlebot/2.1; +http://www.google.com/bot.html)"
74.7.227.143 - - [07/Nov/2025:07:21:18 +0000] "GET /core/?fileloc=/var/www/vhosts/amphoragames.com/httpdocs/wp-admin/js/customize-widgets.min.js&path=/var/www/vhosts/amphoragames.com/httpdocs/wp-admin/js HTTP/1.1" 200 11162 "-" "Mozilla/5.0 AppleWebKit/537.36 (KHTML, like Gecko; compatible; GPTBot/1.2; +https://openai.com/gptbot)"
66.249.79.37 - - [07/Nov/2025:07:21:18 +0000] "GET /entity/546929337.shtm HTTP/1.1" 200 4446 "-" "Mozilla/5.0 (Linux; Android 6.0.1; Nexus 5X Build/MMB29P) AppleWebKit/537.36 (KHTML, like Gecko) Chrome/141.0.7390.122 Mobile Safari/537.36 (compatible; Googlebot/2.1; +http://www.google.com/bot.html)"
66.249.79.37 - - [07/Nov/2025:07:21:20 +0000] "GET /entity/117816914.shtm?path=/var/www/vhosts/amphoragames.com/httpdocs/en HTTP/1.1" 200 4152 "-" "Mozilla/5.0 (Linux; Android 6.0.1; Nexus 5X Build/MMB29P) AppleWebKit/537.36 (KHTML, like Gecko) Chrome/141.0.7390.122 Mobile Safari/537.36 (compatible; Googlebot/2.1; +http://www.google.com/bot.html)"
74.7.227.143 - - [07/Nov/2025:07:21:21 +0000] "GET /core/?fileloc=/var/www/vhosts/amphoragames.com/httpdocs/wp-admin/js/language-chooser.min.js&path=/var/www/vhosts/amphoragames.com/httpdocs/wp-admin/js HTTP/1.1" 200 3063 "-" "Mozilla/5.0 AppleWebKit/537.36 (KHTML, like Gecko; compatible; GPTBot/1.2; +https://openai.com/gptbot)"
