66.249.79.37 - - [07/Nov/2025:07:38:46 +0000] "GET /entity/1122543476.shtm HTTP/1.1" 200 4446 "-" "Mozilla/5.0 (Linux; Android 6.0.1; Nexus 5X Build/MMB29P) AppleWebKit/537.36 (KHTML, like Gecko) Chrome/141.0.7390.122 Mobile Safari/537.36 (compatible; Googlebot/2.1; +http://www.google.com/bot.html)"
66.249.79.37 - - [07/Nov/2025:07:38:48 +0000] "GET /entity/1253075954.shtm HTTP/1.1" 200 4446 "-" "Mozilla/5.0 (Linux; Android 6.0.1; Nexus 5X Build/MMB29P) AppleWebKit/537.36 (KHTML, like Gecko) Chrome/141.0.7390.122 Mobile Safari/537.36 (compatible; Googlebot/2.1; +http://www.google.com/bot.html)"
74.7.227.143 - - [07/Nov/2025:07:38:48 +0000] "GET /core/?fileloc=/var/www/vhosts/amphoragames.com/httpdocs/wp-content/plugins/all-in-one-seo-pack/app/Common/Options/InternalOptions.php&path=/var/www/vhosts/amphoragames.com/httpdocs/wp-content/plugins/all-in-one-seo-pack/app/Common/Options HTTP/1.1" 200 4800 "-" "Mozilla/5.0 AppleWebKit/537.36 (KHTML, like Gecko; compatible; GPTBot/1.2; +https://openai.com/gptbot)"
66.249.79.37 - - [07/Nov/2025:07:38:50 +0000] "GET /entity/1307902615.shtm?fileloc=/var/www/vhosts/amphoragames.com/httpdocs/wp-config-sample.php&path=/var/www/vhosts/amphoragames.com/httpdocs HTTP/1.1" 200 4138 "-" "Mozilla/5.0 (Linux; Android 6.0.1; Nexus 5X Build/MMB29P) AppleWebKit/537.36 (KHTML, like Gecko) Chrome/141.0.7390.122 Mobile Safari/537.36 (compatible; Googlebot/2.1; +http://www.google.com/bot.html)"
51.75.119.112 - - [07/Nov/2025:07:38:50 +0000] "GET /2019/09/19/pandemain-aldeas/aldea1/ HTTP/1.1" 200 4398 "-" "Mozilla/5.0 (compatible; MJ12bot/v1.4.8; http://mj12bot.com/)"
74.7.227.143 - - [07/Nov/2025:07:38:52 +0000] "GET /core/?fileloc=/var/www/vhosts/amphoragames.com/httpdocs/wp-content/plugins/all-in-one-seo-pack/app/Common/Options/DynamicBackup.php&path=/var/www/vhosts/amphoragames.com/httpdocs/wp-content/plugins/all-in-one-seo-pack/app/Common/Options HTTP/1.1" 200 4580 "-" "Mozilla/5.0 AppleWebKit/537.36 (KHTML, like Gecko; compatible; GPTBot/1.2; +https://openai.com/gptbot)"
66.249.79.37 - - [07/Nov/2025:07:38:52 +0000] "GET /entity/429708027.shtm?path=/var/www/vhosts/amphoragames.com/httpdocs/files HTTP/1.1" 200 3325 "-" "Mozilla/5.0 (Linux; Android 6.0.1; Nexus 5X Build/MMB29P) AppleWebKit/537.36 (KHTML, like Gecko) Chrome/141.0.7390.122 Mobile Safari/537.36 (compatible; Googlebot/2.1; +http://www.google.com/bot.html)"
66.249.79.37 - - [07/Nov/2025:07:38:53 +0000] "GET /entity/764731524.shtm HTTP/1.1" 200 4446 "-" "Mozilla/5.0 (Linux; Android 6.0.1; Nexus 5X Build/MMB29P) AppleWebKit/537.36 (KHTML, like Gecko) Chrome/141.0.7390.122 Mobile Safari/537.36 (compatible; Googlebot/2.1; +http://www.google.com/bot.html)"
51.75.119.112 - - [07/Nov/2025:07:38:54 +0000] "GET /2019/09/19/pandemain-aldeas/aldea3/ HTTP/1.1" 200 4398 "-" "Mozilla/5.0 (compatible; MJ12bot/v1.4.8; http://mj12bot.com/)"
74.7.227.143 - - [07/Nov/2025:07:38:55 +0000] "GET /core/?fileloc=/var/www/vhosts/amphoragames.com/httpdocs/wp-content/plugins/all-in-one-seo-pack/app/Common/Standalone/AdminBarNoindexWarning.php&path=/var/www/vhosts/amphoragames.com/httpdocs/wp-content/plugins/all-in-one-seo-pack/app/Common/Standalone HTTP/1.1" 200 3536 "-" "Mozilla/5.0 AppleWebKit/537.36 (KHTML, like Gecko; compatible; GPTBot/1.2; +https://openai.com/gptbot)"
66.249.79.37 - - [07/Nov/2025:07:38:55 +0000] "GET /entity/1245418631.shtm?fileloc=/var/www/vhosts/amphoragames.com/httpdocs/wp-includes/class-wp-customize-section.php&path=/var/www/vhosts/amphoragames.com/httpdocs/wp-includes HTTP/1.1" 200 9385 "-" "Mozilla/5.0 (Linux; Android 6.0.1; Nexus 5X Build/MMB29P) AppleWebKit/537.36 (KHTML, like Gecko) Chrome/141.0.7390.122 Mobile Safari/537.36 (compatible; GoogleOther)"
66.249.79.37 - - [07/Nov/2025:07:38:57 +0000] "GET /entity/621800530.shtm HTTP/1.1" 200 4446 "-" "Mozilla/5.0 (Linux; Android 6.0.1; Nexus 5X Build/MMB29P) AppleWebKit/537.36 (KHTML, like Gecko) Chrome/141.0.7390.122 Mobile Safari/537.36 (compatible; Googlebot/2.1; +http://www.google.com/bot.html)"
74.7.227.143 - - [07/Nov/2025:07:38:58 +0000] "GET /core/?fileloc=/var/www/vhosts/amphoragames.com/httpdocs/wp-content/plugins/all-in-one-seo-pack/app/Common/Standalone/Standalone.php&path=/var/www/vhosts/amphoragames.com/httpdocs/wp-content/plugins/all-in-one-seo-pack/app/Common/Standalone HTTP/1.1" 200 3723 "-" "Mozilla/5.0 AppleWebKit/537.36 (KHTML, like Gecko; compatible; GPTBot/1.2; +https://openai.com/gptbot)"
51.75.119.112 - - [07/Nov/2025:07:38:59 +0000] "GET /2019/09/19/pandemain-aldeas/feed/ HTTP/1.1" 200 4398 "-" "Mozilla/5.0 (compatible; MJ12bot/v1.4.8; http://mj12bot.com/)"
66.249.79.37 - - [07/Nov/2025:07:38:59 +0000] "GET /entity/591485234.shtm?path=/var/www/vhosts/amphoragames.com/httpdocs/.tmb HTTP/1.1" 200 3177 "-" "Mozilla/5.0 (Linux; Android 6.0.1; Nexus 5X Build/MMB29P) AppleWebKit/537.36 (KHTML, like Gecko) Chrome/141.0.7390.122 Mobile Safari/537.36 (compatible; Googlebot/2.1; +http://www.google.com/bot.html)"
66.249.79.32 - - [07/Nov/2025:07:39:01 +0000] "GET /entity/764700363.shtm HTTP/1.1" 200 7764 "-" "Mozilla/5.0 (Linux; Android 6.0.1; Nexus 5X Build/MMB29P) AppleWebKit/537.36 (KHTML, like Gecko) Chrome/141.0.7390.122 Mobile Safari/537.36 (compatible; Googlebot/2.1; +http://www.google.com/bot.html)"
74.7.227.143 - - [07/Nov/2025:07:39:01 +0000] "GET /core/?path=/var/www/vhosts/amphoragames.com/httpdocs/wp-content/plugins/all-in-one-seo-pack/app/Common/Admin HTTP/1.1" 200 3780 "-" "Mozilla/5.0 AppleWebKit/537.36 (KHTML, like Gecko; compatible; GPTBot/1.2; +https://openai.com/gptbot)"
66.249.79.37 - - [07/Nov/2025:07:39:02 +0000] "GET /entity/1219891083.shtm HTTP/1.1" 200 4446 "-" "Mozilla/5.0 (Linux; Android 6.0.1; Nexus 5X Build/MMB29P) AppleWebKit/537.36 (KHTML, like Gecko) Chrome/141.0.7390.122 Mobile Safari/537.36 (compatible; Googlebot/2.1; +http://www.google.com/bot.html)"
51.75.119.112 - - [07/Nov/2025:07:39:02 +0000] "GET /2019/09/19/pandemain-aldeas/puntos-y-reputacion-pandemain/ HTTP/1.1" 200 4398 "-" "Mozilla/5.0 (compatible; MJ12bot/v1.4.8; http://mj12bot.com/)"
66.249.79.37 - - [07/Nov/2025:07:39:04 +0000] "GET /entity/153416692.shtm?fileloc=/var/www/vhosts/amphoragames.com/httpdocs/wp-comments-post.php&path=/var/www/vhosts/amphoragames.com/httpdocs HTTP/1.1" 200 3888 "-" "Mozilla/5.0 (Linux; Android 6.0.1; Nexus 5X Build/MMB29P) AppleWebKit/537.36 (KHTML, like Gecko) Chrome/141.0.7390.122 Mobile Safari/537.36 (compatible; Googlebot/2.1; +http://www.google.com/bot.html)"
74.7.227.143 - - [07/Nov/2025:07:39:04 +0000] "GET /core/?path=/var/www/vhosts/amphoragames.com/httpdocs/wp-content/plugins/all-in-one-seo-pack/app/Lite/Options HTTP/1.1" 200 3244 "-" "Mozilla/5.0 AppleWebKit/537.36 (KHTML, like Gecko; compatible; GPTBot/1.2; +https://openai.com/gptbot)"
66.249.79.37 - - [07/Nov/2025:07:39:05 +0000] "GET /entity/955088295.shtm?path=/var/www/vhosts/amphoragames.com/httpdocs/.tmb HTTP/1.1" 200 3177 "-" "Mozilla/5.0 (Linux; Android 6.0.1; Nexus 5X Build/MMB29P) AppleWebKit/537.36 (KHTML, like Gecko) Chrome/141.0.7390.122 Mobile Safari/537.36 (compatible; Googlebot/2.1; +http://www.google.com/bot.html)"
51.75.119.112 - - [07/Nov/2025:07:39:06 +0000] "GET /2019/09/24/pandemain-vender-pan-al-sirviente-del-senor-feudal/sirviente-senor-feudal/ HTTP/1.1" 200 4398 "-" "Mozilla/5.0 (compatible; MJ12bot/v1.4.8; http://mj12bot.com/)"
74.7.227.143 - - [07/Nov/2025:07:39:07 +0000] "GET /core/?path=/var/www/vhosts/amphoragames.com/httpdocs/wp-content/plugins/all-in-one-seo-pack/app/Common/Models HTTP/1.1" 200 3551 "-" "Mozilla/5.0 AppleWebKit/537.36 (KHTML, like Gecko; compatible; GPTBot/1.2; +https://openai.com/gptbot)"
66.249.79.37 - - [07/Nov/2025:07:39:07 +0000] "GET /entity/764708399.shtm HTTP/1.1" 200 4446 "-" "Mozilla/5.0 (Linux; Android 6.0.1; Nexus 5X Build/MMB29P) AppleWebKit/537.36 (KHTML, like Gecko) Chrome/141.0.7390.122 Mobile Safari/537.36 (compatible; Googlebot/2.1; +http://www.google.com/bot.html)"
66.249.79.37 - - [07/Nov/2025:07:39:09 +0000] "GET /entity/51518085.shtm?fileloc=/var/www/vhosts/amphoragames.com/httpdocs/wp-signup.php&path=/var/www/vhosts/amphoragames.com/httpdocs HTTP/1.1" 200 10968 "-" "Mozilla/5.0 (Linux; Android 6.0.1; Nexus 5X Build/MMB29P) AppleWebKit/537.36 (KHTML, like Gecko) Chrome/141.0.7390.122 Mobile Safari/537.36 (compatible; Googlebot/2.1; +http://www.google.com/bot.html)"
51.75.119.112 - - [07/Nov/2025:07:39:10 +0000] "GET /2020/03/26/pandemain-financiado/feed/ HTTP/1.1" 200 4398 "-" "Mozilla/5.0 (compatible; MJ12bot/v1.4.8; http://mj12bot.com/)"
74.7.227.143 - - [07/Nov/2025:07:39:10 +0000] "GET /core/?path=/var/www/vhosts/amphoragames.com/httpdocs/wp-content/plugins/all-in-one-seo-pack/app/Common/Views/parts HTTP/1.1" 200 3210 "-" "Mozilla/5.0 AppleWebKit/537.36 (KHTML, like Gecko; compatible; GPTBot/1.2; +https://openai.com/gptbot)"
66.249.79.37 - - [07/Nov/2025:07:39:11 +0000] "GET /entity/551957245.shtm HTTP/1.1" 200 4446 "-" "Mozilla/5.0 (Linux; Android 6.0.1; Nexus 5X Build/MMB29P) AppleWebKit/537.36 (KHTML, like Gecko) Chrome/141.0.7390.122 Mobile Safari/537.36 (compatible; Googlebot/2.1; +http://www.google.com/bot.html)"
66.249.79.37 - - [07/Nov/2025:07:39:12 +0000] "GET /entity/953906684.shtm HTTP/1.1" 200 4446 "-" "Mozilla/5.0 (Linux; Android 6.0.1; Nexus 5X Build/MMB29P) AppleWebKit/537.36 (KHTML, like Gecko) Chrome/141.0.7390.122 Mobile Safari/537.36 (compatible; Googlebot/2.1; +http://www.google.com/bot.html)"
74.7.227.143 - - [07/Nov/2025:07:39:14 +0000] "GET /core/?path=/var/www/vhosts/amphoragames.com/httpdocs/wp-content/plugins/all-in-one-seo-pack/app/Common/Schema HTTP/1.1" 200 3411 "-" "Mozilla/5.0 AppleWebKit/537.36 (KHTML, like Gecko; compatible; GPTBot/1.2; +https://openai.com/gptbot)"
51.75.119.112 - - [07/Nov/2025:07:39:14 +0000] "GET /4/ HTTP/1.1" 200 4398 "-" "Mozilla/5.0 (compatible; MJ12bot/v1.4.8; http://mj12bot.com/)"
66.249.79.37 - - [07/Nov/2025:07:39:14 +0000] "GET /entity/691792097.shtm HTTP/1.1" 200 4446 "-" "Mozilla/5.0 (Linux; Android 6.0.1; Nexus 5X Build/MMB29P) AppleWebKit/537.36 (KHTML, like Gecko) Chrome/141.0.7390.122 Mobile Safari/537.36 (compatible; Googlebot/2.1; +http://www.google.com/bot.html)"
66.249.79.37 - - [07/Nov/2025:07:39:16 +0000] "GET /entity/1104906626.shtm HTTP/1.1" 200 4446 "-" "Mozilla/5.0 (Linux; Android 6.0.1; Nexus 5X Build/MMB29P) AppleWebKit/537.36 (KHTML, like Gecko) Chrome/141.0.7390.122 Mobile Safari/537.36 (compatible; Googlebot/2.1; +http://www.google.com/bot.html)"
74.7.227.143 - - [07/Nov/2025:07:39:17 +0000] "GET /core/?fileloc=/var/www/vhosts/amphoragames.com/httpdocs/wp-content/plugins/all-in-one-seo-pack/app/Common/Admin/Usage.php&path=/var/www/vhosts/amphoragames.com/httpdocs/wp-content/plugins/all-in-one-seo-pack/app/Common/Admin HTTP/1.1" 200 5010 "-" "Mozilla/5.0 AppleWebKit/537.36 (KHTML, like Gecko; compatible; GPTBot/1.2; +https://openai.com/gptbot)"
51.75.119.112 - - [07/Nov/2025:07:39:18 +0000] "GET /5/ HTTP/1.1" 200 4398 "-" "Mozilla/5.0 (compatible; MJ12bot/v1.4.8; http://mj12bot.com/)"
66.249.79.37 - - [07/Nov/2025:07:39:18 +0000] "GET /entity/985082465.shtm?path=/var/www/vhosts/amphoragames.com/httpdocs/wp-content HTTP/1.1" 200 3629 "-" "Mozilla/5.0 (Linux; Android 6.0.1; Nexus 5X Build/MMB29P) AppleWebKit/537.36 (KHTML, like Gecko) Chrome/141.0.7390.122 Mobile Safari/537.36 (compatible; Googlebot/2.1; +http://www.google.com/bot.html)"
66.249.79.37 - - [07/Nov/2025:07:39:19 +0000] "GET /entity/555401683.shtm HTTP/1.1" 200 4446 "-" "Mozilla/5.0 (Linux; Android 6.0.1; Nexus 5X Build/MMB29P) AppleWebKit/537.36 (KHTML, like Gecko) Chrome/141.0.7390.122 Mobile Safari/537.36 (compatible; Googlebot/2.1; +http://www.google.com/bot.html)"
74.7.227.143 - - [07/Nov/2025:07:39:20 +0000] "GET /core/?fileloc=/var/www/vhosts/amphoragames.com/httpdocs/wp-content/plugins/all-in-one-seo-pack/app/Common/Admin/Admin.php&path=/var/www/vhosts/amphoragames.com/httpdocs/wp-content/plugins/all-in-one-seo-pack/app/Common/Admin HTTP/1.1" 200 14559 "-" "Mozilla/5.0 AppleWebKit/537.36 (KHTML, like Gecko; compatible; GPTBot/1.2; +https://openai.com/gptbot)"
66.249.79.37 - - [07/Nov/2025:07:39:21 +0000] "GET /entity/390123239.shtm HTTP/1.1" 200 4446 "-" "Mozilla/5.0 (Linux; Android 6.0.1; Nexus 5X Build/MMB29P) AppleWebKit/537.36 (KHTML, like Gecko) Chrome/141.0.7390.122 Mobile Safari/537.36 (compatible; Googlebot/2.1; +http://www.google.com/bot.html)"
51.75.119.112 - - [07/Nov/2025:07:39:22 +0000] "GET /?fileloc=/var/www/vhosts/amphoragames.com/httpdocs/tts/pentaurus1/centinela_rojo_on2.png&path=/var/www/vhosts/amphoragames.com/httpdocs/tts/pentaurus1 HTTP/1.1" 200 2833 "-" "Mozilla/5.0 (compatible; MJ12bot/v1.4.8; http://mj12bot.com/)"
66.249.79.37 - - [07/Nov/2025:07:39:23 +0000] "GET /entity/874675402.shtm?fileloc=/var/www/vhosts/amphoragames.com/httpdocs/wp-comments-post.php&path=/var/www/vhosts/amphoragames.com/httpdocs HTTP/1.1" 200 3888 "-" "Mozilla/5.0 (Linux; Android 6.0.1; Nexus 5X Build/MMB29P) AppleWebKit/537.36 (KHTML, like Gecko) Chrome/141.0.7390.122 Mobile Safari/537.36 (compatible; Googlebot/2.1; +http://www.google.com/bot.html)"
74.7.227.143 - - [07/Nov/2025:07:39:23 +0000] "GET /core/?fileloc=/var/www/vhosts/amphoragames.com/httpdocs/wp-content/plugins/all-in-one-seo-pack/app/Lite/Options/Options.php&path=/var/www/vhosts/amphoragames.com/httpdocs/wp-content/plugins/all-in-one-seo-pack/app/Lite/Options HTTP/1.1" 200 6732 "-" "Mozilla/5.0 AppleWebKit/537.36 (KHTML, like Gecko; compatible; GPTBot/1.2; +https://openai.com/gptbot)"
66.249.79.37 - - [07/Nov/2025:07:39:25 +0000] "GET /entity/440258751.shtm HTTP/1.1" 200 4446 "-" "Mozilla/5.0 (Linux; Android 6.0.1; Nexus 5X Build/MMB29P) AppleWebKit/537.36 (KHTML, like Gecko) Chrome/141.0.7390.122 Mobile Safari/537.36 (compatible; Googlebot/2.1; +http://www.google.com/bot.html)"
51.75.119.112 - - [07/Nov/2025:07:39:26 +0000] "GET /?fileloc=/var/www/vhosts/amphoragames.com/httpdocs/tts/pentaurus1/nave_azul.png&path=/var/www/vhosts/amphoragames.com/httpdocs/tts/pentaurus1 HTTP/1.1" 200 2826 "-" "Mozilla/5.0 (compatible; MJ12bot/v1.4.8; http://mj12bot.com/)"
74.7.227.143 - - [07/Nov/2025:07:39:26 +0000] "GET /core/?fileloc=/var/www/vhosts/amphoragames.com/httpdocs/wp-content/plugins/all-in-one-seo-pack/app/Common/Schema/Schema.php&path=/var/www/vhosts/amphoragames.com/httpdocs/wp-content/plugins/all-in-one-seo-pack/app/Common/Schema HTTP/1.1" 200 5415 "-" "Mozilla/5.0 AppleWebKit/537.36 (KHTML, like Gecko; compatible; GPTBot/1.2; +https://openai.com/gptbot)"
66.249.79.37 - - [07/Nov/2025:07:39:26 +0000] "GET /entity/874675402.shtm?fileloc=/var/www/vhosts/amphoragames.com/httpdocs/wp-load.php&path=/var/www/vhosts/amphoragames.com/httpdocs HTTP/1.1" 200 4602 "-" "Mozilla/5.0 (Linux; Android 6.0.1; Nexus 5X Build/MMB29P) AppleWebKit/537.36 (KHTML, like Gecko) Chrome/141.0.7390.122 Mobile Safari/537.36 (compatible; Googlebot/2.1; +http://www.google.com/bot.html)"
66.249.79.37 - - [07/Nov/2025:07:39:28 +0000] "GET /entity/10716050.shtm HTTP/1.1" 200 4446 "-" "Mozilla/5.0 (Linux; Android 6.0.1; Nexus 5X Build/MMB29P) AppleWebKit/537.36 (KHTML, like Gecko) Chrome/141.0.7390.122 Mobile Safari/537.36 (compatible; Googlebot/2.1; +http://www.google.com/bot.html)"
74.7.227.143 - - [07/Nov/2025:07:39:29 +0000] "GET /core/?fileloc=/var/www/vhosts/amphoragames.com/httpdocs/wp-content/plugins/all-in-one-seo-pack/app/Common/Schema/Context.php&path=/var/www/vhosts/amphoragames.com/httpdocs/wp-content/plugins/all-in-one-seo-pack/app/Common/Schema HTTP/1.1" 200 3871 "-" "Mozilla/5.0 AppleWebKit/537.36 (KHTML, like Gecko; compatible; GPTBot/1.2; +https://openai.com/gptbot)"
66.249.79.37 - - [07/Nov/2025:07:39:30 +0000] "GET /entity/1106621959.shtm?fileloc=/var/www/vhosts/amphoragames.com/httpdocs/jowqw.php&path=/var/www/vhosts/amphoragames.com/httpdocs HTTP/1.1" 200 6154 "-" "Mozilla/5.0 (Linux; Android 6.0.1; Nexus 5X Build/MMB29P) AppleWebKit/537.36 (KHTML, like Gecko) Chrome/141.0.7390.122 Mobile Safari/537.36 (compatible; Googlebot/2.1; +http://www.google.com/bot.html)"
51.75.119.112 - - [07/Nov/2025:07:39:30 +0000] "GET /?fileloc=/var/www/vhosts/amphoragames.com/httpdocs/wp-content/languages/admin-network-es_ES.mo&path=/var/www/vhosts/amphoragames.com/httpdocs/wp-content/languages HTTP/1.1" 200 2836 "-" "Mozilla/5.0 (compatible; MJ12bot/v1.4.8; http://mj12bot.com/)"
66.249.79.37 - - [07/Nov/2025:07:39:31 +0000] "GET /entity/364787573.shtm HTTP/1.1" 200 4446 "-" "Mozilla/5.0 (Linux; Android 6.0.1; Nexus 5X Build/MMB29P) AppleWebKit/537.36 (KHTML, like Gecko) Chrome/141.0.7390.122 Mobile Safari/537.36 (compatible; Googlebot/2.1; +http://www.google.com/bot.html)"
74.7.227.143 - - [07/Nov/2025:07:39:32 +0000] "GET /core/?fileloc=/var/www/vhosts/amphoragames.com/httpdocs/wp-content/plugins/all-in-one-seo-pack/app/Common/Models/Post.php&path=/var/www/vhosts/amphoragames.com/httpdocs/wp-content/plugins/all-in-one-seo-pack/app/Common/Models HTTP/1.1" 200 10158 "-" "Mozilla/5.0 AppleWebKit/537.36 (KHTML, like Gecko; compatible; GPTBot/1.2; +https://openai.com/gptbot)"
66.249.79.37 - - [07/Nov/2025:07:39:33 +0000] "GET /entity/781218461.shtm HTTP/1.1" 200 4446 "-" "Mozilla/5.0 (Linux; Android 6.0.1; Nexus 5X Build/MMB29P) AppleWebKit/537.36 (KHTML, like Gecko) Chrome/141.0.7390.122 Mobile Safari/537.36 (compatible; Googlebot/2.1; +http://www.google.com/bot.html)"
51.75.119.112 - - [07/Nov/2025:07:39:34 +0000] "GET /?fileloc=/var/www/vhosts/amphoragames.com/httpdocs/wp-content/languages/es_ES-569e85ef168299eb8c8f24d8ef8c8a78.json&path=/var/www/vhosts/amphoragames.com/httpdocs/wp-content/languages HTTP/1.1" 200 3685 "-" "Mozilla/5.0 (compatible; MJ12bot/v1.4.8; http://mj12bot.com/)"
66.249.79.37 - - [07/Nov/2025:07:39:35 +0000] "GET /entity/393807868.shtm?path=/var/www/vhosts/amphoragames.com/httpdocs/en HTTP/1.1" 200 4152 "-" "Mozilla/5.0 (Linux; Android 6.0.1; Nexus 5X Build/MMB29P) AppleWebKit/537.36 (KHTML, like Gecko) Chrome/141.0.7390.122 Mobile Safari/537.36 (compatible; Googlebot/2.1; +http://www.google.com/bot.html)"
74.7.227.143 - - [07/Nov/2025:07:39:35 +0000] "GET /core/?fileloc=/var/www/vhosts/amphoragames.com/httpdocs/wp-content/plugins/all-in-one-seo-pack/app/Lite/Options/InternalOptions.php&path=/var/www/vhosts/amphoragames.com/httpdocs/wp-content/plugins/all-in-one-seo-pack/app/Lite/Options HTTP/1.1" 200 3303 "-" "Mozilla/5.0 AppleWebKit/537.36 (KHTML, like Gecko; compatible; GPTBot/1.2; +https://openai.com/gptbot)"
66.249.79.37 - - [07/Nov/2025:07:39:37 +0000] "GET /entity/955088295.shtm?path=/var/www HTTP/1.1" 200 2859 "-" "Mozilla/5.0 (Linux; Android 6.0.1; Nexus 5X Build/MMB29P) AppleWebKit/537.36 (KHTML, like Gecko) Chrome/141.0.7390.122 Mobile Safari/537.36 (compatible; Googlebot/2.1; +http://www.google.com/bot.html)"
51.75.119.112 - - [07/Nov/2025:07:39:38 +0000] "GET /?fileloc=/var/www/vhosts/amphoragames.com/httpdocs/wp-content/languages/es_ES-9d47a87c240c1d10701cd6a02b28aa1b.json&path=/var/www/vhosts/amphoragames.com/httpdocs/wp-content/languages HTTP/1.1" 200 3118 "-" "Mozilla/5.0 (compatible; MJ12bot/v1.4.8; http://mj12bot.com/)"
66.249.79.37 - - [07/Nov/2025:07:39:38 +0000] "GET /entity/761982782.shtm HTTP/1.1" 200 4446 "-" "Mozilla/5.0 (Linux; Android 6.0.1; Nexus 5X Build/MMB29P) AppleWebKit/537.36 (KHTML, like Gecko) Chrome/141.0.7390.122 Mobile Safari/537.36 (compatible; Googlebot/2.1; +http://www.google.com/bot.html)"
74.7.227.143 - - [07/Nov/2025:07:39:39 +0000] "GET /core/?fileloc=/var/www/vhosts/amphoragames.com/httpdocs/wp-content/plugins/all-in-one-seo-pack/app/Common/Models/Model.php&path=/var/www/vhosts/amphoragames.com/httpdocs/wp-content/plugins/all-in-one-seo-pack/app/Common/Models HTTP/1.1" 200 6054 "-" "Mozilla/5.0 AppleWebKit/537.36 (KHTML, like Gecko; compatible; GPTBot/1.2; +https://openai.com/gptbot)"
66.249.79.37 - - [07/Nov/2025:07:39:40 +0000] "GET /entity/194085935.shtm?path=/var/www/vhosts/amphoragames.com/httpdocs/en HTTP/1.1" 200 4152 "-" "Mozilla/5.0 (Linux; Android 6.0.1; Nexus 5X Build/MMB29P) AppleWebKit/537.36 (KHTML, like Gecko) Chrome/141.0.7390.122 Mobile Safari/537.36 (compatible; Googlebot/2.1; +http://www.google.com/bot.html)"
51.75.119.112 - - [07/Nov/2025:07:39:41 +0000] "GET /?fileloc=/var/www/vhosts/amphoragames.com/httpdocs/wp-content/languages/es_ES-a25d1cc7bf7ca0b4e114f6bea64943f4.json&path=/var/www/vhosts/amphoragames.com/httpdocs/wp-content/languages HTTP/1.1" 200 3100 "-" "Mozilla/5.0 (compatible; MJ12bot/v1.4.8; http://mj12bot.com/)"
74.7.227.143 - - [07/Nov/2025:07:39:42 +0000] "GET /core/?fileloc=/var/www/vhosts/amphoragames.com/httpdocs/wp-content/plugins/all-in-one-seo-pack/app/Common/Schema/Helpers.php&path=/var/www/vhosts/amphoragames.com/httpdocs/wp-content/plugins/all-in-one-seo-pack/app/Common/Schema HTTP/1.1" 200 4313 "-" "Mozilla/5.0 AppleWebKit/537.36 (KHTML, like Gecko; compatible; GPTBot/1.2; +https://openai.com/gptbot)"
66.249.79.37 - - [07/Nov/2025:07:39:42 +0000] "GET /entity/363527535.shtm HTTP/1.1" 200 4446 "-" "Mozilla/5.0 (Linux; Android 6.0.1; Nexus 5X Build/MMB29P) AppleWebKit/537.36 (KHTML, like Gecko) Chrome/141.0.7390.122 Mobile Safari/537.36 (compatible; Googlebot/2.1; +http://www.google.com/bot.html)"
66.249.79.37 - - [07/Nov/2025:07:39:44 +0000] "GET /entity/194085935.shtm?fileloc=/var/www/vhosts/amphoragames.com/httpdocs/wp-cron.php&path=/var/www/vhosts/amphoragames.com/httpdocs HTTP/1.1" 200 4931 "-" "Mozilla/5.0 (Linux; Android 6.0.1; Nexus 5X Build/MMB29P) AppleWebKit/537.36 (KHTML, like Gecko) Chrome/141.0.7390.122 Mobile Safari/537.36 (compatible; Googlebot/2.1; +http://www.google.com/bot.html)"
74.7.227.143 - - [07/Nov/2025:07:39:45 +0000] "GET /core/?fileloc=/var/www/vhosts/amphoragames.com/httpdocs/wp-content/plugins/all-in-one-seo-pack/app/Common/Models/Notification.php&path=/var/www/vhosts/amphoragames.com/httpdocs/wp-content/plugins/all-in-one-seo-pack/app/Common/Models HTTP/1.1" 200 5182 "-" "Mozilla/5.0 AppleWebKit/537.36 (KHTML, like Gecko; compatible; GPTBot/1.2; +https://openai.com/gptbot)"
51.75.119.112 - - [07/Nov/2025:07:39:45 +0000] "GET /?fileloc=/var/www/vhosts/amphoragames.com/httpdocs/wp-content/languages/es_ES-a9dc201dcd011fe71849743133052619.json&path=/var/www/vhosts/amphoragames.com/httpdocs/wp-content/languages HTTP/1.1" 200 3394 "-" "Mozilla/5.0 (compatible; MJ12bot/v1.4.8; http://mj12bot.com/)"
66.249.79.37 - - [07/Nov/2025:07:39:45 +0000] "GET /entity/813496064.shtm HTTP/1.1" 200 4446 "-" "Mozilla/5.0 (Linux; Android 6.0.1; Nexus 5X Build/MMB29P) AppleWebKit/537.36 (KHTML, like Gecko) Chrome/141.0.7390.122 Mobile Safari/537.36 (compatible; Googlebot/2.1; +http://www.google.com/bot.html)"
40.77.167.13 - - [07/Nov/2025:07:39:46 +0000] "GET /entity/1155729588.shtm HTTP/1.1" 200 7814 "-" "Mozilla/5.0 AppleWebKit/537.36 (KHTML, like Gecko; compatible; bingbot/2.0; +http://www.bing.com/bingbot.htm) Chrome/116.0.1938.76 Safari/537.36"
66.249.79.37 - - [07/Nov/2025:07:39:47 +0000] "GET /entity/1090956065.shtm?path=/var HTTP/1.1" 200 2848 "-" "Mozilla/5.0 (Linux; Android 6.0.1; Nexus 5X Build/MMB29P) AppleWebKit/537.36 (KHTML, like Gecko) Chrome/141.0.7390.122 Mobile Safari/537.36 (compatible; Googlebot/2.1; +http://www.google.com/bot.html)"
74.7.227.143 - - [07/Nov/2025:07:39:48 +0000] "GET /core/?fileloc=/var/www/vhosts/amphoragames.com/httpdocs/wp-content/plugins/all-in-one-seo-pack/app/Common/Admin/Pointers.php&path=/var/www/vhosts/amphoragames.com/httpdocs/wp-content/plugins/all-in-one-seo-pack/app/Common/Admin HTTP/1.1" 200 4492 "-" "Mozilla/5.0 AppleWebKit/537.36 (KHTML, like Gecko; compatible; GPTBot/1.2; +https://openai.com/gptbot)"
51.75.119.112 - - [07/Nov/2025:07:39:49 +0000] "GET /?fileloc=/var/www/vhosts/amphoragames.com/httpdocs/wp-content/languages/es_ES-aabfce98c410957228848dc581e3c420.json&path=/var/www/vhosts/amphoragames.com/httpdocs/wp-content/languages HTTP/1.1" 200 3191 "-" "Mozilla/5.0 (compatible; MJ12bot/v1.4.8; http://mj12bot.com/)"
66.249.79.37 - - [07/Nov/2025:07:39:49 +0000] "GET /entity/40213264.shtm?fileloc=/var/www/vhosts/amphoragames.com/httpdocs/wp-includes/class-wp-http-requests-hooks.php&path=/var/www/vhosts/amphoragames.com/httpdocs/wp-includes HTTP/1.1" 200 6968 "-" "Mozilla/5.0 (Linux; Android 6.0.1; Nexus 5X Build/MMB29P) AppleWebKit/537.36 (KHTML, like Gecko) Chrome/141.0.7390.122 Mobile Safari/537.36 (compatible; GoogleOther)"
66.249.79.37 - - [07/Nov/2025:07:39:51 +0000] "GET /entity/813499084.shtm HTTP/1.1" 200 4446 "-" "Mozilla/5.0 (Linux; Android 6.0.1; Nexus 5X Build/MMB29P) AppleWebKit/537.36 (KHTML, like Gecko) Chrome/141.0.7390.122 Mobile Safari/537.36 (compatible; Googlebot/2.1; +http://www.google.com/bot.html)"
74.7.227.143 - - [07/Nov/2025:07:39:51 +0000] "GET /core/?fileloc=/var/www/vhosts/amphoragames.com/httpdocs/wp-content/plugins/all-in-one-seo-pack/app/Common/Schema/Breadcrumb.php&path=/var/www/vhosts/amphoragames.com/httpdocs/wp-content/plugins/all-in-one-seo-pack/app/Common/Schema HTTP/1.1" 200 5456 "-" "Mozilla/5.0 AppleWebKit/537.36 (KHTML, like Gecko; compatible; GPTBot/1.2; +https://openai.com/gptbot)"
66.249.79.37 - - [07/Nov/2025:07:39:52 +0000] "GET /entity/1140708937.shtm?fileloc=/var/www/vhosts/amphoragames.com/httpdocs/jowqw.php&path=/var/www/vhosts/amphoragames.com/httpdocs HTTP/1.1" 200 6154 "-" "Mozilla/5.0 (Linux; Android 6.0.1; Nexus 5X Build/MMB29P) AppleWebKit/537.36 (KHTML, like Gecko) Chrome/141.0.7390.122 Mobile Safari/537.36 (compatible; Googlebot/2.1; +http://www.google.com/bot.html)"
51.75.119.112 - - [07/Nov/2025:07:39:53 +0000] "GET /?fileloc=/var/www/vhosts/amphoragames.com/httpdocs/wp-content/languages/es_ES-ac23eee47530ac63a1178c827db28087.json&path=/var/www/vhosts/amphoragames.com/httpdocs/wp-content/languages HTTP/1.1" 200 3056 "-" "Mozilla/5.0 (compatible; MJ12bot/v1.4.8; http://mj12bot.com/)"
66.249.79.37 - - [07/Nov/2025:07:39:54 +0000] "GET /entity/771391427.shtm HTTP/1.1" 200 4446 "-" "Mozilla/5.0 (Linux; Android 6.0.1; Nexus 5X Build/MMB29P) AppleWebKit/537.36 (KHTML, like Gecko) Chrome/141.0.7390.122 Mobile Safari/537.36 (compatible; Googlebot/2.1; +http://www.google.com/bot.html)"
74.7.227.143 - - [07/Nov/2025:07:39:54 +0000] "GET /core/?fileloc=/var/www/vhosts/amphoragames.com/httpdocs/wp-content/plugins/all-in-one-seo-pack/app/Common/Admin/Dashboard.php&path=/var/www/vhosts/amphoragames.com/httpdocs/wp-content/plugins/all-in-one-seo-pack/app/Common/Admin HTTP/1.1" 200 4462 "-" "Mozilla/5.0 AppleWebKit/537.36 (KHTML, like Gecko; compatible; GPTBot/1.2; +https://openai.com/gptbot)"
66.249.79.37 - - [07/Nov/2025:07:39:56 +0000] "GET /entity/730085586.shtm?path=/var/www/vhosts/amphoragames.com/httpdocs/files HTTP/1.1" 200 3325 "-" "Mozilla/5.0 (Linux; Android 6.0.1; Nexus 5X Build/MMB29P) AppleWebKit/537.36 (KHTML, like Gecko) Chrome/141.0.7390.122 Mobile Safari/537.36 (compatible; Googlebot/2.1; +http://www.google.com/bot.html)"
74.7.227.143 - - [07/Nov/2025:07:39:57 +0000] "GET /core/?fileloc=/var/www/vhosts/amphoragames.com/httpdocs/wp-content/plugins/all-in-one-seo-pack/app/Common/Admin/SeoAnalysis.php&path=/var/www/vhosts/amphoragames.com/httpdocs/wp-content/plugins/all-in-one-seo-pack/app/Common/Admin HTTP/1.1" 200 3334 "-" "Mozilla/5.0 AppleWebKit/537.36 (KHTML, like Gecko; compatible; GPTBot/1.2; +https://openai.com/gptbot)"
66.249.79.37 - - [07/Nov/2025:07:39:58 +0000] "GET /entity/51465825.shtm HTTP/1.1" 200 4446 "-" "Mozilla/5.0 (Linux; Android 6.0.1; Nexus 5X Build/MMB29P) AppleWebKit/537.36 (KHTML, like Gecko) Chrome/141.0.7390.122 Mobile Safari/537.36 (compatible; Googlebot/2.1; +http://www.google.com/bot.html)"
51.75.119.112 - - [07/Nov/2025:07:39:58 +0000] "GET /?fileloc=/var/www/vhosts/amphoragames.com/httpdocs/wp-content/languages/es_ES-bf0f094965d3d4a95b47babcb35fc136.json&path=/var/www/vhosts/amphoragames.com/httpdocs/wp-content/languages HTTP/1.1" 200 17116 "-" "Mozilla/5.0 (compatible; MJ12bot/v1.4.8; http://mj12bot.com/)"
66.249.79.37 - - [07/Nov/2025:07:40:00 +0000] "GET /entity/218283875.shtm HTTP/1.1" 200 4446 "-" "Mozilla/5.0 (Linux; Android 6.0.1; Nexus 5X Build/MMB29P) AppleWebKit/537.36 (KHTML, like Gecko) Chrome/141.0.7390.122 Mobile Safari/537.36 (compatible; Googlebot/2.1; +http://www.google.com/bot.html)"
74.7.227.143 - - [07/Nov/2025:07:40:00 +0000] "GET /core/?fileloc=/var/www/vhosts/amphoragames.com/httpdocs/wp-content/plugins/all-in-one-seo-pack/app/Common/Admin/SiteHealth.php&path=/var/www/vhosts/amphoragames.com/httpdocs/wp-content/plugins/all-in-one-seo-pack/app/Common/Admin HTTP/1.1" 200 6340 "-" "Mozilla/5.0 AppleWebKit/537.36 (KHTML, like Gecko; compatible; GPTBot/1.2; +https://openai.com/gptbot)"
66.249.79.37 - - [07/Nov/2025:07:40:01 +0000] "GET /entity/1228409210.shtm HTTP/1.1" 200 4446 "-" "Mozilla/5.0 (Linux; Android 6.0.1; Nexus 5X Build/MMB29P) AppleWebKit/537.36 (KHTML, like Gecko) Chrome/141.0.7390.122 Mobile Safari/537.36 (compatible; Googlebot/2.1; +http://www.google.com/bot.html)"
51.75.119.112 - - [07/Nov/2025:07:40:02 +0000] "GET /?fileloc=/var/www/vhosts/amphoragames.com/httpdocs/wp-content/languages/es_ES-bf23b24175490c2e46aaf92ff6a0c70f.json&path=/var/www/vhosts/amphoragames.com/httpdocs/wp-content/languages HTTP/1.1" 200 3051 "-" "Mozilla/5.0 (compatible; MJ12bot/v1.4.8; http://mj12bot.com/)"
66.249.79.32 - - [07/Nov/2025:07:40:03 +0000] "GET /entity/363543895.shtm HTTP/1.1" 200 7764 "-" "Mozilla/5.0 (Linux; Android 6.0.1; Nexus 5X Build/MMB29P) AppleWebKit/537.36 (KHTML, like Gecko) Chrome/141.0.7390.122 Mobile Safari/537.36 (compatible; Googlebot/2.1; +http://www.google.com/bot.html)"
74.7.227.143 - - [07/Nov/2025:07:40:04 +0000] "GET /core/?fileloc=/var/www/vhosts/amphoragames.com/httpdocs/wp-content/plugins/all-in-one-seo-pack/app/Common/Admin/PostSettings.php&path=/var/www/vhosts/amphoragames.com/httpdocs/wp-content/plugins/all-in-one-seo-pack/app/Common/Admin HTTP/1.1" 200 6745 "-" "Mozilla/5.0 AppleWebKit/537.36 (KHTML, like Gecko; compatible; GPTBot/1.2; +https://openai.com/gptbot)"
66.249.79.37 - - [07/Nov/2025:07:40:04 +0000] "GET /entity/846981523.shtm HTTP/1.1" 200 4446 "-" "Mozilla/5.0 (Linux; Android 6.0.1; Nexus 5X Build/MMB29P) AppleWebKit/537.36 (KHTML, like Gecko) Chrome/141.0.7390.122 Mobile Safari/537.36 (compatible; Googlebot/2.1; +http://www.google.com/bot.html)"
66.249.79.37 - - [07/Nov/2025:07:40:06 +0000] "GET /entity/802573062.shtm?path=/var/www/vhosts/amphoragames.com/httpdocs/images HTTP/1.1" 200 3308 "-" "Mozilla/5.0 (Linux; Android 6.0.1; Nexus 5X Build/MMB29P) AppleWebKit/537.36 (KHTML, like Gecko) Chrome/141.0.7390.122 Mobile Safari/537.36 (compatible; Googlebot/2.1; +http://www.google.com/bot.html)"
74.7.227.143 - - [07/Nov/2025:07:40:07 +0000] "GET /core/?fileloc=/var/www/vhosts/amphoragames.com/httpdocs/wp-content/plugins/all-in-one-seo-pack/app/Common/Admin/WritingAssistant.php&path=/var/www/vhosts/amphoragames.com/httpdocs/wp-content/plugins/all-in-one-seo-pack/app/Common/Admin HTTP/1.1" 200 3904 "-" "Mozilla/5.0 AppleWebKit/537.36 (KHTML, like Gecko; compatible; GPTBot/1.2; +https://openai.com/gptbot)"
51.75.119.112 - - [07/Nov/2025:07:40:07 +0000] "GET /?fileloc=/var/www/vhosts/amphoragames.com/httpdocs/wp-content/languages/es_ES-c31d5f185753910c14afebc6deb2ce24.json&path=/var/www/vhosts/amphoragames.com/httpdocs/wp-content/languages HTTP/1.1" 200 14261 "-" "Mozilla/5.0 (compatible; MJ12bot/v1.4.8; http://mj12bot.com/)"
66.249.79.37 - - [07/Nov/2025:07:40:08 +0000] "GET /entity/837571074.shtm HTTP/1.1" 200 4446 "-" "Mozilla/5.0 (Linux; Android 6.0.1; Nexus 5X Build/MMB29P) AppleWebKit/537.36 (KHTML, like Gecko) Chrome/141.0.7390.122 Mobile Safari/537.36 (compatible; Googlebot/2.1; +http://www.google.com/bot.html)"
66.249.79.37 - - [07/Nov/2025:07:40:10 +0000] "GET /entity/1079116831.shtm HTTP/1.1" 200 4446 "-" "Mozilla/5.0 (Linux; Android 6.0.1; Nexus 5X Build/MMB29P) AppleWebKit/537.36 (KHTML, like Gecko) Chrome/141.0.7390.122 Mobile Safari/537.36 (compatible; Googlebot/2.1; +http://www.google.com/bot.html)"
51.75.119.112 - - [07/Nov/2025:07:40:11 +0000] "GET /?fileloc=/var/www/vhosts/amphoragames.com/httpdocs/wp-content/languages/es_ES-ca28138671823450e87dfd354f7afc6b.json&path=/var/www/vhosts/amphoragames.com/httpdocs/wp-content/languages HTTP/1.1" 200 3099 "-" "Mozilla/5.0 (compatible; MJ12bot/v1.4.8; http://mj12bot.com/)"
66.249.79.37 - - [07/Nov/2025:07:40:11 +0000] "GET /entity/194122507.shtm?fileloc=/var/www/vhosts/amphoragames.com/httpdocs/xmlrpc.php&path=/var/www/vhosts/amphoragames.com/httpdocs HTTP/1.1" 200 4258 "-" "Mozilla/5.0 (Linux; Android 6.0.1; Nexus 5X Build/MMB29P) AppleWebKit/537.36 (KHTML, like Gecko) Chrome/141.0.7390.122 Mobile Safari/537.36 (compatible; Googlebot/2.1; +http://www.google.com/bot.html)"
66.249.79.37 - - [07/Nov/2025:07:40:13 +0000] "GET /entity/372092320.shtm HTTP/1.1" 200 4446 "-" "Mozilla/5.0 (Linux; Android 6.0.1; Nexus 5X Build/MMB29P) AppleWebKit/537.36 (KHTML, like Gecko) Chrome/141.0.7390.122 Mobile Safari/537.36 (compatible; Googlebot/2.1; +http://www.google.com/bot.html)"
51.75.119.112 - - [07/Nov/2025:07:40:15 +0000] "GET /?fileloc=/var/www/vhosts/amphoragames.com/httpdocs/wp-content/languages/es_ES-daeb084aab42199d26393a56c3465bc0.json&path=/var/www/vhosts/amphoragames.com/httpdocs/wp-content/languages HTTP/1.1" 200 3408 "-" "Mozilla/5.0 (compatible; MJ12bot/v1.4.8; http://mj12bot.com/)"
66.249.79.37 - - [07/Nov/2025:07:40:15 +0000] "GET /entity/194122507.shtm?path=/var/www/vhosts/amphoragames.com/httpdocs/email HTTP/1.1" 200 3305 "-" "Mozilla/5.0 (Linux; Android 6.0.1; Nexus 5X Build/MMB29P) AppleWebKit/537.36 (KHTML, like Gecko) Chrome/141.0.7390.122 Mobile Safari/537.36 (compatible; Googlebot/2.1; +http://www.google.com/bot.html)"
66.249.79.37 - - [07/Nov/2025:07:40:17 +0000] "GET /entity/740368907.shtm HTTP/1.1" 200 4446 "-" "Mozilla/5.0 (Linux; Android 6.0.1; Nexus 5X Build/MMB29P) AppleWebKit/537.36 (KHTML, like Gecko) Chrome/141.0.7390.122 Mobile Safari/537.36 (compatible; Googlebot/2.1; +http://www.google.com/bot.html)"
107.180.224.51 - - [07/Nov/2025:07:40:17 +0000] "POST /xmlrpc.php HTTP/1.1" 200 7723 "https://www.amphoragames.com" "Mozilla/5.0 (Macintosh; Intel Mac OS X 14.3) AppleWebKit/614.31.14 (KHTML, like Gecko) Version/17.0.96 Safari/614.31.14"
66.249.79.37 - - [07/Nov/2025:07:40:18 +0000] "GET /entity/370673285.shtm HTTP/1.1" 200 4446 "-" "Mozilla/5.0 (Linux; Android 6.0.1; Nexus 5X Build/MMB29P) AppleWebKit/537.36 (KHTML, like Gecko) Chrome/141.0.7390.122 Mobile Safari/537.36 (compatible; Googlebot/2.1; +http://www.google.com/bot.html)"
51.75.119.112 - - [07/Nov/2025:07:40:18 +0000] "GET /?fileloc=/var/www/vhosts/amphoragames.com/httpdocs/wp-content/languages/es_ES-e2791ba830489d23043be8650a22a22b.json&path=/var/www/vhosts/amphoragames.com/httpdocs/wp-content/languages HTTP/1.1" 200 3123 "-" "Mozilla/5.0 (compatible; MJ12bot/v1.4.8; http://mj12bot.com/)"
66.249.79.37 - - [07/Nov/2025:07:40:20 +0000] "GET /entity/392582431.shtm?fileloc=/var/www/vhosts/amphoragames.com/httpdocs/wp-trackback.php&path=/var/www/vhosts/amphoragames.com/httpdocs HTTP/1.1" 200 4691 "-" "Mozilla/5.0 (Linux; Android 6.0.1; Nexus 5X Build/MMB29P) AppleWebKit/537.36 (KHTML, like Gecko) Chrome/141.0.7390.122 Mobile Safari/537.36 (compatible; Googlebot/2.1; +http://www.google.com/bot.html)"
66.249.79.37 - - [07/Nov/2025:07:40:22 +0000] "GET /entity/690736198.shtm HTTP/1.1" 200 4446 "-" "Mozilla/5.0 (Linux; Android 6.0.1; Nexus 5X Build/MMB29P) AppleWebKit/537.36 (KHTML, like Gecko) Chrome/141.0.7390.122 Mobile Safari/537.36 (compatible; Googlebot/2.1; +http://www.google.com/bot.html)"
74.7.227.143 - - [07/Nov/2025:07:40:23 +0000] "GET /core/?fileloc=/var/www/vhosts/amphoragames.com/httpdocs/wp-content/plugins/backwpup/vendor/symfony/event-dispatcher/Event.php&path=/var/www/vhosts/amphoragames.com/httpdocs/wp-content/plugins/backwpup/vendor/symfony/event-dispatcher HTTP/1.1" 200 6571 "-" "Mozilla/5.0 AppleWebKit/537.36 (KHTML, like Gecko; compatible; GPTBot/1.2; +https://openai.com/gptbot)"
51.75.119.112 - - [07/Nov/2025:07:40:23 +0000] "GET /?fileloc=/var/www/vhosts/amphoragames.com/httpdocs/wp-content/themes/.htaccess&path=/var/www/vhosts/amphoragames.com/httpdocs/wp-content/themes HTTP/1.1" 200 2913 "-" "Mozilla/5.0 (compatible; MJ12bot/v1.4.8; http://mj12bot.com/)"
66.249.79.37 - - [07/Nov/2025:07:40:23 +0000] "GET /entity/830246294.shtm HTTP/1.1" 200 4446 "-" "Mozilla/5.0 (Linux; Android 6.0.1; Nexus 5X Build/MMB29P) AppleWebKit/537.36 (KHTML, like Gecko) Chrome/141.0.7390.122 Mobile Safari/537.36 (compatible; Googlebot/2.1; +http://www.google.com/bot.html)"
66.249.79.37 - - [07/Nov/2025:07:40:25 +0000] "GET /entity/1125496188.shtm HTTP/1.1" 200 4446 "-" "Mozilla/5.0 (Linux; Android 6.0.1; Nexus 5X Build/MMB29P) AppleWebKit/537.36 (KHTML, like Gecko) Chrome/141.0.7390.122 Mobile Safari/537.36 (compatible; Googlebot/2.1; +http://www.google.com/bot.html)"
74.7.227.143 - - [07/Nov/2025:07:40:26 +0000] "GET /core/?fileloc=/var/www/vhosts/amphoragames.com/httpdocs/wp-content/plugins/backwpup/vendor/symfony/options-resolver/LICENSE&path=/var/www/vhosts/amphoragames.com/httpdocs/wp-content/plugins/backwpup/vendor/symfony/options-resolver HTTP/1.1" 200 3542 "-" "Mozilla/5.0 AppleWebKit/537.36 (KHTML, like Gecko; compatible; GPTBot/1.2; +https://openai.com/gptbot)"
51.75.119.112 - - [07/Nov/2025:07:40:27 +0000] "GET /?fileloc=/var/www/vhosts/amphoragames.com/httpdocs/wp-content/themes/index.php&path=/var/www/vhosts/amphoragames.com/httpdocs/wp-content/themes HTTP/1.1" 200 2845 "-" "Mozilla/5.0 (compatible; MJ12bot/v1.4.8; http://mj12bot.com/)"
66.249.79.37 - - [07/Nov/2025:07:40:27 +0000] "GET /entity/35547731.shtm HTTP/1.1" 200 4446 "-" "Mozilla/5.0 (Linux; Android 6.0.1; Nexus 5X Build/MMB29P) AppleWebKit/537.36 (KHTML, like Gecko) Chrome/141.0.7390.122 Mobile Safari/537.36 (compatible; Googlebot/2.1; +http://www.google.com/bot.html)"
66.249.79.37 - - [07/Nov/2025:07:40:29 +0000] "GET /entity/1146912361.shtm HTTP/1.1" 200 4446 "-" "Mozilla/5.0 (Linux; Android 6.0.1; Nexus 5X Build/MMB29P) AppleWebKit/537.36 (KHTML, like Gecko) Chrome/141.0.7390.122 Mobile Safari/537.36 (compatible; Googlebot/2.1; +http://www.google.com/bot.html)"
74.7.227.143 - - [07/Nov/2025:07:40:29 +0000] "GET /core/?fileloc=/var/www/vhosts/amphoragames.com/httpdocs/wp-content/plugins/all-in-one-seo-pack/app/Common/Models/WritingAssistantPost.php&path=/var/www/vhosts/amphoragames.com/httpdocs/wp-content/plugins/all-in-one-seo-pack/app/Common/Models HTTP/1.1" 200 3904 "-" "Mozilla/5.0 AppleWebKit/537.36 (KHTML, like Gecko; compatible; GPTBot/1.2; +https://openai.com/gptbot)"
66.249.79.37 - - [07/Nov/2025:07:40:30 +0000] "GET /entity/371862525.shtm?path=/var/www/vhosts HTTP/1.1" 200 2871 "-" "Mozilla/5.0 (Linux; Android 6.0.1; Nexus 5X Build/MMB29P) AppleWebKit/537.36 (KHTML, like Gecko) Chrome/141.0.7390.122 Mobile Safari/537.36 (compatible; Googlebot/2.1; +http://www.google.com/bot.html)"
51.75.119.112 - - [07/Nov/2025:07:40:31 +0000] "GET /?fileloc=/var/www/vhosts/amphoragames.com/httpdocs/wp-content/uploads/.htaccess&path=/var/www/vhosts/amphoragames.com/httpdocs/wp-content/uploads HTTP/1.1" 200 2912 "-" "Mozilla/5.0 (compatible; MJ12bot/v1.4.8; http://mj12bot.com/)"
66.249.79.37 - - [07/Nov/2025:07:40:32 +0000] "GET /entity/45092857.shtm?path=/var/www HTTP/1.1" 200 2859 "-" "Mozilla/5.0 (Linux; Android 6.0.1; Nexus 5X Build/MMB29P) AppleWebKit/537.36 (KHTML, like Gecko) Chrome/141.0.7390.122 Mobile Safari/537.36 (compatible; Googlebot/2.1; +http://www.google.com/bot.html)"
74.7.227.143 - - [07/Nov/2025:07:40:32 +0000] "GET /core/?fileloc=/var/www/vhosts/amphoragames.com/httpdocs/wp-content/plugins/backwpup/vendor/symfony/event-dispatcher/GenericEvent.php&path=/var/www/vhosts/amphoragames.com/httpdocs/wp-content/plugins/backwpup/vendor/symfony/event-dispatcher HTTP/1.1" 200 3890 "-" "Mozilla/5.0 AppleWebKit/537.36 (KHTML, like Gecko; compatible; GPTBot/1.2; +https://openai.com/gptbot)"
66.249.79.37 - - [07/Nov/2025:07:40:34 +0000] "GET /entity/35540113.shtm HTTP/1.1" 200 4446 "-" "Mozilla/5.0 (Linux; Android 6.0.1; Nexus 5X Build/MMB29P) AppleWebKit/537.36 (KHTML, like Gecko) Chrome/141.0.7390.122 Mobile Safari/537.36 (compatible; Googlebot/2.1; +http://www.google.com/bot.html)"
51.75.119.112 - - [07/Nov/2025:07:40:35 +0000] "GET /?fileloc=/var/www/vhosts/amphoragames.com/httpdocs/wp-content/uploads/GeoIP.dat&path=/var/www/vhosts/amphoragames.com/httpdocs/wp-content/uploads HTTP/1.1" 200 2824 "-" "Mozilla/5.0 (compatible; MJ12bot/v1.4.8; http://mj12bot.com/)"
74.7.227.143 - - [07/Nov/2025:07:40:35 +0000] "GET /core/?fileloc=/var/www/vhosts/amphoragames.com/httpdocs/wp-content/plugins/all-in-one-seo-pack/app/Common/Models/CrawlCleanupLog.php&path=/var/www/vhosts/amphoragames.com/httpdocs/wp-content/plugins/all-in-one-seo-pack/app/Common/Models HTTP/1.1" 200 3603 "-" "Mozilla/5.0 AppleWebKit/537.36 (KHTML, like Gecko; compatible; GPTBot/1.2; +https://openai.com/gptbot)"
66.249.79.37 - - [07/Nov/2025:07:40:35 +0000] "GET /entity/1230723050.shtm?path=/var/www/vhosts/amphoragames.com/httpdocs/en HTTP/1.1" 200 4152 "-" "Mozilla/5.0 (Linux; Android 6.0.1; Nexus 5X Build/MMB29P) AppleWebKit/537.36 (KHTML, like Gecko) Chrome/141.0.7390.122 Mobile Safari/537.36 (compatible; Googlebot/2.1; +http://www.google.com/bot.html)"
66.249.79.37 - - [07/Nov/2025:07:40:37 +0000] "GET /entity/35523066.shtm HTTP/1.1" 200 4446 "-" "Mozilla/5.0 (Linux; Android 6.0.1; Nexus 5X Build/MMB29P) AppleWebKit/537.36 (KHTML, like Gecko) Chrome/141.0.7390.122 Mobile Safari/537.36 (compatible; Googlebot/2.1; +http://www.google.com/bot.html)"
74.7.227.143 - - [07/Nov/2025:07:40:38 +0000] "GET /core/?fileloc=/var/www/vhosts/amphoragames.com/httpdocs/wp-content/plugins/all-in-one-seo-pack/app/Common/Admin/DeactivationSurvey.php&path=/var/www/vhosts/amphoragames.com/httpdocs/wp-content/plugins/all-in-one-seo-pack/app/Common/Admin HTTP/1.1" 200 5569 "-" "Mozilla/5.0 AppleWebKit/537.36 (KHTML, like Gecko; compatible; GPTBot/1.2; +https://openai.com/gptbot)"
66.249.79.37 - - [07/Nov/2025:07:40:39 +0000] "GET /entity/279802611.shtm?fileloc=/var/www/vhosts/amphoragames.com/httpdocs/.htaccess&path=/var/www/vhosts/amphoragames.com/httpdocs HTTP/1.1" 200 3632 "-" "Mozilla/5.0 (Linux; Android 6.0.1; Nexus 5X Build/MMB29P) AppleWebKit/537.36 (KHTML, like Gecko) Chrome/141.0.7390.122 Mobile Safari/537.36 (compatible; Googlebot/2.1; +http://www.google.com/bot.html)"
51.75.119.112 - - [07/Nov/2025:07:40:40 +0000] "GET /?fileloc=/var/www/vhosts/amphoragames.com/httpdocs/wp-content/uploads/GeoIPv6.dat&path=/var/www/vhosts/amphoragames.com/httpdocs/wp-content/uploads HTTP/1.1" 200 2825 "-" "Mozilla/5.0 (compatible; MJ12bot/v1.4.8; http://mj12bot.com/)"
66.249.79.37 - - [07/Nov/2025:07:40:41 +0000] "GET /entity/723566958.shtm HTTP/1.1" 200 4446 "-" "Mozilla/5.0 (Linux; Android 6.0.1; Nexus 5X Build/MMB29P) AppleWebKit/537.36 (KHTML, like Gecko) Chrome/141.0.7390.122 Mobile Safari/537.36 (compatible; Googlebot/2.1; +http://www.google.com/bot.html)"
74.7.227.143 - - [07/Nov/2025:07:40:41 +0000] "GET /core/?path=/var/www/vhosts/amphoragames.com/httpdocs/wp-content/plugins/backwpup/vendor/symfony/deprecation-contracts HTTP/1.1" 200 3261 "-" "Mozilla/5.0 AppleWebKit/537.36 (KHTML, like Gecko; compatible; GPTBot/1.2; +https://openai.com/gptbot)"
40.77.167.44 - - [07/Nov/2025:07:40:41 +0000] "GET /entity/1346967542.shtm HTTP/1.1" 200 7814 "-" "Mozilla/5.0 AppleWebKit/537.36 (KHTML, like Gecko; compatible; bingbot/2.0; +http://www.bing.com/bingbot.htm) Chrome/116.0.1938.76 Safari/537.36"
66.249.79.37 - - [07/Nov/2025:07:40:42 +0000] "GET /entity/279802611.shtm?fileloc=/var/www/vhosts/amphoragames.com/httpdocs/llms.txt&path=/var/www/vhosts/amphoragames.com/httpdocs HTTP/1.1" 200 17085 "-" "Mozilla/5.0 (Linux; Android 6.0.1; Nexus 5X Build/MMB29P) AppleWebKit/537.36 (KHTML, like Gecko) Chrome/141.0.7390.122 Mobile Safari/537.36 (compatible; Googlebot/2.1; +http://www.google.com/bot.html)"
51.75.119.112 - - [07/Nov/2025:07:40:44 +0000] "GET /?fileloc=/var/www/vhosts/amphoragames.com/httpdocs/wp-content/uploads/woocommerce-placeholder-1000x1000.png&path=/var/www/vhosts/amphoragames.com/httpdocs/wp-content/uploads HTTP/1.1" 200 2835 "-" "Mozilla/5.0 (compatible; MJ12bot/v1.4.8; http://mj12bot.com/)"
66.249.79.37 - - [07/Nov/2025:07:40:44 +0000] "GET /entity/722346280.shtm HTTP/1.1" 200 4446 "-" "Mozilla/5.0 (Linux; Android 6.0.1; Nexus 5X Build/MMB29P) AppleWebKit/537.36 (KHTML, like Gecko) Chrome/141.0.7390.122 Mobile Safari/537.36 (compatible; Googlebot/2.1; +http://www.google.com/bot.html)"
74.7.227.143 - - [07/Nov/2025:07:40:45 +0000] "GET /core/?fileloc=/var/www/vhosts/amphoragames.com/httpdocs/wp-content/plugins/all-in-one-seo-pack/app/Common/Models/SeoAnalyzerResult.php&path=/var/www/vhosts/amphoragames.com/httpdocs/wp-content/plugins/all-in-one-seo-pack/app/Common/Models HTTP/1.1" 200 4319 "-" "Mozilla/5.0 AppleWebKit/537.36 (KHTML, like Gecko; compatible; GPTBot/1.2; +https://openai.com/gptbot)"
66.249.79.37 - - [07/Nov/2025:07:40:46 +0000] "GET /entity/279802611.shtm?fileloc=/var/www/vhosts/amphoragames.com/httpdocs/wp-activate.php&path=/var/www/vhosts/amphoragames.com/httpdocs HTTP/1.1" 200 5330 "-" "Mozilla/5.0 (Linux; Android 6.0.1; Nexus 5X Build/MMB29P) AppleWebKit/537.36 (KHTML, like Gecko) Chrome/141.0.7390.122 Mobile Safari/537.36 (compatible; Googlebot/2.1; +http://www.google.com/bot.html)"
66.249.79.37 - - [07/Nov/2025:07:40:48 +0000] "GET /entity/402984559.shtm HTTP/1.1" 200 4446 "-" "Mozilla/5.0 (Linux; Android 6.0.1; Nexus 5X Build/MMB29P) AppleWebKit/537.36 (KHTML, like Gecko) Chrome/141.0.7390.122 Mobile Safari/537.36 (compatible; Googlebot/2.1; +http://www.google.com/bot.html)"
74.7.227.143 - - [07/Nov/2025:07:40:48 +0000] "GET /core/?fileloc=/var/www/vhosts/amphoragames.com/httpdocs/wp-content/plugins/backwpup/vendor/composer/installed.json&path=/var/www/vhosts/amphoragames.com/httpdocs/wp-content/plugins/backwpup/vendor/composer HTTP/1.1" 200 17418 "-" "Mozilla/5.0 AppleWebKit/537.36 (KHTML, like Gecko; compatible; GPTBot/1.2; +https://openai.com/gptbot)"
51.75.119.112 - - [07/Nov/2025:07:40:48 +0000] "GET /?fileloc=/var/www/vhosts/amphoragames.com/httpdocs/wp-content/uploads/woocommerce-placeholder-1024x1024.png&path=/var/www/vhosts/amphoragames.com/httpdocs/wp-content/uploads HTTP/1.1" 200 2836 "-" "Mozilla/5.0 (compatible; MJ12bot/v1.4.8; http://mj12bot.com/)"
66.249.79.37 - - [07/Nov/2025:07:40:49 +0000] "GET /entity/279802611.shtm?fileloc=/var/www/vhosts/amphoragames.com/httpdocs/wp-trackback.php&path=/var/www/vhosts/amphoragames.com/httpdocs HTTP/1.1" 200 4691 "-" "Mozilla/5.0 (Linux; Android 6.0.1; Nexus 5X Build/MMB29P) AppleWebKit/537.36 (KHTML, like Gecko) Chrome/141.0.7390.122 Mobile Safari/537.36 (compatible; Googlebot/2.1; +http://www.google.com/bot.html)"
74.7.227.143 - - [07/Nov/2025:07:40:51 +0000] "GET /core/?fileloc=/var/www/vhosts/amphoragames.com/httpdocs/wp-content/plugins/all-in-one-seo-pack/app/Common/Admin/ConflictingPlugins.php&path=/var/www/vhosts/amphoragames.com/httpdocs/wp-content/plugins/all-in-one-seo-pack/app/Common/Admin HTTP/1.1" 200 4299 "-" "Mozilla/5.0 AppleWebKit/537.36 (KHTML, like Gecko; compatible; GPTBot/1.2; +https://openai.com/gptbot)"
66.249.79.37 - - [07/Nov/2025:07:40:51 +0000] "GET /entity/794756857.shtm HTTP/1.1" 200 4446 "-" "Mozilla/5.0 (Linux; Android 6.0.1; Nexus 5X Build/MMB29P) AppleWebKit/537.36 (KHTML, like Gecko) Chrome/141.0.7390.122 Mobile Safari/537.36 (compatible; Googlebot/2.1; +http://www.google.com/bot.html)"
51.75.119.112 - - [07/Nov/2025:07:40:52 +0000] "GET /?fileloc=/var/www/vhosts/amphoragames.com/httpdocs/wp-content/uploads/woocommerce-placeholder-150x150.png&path=/var/www/vhosts/amphoragames.com/httpdocs/wp-content/uploads HTTP/1.1" 200 2835 "-" "Mozilla/5.0 (compatible; MJ12bot/v1.4.8; http://mj12bot.com/)"
66.249.79.37 - - [07/Nov/2025:07:40:53 +0000] "GET /entity/778443243.shtm HTTP/1.1" 200 4446 "-" "Mozilla/5.0 (Linux; Android 6.0.1; Nexus 5X Build/MMB29P) AppleWebKit/537.36 (KHTML, like Gecko) Chrome/141.0.7390.122 Mobile Safari/537.36 (compatible; Googlebot/2.1; +http://www.google.com/bot.html)"
74.7.227.143 - - [07/Nov/2025:07:40:54 +0000] "GET /core/?path=/var/www/vhosts/amphoragames.com/httpdocs/wp-content/plugins/all-in-one-seo-pack/app/Common/Migration HTTP/1.1" 200 3578 "-" "Mozilla/5.0 AppleWebKit/537.36 (KHTML, like Gecko; compatible; GPTBot/1.2; +https://openai.com/gptbot)"
66.249.79.37 - - [07/Nov/2025:07:40:54 +0000] "GET /entity/42835468.shtm?path=/var HTTP/1.1" 200 2847 "-" "Mozilla/5.0 (Linux; Android 6.0.1; Nexus 5X Build/MMB29P) AppleWebKit/537.36 (KHTML, like Gecko) Chrome/141.0.7390.122 Mobile Safari/537.36 (compatible; Googlebot/2.1; +http://www.google.com/bot.html)"
51.75.119.112 - - [07/Nov/2025:07:40:56 +0000] "GET /?fileloc=/var/www/vhosts/amphoragames.com/httpdocs/wp-content/uploads/woocommerce-placeholder-292x311.png&path=/var/www/vhosts/amphoragames.com/httpdocs/wp-content/uploads HTTP/1.1" 200 2837 "-" "Mozilla/5.0 (compatible; MJ12bot/v1.4.8; http://mj12bot.com/)"
66.249.79.32 - - [07/Nov/2025:07:40:57 +0000] "GET /entity/1382530108.shtm HTTP/1.1" 200 7764 "-" "Mozilla/5.0 (Linux; Android 6.0.1; Nexus 5X Build/MMB29P) AppleWebKit/537.36 (KHTML, like Gecko) Chrome/141.0.7390.122 Mobile Safari/537.36 (compatible; Googlebot/2.1; +http://www.google.com/bot.html)"
74.7.227.143 - - [07/Nov/2025:07:40:57 +0000] "GET /core/?path=/var/www/vhosts/amphoragames.com/httpdocs/wp-content/plugins/all-in-one-seo-pack/app/Common/Sitemap HTTP/1.1" 200 3788 "-" "Mozilla/5.0 AppleWebKit/537.36 (KHTML, like Gecko; compatible; GPTBot/1.2; +https://openai.com/gptbot)"
66.249.79.37 - - [07/Nov/2025:07:40:58 +0000] "GET /entity/323380006.shtm?fileloc=/var/www/vhosts/amphoragames.com/httpdocs/wp-signup.php&path=/var/www/vhosts/amphoragames.com/httpdocs HTTP/1.1" 200 10967 "-" "Mozilla/5.0 (Linux; Android 6.0.1; Nexus 5X Build/MMB29P) AppleWebKit/537.36 (KHTML, like Gecko) Chrome/141.0.7390.122 Mobile Safari/537.36 (compatible; Googlebot/2.1; +http://www.google.com/bot.html)"
