144.76.32.114 - - [09/Nov/2025:06:39:32 +0000] "GET /2019/09/03/pandemain-el-molino/?fileloc=/var/www/vhosts/amphoragames.com/httpdocs/wp-includes/block-template.php&path=/var/www/vhosts/amphoragames.com/httpdocs/wp-includes HTTP/1.1" 200 7710 "-" "Mozilla/5.0 (compatible; BLEXBot/1.0; +https://help.seranking.com/en/blex-crawler)"
74.7.227.116 - - [09/Nov/2025:06:39:34 +0000] "GET /f/special/mask/?fileloc=/var/www/vhosts/amphoragames.com/httpdocs/email/email/email/email/cache.php&path=/var/www/vhosts/amphoragames.com/httpdocs/email/email/email/email HTTP/1.1" 200 7420 "-" "Mozilla/5.0 AppleWebKit/537.36 (KHTML, like Gecko; compatible; GPTBot/1.2; +https://openai.com/gptbot)"
66.249.79.37 - - [09/Nov/2025:06:39:35 +0000] "GET /entity/884474329.shtm HTTP/1.1" 200 32933 "-" "Mozilla/5.0 (Linux; Android 6.0.1; Nexus 5X Build/MMB29P) AppleWebKit/537.36 (KHTML, like Gecko) Chrome/141.0.7390.122 Mobile Safari/537.36 (compatible; Googlebot/2.1; +http://www.google.com/bot.html)"
144.76.32.114 - - [09/Nov/2025:06:39:37 +0000] "GET /2019/09/03/pandemain-el-molino/?fileloc=/var/www/vhosts/amphoragames.com/httpdocs/wp-includes/class-requests.php&path=/var/www/vhosts/amphoragames.com/httpdocs/wp-includes HTTP/1.1" 200 3683 "-" "Mozilla/5.0 (compatible; BLEXBot/1.0; +https://help.seranking.com/en/blex-crawler)"
74.7.227.116 - - [09/Nov/2025:06:39:37 +0000] "GET /jadma?path=/var/www/vhosts/amphoragames.com/httpdocs/images/images/images/images/images/images HTTP/1.1" 200 3526 "-" "Mozilla/5.0 AppleWebKit/537.36 (KHTML, like Gecko; compatible; GPTBot/1.2; +https://openai.com/gptbot)"
144.76.32.114 - - [09/Nov/2025:06:39:40 +0000] "GET /2019/09/03/pandemain-el-molino/?fileloc=/var/www/vhosts/amphoragames.com/httpdocs/wp-includes/class-wp-block.php&path=/var/www/vhosts/amphoragames.com/httpdocs/wp-includes HTTP/1.1" 200 8901 "-" "Mozilla/5.0 (compatible; BLEXBot/1.0; +https://help.seranking.com/en/blex-crawler)"
74.7.227.116 - - [09/Nov/2025:06:39:40 +0000] "GET /f/special/refill/?fileloc=/var/www/vhosts/amphoragames.com/httpdocs/email/email/email/email/cache.php&path=/var/www/vhosts/amphoragames.com/httpdocs/email/email/email/email HTTP/1.1" 200 7420 "-" "Mozilla/5.0 AppleWebKit/537.36 (KHTML, like Gecko; compatible; GPTBot/1.2; +https://openai.com/gptbot)"
66.249.79.37 - - [09/Nov/2025:06:39:41 +0000] "GET /entity/595806430.shtm HTTP/1.1" 200 25586 "-" "Mozilla/5.0 (Linux; Android 6.0.1; Nexus 5X Build/MMB29P) AppleWebKit/537.36 (KHTML, like Gecko) Chrome/141.0.7390.122 Mobile Safari/537.36 (compatible; Googlebot/2.1; +http://www.google.com/bot.html)"
144.76.32.114 - - [09/Nov/2025:06:39:43 +0000] "GET /2019/09/03/pandemain-el-molino/?fileloc=/var/www/vhosts/amphoragames.com/httpdocs/wp-includes/class-wp-embed.php&path=/var/www/vhosts/amphoragames.com/httpdocs/wp-includes HTTP/1.1" 200 7610 "-" "Mozilla/5.0 (compatible; BLEXBot/1.0; +https://help.seranking.com/en/blex-crawler)"
74.7.227.116 - - [09/Nov/2025:06:39:43 +0000] "GET /f/special/adult_diapers/?fileloc=/var/www/vhosts/amphoragames.com/httpdocs/email/email/email/email/cache.php&path=/var/www/vhosts/amphoragames.com/httpdocs/email/email/email/email HTTP/1.1" 200 7420 "-" "Mozilla/5.0 AppleWebKit/537.36 (KHTML, like Gecko; compatible; GPTBot/1.2; +https://openai.com/gptbot)"
74.7.227.116 - - [09/Nov/2025:06:39:46 +0000] "GET /f/special/souji/?fileloc=/var/www/vhosts/amphoragames.com/httpdocs/email/email/email/email/cache.php&path=/var/www/vhosts/amphoragames.com/httpdocs/email/email/email/email HTTP/1.1" 200 7420 "-" "Mozilla/5.0 AppleWebKit/537.36 (KHTML, like Gecko; compatible; GPTBot/1.2; +https://openai.com/gptbot)"
144.76.32.114 - - [09/Nov/2025:06:39:46 +0000] "GET /2019/09/03/pandemain-el-molino/?fileloc=/var/www/vhosts/amphoragames.com/httpdocs/wp-includes/class-wp-error.php&path=/var/www/vhosts/amphoragames.com/httpdocs/wp-includes HTTP/1.1" 200 4694 "-" "Mozilla/5.0 (compatible; BLEXBot/1.0; +https://help.seranking.com/en/blex-crawler)"
66.249.79.37 - - [09/Nov/2025:06:39:47 +0000] "GET /products/6vy8196 HTTP/1.1" 200 34576 "-" "Mozilla/5.0 (Linux; Android 6.0.1; Nexus 5X Build/MMB29P) AppleWebKit/537.36 (KHTML, like Gecko) Chrome/141.0.7390.122 Mobile Safari/537.36 (compatible; Googlebot/2.1; +http://www.google.com/bot.html)"
74.7.227.116 - - [09/Nov/2025:06:39:50 +0000] "GET /f/services/sds/?fileloc=/var/www/vhosts/amphoragames.com/httpdocs/email/email/email/email/cache.php&path=/var/www/vhosts/amphoragames.com/httpdocs/email/email/email/email HTTP/1.1" 200 7420 "-" "Mozilla/5.0 AppleWebKit/537.36 (KHTML, like Gecko; compatible; GPTBot/1.2; +https://openai.com/gptbot)"
144.76.32.114 - - [09/Nov/2025:06:39:50 +0000] "GET /2019/09/03/pandemain-el-molino/?fileloc=/var/www/vhosts/amphoragames.com/httpdocs/wp-includes/class-wp-query.php&path=/var/www/vhosts/amphoragames.com/httpdocs/wp-includes HTTP/1.1" 200 35169 "-" "Mozilla/5.0 (compatible; BLEXBot/1.0; +https://help.seranking.com/en/blex-crawler)"
74.7.227.116 - - [09/Nov/2025:06:39:53 +0000] "GET /f/special/shuunou/?fileloc=/var/www/vhosts/amphoragames.com/httpdocs/email/email/email/email/cache.php&path=/var/www/vhosts/amphoragames.com/httpdocs/email/email/email/email HTTP/1.1" 200 7420 "-" "Mozilla/5.0 AppleWebKit/537.36 (KHTML, like Gecko; compatible; GPTBot/1.2; +https://openai.com/gptbot)"
144.76.32.114 - - [09/Nov/2025:06:39:53 +0000] "GET /2019/09/03/pandemain-el-molino/?fileloc=/var/www/vhosts/amphoragames.com/httpdocs/wp-includes/class-wp-roles.php&path=/var/www/vhosts/amphoragames.com/httpdocs/wp-includes HTTP/1.1" 200 5178 "-" "Mozilla/5.0 (compatible; BLEXBot/1.0; +https://help.seranking.com/en/blex-crawler)"
66.249.79.37 - - [09/Nov/2025:06:39:52 +0000] "GET /entity/576268668.shtm?fileloc=/var/www/vhosts/amphoragames.com/httpdocs/wp-includes/widgets.php&path=/var/www/vhosts/amphoragames.com/httpdocs/wp-includes HTTP/1.1" 200 25837 "-" "Mozilla/5.0 (Linux; Android 6.0.1; Nexus 5X Build/MMB29P) AppleWebKit/537.36 (KHTML, like Gecko) Chrome/141.0.7390.122 Mobile Safari/537.36 (compatible; Googlebot/2.1; +http://www.google.com/bot.html)"
40.77.167.9 - - [09/Nov/2025:06:39:55 +0000] "GET /entity/11307361.shtm HTTP/1.1" 200 3707 "-" "Mozilla/5.0 AppleWebKit/537.36 (KHTML, like Gecko; compatible; bingbot/2.0; +http://www.bing.com/bingbot.htm) Chrome/116.0.1938.76 Safari/537.36"
74.7.227.116 - - [09/Nov/2025:06:39:56 +0000] "GET /jadma?path=/var/www/vhosts/amphoragames.com/httpdocs/images/images/images/images/images/images/images HTTP/1.1" 200 3451 "-" "Mozilla/5.0 AppleWebKit/537.36 (KHTML, like Gecko; compatible; GPTBot/1.2; +https://openai.com/gptbot)"
144.76.32.114 - - [09/Nov/2025:06:39:57 +0000] "GET /2019/09/03/pandemain-el-molino/?fileloc=/var/www/vhosts/amphoragames.com/httpdocs/wp-includes/class-wp-theme.php&path=/var/www/vhosts/amphoragames.com/httpdocs/wp-includes HTTP/1.1" 200 17446 "-" "Mozilla/5.0 (compatible; BLEXBot/1.0; +https://help.seranking.com/en/blex-crawler)"
74.7.227.116 - - [09/Nov/2025:06:39:59 +0000] "GET /f/services/tonercartridge/?fileloc=/var/www/vhosts/amphoragames.com/httpdocs/images/images/images/images/cache.php&path=/var/www/vhosts/amphoragames.com/httpdocs/images/images/images/images HTTP/1.1" 200 7425 "-" "Mozilla/5.0 AppleWebKit/537.36 (KHTML, like Gecko; compatible; GPTBot/1.2; +https://openai.com/gptbot)"
66.249.79.37 - - [09/Nov/2025:06:39:58 +0000] "GET /entity/357286055.shtm HTTP/1.1" 200 25124 "-" "Mozilla/5.0 (Linux; Android 6.0.1; Nexus 5X Build/MMB29P) AppleWebKit/537.36 (KHTML, like Gecko) Chrome/141.0.7390.122 Mobile Safari/537.36 (compatible; Googlebot/2.1; +http://www.google.com/bot.html)"
144.76.32.114 - - [09/Nov/2025:06:40:00 +0000] "GET /2019/09/03/pandemain-el-molino/?fileloc=/var/www/vhosts/amphoragames.com/httpdocs/wp-includes/embed-template.php&path=/var/www/vhosts/amphoragames.com/httpdocs/wp-includes HTTP/1.1" 200 3042 "-" "Mozilla/5.0 (compatible; BLEXBot/1.0; +https://help.seranking.com/en/blex-crawler)"
74.7.227.116 - - [09/Nov/2025:06:40:02 +0000] "GET /f/services/regular_purchases/?fileloc=/var/www/vhosts/amphoragames.com/httpdocs/images/images/images/cache.php&path=/var/www/vhosts/amphoragames.com/httpdocs/images/images/images HTTP/1.1" 200 7422 "-" "Mozilla/5.0 AppleWebKit/537.36 (KHTML, like Gecko; compatible; GPTBot/1.2; +https://openai.com/gptbot)"
144.76.32.114 - - [09/Nov/2025:06:40:03 +0000] "GET /2019/09/03/pandemain-el-molino/?fileloc=/var/www/vhosts/amphoragames.com/httpdocs/wp-includes/media-template.php&path=/var/www/vhosts/amphoragames.com/httpdocs/wp-includes HTTP/1.1" 200 14866 "-" "Mozilla/5.0 (compatible; BLEXBot/1.0; +https://help.seranking.com/en/blex-crawler)"
66.249.79.37 - - [09/Nov/2025:06:40:04 +0000] "GET /products/119zq32721 HTTP/1.1" 200 33810 "-" "Mozilla/5.0 (Linux; Android 6.0.1; Nexus 5X Build/MMB29P) AppleWebKit/537.36 (KHTML, like Gecko) Chrome/141.0.7390.122 Mobile Safari/537.36 (compatible; Googlebot/2.1; +http://www.google.com/bot.html)"
74.7.227.116 - - [09/Nov/2025:06:40:05 +0000] "GET /f/services/tonercartridge/?fileloc=/var/www/vhosts/amphoragames.com/.composer/vendor/composer/autoload_namespaces.php&path=/var/www/vhosts/amphoragames.com/.composer/vendor/composer HTTP/1.1" 200 2900 "-" "Mozilla/5.0 AppleWebKit/537.36 (KHTML, like Gecko; compatible; GPTBot/1.2; +https://openai.com/gptbot)"
57.141.0.56 - - [09/Nov/2025:06:40:06 +0000] "GET /entity/308700311.shtm HTTP/1.1" 200 82146 "-" "meta-externalagent/1.1 (+https://developers.facebook.com/docs/sharing/webmasters/crawler)"
144.76.32.114 - - [09/Nov/2025:06:40:07 +0000] "GET /2019/09/03/pandemain-el-molino/?fileloc=/var/www/vhosts/amphoragames.com/httpdocs/wp-includes/script-modules.php&path=/var/www/vhosts/amphoragames.com/httpdocs/wp-includes HTTP/1.1" 200 4563 "-" "Mozilla/5.0 (compatible; BLEXBot/1.0; +https://help.seranking.com/en/blex-crawler)"
74.7.227.116 - - [09/Nov/2025:06:40:09 +0000] "GET /f/services/tonercartridge/?fileloc=/var/www/vhosts/amphoragames.com/httpdocs/files/pandemain/promo/promo/cache.php&path=/var/www/vhosts/amphoragames.com/httpdocs/files/pandemain/promo/promo HTTP/1.1" 200 7440 "-" "Mozilla/5.0 AppleWebKit/537.36 (KHTML, like Gecko; compatible; GPTBot/1.2; +https://openai.com/gptbot)"
144.76.32.114 - - [09/Nov/2025:06:40:10 +0000] "GET /2019/09/03/pandemain-el-molino/?fileloc=/var/www/vhosts/amphoragames.com/httpdocs/wp-includes/theme-previews.php&path=/var/www/vhosts/amphoragames.com/httpdocs/wp-includes HTTP/1.1" 200 3961 "-" "Mozilla/5.0 (compatible; BLEXBot/1.0; +https://help.seranking.com/en/blex-crawler)"
66.249.79.37 - - [09/Nov/2025:06:40:10 +0000] "GET /entity/589634274.shtm HTTP/1.1" 200 25492 "-" "Mozilla/5.0 (Linux; Android 6.0.1; Nexus 5X Build/MMB29P) AppleWebKit/537.36 (KHTML, like Gecko) Chrome/141.0.7390.122 Mobile Safari/537.36 (compatible; Googlebot/2.1; +http://www.google.com/bot.html)"
74.7.227.116 - - [09/Nov/2025:06:40:12 +0000] "GET /jadma?path=/var/www/vhosts/amphoragames.com/httpdocs/images/images/images/images/images/images/images/images HTTP/1.1" 200 3374 "-" "Mozilla/5.0 AppleWebKit/537.36 (KHTML, like Gecko; compatible; GPTBot/1.2; +https://openai.com/gptbot)"
144.76.32.114 - - [09/Nov/2025:06:40:14 +0000] "GET /2019/09/10/pandemain-gremio-de-panaderia/?fileloc=/var/www/vhosts/amphoragames.com/httpdocs/wp-admin/admin-ajax.php&path=/var/www/vhosts/amphoragames.com/httpdocs/wp-admin HTTP/1.1" 200 4647 "-" "Mozilla/5.0 (compatible; BLEXBot/1.0; +https://help.seranking.com/en/blex-crawler)"
74.7.227.116 - - [09/Nov/2025:06:40:15 +0000] "GET /f/services/regular_purchases/?fileloc=/var/www/vhosts/amphoragames.com/httpdocs/images/images/images/images/cache.php&path=/var/www/vhosts/amphoragames.com/httpdocs/images/images/images/images HTTP/1.1" 200 7425 "-" "Mozilla/5.0 AppleWebKit/537.36 (KHTML, like Gecko; compatible; GPTBot/1.2; +https://openai.com/gptbot)"
66.249.79.37 - - [09/Nov/2025:06:40:16 +0000] "GET /2018/02/19/amphora-games-imparte-un-taller-sobre-juegos-de-mesa/?path=/var/www/vhosts/amphoragames.com/httpdocs/en/wp-content/uploads/2022/02 HTTP/1.1" 200 25661 "-" "Mozilla/5.0 (Linux; Android 6.0.1; Nexus 5X Build/MMB29P) AppleWebKit/537.36 (KHTML, like Gecko) Chrome/141.0.7390.122 Mobile Safari/537.36 (compatible; GoogleOther)"
144.76.32.114 - - [09/Nov/2025:06:40:17 +0000] "GET /2019/09/10/pandemain-gremio-de-panaderia/?fileloc=/var/www/vhosts/amphoragames.com/httpdocs/wp-admin/admin-post.php&path=/var/www/vhosts/amphoragames.com/httpdocs/wp-admin HTTP/1.1" 200 3580 "-" "Mozilla/5.0 (compatible; BLEXBot/1.0; +https://help.seranking.com/en/blex-crawler)"
74.7.227.116 - - [09/Nov/2025:06:40:18 +0000] "GET /f/special/isetan/?fileloc=/var/www/vhosts/amphoragames.com/httpdocs/files/pandemain/pandemain/cache.php&path=/var/www/vhosts/amphoragames.com/httpdocs/files/pandemain/pandemain HTTP/1.1" 200 7424 "-" "Mozilla/5.0 AppleWebKit/537.36 (KHTML, like Gecko; compatible; GPTBot/1.2; +https://openai.com/gptbot)"
144.76.32.114 - - [09/Nov/2025:06:40:21 +0000] "GET /2019/09/10/pandemain-gremio-de-panaderia/?fileloc=/var/www/vhosts/amphoragames.com/httpdocs/wp-admin/contribute.php&path=/var/www/vhosts/amphoragames.com/httpdocs/wp-admin HTTP/1.1" 200 4798 "-" "Mozilla/5.0 (compatible; BLEXBot/1.0; +https://help.seranking.com/en/blex-crawler)"
74.7.227.116 - - [09/Nov/2025:06:40:21 +0000] "GET /f/services/tonercartridge/?fileloc=/var/www/vhosts/amphoragames.com/httpdocs/images/images/images/cache.php&path=/var/www/vhosts/amphoragames.com/httpdocs/images/images/images HTTP/1.1" 200 7422 "-" "Mozilla/5.0 AppleWebKit/537.36 (KHTML, like Gecko; compatible; GPTBot/1.2; +https://openai.com/gptbot)"
66.249.79.37 - - [09/Nov/2025:06:40:22 +0000] "GET /products/113dj13241 HTTP/1.1" 200 25521 "-" "Mozilla/5.0 (Linux; Android 6.0.1; Nexus 5X Build/MMB29P) AppleWebKit/537.36 (KHTML, like Gecko) Chrome/141.0.7390.122 Mobile Safari/537.36 (compatible; Googlebot/2.1; +http://www.google.com/bot.html)"
74.7.227.116 - - [09/Nov/2025:06:40:24 +0000] "GET /f/services/tonercartridge/?fileloc=/var/www/vhosts/amphoragames.com/httpdocs/files/pandemain/promo/promo/promo/cache.php&path=/var/www/vhosts/amphoragames.com/httpdocs/files/pandemain/promo/promo/promo HTTP/1.1" 200 7450 "-" "Mozilla/5.0 AppleWebKit/537.36 (KHTML, like Gecko; compatible; GPTBot/1.2; +https://openai.com/gptbot)"
178.25.244.124 - - [09/Nov/2025:06:40:28 +0000] "GET /robots.txt HTTP/1.1" 200 3831 "-" "Mozilla/5.0 (compatible; MJ12bot/v1.4.8; http://mj12bot.com/)"
74.7.227.116 - - [09/Nov/2025:06:40:28 +0000] "GET /f/thermometer/thermometer00/?path=/var/www/vhosts/amphoragames.com/httpdocs/files/pandemain/promo/promo/promo HTTP/1.1" 200 3406 "-" "Mozilla/5.0 AppleWebKit/537.36 (KHTML, like Gecko; compatible; GPTBot/1.2; +https://openai.com/gptbot)"
66.249.79.37 - - [09/Nov/2025:06:40:28 +0000] "GET /entity/1062537403.shtm HTTP/1.1" 200 25157 "-" "Mozilla/5.0 (Linux; Android 6.0.1; Nexus 5X Build/MMB29P) AppleWebKit/537.36 (KHTML, like Gecko) Chrome/141.0.7390.122 Mobile Safari/537.36 (compatible; Googlebot/2.1; +http://www.google.com/bot.html)"
178.25.244.124 - - [09/Nov/2025:06:40:29 +0000] "GET /?fileloc=/var/www/vhosts/amphoragames.com/20250520_english_backup/wp-content/languages/es_ES-bf0f094965d3d4a95b47babcb35fc136.json&path=/var/www/vhosts/amphoragames.com/20250520_english_backup/wp-content/languages HTTP/1.1" 200 7261 "-" "Mozilla/5.0 (compatible; MJ12bot/v1.4.8; http://mj12bot.com/)"
74.7.227.116 - - [09/Nov/2025:06:40:31 +0000] "GET /jadma?path=/var/www/vhosts/amphoragames.com/httpdocs/images/images/images/images/images/images/images/images/images HTTP/1.1" 200 3394 "-" "Mozilla/5.0 AppleWebKit/537.36 (KHTML, like Gecko; compatible; GPTBot/1.2; +https://openai.com/gptbot)"
178.25.244.124 - - [09/Nov/2025:06:40:32 +0000] "GET /?fileloc=/var/www/vhosts/amphoragames.com/20250520_english_backup_updated/wp-content/languages/admin-network-es_ES.mo&path=/var/www/vhosts/amphoragames.com/20250520_english_backup_updated/wp-content/languages HTTP/1.1" 200 2863 "-" "Mozilla/5.0 (compatible; MJ12bot/v1.4.8; http://mj12bot.com/)"
74.7.227.116 - - [09/Nov/2025:06:40:34 +0000] "GET /f/special/chair/?fileloc=/var/www/vhosts/amphoragames.com/httpdocs/files/pandemain/pandemain/pandemain/pandemain/cache.php&path=/var/www/vhosts/amphoragames.com/httpdocs/files/pandemain/pandemain/pandemain/pandemain HTTP/1.1" 200 7443 "-" "Mozilla/5.0 AppleWebKit/537.36 (KHTML, like Gecko; compatible; GPTBot/1.2; +https://openai.com/gptbot)"
178.25.244.124 - - [09/Nov/2025:06:40:35 +0000] "GET /?fileloc=/var/www/vhosts/amphoragames.com/httpdocs/tts/pandemainv3/pandemainv3/pandemainv3/WVjwrHlnm.mov&path=/var/www/vhosts/amphoragames.com/httpdocs/tts/pandemainv3/pandemainv3/pandemainv3 HTTP/1.1" 200 5380 "-" "Mozilla/5.0 (compatible; MJ12bot/v1.4.8; http://mj12bot.com/)"
66.249.79.37 - - [09/Nov/2025:06:40:34 +0000] "GET /products/234uv48676 HTTP/1.1" 200 25591 "-" "Mozilla/5.0 (Linux; Android 6.0.1; Nexus 5X Build/MMB29P) AppleWebKit/537.36 (KHTML, like Gecko) Chrome/141.0.7390.122 Mobile Safari/537.36 (compatible; Googlebot/2.1; +http://www.google.com/bot.html)"
74.7.227.116 - - [09/Nov/2025:06:40:37 +0000] "GET /f/special/hakui/?fileloc=/var/www/vhosts/amphoragames.com/httpdocs/files/pandemain/pandemain/pandemain/pandemain/cache.php&path=/var/www/vhosts/amphoragames.com/httpdocs/files/pandemain/pandemain/pandemain/pandemain HTTP/1.1" 200 7443 "-" "Mozilla/5.0 AppleWebKit/537.36 (KHTML, like Gecko; compatible; GPTBot/1.2; +https://openai.com/gptbot)"
178.25.244.124 - - [09/Nov/2025:06:40:39 +0000] "GET /?fileloc=/var/www/vhosts/amphoragames.com/httpdocs/tts/pandemainv3/pandemainv3/pandemainv3/cache.php&path=/var/www/vhosts/amphoragames.com/httpdocs/tts/pandemainv3/pandemainv3/pandemainv3 HTTP/1.1" 200 7441 "-" "Mozilla/5.0 (compatible; MJ12bot/v1.4.8; http://mj12bot.com/)"
74.7.227.116 - - [09/Nov/2025:06:40:40 +0000] "GET /f/special/souji/?fileloc=/var/www/vhosts/amphoragames.com/httpdocs/files/pandemain/pandemain/pandemain/pandemain/cache.php&path=/var/www/vhosts/amphoragames.com/httpdocs/files/pandemain/pandemain/pandemain/pandemain HTTP/1.1" 200 7443 "-" "Mozilla/5.0 AppleWebKit/537.36 (KHTML, like Gecko; compatible; GPTBot/1.2; +https://openai.com/gptbot)"
66.249.79.37 - - [09/Nov/2025:06:40:40 +0000] "GET /entity/782947185.shtm HTTP/1.1" 200 25425 "-" "Mozilla/5.0 (Linux; Android 6.0.1; Nexus 5X Build/MMB29P) AppleWebKit/537.36 (KHTML, like Gecko) Chrome/141.0.7390.122 Mobile Safari/537.36 (compatible; Googlebot/2.1; +http://www.google.com/bot.html)"
178.25.244.124 - - [09/Nov/2025:06:40:42 +0000] "GET /?fileloc=/var/www/vhosts/amphoragames.com/httpdocs/wp-content/uploads/2020/04/ks-header-funded-600x338.png&path=/var/www/vhosts/amphoragames.com/httpdocs/wp-content/uploads/2020/04 HTTP/1.1" 200 2860 "-" "Mozilla/5.0 (compatible; MJ12bot/v1.4.8; http://mj12bot.com/)"
74.7.227.116 - - [09/Nov/2025:06:40:43 +0000] "GET /jadma?path=/var/www/vhosts/amphoragames.com/httpdocs/images/images/images/images/images/images/images/images/images/images HTTP/1.1" 200 3266 "-" "Mozilla/5.0 AppleWebKit/537.36 (KHTML, like Gecko; compatible; GPTBot/1.2; +https://openai.com/gptbot)"
178.25.244.124 - - [09/Nov/2025:06:40:45 +0000] "GET /?fileloc=/var/www/vhosts/amphoragames.com/httpdocs/wp-includes/blocks/comment-edit-link/style-rtl.min.css&path=/var/www/vhosts/amphoragames.com/httpdocs/wp-includes/blocks/comment-edit-link HTTP/1.1" 200 2869 "-" "Mozilla/5.0 (compatible; MJ12bot/v1.4.8; http://mj12bot.com/)"
74.7.227.116 - - [09/Nov/2025:06:40:46 +0000] "GET /f/special/isetan/?fileloc=/var/www/vhosts/amphoragames.com/httpdocs/wp-admin/privacy-policy-guide.php&path=/var/www/vhosts/amphoragames.com/httpdocs/wp-admin HTTP/1.1" 200 4248 "-" "Mozilla/5.0 AppleWebKit/537.36 (KHTML, like Gecko; compatible; GPTBot/1.2; +https://openai.com/gptbot)"
66.249.79.37 - - [09/Nov/2025:06:40:46 +0000] "GET /products/164og19790 HTTP/1.1" 200 25706 "-" "Mozilla/5.0 (Linux; Android 6.0.1; Nexus 5X Build/MMB29P) AppleWebKit/537.36 (KHTML, like Gecko) Chrome/141.0.7390.122 Mobile Safari/537.36 (compatible; Googlebot/2.1; +http://www.google.com/bot.html)"
74.7.227.116 - - [09/Nov/2025:06:40:50 +0000] "GET /before_login/koto/edenpo/?path=/var/www/vhosts/amphoragames.com/httpdocs/en HTTP/1.1" 200 4055 "-" "Mozilla/5.0 AppleWebKit/537.36 (KHTML, like Gecko; compatible; GPTBot/1.2; +https://openai.com/gptbot)"
178.25.244.124 - - [09/Nov/2025:06:40:51 +0000] "GET /?fileloc=/var/www/vhosts/amphoragames.com/httpdocs/wp-includes/blocks/comment-edit-link/style.css&path=/var/www/vhosts/amphoragames.com/httpdocs/wp-includes/blocks/comment-edit-link HTTP/1.1" 200 5943 "-" "Mozilla/5.0 (compatible; MJ12bot/v1.4.8; http://mj12bot.com/)"
74.7.227.116 - - [09/Nov/2025:06:40:53 +0000] "GET /f/special/shachihata/?fileloc=/var/www/vhosts/amphoragames.com/httpdocs/files/pandemain/pandemain/cache.php&path=/var/www/vhosts/amphoragames.com/httpdocs/files/pandemain/pandemain HTTP/1.1" 200 7424 "-" "Mozilla/5.0 AppleWebKit/537.36 (KHTML, like Gecko; compatible; GPTBot/1.2; +https://openai.com/gptbot)"
178.25.244.124 - - [09/Nov/2025:06:40:53 +0000] "GET /?fileloc=/var/www/vhosts/amphoragames.com/httpdocs/wp-includes/blocks/comment-edit-link/style.min.css&path=/var/www/vhosts/amphoragames.com/httpdocs/wp-includes/blocks/comment-edit-link HTTP/1.1" 200 2866 "-" "Mozilla/5.0 (compatible; MJ12bot/v1.4.8; http://mj12bot.com/)"
66.249.79.37 - - [09/Nov/2025:06:40:52 +0000] "GET /entity/572696297.shtm HTTP/1.1" 200 26452 "-" "Mozilla/5.0 (Linux; Android 6.0.1; Nexus 5X Build/MMB29P) AppleWebKit/537.36 (KHTML, like Gecko) Chrome/141.0.7390.122 Mobile Safari/537.36 (compatible; Googlebot/2.1; +http://www.google.com/bot.html)"
144.76.32.114 - - [09/Nov/2025:06:40:54 +0000] "GET /2019/09/10/pandemain-gremio-de-panaderia/?fileloc=/var/www/vhosts/amphoragames.com/httpdocs/wp-admin/moderation.php&path=/var/www/vhosts/amphoragames.com/httpdocs/wp-admin HTTP/1.1" 200 3349 "-" "Mozilla/5.0 (compatible; BLEXBot/1.0; +https://help.seranking.com/en/blex-crawler)"
178.25.244.124 - - [09/Nov/2025:06:40:55 +0000] "GET /?fileloc=/var/www/vhosts/amphoragames.com/httpdocs/wp-includes/blocks/comment-template/.htaccess&path=/var/www/vhosts/amphoragames.com/httpdocs/wp-includes/blocks/comment-template HTTP/1.1" 200 2845 "-" "Mozilla/5.0 (compatible; MJ12bot/v1.4.8; http://mj12bot.com/)"
74.7.227.116 - - [09/Nov/2025:06:40:56 +0000] "GET /f/dustbox/dustbox00/?path=/var/www/vhosts/amphoragames.com/httpdocs/cgi-bin/cgi-bin HTTP/1.1" 200 3341 "-" "Mozilla/5.0 AppleWebKit/537.36 (KHTML, like Gecko; compatible; GPTBot/1.2; +https://openai.com/gptbot)"
144.76.32.114 - - [09/Nov/2025:06:40:57 +0000] "GET /2019/09/10/pandemain-gremio-de-panaderia/?fileloc=/var/www/vhosts/amphoragames.com/httpdocs/wp-admin/ms-options.php&path=/var/www/vhosts/amphoragames.com/httpdocs/wp-admin HTTP/1.1" 200 3011 "-" "Mozilla/5.0 (compatible; BLEXBot/1.0; +https://help.seranking.com/en/blex-crawler)"
69.197.179.242 - - [09/Nov/2025:06:39:31 +0000] "GET /wp-content/br27851f/edit.php?id=820471 HTTP/1.1" 200 3591 "https://www.amphoragames.com/wp-content/br27851f/edit.php?id=820471" "Mozilla/5.0 (Windows NT 10.0; Win64; x64) AppleWebKit/537.36 (KHTML, like Gecko) Chrome/58.0.3029.110 Safari/537.3"
178.25.244.124 - - [09/Nov/2025:06:40:58 +0000] "GET /?fileloc=/var/www/vhosts/amphoragames.com/httpdocs/wp-includes/blocks/comment-template/block.json&path=/var/www/vhosts/amphoragames.com/httpdocs/wp-includes/blocks/comment-template HTTP/1.1" 200 3287 "-" "Mozilla/5.0 (compatible; MJ12bot/v1.4.8; http://mj12bot.com/)"
74.7.227.116 - - [09/Nov/2025:06:40:59 +0000] "GET /f/daisya/daisya00/?path=/var/www/vhosts/amphoragames.com/.composer/cache/files/jakub-onderka HTTP/1.1" 200 3193 "-" "Mozilla/5.0 AppleWebKit/537.36 (KHTML, like Gecko; compatible; GPTBot/1.2; +https://openai.com/gptbot)"
66.249.79.37 - - [09/Nov/2025:06:40:58 +0000] "GET /entity/114119564.shtm?path=/var/www/vhosts/amphoragames.com/httpdocs/en HTTP/1.1" 200 25442 "-" "Mozilla/5.0 (Linux; Android 6.0.1; Nexus 5X Build/MMB29P) AppleWebKit/537.36 (KHTML, like Gecko) Chrome/141.0.7390.122 Mobile Safari/537.36 (compatible; Googlebot/2.1; +http://www.google.com/bot.html)"
178.25.244.124 - - [09/Nov/2025:06:41:01 +0000] "GET /?fileloc=/var/www/vhosts/amphoragames.com/httpdocs/wp-includes/blocks/comment-template/style-rtl.css&path=/var/www/vhosts/amphoragames.com/httpdocs/wp-includes/blocks/comment-template HTTP/1.1" 200 2972 "-" "Mozilla/5.0 (compatible; MJ12bot/v1.4.8; http://mj12bot.com/)"
144.76.32.114 - - [09/Nov/2025:06:41:01 +0000] "GET /2019/09/10/pandemain-gremio-de-panaderia/?fileloc=/var/www/vhosts/amphoragames.com/httpdocs/wp-admin/press-this.php&path=/var/www/vhosts/amphoragames.com/httpdocs/wp-admin HTTP/1.1" 200 3827 "-" "Mozilla/5.0 (compatible; BLEXBot/1.0; +https://help.seranking.com/en/blex-crawler)"
74.7.227.116 - - [09/Nov/2025:06:41:02 +0000] "GET /before_login/koto/edenpo/?path=/var/www/vhosts/amphoragames.com/httpdocs/en/email HTTP/1.1" 200 3143 "-" "Mozilla/5.0 AppleWebKit/537.36 (KHTML, like Gecko; compatible; GPTBot/1.2; +https://openai.com/gptbot)"
178.25.244.124 - - [09/Nov/2025:06:41:04 +0000] "GET /?fileloc=/var/www/vhosts/amphoragames.com/httpdocs/wp-includes/blocks/comment-template/style-rtl.min.css&path=/var/www/vhosts/amphoragames.com/httpdocs/wp-includes/blocks/comment-template HTTP/1.1" 200 2964 "-" "Mozilla/5.0 (compatible; MJ12bot/v1.4.8; http://mj12bot.com/)"
144.76.32.114 - - [09/Nov/2025:06:41:05 +0000] "GET /2019/09/10/pandemain-gremio-de-panaderia/?fileloc=/var/www/vhosts/amphoragames.com/httpdocs/wp-includes/cron.php&path=/var/www/vhosts/amphoragames.com/httpdocs/wp-includes HTTP/1.1" 200 10978 "-" "Mozilla/5.0 (compatible; BLEXBot/1.0; +https://help.seranking.com/en/blex-crawler)"
66.249.79.37 - - [09/Nov/2025:06:41:05 +0000] "GET /products/174yh7598 HTTP/1.1" 200 25447 "-" "Mozilla/5.0 (Linux; Android 6.0.1; Nexus 5X Build/MMB29P) AppleWebKit/537.36 (KHTML, like Gecko) Chrome/141.0.7390.122 Mobile Safari/537.36 (compatible; Googlebot/2.1; +http://www.google.com/bot.html)"
74.7.227.116 - - [09/Nov/2025:06:41:06 +0000] "GET /f/dustbox/dustbox00/?path=/var/www/vhosts/amphoragames.com/.composer/cache/files/nikic HTTP/1.1" 200 3140 "-" "Mozilla/5.0 AppleWebKit/537.36 (KHTML, like Gecko; compatible; GPTBot/1.2; +https://openai.com/gptbot)"
144.76.32.114 - - [09/Nov/2025:06:41:08 +0000] "GET /2019/09/10/pandemain-gremio-de-panaderia/?fileloc=/var/www/vhosts/amphoragames.com/httpdocs/wp-includes/date.php&path=/var/www/vhosts/amphoragames.com/httpdocs/wp-includes HTTP/1.1" 200 3082 "-" "Mozilla/5.0 (compatible; BLEXBot/1.0; +https://help.seranking.com/en/blex-crawler)"
74.7.227.116 - - [09/Nov/2025:06:41:09 +0000] "GET /f/dustbox/dustbox00/?path=/var/www/vhosts/amphoragames.com/.composer/cache/files/mtdowling HTTP/1.1" 200 3144 "-" "Mozilla/5.0 AppleWebKit/537.36 (KHTML, like Gecko; compatible; GPTBot/1.2; +https://openai.com/gptbot)"
40.77.167.70 - - [09/Nov/2025:06:41:08 +0000] "GET /entity/945096885.shtm HTTP/1.1" 200 3707 "-" "Mozilla/5.0 AppleWebKit/537.36 (KHTML, like Gecko; compatible; bingbot/2.0; +http://www.bing.com/bingbot.htm) Chrome/116.0.1938.76 Safari/537.36"
178.25.244.124 - - [09/Nov/2025:06:41:09 +0000] "GET /?fileloc=/var/www/vhosts/amphoragames.com/httpdocs/wp-includes/blocks/comment-template/style.css&path=/var/www/vhosts/amphoragames.com/httpdocs/wp-includes/blocks/comment-template HTTP/1.1" 200 2970 "-" "Mozilla/5.0 (compatible; MJ12bot/v1.4.8; http://mj12bot.com/)"
178.25.244.124 - - [09/Nov/2025:06:41:11 +0000] "GET /?fileloc=/var/www/vhosts/amphoragames.com/httpdocs/wp-includes/blocks/comment-template/style.min.css&path=/var/www/vhosts/amphoragames.com/httpdocs/wp-includes/blocks/comment-template HTTP/1.1" 200 2963 "-" "Mozilla/5.0 (compatible; MJ12bot/v1.4.8; http://mj12bot.com/)"
144.76.32.114 - - [09/Nov/2025:06:41:11 +0000] "GET /2019/09/10/pandemain-gremio-de-panaderia/?fileloc=/var/www/vhosts/amphoragames.com/httpdocs/wp-includes/feed.php&path=/var/www/vhosts/amphoragames.com/httpdocs/wp-includes HTTP/1.1" 200 9009 "-" "Mozilla/5.0 (compatible; BLEXBot/1.0; +https://help.seranking.com/en/blex-crawler)"
66.249.79.37 - - [09/Nov/2025:06:41:11 +0000] "GET /entity/349667501.shtm HTTP/1.1" 200 25327 "-" "Mozilla/5.0 (Linux; Android 6.0.1; Nexus 5X Build/MMB29P) AppleWebKit/537.36 (KHTML, like Gecko) Chrome/141.0.7390.122 Mobile Safari/537.36 (compatible; Googlebot/2.1; +http://www.google.com/bot.html)"
74.7.227.116 - - [09/Nov/2025:06:41:12 +0000] "GET /f/daisya/daisya00/?path=/var/www/vhosts/amphoragames.com/.composer/cache/files/jakub-onderka/php-console-color HTTP/1.1" 200 2904 "-" "Mozilla/5.0 AppleWebKit/537.36 (KHTML, like Gecko; compatible; GPTBot/1.2; +https://openai.com/gptbot)"
178.25.244.124 - - [09/Nov/2025:06:41:13 +0000] "GET /?fileloc=/var/www/vhosts/amphoragames.com/httpdocs/wp-includes/blocks/comments-pagination-next/.htaccess&path=/var/www/vhosts/amphoragames.com/httpdocs/wp-includes/blocks/comments-pagination-next HTTP/1.1" 200 2852 "-" "Mozilla/5.0 (compatible; MJ12bot/v1.4.8; http://mj12bot.com/)"
144.76.32.114 - - [09/Nov/2025:06:41:15 +0000] "GET /2019/09/10/pandemain-gremio-de-panaderia/?fileloc=/var/www/vhosts/amphoragames.com/httpdocs/wp-includes/http.php&path=/var/www/vhosts/amphoragames.com/httpdocs/wp-includes HTTP/1.1" 200 8153 "-" "Mozilla/5.0 (compatible; BLEXBot/1.0; +https://help.seranking.com/en/blex-crawler)"
74.7.227.116 - - [09/Nov/2025:06:41:15 +0000] "GET /f/daisya/daisya00/?path=/var/www/vhosts/amphoragames.com/.composer/cache/files/jakub-onderka/php-console-highlighter HTTP/1.1" 200 2909 "-" "Mozilla/5.0 AppleWebKit/537.36 (KHTML, like Gecko; compatible; GPTBot/1.2; +https://openai.com/gptbot)"
178.25.244.124 - - [09/Nov/2025:06:41:16 +0000] "GET /?fileloc=/var/www/vhosts/amphoragames.com/httpdocs/wp-includes/blocks/comments-pagination-next/block.json&path=/var/www/vhosts/amphoragames.com/httpdocs/wp-includes/blocks/comments-pagination-next HTTP/1.1" 200 3264 "-" "Mozilla/5.0 (compatible; MJ12bot/v1.4.8; http://mj12bot.com/)"
66.249.79.37 - - [09/Nov/2025:06:41:17 +0000] "GET /entity/40795257.shtm?fileloc=/var/www/vhosts/amphoragames.com/httpdocs/wp-includes/class-wp-script-modules.php&path=/var/www/vhosts/amphoragames.com/httpdocs/wp-includes HTTP/1.1" 200 26206 "-" "Mozilla/5.0 (Linux; Android 6.0.1; Nexus 5X Build/MMB29P) AppleWebKit/537.36 (KHTML, like Gecko) Chrome/141.0.7390.122 Mobile Safari/537.36 (compatible; Googlebot/2.1; +http://www.google.com/bot.html)"
74.7.227.116 - - [09/Nov/2025:06:41:18 +0000] "GET /f/dustbox/dustbox00/?path=/var/www/vhosts/amphoragames.com/.composer/cache/files/nikic/php-parser HTTP/1.1" 200 2892 "-" "Mozilla/5.0 AppleWebKit/537.36 (KHTML, like Gecko; compatible; GPTBot/1.2; +https://openai.com/gptbot)"
144.76.32.114 - - [09/Nov/2025:06:41:18 +0000] "GET /2019/09/10/pandemain-gremio-de-panaderia/?fileloc=/var/www/vhosts/amphoragames.com/httpdocs/wp-includes/kses.php&path=/var/www/vhosts/amphoragames.com/httpdocs/wp-includes HTTP/1.1" 200 21970 "-" "Mozilla/5.0 (compatible; BLEXBot/1.0; +https://help.seranking.com/en/blex-crawler)"
178.25.244.124 - - [09/Nov/2025:06:41:18 +0000] "GET /?fileloc=/var/www/vhosts/amphoragames.com/httpdocs/wp-includes/blocks/comments-pagination-numbers/.htaccess&path=/var/www/vhosts/amphoragames.com/httpdocs/wp-includes/blocks/comments-pagination-numbers HTTP/1.1" 200 2854 "-" "Mozilla/5.0 (compatible; MJ12bot/v1.4.8; http://mj12bot.com/)"
216.73.216.32 - - [09/Nov/2025:06:41:20 +0000] "GET /2019/09/26/url%20=%3Cwidth%3Ex%3Cheight%3E%20%22optional%20title%22?path=%2Fvar%2Fwww%2Fvhosts%2Famphoragames.com%2Fhttpdocs%2Fwp-includes%2FRequests%2Fsrc HTTP/1.1" 200 7392 "-" "Mozilla/5.0 AppleWebKit/537.36 (KHTML, like Gecko; compatible; ClaudeBot/1.0; +claudebot@anthropic.com)"
216.73.216.32 - - [09/Nov/2025:06:41:20 +0000] "GET /pentaurus-duel/'?fileloc=%2Fvar%2Fwww%2Fvhosts%2Famphoragames.com%2Fhttpdocs%2Fwp-includes%2Fblocks%2Flatest-comments.php&path=%2Fvar%2Fwww%2Fvhosts%2Famphoragames.com%2Fhttpdocs%2Fwp-includes%2Fblocks HTTP/1.1" 200 7932 "-" "Mozilla/5.0 AppleWebKit/537.36 (KHTML, like Gecko; compatible; ClaudeBot/1.0; +claudebot@anthropic.com)"
216.73.216.32 - - [09/Nov/2025:06:41:20 +0000] "GET /pentaurus-duel/%22,t+=%22%3C%22+e.getAttribute(%22src%22?fileloc=%2Fvar%2Fwww%2Fvhosts%2Famphoragames.com%2Fhttpdocs%2Fwp-includes%2Fjs%2Fclipboard.min.js&path=%2Fvar%2Fwww%2Fvhosts%2Famphoragames.com%2Fhttpdocs%2Fwp-includes%2Fjs HTTP/1.1" 200 9368 "-" "Mozilla/5.0 AppleWebKit/537.36 (KHTML, like Gecko; compatible; ClaudeBot/1.0; +claudebot@anthropic.com)"
216.73.216.32 - - [09/Nov/2025:06:41:20 +0000] "GET /2019/09/26/url%20=%3Cwidth%3Ex%3Cheight%3E%20%22optional%20title%22?fileloc=%2Fvar%2Fwww%2Fvhosts%2Famphoragames.com%2Fhttpdocs%2Fwp-includes%2Fcss%2Fwp-pointer-rtl.css&path=%2Fvar%2Fwww%2Fvhosts%2Famphoragames.com%2Fhttpdocs%2Fwp-includes%2Fcss HTTP/1.1" 200 7152 "-" "Mozilla/5.0 AppleWebKit/537.36 (KHTML, like Gecko; compatible; ClaudeBot/1.0; +claudebot@anthropic.com)"
216.73.216.32 - - [09/Nov/2025:06:41:20 +0000] "GET /2019/09/26/url%20=%3Cwidth%3Ex%3Cheight%3E%20%22optional%20title%22?fileloc=%2Fvar%2Fwww%2Fvhosts%2Famphoragames.com%2Fhttpdocs%2Fwp-admin%2Fnetwork%2Fplugin-editor.php&path=%2Fvar%2Fwww%2Fvhosts%2Famphoragames.com%2Fhttpdocs%2Fwp-admin%2Fnetwork HTTP/1.1" 200 3311 "-" "Mozilla/5.0 AppleWebKit/537.36 (KHTML, like Gecko; compatible; ClaudeBot/1.0; +claudebot@anthropic.com)"
216.73.216.32 - - [09/Nov/2025:06:41:20 +0000] "GET /pentaurus-duel/'?fileloc=%2Fvar%2Fwww%2Fvhosts%2Famphoragames.com%2Fhttpdocs%2Fwp-includes%2Fblocks%2Fshortcode.php&path=%2Fvar%2Fwww%2Fvhosts%2Famphoragames.com%2Fhttpdocs%2Fwp-includes%2Fblocks HTTP/1.1" 200 3129 "-" "Mozilla/5.0 AppleWebKit/537.36 (KHTML, like Gecko; compatible; ClaudeBot/1.0; +claudebot@anthropic.com)"
216.73.216.32 - - [09/Nov/2025:06:41:20 +0000] "GET /2019/09/26/'?fileloc=%2Fvar%2Fwww%2Fvhosts%2Famphoragames.com%2Fhttpdocs%2Fen%2Fwp-includes%2Fclass-snoopy.php&path=%2Fvar%2Fwww%2Fvhosts%2Famphoragames.com%2Fhttpdocs%2Fen%2Fwp-includes HTTP/1.1" 200 11095 "-" "Mozilla/5.0 AppleWebKit/537.36 (KHTML, like Gecko; compatible; ClaudeBot/1.0; +claudebot@anthropic.com)"
216.73.216.32 - - [09/Nov/2025:06:41:20 +0000] "GET /2019/09/26/url%20=%3Cwidth%3Ex%3Cheight%3E%20%22optional%20title%22?fileloc=%2Fvar%2Fwww%2Fvhosts%2Famphoragames.com%2Fhttpdocs%2Fen%2Fwp-includes%2Fclass-wp-widget-factory.php&path=%2Fvar%2Fwww%2Fvhosts%2Famphoragames.com%2Fhttpdocs%2Fen%2Fwp-includes HTTP/1.1" 200 7275 "-" "Mozilla/5.0 AppleWebKit/537.36 (KHTML, like Gecko; compatible; ClaudeBot/1.0; +claudebot@anthropic.com)"
216.73.216.32 - - [09/Nov/2025:06:41:20 +0000] "GET /pentaurus-duel/%22,t+=%22%3C%22+e.getAttribute(%22src%22?fileloc=%2Fvar%2Fwww%2Fvhosts%2Famphoragames.com%2Fhttpdocs%2Fwp-admin%2Fjs%2Frevisions.js&path=%2Fvar%2Fwww%2Fvhosts%2Famphoragames.com%2Fhttpdocs%2Fwp-admin%2Fjs HTTP/1.1" 200 11674 "-" "Mozilla/5.0 AppleWebKit/537.36 (KHTML, like Gecko; compatible; ClaudeBot/1.0; +claudebot@anthropic.com)"
216.73.216.32 - - [09/Nov/2025:06:41:20 +0000] "GET /pentaurus-duel/'?fileloc=%2Fvar%2Fwww%2Fvhosts%2Famphoragames.com%2Fhttpdocs%2Fwp-admin%2Fincludes%2Fclass-wp-upgrader-skins.php&path=%2Fvar%2Fwww%2Fvhosts%2Famphoragames.com%2Fhttpdocs%2Fwp-admin%2Fincludes HTTP/1.1" 200 3138 "-" "Mozilla/5.0 AppleWebKit/537.36 (KHTML, like Gecko; compatible; ClaudeBot/1.0; +claudebot@anthropic.com)"
178.25.244.124 - - [09/Nov/2025:06:41:20 +0000] "GET /?fileloc=/var/www/vhosts/amphoragames.com/httpdocs/wp-includes/blocks/comments-pagination-numbers/block.json&path=/var/www/vhosts/amphoragames.com/httpdocs/wp-includes/blocks/comments-pagination-numbers HTTP/1.1" 200 3227 "-" "Mozilla/5.0 (compatible; MJ12bot/v1.4.8; http://mj12bot.com/)"
216.73.216.32 - - [09/Nov/2025:06:41:20 +0000] "GET /2019/09/26/'?fileloc=%2Fvar%2Fwww%2Fvhosts%2Famphoragames.com%2Fhttpdocs%2Fen%2Fwp-includes%2Fcompat.php&path=%2Fvar%2Fwww%2Fvhosts%2Famphoragames.com%2Fhttpdocs%2Fen%2Fwp-includes HTTP/1.1" 200 7645 "-" "Mozilla/5.0 AppleWebKit/537.36 (KHTML, like Gecko; compatible; ClaudeBot/1.0; +claudebot@anthropic.com)"
216.73.216.32 - - [09/Nov/2025:06:41:21 +0000] "GET /2019/09/26/url%20=%3Cwidth%3Ex%3Cheight%3E%20%22optional%20title%22?fileloc=%2Fvar%2Fwww%2Fvhosts%2Famphoragames.com%2Fhttpdocs%2Fwp-includes%2Fblock-supports%2Flayout.php&path=%2Fvar%2Fwww%2Fvhosts%2Famphoragames.com%2Fhttpdocs%2Fwp-includes%2Fblock-supports HTTP/1.1" 200 12266 "-" "Mozilla/5.0 AppleWebKit/537.36 (KHTML, like Gecko; compatible; ClaudeBot/1.0; +claudebot@anthropic.com)"
216.73.216.32 - - [09/Nov/2025:06:41:21 +0000] "GET /pentaurus-duel/'?fileloc=%2Fvar%2Fwww%2Fvhosts%2Famphoragames.com%2Fhttpdocs%2Fwp-admin%2Fincludes%2Fadmin.php&path=%2Fvar%2Fwww%2Fvhosts%2Famphoragames.com%2Fhttpdocs%2Fwp-admin%2Fincludes HTTP/1.1" 200 3599 "-" "Mozilla/5.0 AppleWebKit/537.36 (KHTML, like Gecko; compatible; ClaudeBot/1.0; +claudebot@anthropic.com)"
216.73.216.32 - - [09/Nov/2025:06:41:21 +0000] "GET /pentaurus-duel/%22,t+=%22%3C%22+e.getAttribute(%22src%22?fileloc=%2Fvar%2Fwww%2Fvhosts%2Famphoragames.com%2Fhttpdocs%2Fwp-admin%2Fjs%2Fedit-comments.min.js&path=%2Fvar%2Fwww%2Fvhosts%2Famphoragames.com%2Fhttpdocs%2Fwp-admin%2Fjs HTTP/1.1" 200 8280 "-" "Mozilla/5.0 AppleWebKit/537.36 (KHTML, like Gecko; compatible; ClaudeBot/1.0; +claudebot@anthropic.com)"
216.73.216.32 - - [09/Nov/2025:06:41:21 +0000] "GET /2019/09/26/url%20=%3Cwidth%3Ex%3Cheight%3E%20%22optional%20title%22?fileloc=%2Fvar%2Fwww%2Fvhosts%2Famphoragames.com%2Fhttpdocs%2Fwp-includes%2Fblocks%2Flatest-posts.php&path=%2Fvar%2Fwww%2Fvhosts%2Famphoragames.com%2Fhttpdocs%2Fwp-includes%2Fblocks HTTP/1.1" 200 5361 "-" "Mozilla/5.0 AppleWebKit/537.36 (KHTML, like Gecko; compatible; ClaudeBot/1.0; +claudebot@anthropic.com)"
216.73.216.32 - - [09/Nov/2025:06:41:21 +0000] "GET /pentaurus-duel/'?path=%2Fvar%2Fwww%2Fvhosts%2Famphoragames.com%2Fhttpdocs%2Fwp-content%2Fplugins%2Fbackwpup HTTP/1.1" 200 3762 "-" "Mozilla/5.0 AppleWebKit/537.36 (KHTML, like Gecko; compatible; ClaudeBot/1.0; +claudebot@anthropic.com)"
74.7.227.116 - - [09/Nov/2025:06:41:21 +0000] "GET /f/dustbox/dustbox00/?path=/var/www/vhosts/amphoragames.com/.composer/cache/files/mtdowling/cron-expression HTTP/1.1" 200 2899 "-" "Mozilla/5.0 AppleWebKit/537.36 (KHTML, like Gecko; compatible; GPTBot/1.2; +https://openai.com/gptbot)"
216.73.216.32 - - [09/Nov/2025:06:41:21 +0000] "GET /pentaurus-duel/'?fileloc=%2Fvar%2Fwww%2Fvhosts%2Famphoragames.com%2Fhttpdocs%2Fwp-admin%2Fnetwork%2Fplugin-editor.php&path=%2Fvar%2Fwww%2Fvhosts%2Famphoragames.com%2Fhttpdocs%2Fwp-admin%2Fnetwork HTTP/1.1" 200 2972 "-" "Mozilla/5.0 AppleWebKit/537.36 (KHTML, like Gecko; compatible; ClaudeBot/1.0; +claudebot@anthropic.com)"
216.73.216.32 - - [09/Nov/2025:06:41:21 +0000] "GET /pentaurus-duel/%22,t+=%22%3C%22+e.getAttribute(%22src%22?fileloc=%2Fvar%2Fwww%2Fvhosts%2Famphoragames.com%2Fhttpdocs%2Fwp-admin%2Fjs%2Fwidgets.min.js&path=%2Fvar%2Fwww%2Fvhosts%2Famphoragames.com%2Fhttpdocs%2Fwp-admin%2Fjs HTTP/1.1" 200 6666 "-" "Mozilla/5.0 AppleWebKit/537.36 (KHTML, like Gecko; compatible; ClaudeBot/1.0; +claudebot@anthropic.com)"
216.73.216.32 - - [09/Nov/2025:06:41:21 +0000] "GET /pentaurus-duel/%22,t+=%22%3C%22+e.getAttribute(%22src%22?fileloc=%2Fvar%2Fwww%2Fvhosts%2Famphoragames.com%2Fhttpdocs%2Fwp-admin%2Fjs%2Fcomment.js&path=%2Fvar%2Fwww%2Fvhosts%2Famphoragames.com%2Fhttpdocs%2Fwp-admin%2Fjs HTTP/1.1" 200 3855 "-" "Mozilla/5.0 AppleWebKit/537.36 (KHTML, like Gecko; compatible; ClaudeBot/1.0; +claudebot@anthropic.com)"
216.73.216.32 - - [09/Nov/2025:06:41:21 +0000] "GET /pentaurus-duel/'?fileloc=%2Fvar%2Fwww%2Fvhosts%2Famphoragames.com%2Fhttpdocs%2Fwp-includes%2Fblocks%2Fnavigation-submenu.php&path=%2Fvar%2Fwww%2Fvhosts%2Famphoragames.com%2Fhttpdocs%2Fwp-includes%2Fblocks HTTP/1.1" 200 5761 "-" "Mozilla/5.0 AppleWebKit/537.36 (KHTML, like Gecko; compatible; ClaudeBot/1.0; +claudebot@anthropic.com)"
216.73.216.32 - - [09/Nov/2025:06:41:21 +0000] "GET /2019/09/26/'?fileloc=%2Fvar%2Fwww%2Fvhosts%2Famphoragames.com%2Fhttpdocs%2Fwp-admin%2Fincludes%2Fdashboard.php&path=%2Fvar%2Fwww%2Fvhosts%2Famphoragames.com%2Fhttpdocs%2Fwp-admin%2Fincludes HTTP/1.1" 200 21190 "-" "Mozilla/5.0 AppleWebKit/537.36 (KHTML, like Gecko; compatible; ClaudeBot/1.0; +claudebot@anthropic.com)"
216.73.216.32 - - [09/Nov/2025:06:41:21 +0000] "GET /pentaurus-duel/%22,t+=%22%3C%22+e.getAttribute(%22src%22?fileloc=%2Fvar%2Fwww%2Fvhosts%2Famphoragames.com%2Fhttpdocs%2Fwp-includes%2Fcustomize%2Fclass-wp-customize-partial.php&path=%2Fvar%2Fwww%2Fvhosts%2Famphoragames.com%2Fhttpdocs%2Fwp-includes%2Fcustomize HTTP/1.1" 200 5596 "-" "Mozilla/5.0 AppleWebKit/537.36 (KHTML, like Gecko; compatible; ClaudeBot/1.0; +claudebot@anthropic.com)"
216.73.216.32 - - [09/Nov/2025:06:41:22 +0000] "GET /pentaurus-duel/url%20=%3Cwidth%3Ex%3Cheight%3E%20%22optional%20title%22?fileloc=%2Fvar%2Fwww%2Fvhosts%2Famphoragames.com%2Fhttpdocs%2Fwp-admin%2Fjs%2Feditor.min.js&path=%2Fvar%2Fwww%2Fvhosts%2Famphoragames.com%2Fhttpdocs%2Fwp-admin%2Fjs HTTP/1.1" 200 7759 "-" "Mozilla/5.0 AppleWebKit/537.36 (KHTML, like Gecko; compatible; ClaudeBot/1.0; +claudebot@anthropic.com)"
144.76.32.114 - - [09/Nov/2025:06:41:22 +0000] "GET /2019/09/10/pandemain-gremio-de-panaderia/?fileloc=/var/www/vhosts/amphoragames.com/httpdocs/wp-includes/l10n.php&path=/var/www/vhosts/amphoragames.com/httpdocs/wp-includes HTTP/1.1" 200 15792 "-" "Mozilla/5.0 (compatible; BLEXBot/1.0; +https://help.seranking.com/en/blex-crawler)"
216.73.216.32 - - [09/Nov/2025:06:41:22 +0000] "GET /2019/09/26/'?fileloc=%2Fvar%2Fwww%2Fvhosts%2Famphoragames.com%2Fhttpdocs%2Fen%2Fwp-includes%2Fadmin-bar.php&path=%2Fvar%2Fwww%2Fvhosts%2Famphoragames.com%2Fhttpdocs%2Fen%2Fwp-includes HTTP/1.1" 200 9822 "-" "Mozilla/5.0 AppleWebKit/537.36 (KHTML, like Gecko; compatible; ClaudeBot/1.0; +claudebot@anthropic.com)"
216.73.216.32 - - [09/Nov/2025:06:41:22 +0000] "GET /2019/09/26/url%20=%3Cwidth%3Ex%3Cheight%3E%20%22optional%20title%22?fileloc=%2Fvar%2Fwww%2Fvhosts%2Famphoragames.com%2Fhttpdocs%2Fen%2Fwp-includes%2Fdefault-constants.php&path=%2Fvar%2Fwww%2Fvhosts%2Famphoragames.com%2Fhttpdocs%2Fen%2Fwp-includes HTTP/1.1" 200 5543 "-" "Mozilla/5.0 AppleWebKit/537.36 (KHTML, like Gecko; compatible; ClaudeBot/1.0; +claudebot@anthropic.com)"
216.73.216.32 - - [09/Nov/2025:06:41:22 +0000] "GET /2019/09/26/'?fileloc=%2Fvar%2Fwww%2Fvhosts%2Famphoragames.com%2Fhttpdocs%2Fen%2Fwp-includes%2Ffeed-atom.php&path=%2Fvar%2Fwww%2Fvhosts%2Famphoragames.com%2Fhttpdocs%2Fen%2Fwp-includes HTTP/1.1" 200 3940 "-" "Mozilla/5.0 AppleWebKit/537.36 (KHTML, like Gecko; compatible; ClaudeBot/1.0; +claudebot@anthropic.com)"
216.73.216.32 - - [09/Nov/2025:06:41:22 +0000] "GET /2019/09/26/url%20=%3Cwidth%3Ex%3Cheight%3E%20%22optional%20title%22?fileloc=%2Fvar%2Fwww%2Fvhosts%2Famphoragames.com%2Fhttpdocs%2Fwp-admin%2Fjs%2Fpassword-strength-meter.min.js&path=%2Fvar%2Fwww%2Fvhosts%2Famphoragames.com%2Fhttpdocs%2Fwp-admin%2Fjs HTTP/1.1" 200 3442 "-" "Mozilla/5.0 AppleWebKit/537.36 (KHTML, like Gecko; compatible; ClaudeBot/1.0; +claudebot@anthropic.com)"
216.73.216.32 - - [09/Nov/2025:06:41:22 +0000] "GET /pentaurus-duel/'?fileloc=%2Fvar%2Fwww%2Fvhosts%2Famphoragames.com%2Fhttpdocs%2Fwp-includes%2Fblocks%2Flatest-posts.php&path=%2Fvar%2Fwww%2Fvhosts%2Famphoragames.com%2Fhttpdocs%2Fwp-includes%2Fblocks HTTP/1.1" 200 5361 "-" "Mozilla/5.0 AppleWebKit/537.36 (KHTML, like Gecko; compatible; ClaudeBot/1.0; +claudebot@anthropic.com)"
216.73.216.32 - - [09/Nov/2025:06:41:22 +0000] "GET /pentaurus-duel/'?path=%2Fvar%2Fwww%2Fvhosts%2Famphoragames.com%2Fhttpdocs%2Fwp-includes%2Fjs%2Fcodemirror HTTP/1.1" 200 3461 "-" "Mozilla/5.0 AppleWebKit/537.36 (KHTML, like Gecko; compatible; ClaudeBot/1.0; +claudebot@anthropic.com)"
216.73.216.32 - - [09/Nov/2025:06:41:22 +0000] "GET /pentaurus-duel/url%20=%3Cwidth%3Ex%3Cheight%3E%20%22optional%20title%22?fileloc=%2Fvar%2Fwww%2Fvhosts%2Famphoragames.com%2Fhttpdocs%2Fwp-admin%2Fincludes%2Fclass-wp-plugins-list-table.php&path=%2Fvar%2Fwww%2Fvhosts%2Famphoragames.com%2Fhttpdocs%2Fwp-admin%2Fincludes HTTP/1.1" 200 14407 "-" "Mozilla/5.0 AppleWebKit/537.36 (KHTML, like Gecko; compatible; ClaudeBot/1.0; +claudebot@anthropic.com)"
216.73.216.32 - - [09/Nov/2025:06:41:22 +0000] "GET /2019/09/26/'?fileloc=%2Fvar%2Fwww%2Fvhosts%2Famphoragames.com%2Fhttpdocs%2Fwp-admin%2Fincludes%2Fclass-theme-upgrader-skin.php&path=%2Fvar%2Fwww%2Fvhosts%2Famphoragames.com%2Fhttpdocs%2Fwp-admin%2Fincludes HTTP/1.1" 200 4156 "-" "Mozilla/5.0 AppleWebKit/537.36 (KHTML, like Gecko; compatible; ClaudeBot/1.0; +claudebot@anthropic.com)"
216.73.216.32 - - [09/Nov/2025:06:41:22 +0000] "GET /pentaurus-duel/%22,t+=%22%3C%22+e.getAttribute(%22src%22?fileloc=%2Fvar%2Fwww%2Fvhosts%2Famphoragames.com%2Fhttpdocs%2Fwp-admin%2Fjs%2Fuser-profile.js&path=%2Fvar%2Fwww%2Fvhosts%2Famphoragames.com%2Fhttpdocs%2Fwp-admin%2Fjs HTTP/1.1" 200 7636 "-" "Mozilla/5.0 AppleWebKit/537.36 (KHTML, like Gecko; compatible; ClaudeBot/1.0; +claudebot@anthropic.com)"
216.73.216.32 - - [09/Nov/2025:06:41:22 +0000] "GET /2019/09/26/url%20=%3Cwidth%3Ex%3Cheight%3E%20%22optional%20title%22?fileloc=%2Fvar%2Fwww%2Fvhosts%2Famphoragames.com%2Fhttpdocs%2Fen%2Fwp-includes%2Fclass-wp-customize-manager.php&path=%2Fvar%2Fwww%2Fvhosts%2Famphoragames.com%2Fhttpdocs%2Fen%2Fwp-includes HTTP/1.1" 200 49070 "-" "Mozilla/5.0 AppleWebKit/537.36 (KHTML, like Gecko; compatible; ClaudeBot/1.0; +claudebot@anthropic.com)"
216.73.216.32 - - [09/Nov/2025:06:41:23 +0000] "GET /pentaurus-duel/url%20=%3Cwidth%3Ex%3Cheight%3E%20%22optional%20title%22?fileloc=%2Fvar%2Fwww%2Fvhosts%2Famphoragames.com%2Fhttpdocs%2Fen%2Fwp-includes%2Fclass-wp-image-editor-gd.php&path=%2Fvar%2Fwww%2Fvhosts%2Famphoragames.com%2Fhttpdocs%2Fen%2Fwp-includes HTTP/1.1" 200 6262 "-" "Mozilla/5.0 AppleWebKit/537.36 (KHTML, like Gecko; compatible; ClaudeBot/1.0; +claudebot@anthropic.com)"
216.73.216.32 - - [09/Nov/2025:06:41:23 +0000] "GET /2019/09/26/url%20=%3Cwidth%3Ex%3Cheight%3E%20%22optional%20title%22?fileloc=%2Fvar%2Fwww%2Fvhosts%2Famphoragames.com%2Fhttpdocs%2Fwp-admin%2Fjs%2Fpost.js&path=%2Fvar%2Fwww%2Fvhosts%2Famphoragames.com%2Fhttpdocs%2Fwp-admin%2Fjs HTTP/1.1" 200 14670 "-" "Mozilla/5.0 AppleWebKit/537.36 (KHTML, like Gecko; compatible; ClaudeBot/1.0; +claudebot@anthropic.com)"
216.73.216.32 - - [09/Nov/2025:06:41:23 +0000] "GET /pentaurus-duel/url%20=%3Cwidth%3Ex%3Cheight%3E%20%22optional%20title%22?fileloc=%2Fvar%2Fwww%2Fvhosts%2Famphoragames.com%2Fhttpdocs%2Fen%2Fwp-includes%2Fclass-wp-user-query.php&path=%2Fvar%2Fwww%2Fvhosts%2Famphoragames.com%2Fhttpdocs%2Fen%2Fwp-includes HTTP/1.1" 200 10284 "-" "Mozilla/5.0 AppleWebKit/537.36 (KHTML, like Gecko; compatible; ClaudeBot/1.0; +claudebot@anthropic.com)"
216.73.216.32 - - [09/Nov/2025:06:41:23 +0000] "GET /2019/09/26/url%20=%3Cwidth%3Ex%3Cheight%3E%20%22optional%20title%22?fileloc=%2Fvar%2Fwww%2Fvhosts%2Famphoragames.com%2Fhttpdocs%2Fwp-admin%2Fjs%2Ftheme.min.js&path=%2Fvar%2Fwww%2Fvhosts%2Famphoragames.com%2Fhttpdocs%2Fwp-admin%2Fjs HTTP/1.1" 200 10498 "-" "Mozilla/5.0 AppleWebKit/537.36 (KHTML, like Gecko; compatible; ClaudeBot/1.0; +claudebot@anthropic.com)"
216.73.216.32 - - [09/Nov/2025:06:41:23 +0000] "GET /pentaurus-duel/'?fileloc=%2Fvar%2Fwww%2Fvhosts%2Famphoragames.com%2Fhttpdocs%2Fwp-admin%2Fjs%2Fpassword-strength-meter.min.js&path=%2Fvar%2Fwww%2Fvhosts%2Famphoragames.com%2Fhttpdocs%2Fwp-admin%2Fjs HTTP/1.1" 200 3442 "-" "Mozilla/5.0 AppleWebKit/537.36 (KHTML, like Gecko; compatible; ClaudeBot/1.0; +claudebot@anthropic.com)"
216.73.216.32 - - [09/Nov/2025:06:41:23 +0000] "GET /2019/09/26/url%20=%3Cwidth%3Ex%3Cheight%3E%20%22optional%20title%22?fileloc=%2Fvar%2Fwww%2Fvhosts%2Famphoragames.com%2Fhttpdocs%2Fwp-admin%2Fincludes%2Fclass-plugin-upgrader-skin.php&path=%2Fvar%2Fwww%2Fvhosts%2Famphoragames.com%2Fhttpdocs%2Fwp-admin%2Fincludes HTTP/1.1" 200 3976 "-" "Mozilla/5.0 AppleWebKit/537.36 (KHTML, like Gecko; compatible; ClaudeBot/1.0; +claudebot@anthropic.com)"
216.73.216.32 - - [09/Nov/2025:06:41:23 +0000] "GET /2019/09/26/url%20=%3Cwidth%3Ex%3Cheight%3E%20%22optional%20title%22?fileloc=%2Fvar%2Fwww%2Fvhosts%2Famphoragames.com%2Fhttpdocs%2Fwp-admin%2Fincludes%2Fclass-walker-nav-menu-edit.php&path=%2Fvar%2Fwww%2Fvhosts%2Famphoragames.com%2Fhttpdocs%2Fwp-admin%2Fincludes HTTP/1.1" 200 6159 "-" "Mozilla/5.0 AppleWebKit/537.36 (KHTML, like Gecko; compatible; ClaudeBot/1.0; +claudebot@anthropic.com)"
216.73.216.32 - - [09/Nov/2025:06:41:23 +0000] "GET /2019/09/26/'?fileloc=%2Fvar%2Fwww%2Fvhosts%2Famphoragames.com%2Fhttpdocs%2Fen%2Fwp-includes%2Fembed.php&path=%2Fvar%2Fwww%2Fvhosts%2Famphoragames.com%2Fhttpdocs%2Fen%2Fwp-includes HTTP/1.1" 200 15599 "-" "Mozilla/5.0 AppleWebKit/537.36 (KHTML, like Gecko; compatible; ClaudeBot/1.0; +claudebot@anthropic.com)"
216.73.216.32 - - [09/Nov/2025:06:41:23 +0000] "GET /pentaurus-duel/%22,t+=%22%3C%22+e.getAttribute(%22src%22?fileloc=%2Fvar%2Fwww%2Fvhosts%2Famphoragames.com%2Fhttpdocs%2Fwp-admin%2Fjs%2Fsite-icon.js&path=%2Fvar%2Fwww%2Fvhosts%2Famphoragames.com%2Fhttpdocs%2Fwp-admin%2Fjs HTTP/1.1" 200 4685 "-" "Mozilla/5.0 AppleWebKit/537.36 (KHTML, like Gecko; compatible; ClaudeBot/1.0; +claudebot@anthropic.com)"
216.73.216.32 - - [09/Nov/2025:06:41:23 +0000] "GET /2019/09/26/%22,t+=%22%3C%22+e.getAttribute(%22src%22?path=%2Fvar%2Fwww%2Fvhosts%2Famphoragames.com%2Fhttpdocs%2Fwp-content%2Flanguages%2Fplugins HTTP/1.1" 200 4818 "-" "Mozilla/5.0 AppleWebKit/537.36 (KHTML, like Gecko; compatible; ClaudeBot/1.0; +claudebot@anthropic.com)"
216.73.216.32 - - [09/Nov/2025:06:41:23 +0000] "GET /2019/09/26/url%20=%3Cwidth%3Ex%3Cheight%3E%20%22optional%20title%22?fileloc=%2Fvar%2Fwww%2Fvhosts%2Famphoragames.com%2Fhttpdocs%2Fwp-includes%2FIXR%2Fclass-IXR-error.php&path=%2Fvar%2Fwww%2Fvhosts%2Famphoragames.com%2Fhttpdocs%2Fwp-includes%2FIXR HTTP/1.1" 200 3165 "-" "Mozilla/5.0 AppleWebKit/537.36 (KHTML, like Gecko; compatible; ClaudeBot/1.0; +claudebot@anthropic.com)"
