178.25.244.124 - - [09/Nov/2025:06:41:58 +0000] "GET /?fileloc=/var/www/vhosts/amphoragames.com/httpdocs/wp-includes/blocks/comments-title/editor-rtl.css&path=/var/www/vhosts/amphoragames.com/httpdocs/wp-includes/blocks/comments-title HTTP/1.1" 200 2872 "-" "Mozilla/5.0 (compatible; MJ12bot/v1.4.8; http://mj12bot.com/)"
74.7.227.116 - - [09/Nov/2025:06:41:59 +0000] "GET /f/dustbox/dustbox00/?path=/var/www/vhosts/amphoragames.com/.composer/cache/files/guzzlehttp/promises HTTP/1.1" 200 2895 "-" "Mozilla/5.0 AppleWebKit/537.36 (KHTML, like Gecko; compatible; GPTBot/1.2; +https://openai.com/gptbot)"
144.76.32.114 - - [09/Nov/2025:06:41:59 +0000] "GET /2019/09/17/pandemain-mercado/?fileloc=/var/www/vhosts/amphoragames.com/httpdocs/wp-includes/class.wp-scripts.php&path=/var/www/vhosts/amphoragames.com/httpdocs/wp-includes HTTP/1.1" 200 3046 "-" "Mozilla/5.0 (compatible; BLEXBot/1.0; +https://help.seranking.com/en/blex-crawler)"
52.167.144.231 - - [09/Nov/2025:06:42:00 +0000] "GET /entity/1219626068.shtm HTTP/1.1" 200 3707 "-" "Mozilla/5.0 AppleWebKit/537.36 (KHTML, like Gecko; compatible; bingbot/2.0; +http://www.bing.com/bingbot.htm) Chrome/116.0.1938.76 Safari/537.36"
66.249.79.37 - - [09/Nov/2025:06:41:59 +0000] "GET /2018/02/19/amphora-games-imparte-un-taller-sobre-juegos-de-mesa/?path=/var/www/vhosts/amphoragames.com/httpdocs/en/wp-admin/includes HTTP/1.1" 200 34051 "-" "Mozilla/5.0 (Linux; Android 6.0.1; Nexus 5X Build/MMB29P) AppleWebKit/537.36 (KHTML, like Gecko) Chrome/141.0.7390.122 Mobile Safari/537.36 (compatible; GoogleOther)"
178.25.244.124 - - [09/Nov/2025:06:42:01 +0000] "GET /?fileloc=/var/www/vhosts/amphoragames.com/httpdocs/wp-includes/blocks/comments-title/editor-rtl.min.css&path=/var/www/vhosts/amphoragames.com/httpdocs/wp-includes/blocks/comments-title HTTP/1.1" 200 2873 "-" "Mozilla/5.0 (compatible; MJ12bot/v1.4.8; http://mj12bot.com/)"
74.7.227.116 - - [09/Nov/2025:06:42:02 +0000] "GET /f/dustbox/dustbox00/?path=/var/www/vhosts/amphoragames.com/.composer/cache/files/guzzlehttp/guzzle HTTP/1.1" 200 2891 "-" "Mozilla/5.0 AppleWebKit/537.36 (KHTML, like Gecko; compatible; GPTBot/1.2; +https://openai.com/gptbot)"
144.76.32.114 - - [09/Nov/2025:06:42:02 +0000] "GET /2019/09/17/pandemain-mercado/?fileloc=/var/www/vhosts/amphoragames.com/httpdocs/wp-includes/comment-template.php&path=/var/www/vhosts/amphoragames.com/httpdocs/wp-includes HTTP/1.1" 200 23467 "-" "Mozilla/5.0 (compatible; BLEXBot/1.0; +https://help.seranking.com/en/blex-crawler)"
178.25.244.124 - - [09/Nov/2025:06:42:03 +0000] "GET /?fileloc=/var/www/vhosts/amphoragames.com/httpdocs/wp-includes/blocks/comments-title/editor.css&path=/var/www/vhosts/amphoragames.com/httpdocs/wp-includes/blocks/comments-title HTTP/1.1" 200 2868 "-" "Mozilla/5.0 (compatible; MJ12bot/v1.4.8; http://mj12bot.com/)"
178.25.244.124 - - [09/Nov/2025:06:42:05 +0000] "GET /?fileloc=/var/www/vhosts/amphoragames.com/httpdocs/wp-includes/blocks/comments-title/editor.min.css&path=/var/www/vhosts/amphoragames.com/httpdocs/wp-includes/blocks/comments-title HTTP/1.1" 200 2870 "-" "Mozilla/5.0 (compatible; MJ12bot/v1.4.8; http://mj12bot.com/)"
74.7.227.116 - - [09/Nov/2025:06:42:05 +0000] "GET /f/daisya/daisya00/?path=/var/www/vhosts/amphoragames.com/.composer/vendor/guzzlehttp/guzzle/docs HTTP/1.1" 200 2891 "-" "Mozilla/5.0 AppleWebKit/537.36 (KHTML, like Gecko; compatible; GPTBot/1.2; +https://openai.com/gptbot)"
144.76.32.114 - - [09/Nov/2025:06:42:06 +0000] "GET /2019/09/17/pandemain-mercado/?fileloc=/var/www/vhosts/amphoragames.com/httpdocs/wp-includes/error-protection.php&path=/var/www/vhosts/amphoragames.com/httpdocs/wp-includes HTTP/1.1" 200 4263 "-" "Mozilla/5.0 (compatible; BLEXBot/1.0; +https://help.seranking.com/en/blex-crawler)"
66.249.79.37 - - [09/Nov/2025:06:42:06 +0000] "GET /entity/370852763.shtm?path=/var/www/vhosts/amphoragames.com/httpdocs/images HTTP/1.1" 200 25754 "-" "Mozilla/5.0 (Linux; Android 6.0.1; Nexus 5X Build/MMB29P) AppleWebKit/537.36 (KHTML, like Gecko) Chrome/141.0.7390.122 Mobile Safari/537.36 (compatible; Googlebot/2.1; +http://www.google.com/bot.html)"
178.25.244.124 - - [09/Nov/2025:06:42:07 +0000] "GET /?fileloc=/var/www/vhosts/amphoragames.com/httpdocs/wp-includes/blocks/comments/.htaccess&path=/var/www/vhosts/amphoragames.com/httpdocs/wp-includes/blocks/comments HTTP/1.1" 200 2842 "-" "Mozilla/5.0 (compatible; MJ12bot/v1.4.8; http://mj12bot.com/)"
74.7.227.116 - - [09/Nov/2025:06:42:08 +0000] "GET /f/dustbox/dustbox00/?path=/var/www/vhosts/amphoragames.com/.composer/cache/files/guzzlehttp/psr7 HTTP/1.1" 200 2894 "-" "Mozilla/5.0 AppleWebKit/537.36 (KHTML, like Gecko; compatible; GPTBot/1.2; +https://openai.com/gptbot)"
178.25.244.124 - - [09/Nov/2025:06:42:08 +0000] "GET /?fileloc=/var/www/vhosts/amphoragames.com/httpdocs/wp-includes/blocks/comments/block.json&path=/var/www/vhosts/amphoragames.com/httpdocs/wp-includes/blocks/comments HTTP/1.1" 200 3365 "-" "Mozilla/5.0 (compatible; MJ12bot/v1.4.8; http://mj12bot.com/)"
144.76.32.114 - - [09/Nov/2025:06:42:09 +0000] "GET /2019/09/17/pandemain-mercado/?fileloc=/var/www/vhosts/amphoragames.com/httpdocs/wp-includes/general-template.php&path=/var/www/vhosts/amphoragames.com/httpdocs/wp-includes HTTP/1.1" 200 40998 "-" "Mozilla/5.0 (compatible; BLEXBot/1.0; +https://help.seranking.com/en/blex-crawler)"
17.22.253.60 - - [09/Nov/2025:06:42:10 +0000] "GET /robots.txt HTTP/1.1" 200 3766 "-" "Mozilla/5.0 (Macintosh; Intel Mac OS X 10_15_7) AppleWebKit/605.1.15 (KHTML, like Gecko) Version/17.4 Safari/605.1.15 (Applebot/0.1; +http://www.apple.com/go/applebot)"
162.214.208.138 - - [09/Nov/2025:06:42:10 +0000] "POST /xmlrpc.php HTTP/1.1" 403 4624 "https://www.amphoragames.com" "Mozilla/5.0 (Windows NT 10.0; Win64; x64) AppleWebKit/537.36 (KHTML, like Gecko) Chrome/115.0.5790.171 Safari/537.36 Edg/115.0.1901.203"
17.22.253.60 - - [09/Nov/2025:06:42:10 +0000] "GET /pandemain-el-pan-tradicional-de-los-granjeros/ HTTP/1.1" 200 4806 "-" "Mozilla/5.0 (Macintosh; Intel Mac OS X 10_15_7) AppleWebKit/605.1.15 (KHTML, like Gecko) Version/17.4 Safari/605.1.15 (Applebot/0.1; +http://www.apple.com/go/applebot)"
178.25.244.124 - - [09/Nov/2025:06:42:10 +0000] "GET /?fileloc=/var/www/vhosts/amphoragames.com/httpdocs/wp-includes/blocks/comments/editor-rtl.css&path=/var/www/vhosts/amphoragames.com/httpdocs/wp-includes/blocks/comments HTTP/1.1" 200 3616 "-" "Mozilla/5.0 (compatible; MJ12bot/v1.4.8; http://mj12bot.com/)"
74.7.227.116 - - [09/Nov/2025:06:42:11 +0000] "GET /f/special/hakui/?fileloc=/var/www/vhosts/amphoragames.com/httpdocs/.htaccess&path=/var/www/vhosts/amphoragames.com/httpdocs HTTP/1.1" 200 3292 "-" "Mozilla/5.0 AppleWebKit/537.36 (KHTML, like Gecko; compatible; GPTBot/1.2; +https://openai.com/gptbot)"
178.25.244.124 - - [09/Nov/2025:06:42:12 +0000] "GET /?fileloc=/var/www/vhosts/amphoragames.com/httpdocs/wp-includes/blocks/comments/editor.css&path=/var/www/vhosts/amphoragames.com/httpdocs/wp-includes/blocks/comments HTTP/1.1" 200 3614 "-" "Mozilla/5.0 (compatible; MJ12bot/v1.4.8; http://mj12bot.com/)"
144.76.32.114 - - [09/Nov/2025:06:42:12 +0000] "GET /2019/09/18/pandemain-horno-senor-feudal/?fileloc=/var/www/vhosts/amphoragames.com/httpdocs/wp-admin/load-styles.php&path=/var/www/vhosts/amphoragames.com/httpdocs/wp-admin HTTP/1.1" 200 4130 "-" "Mozilla/5.0 (compatible; BLEXBot/1.0; +https://help.seranking.com/en/blex-crawler)"
66.249.79.37 - - [09/Nov/2025:06:42:12 +0000] "GET /entity/648422434.shtm HTTP/1.1" 200 27041 "-" "Mozilla/5.0 (Linux; Android 6.0.1; Nexus 5X Build/MMB29P) AppleWebKit/537.36 (KHTML, like Gecko) Chrome/141.0.7390.122 Mobile Safari/537.36 (compatible; Googlebot/2.1; +http://www.google.com/bot.html)"
178.25.244.124 - - [09/Nov/2025:06:42:14 +0000] "GET /?fileloc=/var/www/vhosts/amphoragames.com/httpdocs/wp-includes/blocks/comments/editor.min.css&path=/var/www/vhosts/amphoragames.com/httpdocs/wp-includes/blocks/comments HTTP/1.1" 200 3586 "-" "Mozilla/5.0 (compatible; MJ12bot/v1.4.8; http://mj12bot.com/)"
74.7.227.116 - - [09/Nov/2025:06:42:14 +0000] "GET /f/special/mask/?fileloc=/var/www/vhosts/amphoragames.com/httpdocs/license.txt&path=/var/www/vhosts/amphoragames.com/httpdocs HTTP/1.1" 200 10187 "-" "Mozilla/5.0 AppleWebKit/537.36 (KHTML, like Gecko; compatible; GPTBot/1.2; +https://openai.com/gptbot)"
178.25.244.124 - - [09/Nov/2025:06:42:16 +0000] "GET /?fileloc=/var/www/vhosts/amphoragames.com/httpdocs/wp-includes/blocks/comments/style-rtl.css&path=/var/www/vhosts/amphoragames.com/httpdocs/wp-includes/blocks/comments HTTP/1.1" 200 3404 "-" "Mozilla/5.0 (compatible; MJ12bot/v1.4.8; http://mj12bot.com/)"
144.76.32.114 - - [09/Nov/2025:06:42:16 +0000] "GET /2019/09/18/pandemain-horno-senor-feudal/?fileloc=/var/www/vhosts/amphoragames.com/httpdocs/wp-admin/menu-header.php&path=/var/www/vhosts/amphoragames.com/httpdocs/wp-admin HTTP/1.1" 200 5740 "-" "Mozilla/5.0 (compatible; BLEXBot/1.0; +https://help.seranking.com/en/blex-crawler)"
74.7.227.116 - - [09/Nov/2025:06:42:18 +0000] "GET /f/special/isetan/?fileloc=/var/www/vhosts/amphoragames.com/httpdocs/llms.txt&path=/var/www/vhosts/amphoragames.com/httpdocs HTTP/1.1" 200 17026 "-" "Mozilla/5.0 AppleWebKit/537.36 (KHTML, like Gecko; compatible; GPTBot/1.2; +https://openai.com/gptbot)"
178.25.244.124 - - [09/Nov/2025:06:42:18 +0000] "GET /?fileloc=/var/www/vhosts/amphoragames.com/httpdocs/wp-includes/blocks/comments/style-rtl.min.css&path=/var/www/vhosts/amphoragames.com/httpdocs/wp-includes/blocks/comments HTTP/1.1" 200 3385 "-" "Mozilla/5.0 (compatible; MJ12bot/v1.4.8; http://mj12bot.com/)"
66.249.79.37 - - [09/Nov/2025:06:42:18 +0000] "GET /products/257ce20953 HTTP/1.1" 200 25259 "-" "Mozilla/5.0 (Linux; Android 6.0.1; Nexus 5X Build/MMB29P) AppleWebKit/537.36 (KHTML, like Gecko) Chrome/141.0.7390.122 Mobile Safari/537.36 (compatible; Googlebot/2.1; +http://www.google.com/bot.html)"
178.25.244.124 - - [09/Nov/2025:06:42:19 +0000] "GET /?fileloc=/var/www/vhosts/amphoragames.com/httpdocs/wp-includes/blocks/comments/style.css&path=/var/www/vhosts/amphoragames.com/httpdocs/wp-includes/blocks/comments HTTP/1.1" 200 3403 "-" "Mozilla/5.0 (compatible; MJ12bot/v1.4.8; http://mj12bot.com/)"
144.76.32.114 - - [09/Nov/2025:06:42:20 +0000] "GET /2019/09/18/pandemain-horno-senor-feudal/?fileloc=/var/www/vhosts/amphoragames.com/httpdocs/wp-admin/site-editor.php&path=/var/www/vhosts/amphoragames.com/httpdocs/wp-admin HTTP/1.1" 200 6286 "-" "Mozilla/5.0 (compatible; BLEXBot/1.0; +https://help.seranking.com/en/blex-crawler)"
74.7.227.116 - - [09/Nov/2025:06:42:21 +0000] "GET /f/services/sds/?fileloc=/var/www/vhosts/amphoragames.com/httpdocs/license.txt&path=/var/www/vhosts/amphoragames.com/httpdocs HTTP/1.1" 200 10187 "-" "Mozilla/5.0 AppleWebKit/537.36 (KHTML, like Gecko; compatible; GPTBot/1.2; +https://openai.com/gptbot)"
178.25.244.124 - - [09/Nov/2025:06:42:21 +0000] "GET /?fileloc=/var/www/vhosts/amphoragames.com/httpdocs/wp-includes/blocks/comments/style.min.css&path=/var/www/vhosts/amphoragames.com/httpdocs/wp-includes/blocks/comments HTTP/1.1" 200 3382 "-" "Mozilla/5.0 (compatible; MJ12bot/v1.4.8; http://mj12bot.com/)"
144.76.32.114 - - [09/Nov/2025:06:42:23 +0000] "GET /2019/09/18/pandemain-horno-senor-feudal/?fileloc=/var/www/vhosts/amphoragames.com/httpdocs/wp-admin/site-health.php&path=/var/www/vhosts/amphoragames.com/httpdocs/wp-admin HTTP/1.1" 200 6439 "-" "Mozilla/5.0 (compatible; BLEXBot/1.0; +https://help.seranking.com/en/blex-crawler)"
74.7.227.116 - - [09/Nov/2025:06:42:24 +0000] "GET /f/special/chair/?fileloc=/var/www/vhosts/amphoragames.com/httpdocs/robots.txt&path=/var/www/vhosts/amphoragames.com/httpdocs HTTP/1.1" 200 2866 "-" "Mozilla/5.0 AppleWebKit/537.36 (KHTML, like Gecko; compatible; GPTBot/1.2; +https://openai.com/gptbot)"
178.25.244.124 - - [09/Nov/2025:06:42:24 +0000] "GET /?fileloc=/var/www/vhosts/amphoragames.com/httpdocs/wp-includes/blocks/cover/.htaccess&path=/var/www/vhosts/amphoragames.com/httpdocs/wp-includes/blocks/cover HTTP/1.1" 200 2840 "-" "Mozilla/5.0 (compatible; MJ12bot/v1.4.8; http://mj12bot.com/)"
66.249.79.37 - - [09/Nov/2025:06:42:24 +0000] "GET /entity/349642495.shtm HTTP/1.1" 200 26134 "-" "Mozilla/5.0 (Linux; Android 6.0.1; Nexus 5X Build/MMB29P) AppleWebKit/537.36 (KHTML, like Gecko) Chrome/141.0.7390.122 Mobile Safari/537.36 (compatible; Googlebot/2.1; +http://www.google.com/bot.html)"
178.25.244.124 - - [09/Nov/2025:06:42:26 +0000] "GET /?fileloc=/var/www/vhosts/amphoragames.com/httpdocs/wp-includes/blocks/cover/block.json&path=/var/www/vhosts/amphoragames.com/httpdocs/wp-includes/blocks/cover HTTP/1.1" 200 3725 "-" "Mozilla/5.0 (compatible; MJ12bot/v1.4.8; http://mj12bot.com/)"
69.197.179.242 - - [09/Nov/2025:06:40:59 +0000] "GET /wp-content/br27851f/edit.php?id=820471 HTTP/1.1" 200 3591 "https://www.amphoragames.com/wp-content/br27851f/edit.php?id=820471" "Mozilla/5.0 (Windows NT 10.0; Win64; x64) AppleWebKit/537.36 (KHTML, like Gecko) Chrome/58.0.3029.110 Safari/537.3"
144.76.32.114 - - [09/Nov/2025:06:42:26 +0000] "GET /2019/09/18/pandemain-horno-senor-feudal/?fileloc=/var/www/vhosts/amphoragames.com/httpdocs/wp-admin/update-core.php&path=/var/www/vhosts/amphoragames.com/httpdocs/wp-admin HTTP/1.1" 200 13862 "-" "Mozilla/5.0 (compatible; BLEXBot/1.0; +https://help.seranking.com/en/blex-crawler)"
74.7.227.116 - - [09/Nov/2025:06:42:27 +0000] "GET /f/special/mask/?fileloc=/var/www/vhosts/amphoragames.com/httpdocs/robots.txt&path=/var/www/vhosts/amphoragames.com/httpdocs HTTP/1.1" 200 2866 "-" "Mozilla/5.0 AppleWebKit/537.36 (KHTML, like Gecko; compatible; GPTBot/1.2; +https://openai.com/gptbot)"
178.25.244.124 - - [09/Nov/2025:06:42:28 +0000] "GET /?fileloc=/var/www/vhosts/amphoragames.com/httpdocs/wp-includes/blocks/cover/editor-rtl.css&path=/var/www/vhosts/amphoragames.com/httpdocs/wp-includes/blocks/cover HTTP/1.1" 200 3426 "-" "Mozilla/5.0 (compatible; MJ12bot/v1.4.8; http://mj12bot.com/)"
144.76.32.114 - - [09/Nov/2025:06:42:30 +0000] "GET /2019/09/18/pandemain-horno-senor-feudal/?fileloc=/var/www/vhosts/amphoragames.com/httpdocs/wp-includes/cache.php&path=/var/www/vhosts/amphoragames.com/httpdocs/wp-includes HTTP/1.1" 200 5391 "-" "Mozilla/5.0 (compatible; BLEXBot/1.0; +https://help.seranking.com/en/blex-crawler)"
178.25.244.124 - - [09/Nov/2025:06:42:30 +0000] "GET /?fileloc=/var/www/vhosts/amphoragames.com/httpdocs/wp-includes/blocks/cover/editor-rtl.min.css&path=/var/www/vhosts/amphoragames.com/httpdocs/wp-includes/blocks/cover HTTP/1.1" 200 3395 "-" "Mozilla/5.0 (compatible; MJ12bot/v1.4.8; http://mj12bot.com/)"
66.249.79.37 - - [09/Nov/2025:06:42:30 +0000] "GET /entity/1229493824.shtm?fileloc=/var/www/vhosts/amphoragames.com/httpdocs/wp-comments-post.php&path=/var/www/vhosts/amphoragames.com/httpdocs HTTP/1.1" 200 7202 "-" "Mozilla/5.0 (Linux; Android 6.0.1; Nexus 5X Build/MMB29P) AppleWebKit/537.36 (KHTML, like Gecko) Chrome/141.0.7390.122 Mobile Safari/537.36 (compatible; Googlebot/2.1; +http://www.google.com/bot.html)"
74.7.227.116 - - [09/Nov/2025:06:42:30 +0000] "GET /f/dustbox/dustbox00/?path=/var/www/vhosts/amphoragames.com/.composer/vendor HTTP/1.1" 200 3390 "-" "Mozilla/5.0 AppleWebKit/537.36 (KHTML, like Gecko; compatible; GPTBot/1.2; +https://openai.com/gptbot)"
114.119.142.186 - - [09/Nov/2025:06:42:31 +0000] "GET /img_20190503_122334_727-pequeno HTTP/1.1" 200 8134 "-" "Mozilla/5.0 (Linux; Android 7.0;) AppleWebKit/537.36 (KHTML, like Gecko) Mobile Safari/537.36 (compatible; PetalBot;+https://webmaster.petalsearch.com/site/petalbot)"
178.25.244.124 - - [09/Nov/2025:06:42:33 +0000] "GET /?fileloc=/var/www/vhosts/amphoragames.com/httpdocs/wp-includes/blocks/cover/editor.css&path=/var/www/vhosts/amphoragames.com/httpdocs/wp-includes/blocks/cover HTTP/1.1" 200 3424 "-" "Mozilla/5.0 (compatible; MJ12bot/v1.4.8; http://mj12bot.com/)"
144.76.32.114 - - [09/Nov/2025:06:42:33 +0000] "GET /2019/09/18/pandemain-horno-senor-feudal/?fileloc=/var/www/vhosts/amphoragames.com/httpdocs/wp-includes/embed.php&path=/var/www/vhosts/amphoragames.com/httpdocs/wp-includes HTTP/1.1" 200 13144 "-" "Mozilla/5.0 (compatible; BLEXBot/1.0; +https://help.seranking.com/en/blex-crawler)"
74.7.227.116 - - [09/Nov/2025:06:42:34 +0000] "GET /guide/policy/privacy.html?fileloc=/var/www/vhosts/amphoragames.com/.composer/vendor/symfony/polyfill-mbstring/bootstrap.php&path=/var/www/vhosts/amphoragames.com/.composer/vendor/symfony/polyfill-mbstring HTTP/1.1" 200 3768 "-" "Mozilla/5.0 AppleWebKit/537.36 (KHTML, like Gecko; compatible; GPTBot/1.2; +https://openai.com/gptbot)"
178.25.244.124 - - [09/Nov/2025:06:42:34 +0000] "GET /?fileloc=/var/www/vhosts/amphoragames.com/httpdocs/wp-includes/blocks/cover/editor.min.css&path=/var/www/vhosts/amphoragames.com/httpdocs/wp-includes/blocks/cover HTTP/1.1" 200 3393 "-" "Mozilla/5.0 (compatible; MJ12bot/v1.4.8; http://mj12bot.com/)"
40.77.167.108 - - [09/Nov/2025:06:42:35 +0000] "GET /robots.txt HTTP/1.1" 200 3928 "-" "Mozilla/5.0 AppleWebKit/537.36 (KHTML, like Gecko; compatible; bingbot/2.0; +http://www.bing.com/bingbot.htm) Chrome/116.0.1938.76 Safari/537.36"
178.25.244.124 - - [09/Nov/2025:06:42:36 +0000] "GET /?fileloc=/var/www/vhosts/amphoragames.com/httpdocs/wp-includes/blocks/cover/style-rel.css&path=/var/www/vhosts/amphoragames.com/httpdocs/wp-includes/blocks/cover HTTP/1.1" 200 29398 "-" "Mozilla/5.0 (compatible; MJ12bot/v1.4.8; http://mj12bot.com/)"
66.249.79.37 - - [09/Nov/2025:06:42:35 +0000] "GET /products/237bx41877 HTTP/1.1" 200 25637 "-" "Mozilla/5.0 (Linux; Android 6.0.1; Nexus 5X Build/MMB29P) AppleWebKit/537.36 (KHTML, like Gecko) Chrome/141.0.7390.122 Mobile Safari/537.36 (compatible; Googlebot/2.1; +http://www.google.com/bot.html)"
144.76.32.114 - - [09/Nov/2025:06:42:36 +0000] "GET /2019/09/18/pandemain-horno-senor-feudal/?fileloc=/var/www/vhosts/amphoragames.com/httpdocs/wp-includes/fonts.php&path=/var/www/vhosts/amphoragames.com/httpdocs/wp-includes HTTP/1.1" 200 5507 "-" "Mozilla/5.0 (compatible; BLEXBot/1.0; +https://help.seranking.com/en/blex-crawler)"
74.7.227.116 - - [09/Nov/2025:06:42:37 +0000] "GET /guide/policy/browser/accessibility.html?fileloc=/var/www/vhosts/amphoragames.com/httpdocs/images/toggige-arrow.jpg&path=/var/www/vhosts/amphoragames.com/httpdocs/images HTTP/1.1" 200 17041 "-" "Mozilla/5.0 AppleWebKit/537.36 (KHTML, like Gecko; compatible; GPTBot/1.2; +https://openai.com/gptbot)"
178.25.244.124 - - [09/Nov/2025:06:42:39 +0000] "GET /?fileloc=/var/www/vhosts/amphoragames.com/httpdocs/wp-includes/blocks/cover/style-rtl.css&path=/var/www/vhosts/amphoragames.com/httpdocs/wp-includes/blocks/cover HTTP/1.1" 200 4554 "-" "Mozilla/5.0 (compatible; MJ12bot/v1.4.8; http://mj12bot.com/)"
144.76.32.114 - - [09/Nov/2025:06:42:40 +0000] "GET /2019/09/18/pandemain-horno-senor-feudal/?fileloc=/var/www/vhosts/amphoragames.com/httpdocs/wp-includes/media.php&path=/var/www/vhosts/amphoragames.com/httpdocs/wp-includes HTTP/1.1" 200 53737 "-" "Mozilla/5.0 (compatible; BLEXBot/1.0; +https://help.seranking.com/en/blex-crawler)"
74.7.227.116 - - [09/Nov/2025:06:42:40 +0000] "GET /f/services/furniture/?fileloc=/var/www/vhosts/amphoragames.com/httpdocs/images/images/images/images/cache.php&path=/var/www/vhosts/amphoragames.com/httpdocs/images/images/images/images HTTP/1.1" 200 7418 "-" "Mozilla/5.0 AppleWebKit/537.36 (KHTML, like Gecko; compatible; GPTBot/1.2; +https://openai.com/gptbot)"
178.25.244.124 - - [09/Nov/2025:06:42:40 +0000] "GET /?fileloc=/var/www/vhosts/amphoragames.com/httpdocs/wp-includes/blocks/cover/style-rtl.min.css&path=/var/www/vhosts/amphoragames.com/httpdocs/wp-includes/blocks/cover HTTP/1.1" 200 4500 "-" "Mozilla/5.0 (compatible; MJ12bot/v1.4.8; http://mj12bot.com/)"
66.249.79.37 - - [09/Nov/2025:06:42:41 +0000] "GET /products/87ip35661 HTTP/1.1" 200 22686 "-" "Mozilla/5.0 (Linux; Android 6.0.1; Nexus 5X Build/MMB29P) AppleWebKit/537.36 (KHTML, like Gecko) Chrome/141.0.7390.122 Mobile Safari/537.36 (compatible; Googlebot/2.1; +http://www.google.com/bot.html)"
178.25.244.124 - - [09/Nov/2025:06:42:42 +0000] "GET /?fileloc=/var/www/vhosts/amphoragames.com/httpdocs/wp-includes/blocks/cover/style.css&path=/var/www/vhosts/amphoragames.com/httpdocs/wp-includes/blocks/cover HTTP/1.1" 200 4539 "-" "Mozilla/5.0 (compatible; MJ12bot/v1.4.8; http://mj12bot.com/)"
144.76.32.114 - - [09/Nov/2025:06:42:43 +0000] "GET /2019/09/18/pandemain-horno-senor-feudal/?fileloc=/var/www/vhosts/amphoragames.com/httpdocs/wp-includes/query.php&path=/var/www/vhosts/amphoragames.com/httpdocs/wp-includes HTTP/1.1" 200 7947 "-" "Mozilla/5.0 (compatible; BLEXBot/1.0; +https://help.seranking.com/en/blex-crawler)"
74.7.227.116 - - [09/Nov/2025:06:42:43 +0000] "GET /f/dustbox/dustbox00/?path=/var/www/vhosts/amphoragames.com/.composer/vendor/composer HTTP/1.1" 200 3497 "-" "Mozilla/5.0 AppleWebKit/537.36 (KHTML, like Gecko; compatible; GPTBot/1.2; +https://openai.com/gptbot)"
178.25.244.124 - - [09/Nov/2025:06:42:44 +0000] "GET /?fileloc=/var/www/vhosts/amphoragames.com/httpdocs/wp-includes/blocks/cover/style.min.css&path=/var/www/vhosts/amphoragames.com/httpdocs/wp-includes/blocks/cover HTTP/1.1" 200 4486 "-" "Mozilla/5.0 (compatible; MJ12bot/v1.4.8; http://mj12bot.com/)"
178.25.244.124 - - [09/Nov/2025:06:42:46 +0000] "GET /?fileloc=/var/www/vhosts/amphoragames.com/httpdocs/wp-includes/blocks/details/.htaccess&path=/var/www/vhosts/amphoragames.com/httpdocs/wp-includes/blocks/details HTTP/1.1" 200 2843 "-" "Mozilla/5.0 (compatible; MJ12bot/v1.4.8; http://mj12bot.com/)"
40.77.167.9 - - [09/Nov/2025:06:42:46 +0000] "GET /entity/1355989695.shtm HTTP/1.1" 200 3707 "-" "Mozilla/5.0 AppleWebKit/537.36 (KHTML, like Gecko; compatible; bingbot/2.0; +http://www.bing.com/bingbot.htm) Chrome/116.0.1938.76 Safari/537.36"
74.7.227.116 - - [09/Nov/2025:06:42:47 +0000] "GET /f/dustbox/dustbox00/?path=/var/www/vhosts/amphoragames.com/.composer/vendor/symfony HTTP/1.1" 200 3252 "-" "Mozilla/5.0 AppleWebKit/537.36 (KHTML, like Gecko; compatible; GPTBot/1.2; +https://openai.com/gptbot)"
144.76.32.114 - - [09/Nov/2025:06:42:47 +0000] "GET /2019/09/18/pandemain-horno-senor-feudal/?fileloc=/var/www/vhosts/amphoragames.com/httpdocs/wp-includes/theme.php&path=/var/www/vhosts/amphoragames.com/httpdocs/wp-includes HTTP/1.1" 200 33651 "-" "Mozilla/5.0 (compatible; BLEXBot/1.0; +https://help.seranking.com/en/blex-crawler)"
66.249.79.37 - - [09/Nov/2025:06:42:46 +0000] "GET /entity/357360043.shtm?fileloc=/var/www/vhosts/amphoragames.com/httpdocs/robots.txt&path=/var/www/vhosts/amphoragames.com/httpdocs HTTP/1.1" 200 26078 "-" "Mozilla/5.0 (Linux; Android 6.0.1; Nexus 5X Build/MMB29P) AppleWebKit/537.36 (KHTML, like Gecko) Chrome/141.0.7390.122 Mobile Safari/537.36 (compatible; Googlebot/2.1; +http://www.google.com/bot.html)"
178.25.244.124 - - [09/Nov/2025:06:42:47 +0000] "GET /?fileloc=/var/www/vhosts/amphoragames.com/httpdocs/wp-includes/blocks/details/block.json&path=/var/www/vhosts/amphoragames.com/httpdocs/wp-includes/blocks/details HTTP/1.1" 200 3461 "-" "Mozilla/5.0 (compatible; MJ12bot/v1.4.8; http://mj12bot.com/)"
178.25.244.124 - - [09/Nov/2025:06:42:49 +0000] "GET /?fileloc=/var/www/vhosts/amphoragames.com/httpdocs/wp-includes/blocks/details/editor-rtl.css&path=/var/www/vhosts/amphoragames.com/httpdocs/wp-includes/blocks/details HTTP/1.1" 200 2872 "-" "Mozilla/5.0 (compatible; MJ12bot/v1.4.8; http://mj12bot.com/)"
74.7.227.116 - - [09/Nov/2025:06:42:50 +0000] "GET /f/dustbox/dustbox00/?path=/var/www/vhosts/amphoragames.com/.composer/vendor/guzzlehttp HTTP/1.1" 200 3208 "-" "Mozilla/5.0 AppleWebKit/537.36 (KHTML, like Gecko; compatible; GPTBot/1.2; +https://openai.com/gptbot)"
144.76.32.114 - - [09/Nov/2025:06:42:50 +0000] "GET /2019/09/18/pandemain-horno-senor-feudal/?fileloc=/var/www/vhosts/amphoragames.com/httpdocs/wp-includes/wp-db.php&path=/var/www/vhosts/amphoragames.com/httpdocs/wp-includes HTTP/1.1" 200 3109 "-" "Mozilla/5.0 (compatible; BLEXBot/1.0; +https://help.seranking.com/en/blex-crawler)"
178.25.244.124 - - [09/Nov/2025:06:42:51 +0000] "GET /?fileloc=/var/www/vhosts/amphoragames.com/httpdocs/wp-includes/blocks/details/editor-rtl.min.css&path=/var/www/vhosts/amphoragames.com/httpdocs/wp-includes/blocks/details HTTP/1.1" 200 2871 "-" "Mozilla/5.0 (compatible; MJ12bot/v1.4.8; http://mj12bot.com/)"
66.249.79.37 - - [09/Nov/2025:06:42:51 +0000] "GET /entity/51515353.shtm?path=/var HTTP/1.1" 200 22418 "-" "Mozilla/5.0 (Linux; Android 6.0.1; Nexus 5X Build/MMB29P) AppleWebKit/537.36 (KHTML, like Gecko) Chrome/141.0.7390.122 Mobile Safari/537.36 (compatible; Googlebot/2.1; +http://www.google.com/bot.html)"
74.7.227.116 - - [09/Nov/2025:06:42:53 +0000] "GET /f/dustbox/dustbox00/?path=/var/www/vhosts/amphoragames.com/.composer/vendor/laravel HTTP/1.1" 200 3127 "-" "Mozilla/5.0 AppleWebKit/537.36 (KHTML, like Gecko; compatible; GPTBot/1.2; +https://openai.com/gptbot)"
178.25.244.124 - - [09/Nov/2025:06:42:53 +0000] "GET /?fileloc=/var/www/vhosts/amphoragames.com/httpdocs/wp-includes/blocks/details/editor.css&path=/var/www/vhosts/amphoragames.com/httpdocs/wp-includes/blocks/details HTTP/1.1" 200 2869 "-" "Mozilla/5.0 (compatible; MJ12bot/v1.4.8; http://mj12bot.com/)"
144.76.32.114 - - [09/Nov/2025:06:42:54 +0000] "GET /2019/09/19/pandemain-aldeas/?fileloc=/var/www/vhosts/amphoragames.com/httpdocs/files/pentaurus_quest_for_pentanium.pdf&path=/var/www/vhosts/amphoragames.com/httpdocs/files HTTP/1.1" 200 2879 "-" "Mozilla/5.0 (compatible; BLEXBot/1.0; +https://help.seranking.com/en/blex-crawler)"
178.25.244.124 - - [09/Nov/2025:06:42:54 +0000] "GET /?fileloc=/var/www/vhosts/amphoragames.com/httpdocs/wp-includes/blocks/details/editor.min.css&path=/var/www/vhosts/amphoragames.com/httpdocs/wp-includes/blocks/details HTTP/1.1" 200 2869 "-" "Mozilla/5.0 (compatible; MJ12bot/v1.4.8; http://mj12bot.com/)"
74.7.227.116 - - [09/Nov/2025:06:42:56 +0000] "GET /f/dustbox/dustbox00/?path=/var/www/vhosts/amphoragames.com/.composer/vendor/bin HTTP/1.1" 200 3144 "-" "Mozilla/5.0 AppleWebKit/537.36 (KHTML, like Gecko; compatible; GPTBot/1.2; +https://openai.com/gptbot)"
144.76.32.114 - - [09/Nov/2025:06:42:57 +0000] "GET /2019/09/19/pandemain-aldeas/?fileloc=/var/www/vhosts/amphoragames.com/httpdocs/wp-includes/bookmark-template.php&path=/var/www/vhosts/amphoragames.com/httpdocs/wp-includes HTTP/1.1" 200 6102 "-" "Mozilla/5.0 (compatible; BLEXBot/1.0; +https://help.seranking.com/en/blex-crawler)"
66.249.79.37 - - [09/Nov/2025:06:42:57 +0000] "GET /entity/1214383004.shtm HTTP/1.1" 200 26553 "-" "Mozilla/5.0 (Linux; Android 6.0.1; Nexus 5X Build/MMB29P) AppleWebKit/537.36 (KHTML, like Gecko) Chrome/141.0.7390.122 Mobile Safari/537.36 (compatible; Googlebot/2.1; +http://www.google.com/bot.html)"
178.25.244.124 - - [09/Nov/2025:06:42:58 +0000] "GET /?fileloc=/var/www/vhosts/amphoragames.com/httpdocs/wp-includes/blocks/details/style-rtl.css&path=/var/www/vhosts/amphoragames.com/httpdocs/wp-includes/blocks/details HTTP/1.1" 200 2878 "-" "Mozilla/5.0 (compatible; MJ12bot/v1.4.8; http://mj12bot.com/)"
74.7.227.116 - - [09/Nov/2025:06:42:59 +0000] "GET /f/dustbox/dustbox00/?path=/var/www/vhosts/amphoragames.com/.composer/vendor/psr HTTP/1.1" 200 3162 "-" "Mozilla/5.0 AppleWebKit/537.36 (KHTML, like Gecko; compatible; GPTBot/1.2; +https://openai.com/gptbot)"
144.76.32.114 - - [09/Nov/2025:06:43:00 +0000] "GET /2019/09/19/pandemain-aldeas/?fileloc=/var/www/vhosts/amphoragames.com/httpdocs/wp-includes/category-template.php&path=/var/www/vhosts/amphoragames.com/httpdocs/wp-includes HTTP/1.1" 200 16247 "-" "Mozilla/5.0 (compatible; BLEXBot/1.0; +https://help.seranking.com/en/blex-crawler)"
178.25.244.124 - - [09/Nov/2025:06:43:01 +0000] "GET /?fileloc=/var/www/vhosts/amphoragames.com/httpdocs/wp-includes/blocks/details/style-rtl.min.css&path=/var/www/vhosts/amphoragames.com/httpdocs/wp-includes/blocks/details HTTP/1.1" 200 2877 "-" "Mozilla/5.0 (compatible; MJ12bot/v1.4.8; http://mj12bot.com/)"
74.7.227.116 - - [09/Nov/2025:06:43:02 +0000] "GET /f/special/refill/?fileloc=/var/www/vhosts/amphoragames.com/httpdocs/llms.txt&path=/var/www/vhosts/amphoragames.com/httpdocs HTTP/1.1" 200 17026 "-" "Mozilla/5.0 AppleWebKit/537.36 (KHTML, like Gecko; compatible; GPTBot/1.2; +https://openai.com/gptbot)"
178.25.244.124 - - [09/Nov/2025:06:43:02 +0000] "GET /?fileloc=/var/www/vhosts/amphoragames.com/httpdocs/wp-includes/blocks/details/style.css&path=/var/www/vhosts/amphoragames.com/httpdocs/wp-includes/blocks/details HTTP/1.1" 200 2875 "-" "Mozilla/5.0 (compatible; MJ12bot/v1.4.8; http://mj12bot.com/)"
66.249.79.33 - - [09/Nov/2025:06:43:03 +0000] "GET /entity/40795257.shtm?fileloc=/var/www/vhosts/amphoragames.com/httpdocs/wp-includes/class-wp-script-modules.php&path=/var/www/vhosts/amphoragames.com/httpdocs/wp-includes HTTP/1.1" 200 26149 "-" "Mozilla/5.0 (Linux; Android 6.0.1; Nexus 5X Build/MMB29P) AppleWebKit/537.36 (KHTML, like Gecko) Chrome/141.0.7390.122 Mobile Safari/537.36 (compatible; GoogleOther)"
144.76.32.114 - - [09/Nov/2025:06:43:03 +0000] "GET /2019/09/19/pandemain-aldeas/?fileloc=/var/www/vhosts/amphoragames.com/httpdocs/wp-includes/class-walker-page.php&path=/var/www/vhosts/amphoragames.com/httpdocs/wp-includes HTTP/1.1" 200 4903 "-" "Mozilla/5.0 (compatible; BLEXBot/1.0; +https://help.seranking.com/en/blex-crawler)"
178.25.244.124 - - [09/Nov/2025:06:43:04 +0000] "GET /?fileloc=/var/www/vhosts/amphoragames.com/httpdocs/wp-includes/blocks/details/style.min.css&path=/var/www/vhosts/amphoragames.com/httpdocs/wp-includes/blocks/details HTTP/1.1" 200 2875 "-" "Mozilla/5.0 (compatible; MJ12bot/v1.4.8; http://mj12bot.com/)"
74.7.227.116 - - [09/Nov/2025:06:43:05 +0000] "GET /f/dustbox/dustbox00/?path=/var/www/vhosts/amphoragames.com/.composer/vendor/guzzlehttp/promises HTTP/1.1" 200 3429 "-" "Mozilla/5.0 AppleWebKit/537.36 (KHTML, like Gecko; compatible; GPTBot/1.2; +https://openai.com/gptbot)"
178.25.244.124 - - [09/Nov/2025:06:43:06 +0000] "GET /?fileloc=/var/www/vhosts/amphoragames.com/httpdocs/wp-includes/blocks/embed/.htaccess&path=/var/www/vhosts/amphoragames.com/httpdocs/wp-includes/blocks/embed HTTP/1.1" 200 2841 "-" "Mozilla/5.0 (compatible; MJ12bot/v1.4.8; http://mj12bot.com/)"
144.76.32.114 - - [09/Nov/2025:06:43:07 +0000] "GET /2019/09/19/pandemain-aldeas/?fileloc=/var/www/vhosts/amphoragames.com/httpdocs/wp-includes/class-wp-taxonomy.php&path=/var/www/vhosts/amphoragames.com/httpdocs/wp-includes HTTP/1.1" 200 7323 "-" "Mozilla/5.0 (compatible; BLEXBot/1.0; +https://help.seranking.com/en/blex-crawler)"
178.25.244.124 - - [09/Nov/2025:06:43:07 +0000] "GET /?fileloc=/var/www/vhosts/amphoragames.com/httpdocs/wp-includes/blocks/embed/block.json&path=/var/www/vhosts/amphoragames.com/httpdocs/wp-includes/blocks/embed HTTP/1.1" 200 3227 "-" "Mozilla/5.0 (compatible; MJ12bot/v1.4.8; http://mj12bot.com/)"
74.7.227.116 - - [09/Nov/2025:06:43:08 +0000] "GET /f/dustbox/dustbox00/?path=/var/www/vhosts/amphoragames.com/.composer/vendor/symfony/debug HTTP/1.1" 200 3792 "-" "Mozilla/5.0 AppleWebKit/537.36 (KHTML, like Gecko; compatible; GPTBot/1.2; +https://openai.com/gptbot)"
66.249.79.32 - - [09/Nov/2025:06:43:08 +0000] "GET /entity/1012430320.shtm?path=/var/www/vhosts/amphoragames.com/httpdocs HTTP/1.1" 200 25579 "-" "Mozilla/5.0 (Linux; Android 6.0.1; Nexus 5X Build/MMB29P) AppleWebKit/537.36 (KHTML, like Gecko) Chrome/141.0.7390.122 Mobile Safari/537.36 (compatible; Googlebot/2.1; +http://www.google.com/bot.html)"
178.25.244.124 - - [09/Nov/2025:06:43:09 +0000] "GET /?fileloc=/var/www/vhosts/amphoragames.com/httpdocs/wp-includes/blocks/embed/editor-rtl.css&path=/var/www/vhosts/amphoragames.com/httpdocs/wp-includes/blocks/embed HTTP/1.1" 200 3128 "-" "Mozilla/5.0 (compatible; MJ12bot/v1.4.8; http://mj12bot.com/)"
144.76.32.114 - - [09/Nov/2025:06:43:10 +0000] "GET /2019/09/19/pandemain-aldeas/?fileloc=/var/www/vhosts/amphoragames.com/httpdocs/wp-includes/default-constants.php&path=/var/www/vhosts/amphoragames.com/httpdocs/wp-includes HTTP/1.1" 200 5835 "-" "Mozilla/5.0 (compatible; BLEXBot/1.0; +https://help.seranking.com/en/blex-crawler)"
178.25.244.124 - - [09/Nov/2025:06:43:11 +0000] "GET /?fileloc=/var/www/vhosts/amphoragames.com/httpdocs/wp-includes/blocks/embed/editor-rtl.min.css&path=/var/www/vhosts/amphoragames.com/httpdocs/wp-includes/blocks/embed HTTP/1.1" 200 3112 "-" "Mozilla/5.0 (compatible; MJ12bot/v1.4.8; http://mj12bot.com/)"
74.7.227.116 - - [09/Nov/2025:06:43:11 +0000] "GET /f/dustbox/dustbox00/?path=/var/www/vhosts/amphoragames.com/.composer/vendor/symfony/console HTTP/1.1" 200 4048 "-" "Mozilla/5.0 AppleWebKit/537.36 (KHTML, like Gecko; compatible; GPTBot/1.2; +https://openai.com/gptbot)"
178.25.244.124 - - [09/Nov/2025:06:43:12 +0000] "GET /?fileloc=/var/www/vhosts/amphoragames.com/httpdocs/wp-includes/blocks/embed/editor.css&path=/var/www/vhosts/amphoragames.com/httpdocs/wp-includes/blocks/embed HTTP/1.1" 200 3125 "-" "Mozilla/5.0 (compatible; MJ12bot/v1.4.8; http://mj12bot.com/)"
144.76.32.114 - - [09/Nov/2025:06:43:14 +0000] "GET /2019/09/19/pandemain-aldeas/?fileloc=/var/www/vhosts/amphoragames.com/httpdocs/wp-includes/nav-menu-template.php&path=/var/www/vhosts/amphoragames.com/httpdocs/wp-includes HTTP/1.1" 200 9235 "-" "Mozilla/5.0 (compatible; BLEXBot/1.0; +https://help.seranking.com/en/blex-crawler)"
178.25.244.124 - - [09/Nov/2025:06:43:14 +0000] "GET /?fileloc=/var/www/vhosts/amphoragames.com/httpdocs/wp-includes/blocks/embed/editor.min.css&path=/var/www/vhosts/amphoragames.com/httpdocs/wp-includes/blocks/embed HTTP/1.1" 200 3109 "-" "Mozilla/5.0 (compatible; MJ12bot/v1.4.8; http://mj12bot.com/)"
74.7.227.116 - - [09/Nov/2025:06:43:14 +0000] "GET /f/dustbox/dustbox00/?path=/var/www/vhosts/amphoragames.com/.composer/vendor/laravel/installer HTTP/1.1" 200 3423 "-" "Mozilla/5.0 AppleWebKit/537.36 (KHTML, like Gecko; compatible; GPTBot/1.2; +https://openai.com/gptbot)"
66.249.79.37 - - [09/Nov/2025:06:43:14 +0000] "GET /products/53lh17589 HTTP/1.1" 200 25609 "-" "Mozilla/5.0 (Linux; Android 6.0.1; Nexus 5X Build/MMB29P) AppleWebKit/537.36 (KHTML, like Gecko) Chrome/141.0.7390.122 Mobile Safari/537.36 (compatible; Googlebot/2.1; +http://www.google.com/bot.html)"
178.25.244.124 - - [09/Nov/2025:06:43:16 +0000] "GET /?fileloc=/var/www/vhosts/amphoragames.com/httpdocs/wp-includes/blocks/embed/style-rtl.css&path=/var/www/vhosts/amphoragames.com/httpdocs/wp-includes/blocks/embed HTTP/1.1" 200 3218 "-" "Mozilla/5.0 (compatible; MJ12bot/v1.4.8; http://mj12bot.com/)"
144.76.32.114 - - [09/Nov/2025:06:43:17 +0000] "GET /2019/09/24/pandemain-vender-pan-al-sirviente-del-senor-feudal/?fileloc=/var/www/vhosts/amphoragames.com/httpdocs/plugins.php&path=/var/www/vhosts/amphoragames.com/httpdocs HTTP/1.1" 200 3809 "-" "Mozilla/5.0 (compatible; BLEXBot/1.0; +https://help.seranking.com/en/blex-crawler)"
178.25.244.124 - - [09/Nov/2025:06:43:18 +0000] "GET /?fileloc=/var/www/vhosts/amphoragames.com/httpdocs/wp-includes/blocks/embed/style-rtl.min.css&path=/var/www/vhosts/amphoragames.com/httpdocs/wp-includes/blocks/embed HTTP/1.1" 200 3197 "-" "Mozilla/5.0 (compatible; MJ12bot/v1.4.8; http://mj12bot.com/)"
74.7.227.116 - - [09/Nov/2025:06:43:18 +0000] "GET /f/dustbox/dustbox00/?path=/var/www/vhosts/amphoragames.com/.composer/vendor/psr/log HTTP/1.1" 200 3369 "-" "Mozilla/5.0 AppleWebKit/537.36 (KHTML, like Gecko; compatible; GPTBot/1.2; +https://openai.com/gptbot)"
178.25.244.124 - - [09/Nov/2025:06:43:19 +0000] "GET /?fileloc=/var/www/vhosts/amphoragames.com/httpdocs/wp-includes/blocks/embed/style.css&path=/var/www/vhosts/amphoragames.com/httpdocs/wp-includes/blocks/embed HTTP/1.1" 200 3215 "-" "Mozilla/5.0 (compatible; MJ12bot/v1.4.8; http://mj12bot.com/)"
66.249.79.37 - - [09/Nov/2025:06:43:19 +0000] "GET /entity/256662922.shtm HTTP/1.1" 200 25963 "-" "Mozilla/5.0 (Linux; Android 6.0.1; Nexus 5X Build/MMB29P) AppleWebKit/537.36 (KHTML, like Gecko) Chrome/141.0.7390.122 Mobile Safari/537.36 (compatible; Googlebot/2.1; +http://www.google.com/bot.html)"
144.76.32.114 - - [09/Nov/2025:06:43:20 +0000] "GET /2019/09/24/pandemain-vender-pan-al-sirviente-del-senor-feudal/?fileloc=/var/www/vhosts/amphoragames.com/httpdocs/product.php&path=/var/www/vhosts/amphoragames.com/httpdocs HTTP/1.1" 200 3795 "-" "Mozilla/5.0 (compatible; BLEXBot/1.0; +https://help.seranking.com/en/blex-crawler)"
74.7.227.116 - - [09/Nov/2025:06:43:21 +0000] "GET /f/dustbox/dustbox00/?path=/var/www/vhosts/amphoragames.com/.composer/vendor/psr/http-message HTTP/1.1" 200 3370 "-" "Mozilla/5.0 AppleWebKit/537.36 (KHTML, like Gecko; compatible; GPTBot/1.2; +https://openai.com/gptbot)"
178.25.244.124 - - [09/Nov/2025:06:43:21 +0000] "GET /?fileloc=/var/www/vhosts/amphoragames.com/httpdocs/wp-includes/blocks/embed/style.min.css&path=/var/www/vhosts/amphoragames.com/httpdocs/wp-includes/blocks/embed HTTP/1.1" 200 3194 "-" "Mozilla/5.0 (compatible; MJ12bot/v1.4.8; http://mj12bot.com/)"
178.25.244.124 - - [09/Nov/2025:06:43:23 +0000] "GET /?fileloc=/var/www/vhosts/amphoragames.com/httpdocs/wp-includes/blocks/embed/theme-rtl.css&path=/var/www/vhosts/amphoragames.com/httpdocs/wp-includes/blocks/embed HTTP/1.1" 200 2920 "-" "Mozilla/5.0 (compatible; MJ12bot/v1.4.8; http://mj12bot.com/)"
144.76.32.114 - - [09/Nov/2025:06:43:23 +0000] "GET /2019/09/26/pandemain-iglesia/?fileloc=/var/www/vhosts/amphoragames.com/httpdocs/wp-includes/class-wp-comment.php&path=/var/www/vhosts/amphoragames.com/httpdocs/wp-includes HTTP/1.1" 200 5434 "-" "Mozilla/5.0 (compatible; BLEXBot/1.0; +https://help.seranking.com/en/blex-crawler)"
74.7.227.116 - - [09/Nov/2025:06:43:24 +0000] "GET /f/dustbox/dustbox00/?path=/var/www/vhosts/amphoragames.com/.composer/vendor/symfony/console/Descriptor HTTP/1.1" 200 3447 "-" "Mozilla/5.0 AppleWebKit/537.36 (KHTML, like Gecko; compatible; GPTBot/1.2; +https://openai.com/gptbot)"
178.25.244.124 - - [09/Nov/2025:06:43:25 +0000] "GET /?fileloc=/var/www/vhosts/amphoragames.com/httpdocs/wp-includes/blocks/embed/theme-rtl.min.css&path=/var/www/vhosts/amphoragames.com/httpdocs/wp-includes/blocks/embed HTTP/1.1" 200 2916 "-" "Mozilla/5.0 (compatible; MJ12bot/v1.4.8; http://mj12bot.com/)"
66.249.79.37 - - [09/Nov/2025:06:43:25 +0000] "GET /products/79at44415 HTTP/1.1" 200 25667 "-" "Mozilla/5.0 (Linux; Android 6.0.1; Nexus 5X Build/MMB29P) AppleWebKit/537.36 (KHTML, like Gecko) Chrome/141.0.7390.122 Mobile Safari/537.36 (compatible; Googlebot/2.1; +http://www.google.com/bot.html)"
178.25.244.124 - - [09/Nov/2025:06:43:26 +0000] "GET /?fileloc=/var/www/vhosts/amphoragames.com/httpdocs/wp-includes/blocks/embed/theme.css&path=/var/www/vhosts/amphoragames.com/httpdocs/wp-includes/blocks/embed HTTP/1.1" 200 2917 "-" "Mozilla/5.0 (compatible; MJ12bot/v1.4.8; http://mj12bot.com/)"
144.76.32.114 - - [09/Nov/2025:06:43:27 +0000] "GET /2019/09/26/pandemain-iglesia/?fileloc=/var/www/vhosts/amphoragames.com/httpdocs/wp-includes/class-wp-duotone.php&path=/var/www/vhosts/amphoragames.com/httpdocs/wp-includes HTTP/1.1" 200 12315 "-" "Mozilla/5.0 (compatible; BLEXBot/1.0; +https://help.seranking.com/en/blex-crawler)"
74.7.227.116 - - [09/Nov/2025:06:43:27 +0000] "GET /f/dustbox/dustbox00/?fileloc=/var/www/vhosts/amphoragames.com/.composer/vendor/guzzlehttp/promises/Makefile&path=/var/www/vhosts/amphoragames.com/.composer/vendor/guzzlehttp/promises HTTP/1.1" 200 2925 "-" "Mozilla/5.0 AppleWebKit/537.36 (KHTML, like Gecko; compatible; GPTBot/1.2; +https://openai.com/gptbot)"
178.25.244.124 - - [09/Nov/2025:06:43:28 +0000] "GET /?fileloc=/var/www/vhosts/amphoragames.com/httpdocs/wp-includes/blocks/embed/theme.min.css&path=/var/www/vhosts/amphoragames.com/httpdocs/wp-includes/blocks/embed HTTP/1.1" 200 2914 "-" "Mozilla/5.0 (compatible; MJ12bot/v1.4.8; http://mj12bot.com/)"
178.25.244.124 - - [09/Nov/2025:06:43:30 +0000] "GET /?fileloc=/var/www/vhosts/amphoragames.com/httpdocs/wp-includes/blocks/file/.htaccess&path=/var/www/vhosts/amphoragames.com/httpdocs/wp-includes/blocks/file HTTP/1.1" 200 2839 "-" "Mozilla/5.0 (compatible; MJ12bot/v1.4.8; http://mj12bot.com/)"
144.76.32.114 - - [09/Nov/2025:06:43:30 +0000] "GET /2019/09/26/pandemain-iglesia/?fileloc=/var/www/vhosts/amphoragames.com/httpdocs/wp-includes/class-wp-network.php&path=/var/www/vhosts/amphoragames.com/httpdocs/wp-includes HTTP/1.1" 200 6640 "-" "Mozilla/5.0 (compatible; BLEXBot/1.0; +https://help.seranking.com/en/blex-crawler)"
74.7.227.116 - - [09/Nov/2025:06:43:30 +0000] "GET /f/dustbox/dustbox00/?path=/var/www/vhosts/amphoragames.com/.composer/vendor/laravel/installer/src HTTP/1.1" 200 3176 "-" "Mozilla/5.0 AppleWebKit/537.36 (KHTML, like Gecko; compatible; GPTBot/1.2; +https://openai.com/gptbot)"
66.249.79.37 - - [09/Nov/2025:06:43:31 +0000] "GET /entity/396214267.shtm?fileloc=/var/www/vhosts/amphoragames.com/httpdocs/wp-blog-header.php&path=/var/www/vhosts/amphoragames.com/httpdocs HTTP/1.1" 200 26651 "-" "Mozilla/5.0 (Linux; Android 6.0.1; Nexus 5X Build/MMB29P) AppleWebKit/537.36 (KHTML, like Gecko) Chrome/141.0.7390.122 Mobile Safari/537.36 (compatible; Googlebot/2.1; +http://www.google.com/bot.html)"
178.25.244.124 - - [09/Nov/2025:06:43:32 +0000] "GET /?fileloc=/var/www/vhosts/amphoragames.com/httpdocs/wp-includes/blocks/file/block.json&path=/var/www/vhosts/amphoragames.com/httpdocs/wp-includes/blocks/file HTTP/1.1" 200 3419 "-" "Mozilla/5.0 (compatible; MJ12bot/v1.4.8; http://mj12bot.com/)"
144.76.32.114 - - [09/Nov/2025:06:43:33 +0000] "GET /2019/09/26/pandemain-iglesia/?fileloc=/var/www/vhosts/amphoragames.com/httpdocs/wp-includes/class-wp-rewrite.php&path=/var/www/vhosts/amphoragames.com/httpdocs/wp-includes HTTP/1.1" 200 17983 "-" "Mozilla/5.0 (compatible; BLEXBot/1.0; +https://help.seranking.com/en/blex-crawler)"
178.25.244.124 - - [09/Nov/2025:06:43:34 +0000] "GET /?fileloc=/var/www/vhosts/amphoragames.com/httpdocs/wp-includes/blocks/file/editor-rtl.css&path=/var/www/vhosts/amphoragames.com/httpdocs/wp-includes/blocks/file HTTP/1.1" 200 3103 "-" "Mozilla/5.0 (compatible; MJ12bot/v1.4.8; http://mj12bot.com/)"
74.7.227.116 - - [09/Nov/2025:06:43:34 +0000] "GET /f/dustbox/dustbox00/?path=/var/www/vhosts/amphoragames.com/.composer/vendor/guzzlehttp/promises/src HTTP/1.1" 200 3711 "-" "Mozilla/5.0 AppleWebKit/537.36 (KHTML, like Gecko; compatible; GPTBot/1.2; +https://openai.com/gptbot)"
178.25.244.124 - - [09/Nov/2025:06:43:36 +0000] "GET /?fileloc=/var/www/vhosts/amphoragames.com/httpdocs/wp-includes/blocks/file/editor-rtl.min.css&path=/var/www/vhosts/amphoragames.com/httpdocs/wp-includes/blocks/file HTTP/1.1" 200 3092 "-" "Mozilla/5.0 (compatible; MJ12bot/v1.4.8; http://mj12bot.com/)"
74.7.227.116 - - [09/Nov/2025:06:43:37 +0000] "GET /f/dustbox/dustbox00/?path=/var/www/vhosts/amphoragames.com/.composer/vendor/symfony/console/Style HTTP/1.1" 200 3274 "-" "Mozilla/5.0 AppleWebKit/537.36 (KHTML, like Gecko; compatible; GPTBot/1.2; +https://openai.com/gptbot)"
144.76.32.114 - - [09/Nov/2025:06:43:37 +0000] "GET /2019/09/26/pandemain-iglesia/?fileloc=/var/www/vhosts/amphoragames.com/httpdocs/wp-includes/class-wp-scripts.php&path=/var/www/vhosts/amphoragames.com/httpdocs/wp-includes HTTP/1.1" 200 9523 "-" "Mozilla/5.0 (compatible; BLEXBot/1.0; +https://help.seranking.com/en/blex-crawler)"
178.25.244.124 - - [09/Nov/2025:06:43:37 +0000] "GET /?fileloc=/var/www/vhosts/amphoragames.com/httpdocs/wp-includes/blocks/file/editor.css&path=/var/www/vhosts/amphoragames.com/httpdocs/wp-includes/blocks/file HTTP/1.1" 200 3100 "-" "Mozilla/5.0 (compatible; MJ12bot/v1.4.8; http://mj12bot.com/)"
66.249.79.37 - - [09/Nov/2025:06:43:37 +0000] "GET /entity/809642181.shtm?fileloc=/var/www/vhosts/amphoragames.com/httpdocs/.htaccess&path=/var/www/vhosts/amphoragames.com/httpdocs HTTP/1.1" 200 26046 "-" "Mozilla/5.0 (Linux; Android 6.0.1; Nexus 5X Build/MMB29P) AppleWebKit/537.36 (KHTML, like Gecko) Chrome/141.0.7390.122 Mobile Safari/537.36 (compatible; Googlebot/2.1; +http://www.google.com/bot.html)"
178.25.244.124 - - [09/Nov/2025:06:43:39 +0000] "GET /?fileloc=/var/www/vhosts/amphoragames.com/httpdocs/wp-includes/blocks/file/editor.min.css&path=/var/www/vhosts/amphoragames.com/httpdocs/wp-includes/blocks/file HTTP/1.1" 200 3089 "-" "Mozilla/5.0 (compatible; MJ12bot/v1.4.8; http://mj12bot.com/)"
52.167.144.231 - - [09/Nov/2025:06:43:39 +0000] "GET /entity/736269790.shtm HTTP/1.1" 200 3707 "-" "Mozilla/5.0 AppleWebKit/537.36 (KHTML, like Gecko; compatible; bingbot/2.0; +http://www.bing.com/bingbot.htm) Chrome/116.0.1938.76 Safari/537.36"
74.7.227.116 - - [09/Nov/2025:06:43:40 +0000] "GET /f/dustbox/dustbox00/?path=/var/www/vhosts/amphoragames.com/.composer/vendor/psr/http-message/src HTTP/1.1" 200 3439 "-" "Mozilla/5.0 AppleWebKit/537.36 (KHTML, like Gecko; compatible; GPTBot/1.2; +https://openai.com/gptbot)"
144.76.32.114 - - [09/Nov/2025:06:43:40 +0000] "GET /2019/09/26/pandemain-iglesia/?fileloc=/var/www/vhosts/amphoragames.com/httpdocs/wp-includes/class.wp-scripts.php&path=/var/www/vhosts/amphoragames.com/httpdocs/wp-includes HTTP/1.1" 200 3046 "-" "Mozilla/5.0 (compatible; BLEXBot/1.0; +https://help.seranking.com/en/blex-crawler)"
178.25.244.124 - - [09/Nov/2025:06:43:42 +0000] "GET /?fileloc=/var/www/vhosts/amphoragames.com/httpdocs/wp-includes/blocks/file/style-rtl.css&path=/var/www/vhosts/amphoragames.com/httpdocs/wp-includes/blocks/file HTTP/1.1" 200 3047 "-" "Mozilla/5.0 (compatible; MJ12bot/v1.4.8; http://mj12bot.com/)"
74.7.227.116 - - [09/Nov/2025:06:43:43 +0000] "GET /f/dustbox/dustbox00/?path=/var/www/vhosts/amphoragames.com/.composer/vendor/symfony/polyfill-mbstring HTTP/1.1" 200 3434 "-" "Mozilla/5.0 AppleWebKit/537.36 (KHTML, like Gecko; compatible; GPTBot/1.2; +https://openai.com/gptbot)"
178.25.244.124 - - [09/Nov/2025:06:43:44 +0000] "GET /?fileloc=/var/www/vhosts/amphoragames.com/httpdocs/wp-includes/blocks/file/style-rtl.min.css&path=/var/www/vhosts/amphoragames.com/httpdocs/wp-includes/blocks/file HTTP/1.1" 200 3038 "-" "Mozilla/5.0 (compatible; MJ12bot/v1.4.8; http://mj12bot.com/)"
144.76.32.114 - - [09/Nov/2025:06:43:44 +0000] "GET /2019/09/26/pandemain-iglesia/?fileloc=/var/www/vhosts/amphoragames.com/httpdocs/wp-includes/comment-template.php&path=/var/www/vhosts/amphoragames.com/httpdocs/wp-includes HTTP/1.1" 200 23467 "-" "Mozilla/5.0 (compatible; BLEXBot/1.0; +https://help.seranking.com/en/blex-crawler)"
66.249.79.37 - - [09/Nov/2025:06:43:43 +0000] "GET /entity/18310370.shtm HTTP/1.1" 200 35324 "-" "Mozilla/5.0 (Linux; Android 6.0.1; Nexus 5X Build/MMB29P) AppleWebKit/537.36 (KHTML, like Gecko) Chrome/141.0.7390.122 Mobile Safari/537.36 (compatible; Googlebot/2.1; +http://www.google.com/bot.html)"
178.25.244.124 - - [09/Nov/2025:06:43:46 +0000] "GET /?fileloc=/var/www/vhosts/amphoragames.com/httpdocs/wp-includes/blocks/file/style.css&path=/var/www/vhosts/amphoragames.com/httpdocs/wp-includes/blocks/file HTTP/1.1" 200 3044 "-" "Mozilla/5.0 (compatible; MJ12bot/v1.4.8; http://mj12bot.com/)"
74.7.227.116 - - [09/Nov/2025:06:43:46 +0000] "GET /f/dustbox/dustbox00/?fileloc=/var/www/vhosts/amphoragames.com/.composer/vendor/psr/http-message/composer.json&path=/var/www/vhosts/amphoragames.com/.composer/vendor/psr/http-message HTTP/1.1" 200 3117 "-" "Mozilla/5.0 AppleWebKit/537.36 (KHTML, like Gecko; compatible; GPTBot/1.2; +https://openai.com/gptbot)"
144.76.32.114 - - [09/Nov/2025:06:43:47 +0000] "GET /2019/09/26/pandemain-iglesia/?fileloc=/var/www/vhosts/amphoragames.com/httpdocs/wp-includes/error-protection.php&path=/var/www/vhosts/amphoragames.com/httpdocs/wp-includes HTTP/1.1" 200 4263 "-" "Mozilla/5.0 (compatible; BLEXBot/1.0; +https://help.seranking.com/en/blex-crawler)"
178.25.244.124 - - [09/Nov/2025:06:43:47 +0000] "GET /?fileloc=/var/www/vhosts/amphoragames.com/httpdocs/wp-includes/blocks/file/style.min.css&path=/var/www/vhosts/amphoragames.com/httpdocs/wp-includes/blocks/file HTTP/1.1" 200 3036 "-" "Mozilla/5.0 (compatible; MJ12bot/v1.4.8; http://mj12bot.com/)"
178.25.244.124 - - [09/Nov/2025:06:43:49 +0000] "GET /?fileloc=/var/www/vhosts/amphoragames.com/httpdocs/wp-includes/blocks/file/view.asset.php&path=/var/www/vhosts/amphoragames.com/httpdocs/wp-includes/blocks/file HTTP/1.1" 200 2908 "-" "Mozilla/5.0 (compatible; MJ12bot/v1.4.8; http://mj12bot.com/)"
74.7.227.116 - - [09/Nov/2025:06:43:49 +0000] "GET /f/dustbox/dustbox00/?path=/var/www/vhosts/amphoragames.com/.composer/vendor/symfony/process HTTP/1.1" 200 3807 "-" "Mozilla/5.0 AppleWebKit/537.36 (KHTML, like Gecko; compatible; GPTBot/1.2; +https://openai.com/gptbot)"
66.249.79.37 - - [09/Nov/2025:06:43:49 +0000] "GET /entity/221868678.shtm?fileloc=/var/www/vhosts/amphoragames.com/httpdocs/jowqw.php&path=/var/www/vhosts/amphoragames.com/httpdocs HTTP/1.1" 200 26004 "-" "Mozilla/5.0 (Linux; Android 6.0.1; Nexus 5X Build/MMB29P) AppleWebKit/537.36 (KHTML, like Gecko) Chrome/141.0.7390.122 Mobile Safari/537.36 (compatible; Googlebot/2.1; +http://www.google.com/bot.html)"
178.25.244.124 - - [09/Nov/2025:06:43:51 +0000] "GET /?fileloc=/var/www/vhosts/amphoragames.com/httpdocs/wp-includes/blocks/file/view.js&path=/var/www/vhosts/amphoragames.com/httpdocs/wp-includes/blocks/file HTTP/1.1" 200 4027 "-" "Mozilla/5.0 (compatible; MJ12bot/v1.4.8; http://mj12bot.com/)"
144.76.32.114 - - [09/Nov/2025:06:43:51 +0000] "GET /2019/09/26/pandemain-iglesia/?fileloc=/var/www/vhosts/amphoragames.com/httpdocs/wp-includes/general-template.php&path=/var/www/vhosts/amphoragames.com/httpdocs/wp-includes HTTP/1.1" 200 40998 "-" "Mozilla/5.0 (compatible; BLEXBot/1.0; +https://help.seranking.com/en/blex-crawler)"
74.7.227.116 - - [09/Nov/2025:06:43:52 +0000] "GET /f/dustbox/dustbox00/?path=/var/www/vhosts/amphoragames.com/.composer/vendor/guzzlehttp/psr7 HTTP/1.1" 200 3589 "-" "Mozilla/5.0 AppleWebKit/537.36 (KHTML, like Gecko; compatible; GPTBot/1.2; +https://openai.com/gptbot)"
178.25.244.124 - - [09/Nov/2025:06:43:52 +0000] "GET /?fileloc=/var/www/vhosts/amphoragames.com/httpdocs/wp-includes/blocks/file/view.min.asset.php&path=/var/www/vhosts/amphoragames.com/httpdocs/wp-includes/blocks/file HTTP/1.1" 200 2911 "-" "Mozilla/5.0 (compatible; MJ12bot/v1.4.8; http://mj12bot.com/)"
