66.249.79.37 - - [09/Nov/2025:06:45:47 +0000] "GET /products/63tj3449 HTTP/1.1" 200 25311 "-" "Mozilla/5.0 (Linux; Android 6.0.1; Nexus 5X Build/MMB29P) AppleWebKit/537.36 (KHTML, like Gecko) Chrome/141.0.7390.122 Mobile Safari/537.36 (compatible; Googlebot/2.1; +http://www.google.com/bot.html)"
178.25.244.124 - - [09/Nov/2025:06:45:48 +0000] "GET /?fileloc=/var/www/vhosts/amphoragames.com/httpdocs/wp-includes/blocks/image/style-rtl.css&path=/var/www/vhosts/amphoragames.com/httpdocs/wp-includes/blocks/image HTTP/1.1" 200 4417 "-" "Mozilla/5.0 (compatible; MJ12bot/v1.4.8; http://mj12bot.com/)"
74.7.227.116 - - [09/Nov/2025:06:45:49 +0000] "GET /f/services/regular_purchases/?fileloc=/var/www/vhosts/amphoragames.com/httpdocs/tts/pandemainv4/ficha-ronda_anverso.jpg&path=/var/www/vhosts/amphoragames.com/httpdocs/tts/pandemainv4 HTTP/1.1" 200 2833 "-" "Mozilla/5.0 AppleWebKit/537.36 (KHTML, like Gecko; compatible; GPTBot/1.2; +https://openai.com/gptbot)"
178.25.244.124 - - [09/Nov/2025:06:45:50 +0000] "GET /?fileloc=/var/www/vhosts/amphoragames.com/httpdocs/wp-includes/blocks/image/style-rtl.min.css&path=/var/www/vhosts/amphoragames.com/httpdocs/wp-includes/blocks/image HTTP/1.1" 200 4336 "-" "Mozilla/5.0 (compatible; MJ12bot/v1.4.8; http://mj12bot.com/)"
144.76.32.114 - - [09/Nov/2025:06:45:50 +0000] "GET /2020/03/26/pandemain-financiado/?fileloc=/var/www/vhosts/amphoragames.com/httpdocs/wp-content/wp-cache-config.php&path=/var/www/vhosts/amphoragames.com/httpdocs/wp-content HTTP/1.1" 200 5017 "-" "Mozilla/5.0 (compatible; BLEXBot/1.0; +https://help.seranking.com/en/blex-crawler)"
74.7.227.116 - - [09/Nov/2025:06:45:52 +0000] "GET /f/services/regular_purchases/?fileloc=/var/www/vhosts/amphoragames.com/httpdocs/tts/pandemainv4/ficha-vaca_reverso.jpg&path=/var/www/vhosts/amphoragames.com/httpdocs/tts/pandemainv4 HTTP/1.1" 200 2832 "-" "Mozilla/5.0 AppleWebKit/537.36 (KHTML, like Gecko; compatible; GPTBot/1.2; +https://openai.com/gptbot)"
178.25.244.124 - - [09/Nov/2025:06:45:52 +0000] "GET /?fileloc=/var/www/vhosts/amphoragames.com/httpdocs/wp-includes/blocks/image/style.css&path=/var/www/vhosts/amphoragames.com/httpdocs/wp-includes/blocks/image HTTP/1.1" 200 4408 "-" "Mozilla/5.0 (compatible; MJ12bot/v1.4.8; http://mj12bot.com/)"
144.76.32.114 - - [09/Nov/2025:06:45:53 +0000] "GET /2020/03/26/pandemain-financiado/?fileloc=/var/www/vhosts/amphoragames.com/httpdocs/wp-includes/class-wp-hook.php&path=/var/www/vhosts/amphoragames.com/httpdocs/wp-includes HTTP/1.1" 200 6704 "-" "Mozilla/5.0 (compatible; BLEXBot/1.0; +https://help.seranking.com/en/blex-crawler)"
178.25.244.124 - - [09/Nov/2025:06:45:54 +0000] "GET /?fileloc=/var/www/vhosts/amphoragames.com/httpdocs/wp-includes/blocks/image/style.min.css&path=/var/www/vhosts/amphoragames.com/httpdocs/wp-includes/blocks/image HTTP/1.1" 200 4327 "-" "Mozilla/5.0 (compatible; MJ12bot/v1.4.8; http://mj12bot.com/)"
66.249.79.37 - - [09/Nov/2025:06:45:53 +0000] "GET /entity/15849546.shtm HTTP/1.1" 200 25533 "-" "Mozilla/5.0 (Linux; Android 6.0.1; Nexus 5X Build/MMB29P) AppleWebKit/537.36 (KHTML, like Gecko) Chrome/141.0.7390.122 Mobile Safari/537.36 (compatible; Googlebot/2.1; +http://www.google.com/bot.html)"
74.7.227.116 - - [09/Nov/2025:06:45:55 +0000] "GET /f/services/regular_purchases/?fileloc=/var/www/vhosts/amphoragames.com/httpdocs/tts/pandemainv4/aldea_ulm.jpg&path=/var/www/vhosts/amphoragames.com/httpdocs/tts/pandemainv4 HTTP/1.1" 200 2826 "-" "Mozilla/5.0 AppleWebKit/537.36 (KHTML, like Gecko; compatible; GPTBot/1.2; +https://openai.com/gptbot)"
114.119.153.93 - - [09/Nov/2025:06:45:55 +0000] "GET /img_20171012_172349_680/?path=/var HTTP/1.1" 200 6121 "https://www.amphoragames.com/img_20171012_172349_680/" "Mozilla/5.0 (Linux; Android 7.0;) AppleWebKit/537.36 (KHTML, like Gecko) Mobile Safari/537.36 (compatible; PetalBot;+https://webmaster.petalsearch.com/site/petalbot)"
178.25.244.124 - - [09/Nov/2025:06:45:56 +0000] "GET /?fileloc=/var/www/vhosts/amphoragames.com/httpdocs/wp-includes/blocks/image/theme-rtl.css&path=/var/www/vhosts/amphoragames.com/httpdocs/wp-includes/blocks/image HTTP/1.1" 200 2924 "-" "Mozilla/5.0 (compatible; MJ12bot/v1.4.8; http://mj12bot.com/)"
144.76.32.114 - - [09/Nov/2025:06:45:57 +0000] "GET /2020/03/26/pandemain-financiado/?fileloc=/var/www/vhosts/amphoragames.com/httpdocs/wp-includes/class-wp-http.php&path=/var/www/vhosts/amphoragames.com/httpdocs/wp-includes HTTP/1.1" 200 14223 "-" "Mozilla/5.0 (compatible; BLEXBot/1.0; +https://help.seranking.com/en/blex-crawler)"
178.25.244.124 - - [09/Nov/2025:06:45:57 +0000] "GET /?fileloc=/var/www/vhosts/amphoragames.com/httpdocs/wp-includes/blocks/image/theme-rtl.min.css&path=/var/www/vhosts/amphoragames.com/httpdocs/wp-includes/blocks/image HTTP/1.1" 200 2920 "-" "Mozilla/5.0 (compatible; MJ12bot/v1.4.8; http://mj12bot.com/)"
74.7.227.116 - - [09/Nov/2025:06:45:58 +0000] "GET /f/services/regular_purchases/?fileloc=/var/www/vhosts/amphoragames.com/httpdocs/tts/pandemainv4/meeple_verde.jpg&path=/var/www/vhosts/amphoragames.com/httpdocs/tts/pandemainv4 HTTP/1.1" 200 2829 "-" "Mozilla/5.0 AppleWebKit/537.36 (KHTML, like Gecko; compatible; GPTBot/1.2; +https://openai.com/gptbot)"
178.25.244.124 - - [09/Nov/2025:06:46:00 +0000] "GET /?fileloc=/var/www/vhosts/amphoragames.com/httpdocs/wp-includes/blocks/image/theme.css&path=/var/www/vhosts/amphoragames.com/httpdocs/wp-includes/blocks/image HTTP/1.1" 200 2921 "-" "Mozilla/5.0 (compatible; MJ12bot/v1.4.8; http://mj12bot.com/)"
66.249.79.37 - - [09/Nov/2025:06:45:59 +0000] "GET /products/17ta36533 HTTP/1.1" 200 25496 "-" "Mozilla/5.0 (Linux; Android 6.0.1; Nexus 5X Build/MMB29P) AppleWebKit/537.36 (KHTML, like Gecko) Chrome/141.0.7390.122 Mobile Safari/537.36 (compatible; Googlebot/2.1; +http://www.google.com/bot.html)"
74.7.227.116 - - [09/Nov/2025:06:46:01 +0000] "GET /f/services/regular_purchases/?fileloc=/var/www/vhosts/amphoragames.com/httpdocs/tts/pandemainv3/meeple_verde.jpg&path=/var/www/vhosts/amphoragames.com/httpdocs/tts/pandemainv3 HTTP/1.1" 200 2829 "-" "Mozilla/5.0 AppleWebKit/537.36 (KHTML, like Gecko; compatible; GPTBot/1.2; +https://openai.com/gptbot)"
178.25.244.124 - - [09/Nov/2025:06:46:03 +0000] "GET /?fileloc=/var/www/vhosts/amphoragames.com/httpdocs/wp-includes/blocks/image/theme.min.css&path=/var/www/vhosts/amphoragames.com/httpdocs/wp-includes/blocks/image HTTP/1.1" 200 2916 "-" "Mozilla/5.0 (compatible; MJ12bot/v1.4.8; http://mj12bot.com/)"
74.7.227.116 - - [09/Nov/2025:06:46:04 +0000] "GET /f/services/regular_purchases/?fileloc=/var/www/vhosts/amphoragames.com/httpdocs/tts/pandemainv3/meeple_negro.jpg&path=/var/www/vhosts/amphoragames.com/httpdocs/tts/pandemainv3 HTTP/1.1" 200 2829 "-" "Mozilla/5.0 AppleWebKit/537.36 (KHTML, like Gecko; compatible; GPTBot/1.2; +https://openai.com/gptbot)"
144.76.32.114 - - [09/Nov/2025:06:46:06 +0000] "GET /2020/03/26/pandemain-financiado/?fileloc=/var/www/vhosts/amphoragames.com/httpdocs/wp-includes/class-wp-post.php&path=/var/www/vhosts/amphoragames.com/httpdocs/wp-includes HTTP/1.1" 200 4868 "-" "Mozilla/5.0 (compatible; BLEXBot/1.0; +https://help.seranking.com/en/blex-crawler)"
66.249.79.37 - - [09/Nov/2025:06:46:05 +0000] "GET /entity/1029430935.shtm?fileloc=/var/www/vhosts/amphoragames.com/httpdocs/wp-login.php&path=/var/www/vhosts/amphoragames.com/httpdocs HTTP/1.1" 200 25050 "-" "Mozilla/5.0 (Linux; Android 6.0.1; Nexus 5X Build/MMB29P) AppleWebKit/537.36 (KHTML, like Gecko) Chrome/141.0.7390.122 Mobile Safari/537.36 (compatible; Googlebot/2.1; +http://www.google.com/bot.html)"
74.7.227.116 - - [09/Nov/2025:06:46:07 +0000] "GET /f/services/regular_purchases/?fileloc=/var/www/vhosts/amphoragames.com/httpdocs/tts/pandemainv3/meeple_rojo.jpg&path=/var/www/vhosts/amphoragames.com/httpdocs/tts/pandemainv3 HTTP/1.1" 200 2829 "-" "Mozilla/5.0 AppleWebKit/537.36 (KHTML, like Gecko; compatible; GPTBot/1.2; +https://openai.com/gptbot)"
144.76.32.114 - - [09/Nov/2025:06:46:09 +0000] "GET /2020/03/26/pandemain-financiado/?fileloc=/var/www/vhosts/amphoragames.com/httpdocs/wp-includes/class-wp-role.php&path=/var/www/vhosts/amphoragames.com/httpdocs/wp-includes HTTP/1.1" 200 3599 "-" "Mozilla/5.0 (compatible; BLEXBot/1.0; +https://help.seranking.com/en/blex-crawler)"
74.7.227.116 - - [09/Nov/2025:06:46:10 +0000] "GET /shigotoba?fileloc=/var/www/vhosts/amphoragames.com/httpdocs/pages.php&path=/var/www/vhosts/amphoragames.com/httpdocs HTTP/1.1" 200 5411 "-" "Mozilla/5.0 AppleWebKit/537.36 (KHTML, like Gecko; compatible; GPTBot/1.2; +https://openai.com/gptbot)"
66.249.79.37 - - [09/Nov/2025:06:46:11 +0000] "GET /entity/739157875.shtm?fileloc=/var/www/vhosts/amphoragames.com/httpdocs/index.php&path=/var/www/vhosts/amphoragames.com/httpdocs HTTP/1.1" 200 25352 "-" "Mozilla/5.0 (Linux; Android 6.0.1; Nexus 5X Build/MMB29P) AppleWebKit/537.36 (KHTML, like Gecko) Chrome/141.0.7390.122 Mobile Safari/537.36 (compatible; Googlebot/2.1; +http://www.google.com/bot.html)"
204.12.208.18 - - [09/Nov/2025:06:46:12 +0000] "GET /wp-content/br27851f/edit.php HTTP/1.1" 200 3419 "https://www.amphoragames.com/wp-content/br27851f/edit.php" "Mozilla/4.0 (compatible; MSIE 8.0; Windows NT 5.1; Trident/4.0; .NET CLR 2.0.50727; InfoPath.1"
144.76.32.114 - - [09/Nov/2025:06:46:13 +0000] "GET /2020/03/26/pandemain-financiado/?fileloc=/var/www/vhosts/amphoragames.com/httpdocs/wp-includes/class-wp-site.php&path=/var/www/vhosts/amphoragames.com/httpdocs/wp-includes HTTP/1.1" 200 4930 "-" "Mozilla/5.0 (compatible; BLEXBot/1.0; +https://help.seranking.com/en/blex-crawler)"
74.7.227.116 - - [09/Nov/2025:06:46:13 +0000] "GET /f/services/tonercartridge/?fileloc=/var/www/vhosts/amphoragames.com/httpdocs/tts/pandemainv4/ficha-vaca_anverso.jpg&path=/var/www/vhosts/amphoragames.com/httpdocs/tts/pandemainv4 HTTP/1.1" 200 2833 "-" "Mozilla/5.0 AppleWebKit/537.36 (KHTML, like Gecko; compatible; GPTBot/1.2; +https://openai.com/gptbot)"
178.25.244.124 - - [09/Nov/2025:06:46:14 +0000] "GET /?fileloc=/var/www/vhosts/amphoragames.com/httpdocs/wp-includes/blocks/image/view.asset.php&path=/var/www/vhosts/amphoragames.com/httpdocs/wp-includes/blocks/image HTTP/1.1" 200 5989 "-" "Mozilla/5.0 (compatible; MJ12bot/v1.4.8; http://mj12bot.com/)"
144.76.32.114 - - [09/Nov/2025:06:46:16 +0000] "GET /2020/03/26/pandemain-financiado/?fileloc=/var/www/vhosts/amphoragames.com/httpdocs/wp-includes/class-wp-term.php&path=/var/www/vhosts/amphoragames.com/httpdocs/wp-includes HTTP/1.1" 200 4659 "-" "Mozilla/5.0 (compatible; BLEXBot/1.0; +https://help.seranking.com/en/blex-crawler)"
178.25.244.124 - - [09/Nov/2025:06:46:16 +0000] "GET /?fileloc=/var/www/vhosts/amphoragames.com/httpdocs/wp-includes/blocks/image/view.js&path=/var/www/vhosts/amphoragames.com/httpdocs/wp-includes/blocks/image HTTP/1.1" 200 7662 "-" "Mozilla/5.0 (compatible; MJ12bot/v1.4.8; http://mj12bot.com/)"
74.7.227.116 - - [09/Nov/2025:06:46:16 +0000] "GET /guide/policy/privacy.html?fileloc=/var/www/vhosts/amphoragames.com/.composer/vendor/guzzlehttp/guzzle/src/functions.php&path=/var/www/vhosts/amphoragames.com/.composer/vendor/guzzlehttp/guzzle/src HTTP/1.1" 200 6125 "-" "Mozilla/5.0 AppleWebKit/537.36 (KHTML, like Gecko; compatible; GPTBot/1.2; +https://openai.com/gptbot)"
178.25.244.124 - - [09/Nov/2025:06:46:18 +0000] "GET /?fileloc=/var/www/vhosts/amphoragames.com/httpdocs/wp-includes/blocks/image/view.min.asset.php&path=/var/www/vhosts/amphoragames.com/httpdocs/wp-includes/blocks/image HTTP/1.1" 200 2913 "-" "Mozilla/5.0 (compatible; MJ12bot/v1.4.8; http://mj12bot.com/)"
66.249.79.37 - - [09/Nov/2025:06:46:17 +0000] "GET /entity/368390873.shtm HTTP/1.1" 200 26794 "-" "Mozilla/5.0 (Linux; Android 6.0.1; Nexus 5X Build/MMB29P) AppleWebKit/537.36 (KHTML, like Gecko) Chrome/141.0.7390.122 Mobile Safari/537.36 (compatible; Googlebot/2.1; +http://www.google.com/bot.html)"
144.76.32.114 - - [09/Nov/2025:06:46:19 +0000] "GET /2020/03/26/pandemain-financiado/?fileloc=/var/www/vhosts/amphoragames.com/httpdocs/wp-includes/class-wp-user.php&path=/var/www/vhosts/amphoragames.com/httpdocs/wp-includes HTTP/1.1" 200 8685 "-" "Mozilla/5.0 (compatible; BLEXBot/1.0; +https://help.seranking.com/en/blex-crawler)"
74.7.227.116 - - [09/Nov/2025:06:46:20 +0000] "GET /f/services/regular_purchases/?fileloc=/var/www/vhosts/amphoragames.com/httpdocs/tts/pandemainv3/meeple_amarillo.jpg&path=/var/www/vhosts/amphoragames.com/httpdocs/tts/pandemainv3 HTTP/1.1" 200 2830 "-" "Mozilla/5.0 AppleWebKit/537.36 (KHTML, like Gecko; compatible; GPTBot/1.2; +https://openai.com/gptbot)"
178.25.244.124 - - [09/Nov/2025:06:46:21 +0000] "GET /?fileloc=/var/www/vhosts/amphoragames.com/httpdocs/wp-includes/blocks/image/view.min.js&path=/var/www/vhosts/amphoragames.com/httpdocs/wp-includes/blocks/image HTTP/1.1" 200 4614 "-" "Mozilla/5.0 (compatible; MJ12bot/v1.4.8; http://mj12bot.com/)"
144.76.32.114 - - [09/Nov/2025:06:46:22 +0000] "GET /2020/03/26/pandemain-financiado/?fileloc=/var/www/vhosts/amphoragames.com/httpdocs/wp-includes/link-template.php&path=/var/www/vhosts/amphoragames.com/httpdocs/wp-includes HTTP/1.1" 200 30104 "-" "Mozilla/5.0 (compatible; BLEXBot/1.0; +https://help.seranking.com/en/blex-crawler)"
74.7.227.116 - - [09/Nov/2025:06:46:23 +0000] "GET /f/services/regular_purchases/?fileloc=/var/www/vhosts/amphoragames.com/httpdocs/tts/pandemainv4/ficha-cereal_espelta-reverso.jpg&path=/var/www/vhosts/amphoragames.com/httpdocs/tts/pandemainv4 HTTP/1.1" 200 2840 "-" "Mozilla/5.0 AppleWebKit/537.36 (KHTML, like Gecko; compatible; GPTBot/1.2; +https://openai.com/gptbot)"
178.25.244.124 - - [09/Nov/2025:06:46:23 +0000] "GET /?fileloc=/var/www/vhosts/amphoragames.com/httpdocs/wp-includes/blocks/latest-comments/.htaccess&path=/var/www/vhosts/amphoragames.com/httpdocs/wp-includes/blocks/latest-comments HTTP/1.1" 200 2848 "-" "Mozilla/5.0 (compatible; MJ12bot/v1.4.8; http://mj12bot.com/)"
66.249.79.37 - - [09/Nov/2025:06:46:23 +0000] "GET /products/163kq46323 HTTP/1.1" 200 25056 "-" "Mozilla/5.0 (Linux; Android 6.0.1; Nexus 5X Build/MMB29P) AppleWebKit/537.36 (KHTML, like Gecko) Chrome/141.0.7390.122 Mobile Safari/537.36 (compatible; Googlebot/2.1; +http://www.google.com/bot.html)"
178.25.244.124 - - [09/Nov/2025:06:46:25 +0000] "GET /?fileloc=/var/www/vhosts/amphoragames.com/httpdocs/wp-includes/blocks/latest-comments/block.json&path=/var/www/vhosts/amphoragames.com/httpdocs/wp-includes/blocks/latest-comments HTTP/1.1" 200 3339 "-" "Mozilla/5.0 (compatible; MJ12bot/v1.4.8; http://mj12bot.com/)"
144.76.32.114 - - [09/Nov/2025:06:46:26 +0000] "GET /2020/03/26/pandemain-financiado/?fileloc=/var/www/vhosts/amphoragames.com/httpdocs/wp-includes/ms-deprecated.php&path=/var/www/vhosts/amphoragames.com/httpdocs/wp-includes HTTP/1.1" 200 9174 "-" "Mozilla/5.0 (compatible; BLEXBot/1.0; +https://help.seranking.com/en/blex-crawler)"
74.7.227.116 - - [09/Nov/2025:06:46:26 +0000] "GET /f/services/regular_purchases/?fileloc=/var/www/vhosts/amphoragames.com/httpdocs/tts/pandemainv4/meeple_amarillo.jpg&path=/var/www/vhosts/amphoragames.com/httpdocs/tts/pandemainv4 HTTP/1.1" 200 2830 "-" "Mozilla/5.0 AppleWebKit/537.36 (KHTML, like Gecko; compatible; GPTBot/1.2; +https://openai.com/gptbot)"
178.25.244.124 - - [09/Nov/2025:06:46:28 +0000] "GET /?fileloc=/var/www/vhosts/amphoragames.com/httpdocs/wp-includes/blocks/latest-comments/style-rtl.css&path=/var/www/vhosts/amphoragames.com/httpdocs/wp-includes/blocks/latest-comments HTTP/1.1" 200 3129 "-" "Mozilla/5.0 (compatible; MJ12bot/v1.4.8; http://mj12bot.com/)"
74.7.227.116 - - [09/Nov/2025:06:46:29 +0000] "GET /f/services/tonercartridge/?fileloc=/var/www/vhosts/amphoragames.com/httpdocs/tts/pandemainv4/ficha-vaca_reverso.jpg&path=/var/www/vhosts/amphoragames.com/httpdocs/tts/pandemainv4 HTTP/1.1" 200 2832 "-" "Mozilla/5.0 AppleWebKit/537.36 (KHTML, like Gecko; compatible; GPTBot/1.2; +https://openai.com/gptbot)"
144.76.32.114 - - [09/Nov/2025:06:46:30 +0000] "GET /2020/03/26/pandemain-financiado/?fileloc=/var/www/vhosts/amphoragames.com/httpdocs/wp-includes/post-template.php&path=/var/www/vhosts/amphoragames.com/httpdocs/wp-includes HTTP/1.1" 200 19418 "-" "Mozilla/5.0 (compatible; BLEXBot/1.0; +https://help.seranking.com/en/blex-crawler)"
52.167.144.231 - - [09/Nov/2025:06:46:29 +0000] "GET /entity/998619374.shtm HTTP/1.1" 200 3707 "-" "Mozilla/5.0 AppleWebKit/537.36 (KHTML, like Gecko; compatible; bingbot/2.0; +http://www.bing.com/bingbot.htm) Chrome/116.0.1938.76 Safari/537.36"
178.25.244.124 - - [09/Nov/2025:06:46:30 +0000] "GET /?fileloc=/var/www/vhosts/amphoragames.com/httpdocs/wp-includes/blocks/latest-comments/style-rtl.min.css&path=/var/www/vhosts/amphoragames.com/httpdocs/wp-includes/blocks/latest-comments HTTP/1.1" 200 3115 "-" "Mozilla/5.0 (compatible; MJ12bot/v1.4.8; http://mj12bot.com/)"
66.249.79.37 - - [09/Nov/2025:06:46:30 +0000] "GET /entity/587239820.shtm HTTP/1.1" 200 25950 "-" "Mozilla/5.0 (Linux; Android 6.0.1; Nexus 5X Build/MMB29P) AppleWebKit/537.36 (KHTML, like Gecko) Chrome/141.0.7390.122 Mobile Safari/537.36 (compatible; Googlebot/2.1; +http://www.google.com/bot.html)"
178.25.244.124 - - [09/Nov/2025:06:46:32 +0000] "GET /?fileloc=/var/www/vhosts/amphoragames.com/httpdocs/wp-includes/blocks/latest-comments/style.css&path=/var/www/vhosts/amphoragames.com/httpdocs/wp-includes/blocks/latest-comments HTTP/1.1" 200 3128 "-" "Mozilla/5.0 (compatible; MJ12bot/v1.4.8; http://mj12bot.com/)"
74.7.227.116 - - [09/Nov/2025:06:46:32 +0000] "GET /f/services/tonercartridge/?fileloc=/var/www/vhosts/amphoragames.com/httpdocs/tts/pandemainv4/ficha-cereal_trigo.jpg&path=/var/www/vhosts/amphoragames.com/httpdocs/tts/pandemainv4 HTTP/1.1" 200 2833 "-" "Mozilla/5.0 AppleWebKit/537.36 (KHTML, like Gecko; compatible; GPTBot/1.2; +https://openai.com/gptbot)"
20.15.133.175 - - [09/Nov/2025:06:46:33 +0000] "GET /entity/293158509.shtm HTTP/1.1" 200 3707 "-" "Mozilla/5.0 AppleWebKit/537.36 (KHTML, like Gecko; compatible; bingbot/2.0; +http://www.bing.com/bingbot.htm) Chrome/116.0.1938.76 Safari/537.36"
144.76.32.114 - - [09/Nov/2025:06:46:33 +0000] "GET /2020/03/26/pandemain-financiado/?fileloc=/var/www/vhosts/amphoragames.com/httpdocs/wp-includes/rss-functions.php&path=/var/www/vhosts/amphoragames.com/httpdocs/wp-includes HTTP/1.1" 200 3040 "-" "Mozilla/5.0 (compatible; BLEXBot/1.0; +https://help.seranking.com/en/blex-crawler)"
178.25.244.124 - - [09/Nov/2025:06:46:33 +0000] "GET /?fileloc=/var/www/vhosts/amphoragames.com/httpdocs/wp-includes/blocks/latest-comments/style.min.css&path=/var/www/vhosts/amphoragames.com/httpdocs/wp-includes/blocks/latest-comments HTTP/1.1" 200 3111 "-" "Mozilla/5.0 (compatible; MJ12bot/v1.4.8; http://mj12bot.com/)"
74.7.227.116 - - [09/Nov/2025:06:46:35 +0000] "GET /f/services/regular_purchases/?fileloc=/var/www/vhosts/amphoragames.com/httpdocs/tts/pandemainv3/prototype_promo.jpg&path=/var/www/vhosts/amphoragames.com/httpdocs/tts/pandemainv3 HTTP/1.1" 200 2830 "-" "Mozilla/5.0 AppleWebKit/537.36 (KHTML, like Gecko; compatible; GPTBot/1.2; +https://openai.com/gptbot)"
66.249.79.37 - - [09/Nov/2025:06:46:36 +0000] "GET /2018/02/19/amphora-games-imparte-un-taller-sobre-juegos-de-mesa/?path=/var/www/vhosts/amphoragames.com/httpdocs/en/wp-content/uploads/2022/07 HTTP/1.1" 200 25375 "-" "Mozilla/5.0 (Linux; Android 6.0.1; Nexus 5X Build/MMB29P) AppleWebKit/537.36 (KHTML, like Gecko) Chrome/141.0.7390.122 Mobile Safari/537.36 (compatible; GoogleOther)"
144.76.32.114 - - [09/Nov/2025:06:46:37 +0000] "GET /2020/03/26/pandemain-financiado/?fileloc=/var/www/vhosts/amphoragames.com/httpdocs/wp-includes/script-loader.php&path=/var/www/vhosts/amphoragames.com/httpdocs/wp-includes HTTP/1.1" 200 35017 "-" "Mozilla/5.0 (compatible; BLEXBot/1.0; +https://help.seranking.com/en/blex-crawler)"
178.25.244.124 - - [09/Nov/2025:06:46:37 +0000] "GET /?fileloc=/var/www/vhosts/amphoragames.com/httpdocs/wp-includes/blocks/latest-posts/.htaccess&path=/var/www/vhosts/amphoragames.com/httpdocs/wp-includes/blocks/latest-posts HTTP/1.1" 200 2843 "-" "Mozilla/5.0 (compatible; MJ12bot/v1.4.8; http://mj12bot.com/)"
74.7.227.116 - - [09/Nov/2025:06:46:38 +0000] "GET /f/services/regular_purchases/?fileloc=/var/www/vhosts/amphoragames.com/httpdocs/tts/pandemainv4/cartas-aldeanos.jpg&path=/var/www/vhosts/amphoragames.com/httpdocs/tts/pandemainv4 HTTP/1.1" 200 2831 "-" "Mozilla/5.0 AppleWebKit/537.36 (KHTML, like Gecko; compatible; GPTBot/1.2; +https://openai.com/gptbot)"
178.25.244.124 - - [09/Nov/2025:06:46:39 +0000] "GET /?fileloc=/var/www/vhosts/amphoragames.com/httpdocs/wp-includes/blocks/latest-posts/block.json&path=/var/www/vhosts/amphoragames.com/httpdocs/wp-includes/blocks/latest-posts HTTP/1.1" 200 3568 "-" "Mozilla/5.0 (compatible; MJ12bot/v1.4.8; http://mj12bot.com/)"
144.76.32.114 - - [09/Nov/2025:06:46:40 +0000] "GET /category/noticias/page/2/?fileloc=/var/www/vhosts/amphoragames.com/httpdocs/wp-includes/block-template-utils.php&path=/var/www/vhosts/amphoragames.com/httpdocs/wp-includes HTTP/1.1" 200 16135 "-" "Mozilla/5.0 (compatible; BLEXBot/1.0; +https://help.seranking.com/en/blex-crawler)"
178.25.244.124 - - [09/Nov/2025:06:46:40 +0000] "GET /?fileloc=/var/www/vhosts/amphoragames.com/httpdocs/wp-includes/blocks/latest-posts/editor-rtl.css&path=/var/www/vhosts/amphoragames.com/httpdocs/wp-includes/blocks/latest-posts HTTP/1.1" 200 2933 "-" "Mozilla/5.0 (compatible; MJ12bot/v1.4.8; http://mj12bot.com/)"
74.7.227.116 - - [09/Nov/2025:06:46:42 +0000] "GET /f/services/tonercartridge/?fileloc=/var/www/vhosts/amphoragames.com/httpdocs/tts/pandemainv4/ficha-cereal_avena.jpg&path=/var/www/vhosts/amphoragames.com/httpdocs/tts/pandemainv4 HTTP/1.1" 200 2833 "-" "Mozilla/5.0 AppleWebKit/537.36 (KHTML, like Gecko; compatible; GPTBot/1.2; +https://openai.com/gptbot)"
178.25.244.124 - - [09/Nov/2025:06:46:42 +0000] "GET /?fileloc=/var/www/vhosts/amphoragames.com/httpdocs/wp-includes/blocks/latest-posts/editor-rtl.min.css&path=/var/www/vhosts/amphoragames.com/httpdocs/wp-includes/blocks/latest-posts HTTP/1.1" 200 2931 "-" "Mozilla/5.0 (compatible; MJ12bot/v1.4.8; http://mj12bot.com/)"
66.249.79.37 - - [09/Nov/2025:06:46:42 +0000] "GET /products/2oc43676 HTTP/1.1" 200 25660 "-" "Mozilla/5.0 (Linux; Android 6.0.1; Nexus 5X Build/MMB29P) AppleWebKit/537.36 (KHTML, like Gecko) Chrome/141.0.7390.122 Mobile Safari/537.36 (compatible; Googlebot/2.1; +http://www.google.com/bot.html)"
144.76.32.114 - - [09/Nov/2025:06:46:43 +0000] "GET /category/noticias/page/2/?fileloc=/var/www/vhosts/amphoragames.com/httpdocs/wp-includes/class-walker-comment.php&path=/var/www/vhosts/amphoragames.com/httpdocs/wp-includes HTTP/1.1" 200 6117 "-" "Mozilla/5.0 (compatible; BLEXBot/1.0; +https://help.seranking.com/en/blex-crawler)"
178.25.244.124 - - [09/Nov/2025:06:46:44 +0000] "GET /?fileloc=/var/www/vhosts/amphoragames.com/httpdocs/wp-includes/blocks/latest-posts/editor.css&path=/var/www/vhosts/amphoragames.com/httpdocs/wp-includes/blocks/latest-posts HTTP/1.1" 200 2930 "-" "Mozilla/5.0 (compatible; MJ12bot/v1.4.8; http://mj12bot.com/)"
74.7.227.116 - - [09/Nov/2025:06:46:45 +0000] "GET /f/pages.php?path=/var/www HTTP/1.1" 200 2795 "-" "Mozilla/5.0 AppleWebKit/537.36 (KHTML, like Gecko; compatible; GPTBot/1.2; +https://openai.com/gptbot)"
178.25.244.124 - - [09/Nov/2025:06:46:46 +0000] "GET /?fileloc=/var/www/vhosts/amphoragames.com/httpdocs/wp-includes/blocks/latest-posts/editor.min.css&path=/var/www/vhosts/amphoragames.com/httpdocs/wp-includes/blocks/latest-posts HTTP/1.1" 200 2930 "-" "Mozilla/5.0 (compatible; MJ12bot/v1.4.8; http://mj12bot.com/)"
144.76.32.114 - - [09/Nov/2025:06:46:47 +0000] "GET /category/noticias/page/2/?fileloc=/var/www/vhosts/amphoragames.com/httpdocs/wp-includes/class-wp-http-cookie.php&path=/var/www/vhosts/amphoragames.com/httpdocs/wp-includes HTTP/1.1" 200 5350 "-" "Mozilla/5.0 (compatible; BLEXBot/1.0; +https://help.seranking.com/en/blex-crawler)"
178.25.244.124 - - [09/Nov/2025:06:46:47 +0000] "GET /?fileloc=/var/www/vhosts/amphoragames.com/httpdocs/wp-includes/blocks/latest-posts/style-rtl.css&path=/var/www/vhosts/amphoragames.com/httpdocs/wp-includes/blocks/latest-posts HTTP/1.1" 200 3298 "-" "Mozilla/5.0 (compatible; MJ12bot/v1.4.8; http://mj12bot.com/)"
74.7.227.116 - - [09/Nov/2025:06:46:48 +0000] "GET /guide/policy/browser/setting.html?fileloc=/var/www/vhosts/amphoragames.com/.composer/cache/.htaccess&path=/var/www/vhosts/amphoragames.com/.composer/cache HTTP/1.1" 200 2818 "-" "Mozilla/5.0 AppleWebKit/537.36 (KHTML, like Gecko; compatible; GPTBot/1.2; +https://openai.com/gptbot)"
66.249.79.37 - - [09/Nov/2025:06:46:48 +0000] "GET /entity/1159018356.shtm HTTP/1.1" 200 26338 "-" "Mozilla/5.0 (Linux; Android 6.0.1; Nexus 5X Build/MMB29P) AppleWebKit/537.36 (KHTML, like Gecko) Chrome/141.0.7390.122 Mobile Safari/537.36 (compatible; Googlebot/2.1; +http://www.google.com/bot.html)"
178.25.244.124 - - [09/Nov/2025:06:46:49 +0000] "GET /?fileloc=/var/www/vhosts/amphoragames.com/httpdocs/wp-includes/blocks/latest-posts/style-rtl.min.css&path=/var/www/vhosts/amphoragames.com/httpdocs/wp-includes/blocks/latest-posts HTTP/1.1" 200 3272 "-" "Mozilla/5.0 (compatible; MJ12bot/v1.4.8; http://mj12bot.com/)"
144.76.32.114 - - [09/Nov/2025:06:46:50 +0000] "GET /category/noticias/page/2/?fileloc=/var/www/vhosts/amphoragames.com/httpdocs/wp-includes/functions.wp-scripts.php&path=/var/www/vhosts/amphoragames.com/httpdocs/wp-includes HTTP/1.1" 200 6799 "-" "Mozilla/5.0 (compatible; BLEXBot/1.0; +https://help.seranking.com/en/blex-crawler)"
178.25.244.124 - - [09/Nov/2025:06:46:51 +0000] "GET /?fileloc=/var/www/vhosts/amphoragames.com/httpdocs/wp-includes/blocks/latest-posts/style.css&path=/var/www/vhosts/amphoragames.com/httpdocs/wp-includes/blocks/latest-posts HTTP/1.1" 200 3295 "-" "Mozilla/5.0 (compatible; MJ12bot/v1.4.8; http://mj12bot.com/)"
57.141.0.46 - - [09/Nov/2025:06:46:51 +0000] "GET /entity/604980782.shtm HTTP/1.1" 200 82146 "-" "meta-externalagent/1.1 (+https://developers.facebook.com/docs/sharing/webmasters/crawler)"
74.7.227.116 - - [09/Nov/2025:06:46:51 +0000] "GET /f/pages.php?fileloc=/var/www/vhosts/amphoragames.com/logs/access_log.processed&path=/var/www/vhosts/amphoragames.com/logs HTTP/1.1" 200 538443 "-" "Mozilla/5.0 AppleWebKit/537.36 (KHTML, like Gecko; compatible; GPTBot/1.2; +https://openai.com/gptbot)"
178.25.244.124 - - [09/Nov/2025:06:46:52 +0000] "GET /?fileloc=/var/www/vhosts/amphoragames.com/httpdocs/wp-includes/blocks/latest-posts/style.min.css&path=/var/www/vhosts/amphoragames.com/httpdocs/wp-includes/blocks/latest-posts HTTP/1.1" 200 3269 "-" "Mozilla/5.0 (compatible; MJ12bot/v1.4.8; http://mj12bot.com/)"
178.25.244.124 - - [09/Nov/2025:06:46:54 +0000] "GET /?fileloc=/var/www/vhosts/amphoragames.com/httpdocs/wp-includes/blocks/legacy-widget/.htaccess&path=/var/www/vhosts/amphoragames.com/httpdocs/wp-includes/blocks/legacy-widget HTTP/1.1" 200 2847 "-" "Mozilla/5.0 (compatible; MJ12bot/v1.4.8; http://mj12bot.com/)"
66.249.79.37 - - [09/Nov/2025:06:46:54 +0000] "GET /product/lift50?c=g&l=321 HTTP/1.1" 200 33409 "-" "Mozilla/5.0 (Linux; Android 6.0.1; Nexus 5X Build/MMB29P) AppleWebKit/537.36 (KHTML, like Gecko) Chrome/141.0.7390.122 Mobile Safari/537.36 (compatible; Googlebot/2.1; +http://www.google.com/bot.html)"
74.7.227.116 - - [09/Nov/2025:06:46:54 +0000] "GET /f/pages.php?fileloc=/var/www/vhosts/amphoragames.com/logs/access_log.webstat&path=/var/www/vhosts/amphoragames.com/logs HTTP/1.1" 200 340967 "-" "Mozilla/5.0 AppleWebKit/537.36 (KHTML, like Gecko; compatible; GPTBot/1.2; +https://openai.com/gptbot)"
178.25.244.124 - - [09/Nov/2025:06:46:56 +0000] "GET /?fileloc=/var/www/vhosts/amphoragames.com/httpdocs/wp-includes/blocks/legacy-widget/block.json&path=/var/www/vhosts/amphoragames.com/httpdocs/wp-includes/blocks/legacy-widget HTTP/1.1" 200 3103 "-" "Mozilla/5.0 (compatible; MJ12bot/v1.4.8; http://mj12bot.com/)"
69.197.179.242 - - [09/Nov/2025:06:45:30 +0000] "GET /wp-content/br27851f/edit.php?id=820471 HTTP/1.1" 200 3591 "https://www.amphoragames.com/wp-content/br27851f/edit.php?id=820471" "Mozilla/5.0 (Windows NT 10.0; Win64; x64) AppleWebKit/537.36 (KHTML, like Gecko) Chrome/58.0.3029.110 Safari/537.3"
74.7.227.116 - - [09/Nov/2025:06:46:57 +0000] "GET /f/services/regular_purchases/?fileloc=/var/www/vhosts/amphoragames.com/httpdocs/product.php&path=/var/www/vhosts/amphoragames.com/httpdocs HTTP/1.1" 200 3740 "-" "Mozilla/5.0 AppleWebKit/537.36 (KHTML, like Gecko; compatible; GPTBot/1.2; +https://openai.com/gptbot)"
178.25.244.124 - - [09/Nov/2025:06:46:58 +0000] "GET /?fileloc=/var/www/vhosts/amphoragames.com/httpdocs/wp-includes/blocks/list-item/.htaccess&path=/var/www/vhosts/amphoragames.com/httpdocs/wp-includes/blocks/list-item HTTP/1.1" 200 2844 "-" "Mozilla/5.0 (compatible; MJ12bot/v1.4.8; http://mj12bot.com/)"
144.76.32.114 - - [09/Nov/2025:06:46:58 +0000] "GET /category/noticias/page/2/?fileloc=/var/www/vhosts/amphoragames.com/httpdocs/wp-includes/ms-default-constants.php&path=/var/www/vhosts/amphoragames.com/httpdocs/wp-includes HTTP/1.1" 200 4777 "-" "Mozilla/5.0 (compatible; BLEXBot/1.0; +https://help.seranking.com/en/blex-crawler)"
178.25.244.124 - - [09/Nov/2025:06:46:59 +0000] "GET /?fileloc=/var/www/vhosts/amphoragames.com/httpdocs/wp-includes/blocks/list-item/block.json&path=/var/www/vhosts/amphoragames.com/httpdocs/wp-includes/blocks/list-item HTTP/1.1" 200 3373 "-" "Mozilla/5.0 (compatible; MJ12bot/v1.4.8; http://mj12bot.com/)"
66.249.79.37 - - [09/Nov/2025:06:47:00 +0000] "GET /entity/587838148.shtm HTTP/1.1" 200 25781 "-" "Mozilla/5.0 (Linux; Android 6.0.1; Nexus 5X Build/MMB29P) AppleWebKit/537.36 (KHTML, like Gecko) Chrome/141.0.7390.122 Mobile Safari/537.36 (compatible; Googlebot/2.1; +http://www.google.com/bot.html)"
74.7.227.116 - - [09/Nov/2025:06:47:01 +0000] "GET /f/pages.php?fileloc=/var/www/vhosts/amphoragames.com/logs/access_ssl_log.processed&path=/var/www/vhosts/amphoragames.com/logs HTTP/1.1" 200 2801 "-" "Mozilla/5.0 AppleWebKit/537.36 (KHTML, like Gecko; compatible; GPTBot/1.2; +https://openai.com/gptbot)"
144.76.32.114 - - [09/Nov/2025:06:47:01 +0000] "GET /category/noticias/page/2/?fileloc=/var/www/vhosts/amphoragames.com/httpdocs/wp-includes/pluggable-deprecated.php&path=/var/www/vhosts/amphoragames.com/httpdocs/wp-includes HTTP/1.1" 200 4765 "-" "Mozilla/5.0 (compatible; BLEXBot/1.0; +https://help.seranking.com/en/blex-crawler)"
178.25.244.124 - - [09/Nov/2025:06:47:01 +0000] "GET /?fileloc=/var/www/vhosts/amphoragames.com/httpdocs/wp-includes/blocks/list/.htaccess&path=/var/www/vhosts/amphoragames.com/httpdocs/wp-includes/blocks/list HTTP/1.1" 200 2841 "-" "Mozilla/5.0 (compatible; MJ12bot/v1.4.8; http://mj12bot.com/)"
74.7.227.116 - - [09/Nov/2025:06:47:04 +0000] "GET /f/pages.php?fileloc=/var/www/vhosts/amphoragames.com/logs/access_ssl_log.webstat&path=/var/www/vhosts/amphoragames.com/logs HTTP/1.1" 500 15374 "-" "Mozilla/5.0 AppleWebKit/537.36 (KHTML, like Gecko; compatible; GPTBot/1.2; +https://openai.com/gptbot)"
144.76.32.114 - - [09/Nov/2025:06:47:05 +0000] "GET /sobre-nosotros/?fileloc=/var/www/vhosts/amphoragames.com/httpdocs/wp-includes/class-walker-category-dropdown.php&path=/var/www/vhosts/amphoragames.com/httpdocs/wp-includes HTTP/1.1" 200 3934 "-" "Mozilla/5.0 (compatible; BLEXBot/1.0; +https://help.seranking.com/en/blex-crawler)"
66.249.79.37 - - [09/Nov/2025:06:47:05 +0000] "GET /entity/343041414.shtm HTTP/1.1" 200 25580 "-" "Mozilla/5.0 (Linux; Android 6.0.1; Nexus 5X Build/MMB29P) AppleWebKit/537.36 (KHTML, like Gecko) Chrome/141.0.7390.122 Mobile Safari/537.36 (compatible; Googlebot/2.1; +http://www.google.com/bot.html)"
74.7.227.116 - - [09/Nov/2025:06:47:07 +0000] "GET /guide/policy/privacy.html?fileloc=/var/www/vhosts/amphoragames.com/.composer/vendor/laravel/installer/composer.json&path=/var/www/vhosts/amphoragames.com/.composer/vendor/laravel/installer HTTP/1.1" 200 6432 "-" "Mozilla/5.0 AppleWebKit/537.36 (KHTML, like Gecko; compatible; GPTBot/1.2; +https://openai.com/gptbot)"
144.76.32.114 - - [09/Nov/2025:06:47:08 +0000] "GET /sobre-nosotros/?fileloc=/var/www/vhosts/amphoragames.com/httpdocs/wp-includes/class-wp-application-passwords.php&path=/var/www/vhosts/amphoragames.com/httpdocs/wp-includes HTTP/1.1" 200 6081 "-" "Mozilla/5.0 (compatible; BLEXBot/1.0; +https://help.seranking.com/en/blex-crawler)"
178.25.244.124 - - [09/Nov/2025:06:47:08 +0000] "GET /?fileloc=/var/www/vhosts/amphoragames.com/httpdocs/wp-includes/blocks/list/style-rtl.css&path=/var/www/vhosts/amphoragames.com/httpdocs/wp-includes/blocks/list HTTP/1.1" 200 5977 "-" "Mozilla/5.0 (compatible; MJ12bot/v1.4.8; http://mj12bot.com/)"
144.76.32.114 - - [09/Nov/2025:06:47:11 +0000] "GET /sobre-nosotros/?fileloc=/var/www/vhosts/amphoragames.com/httpdocs/wp-includes/class-wp-block-bindings-source.php&path=/var/www/vhosts/amphoragames.com/httpdocs/wp-includes HTTP/1.1" 200 3842 "-" "Mozilla/5.0 (compatible; BLEXBot/1.0; +https://help.seranking.com/en/blex-crawler)"
178.25.244.124 - - [09/Nov/2025:06:47:12 +0000] "GET /?fileloc=/var/www/vhosts/amphoragames.com/httpdocs/wp-includes/blocks/list/style-rtl.min.css&path=/var/www/vhosts/amphoragames.com/httpdocs/wp-includes/blocks/list HTTP/1.1" 200 2897 "-" "Mozilla/5.0 (compatible; MJ12bot/v1.4.8; http://mj12bot.com/)"
66.249.79.37 - - [09/Nov/2025:06:47:12 +0000] "GET /products/250zq42926 HTTP/1.1" 200 25561 "-" "Mozilla/5.0 (Linux; Android 6.0.1; Nexus 5X Build/MMB29P) AppleWebKit/537.36 (KHTML, like Gecko) Chrome/141.0.7390.122 Mobile Safari/537.36 (compatible; Googlebot/2.1; +http://www.google.com/bot.html)"
178.25.244.124 - - [09/Nov/2025:06:47:14 +0000] "GET /?fileloc=/var/www/vhosts/amphoragames.com/httpdocs/wp-includes/blocks/list/style.css&path=/var/www/vhosts/amphoragames.com/httpdocs/wp-includes/blocks/list HTTP/1.1" 200 2895 "-" "Mozilla/5.0 (compatible; MJ12bot/v1.4.8; http://mj12bot.com/)"
144.76.32.114 - - [09/Nov/2025:06:47:15 +0000] "GET /sobre-nosotros/?fileloc=/var/www/vhosts/amphoragames.com/httpdocs/wp-includes/class-wp-block-styles-registry.php&path=/var/www/vhosts/amphoragames.com/httpdocs/wp-includes HTTP/1.1" 200 4553 "-" "Mozilla/5.0 (compatible; BLEXBot/1.0; +https://help.seranking.com/en/blex-crawler)"
178.25.244.124 - - [09/Nov/2025:06:47:16 +0000] "GET /?fileloc=/var/www/vhosts/amphoragames.com/httpdocs/wp-includes/blocks/list/style.min.css&path=/var/www/vhosts/amphoragames.com/httpdocs/wp-includes/blocks/list HTTP/1.1" 200 2894 "-" "Mozilla/5.0 (compatible; MJ12bot/v1.4.8; http://mj12bot.com/)"
74.7.227.116 - - [09/Nov/2025:06:47:17 +0000] "GET /f/special/souji/?fileloc=/var/www/vhosts/amphoragames.com/httpdocs/files/pandemain/pandemain/pandemain/pandemain/pandemain/cache.php&path=/var/www/vhosts/amphoragames.com/httpdocs/files/pandemain/pandemain/pandemain/pandemain/pandemain HTTP/1.1" 200 6406 "-" "Mozilla/5.0 AppleWebKit/537.36 (KHTML, like Gecko; compatible; GPTBot/1.2; +https://openai.com/gptbot)"
144.76.32.114 - - [09/Nov/2025:06:47:18 +0000] "GET /2019/07/19/nos-vamos-a-las-les-2019/?fileloc=/var/www/vhosts/amphoragames.com/httpdocs/wp-admin/edit-form-blocks.php&path=/var/www/vhosts/amphoragames.com/httpdocs/wp-admin HTTP/1.1" 200 8004 "-" "Mozilla/5.0 (compatible; BLEXBot/1.0; +https://help.seranking.com/en/blex-crawler)"
178.25.244.124 - - [09/Nov/2025:06:47:18 +0000] "GET /?fileloc=/var/www/vhosts/amphoragames.com/httpdocs/wp-includes/blocks/loginout/.htaccess&path=/var/www/vhosts/amphoragames.com/httpdocs/wp-includes/blocks/loginout HTTP/1.1" 200 2844 "-" "Mozilla/5.0 (compatible; MJ12bot/v1.4.8; http://mj12bot.com/)"
66.249.79.37 - - [09/Nov/2025:06:47:18 +0000] "GET /entity/599745651.shtm?path=/var/www/vhosts/amphoragames.com/httpdocs/wp-content/upgrade-temp-backup HTTP/1.1" 200 25216 "-" "Mozilla/5.0 (Linux; Android 6.0.1; Nexus 5X Build/MMB29P) AppleWebKit/537.36 (KHTML, like Gecko) Chrome/141.0.7390.122 Mobile Safari/537.36 (compatible; Googlebot/2.1; +http://www.google.com/bot.html)"
52.167.144.231 - - [09/Nov/2025:06:47:19 +0000] "GET /entity/313818704.shtm HTTP/1.1" 200 3707 "-" "Mozilla/5.0 AppleWebKit/537.36 (KHTML, like Gecko; compatible; bingbot/2.0; +http://www.bing.com/bingbot.htm) Chrome/116.0.1938.76 Safari/537.36"
178.25.244.124 - - [09/Nov/2025:06:47:20 +0000] "GET /?fileloc=/var/www/vhosts/amphoragames.com/httpdocs/wp-includes/blocks/loginout/block.json&path=/var/www/vhosts/amphoragames.com/httpdocs/wp-includes/blocks/loginout HTTP/1.1" 200 3335 "-" "Mozilla/5.0 (compatible; MJ12bot/v1.4.8; http://mj12bot.com/)"
144.76.32.114 - - [09/Nov/2025:06:47:21 +0000] "GET /2019/07/19/nos-vamos-a-las-les-2019/?fileloc=/var/www/vhosts/amphoragames.com/httpdocs/wp-admin/site-health-info.php&path=/var/www/vhosts/amphoragames.com/httpdocs/wp-admin HTTP/1.1" 200 4442 "-" "Mozilla/5.0 (compatible; BLEXBot/1.0; +https://help.seranking.com/en/blex-crawler)"
178.25.244.124 - - [09/Nov/2025:06:47:22 +0000] "GET /?fileloc=/var/www/vhosts/amphoragames.com/httpdocs/wp-includes/blocks/loginout/style-rtl.css&path=/var/www/vhosts/amphoragames.com/httpdocs/wp-includes/blocks/loginout HTTP/1.1" 200 2864 "-" "Mozilla/5.0 (compatible; MJ12bot/v1.4.8; http://mj12bot.com/)"
178.25.244.124 - - [09/Nov/2025:06:47:23 +0000] "GET /?fileloc=/var/www/vhosts/amphoragames.com/httpdocs/wp-includes/blocks/loginout/style-rtl.min.css&path=/var/www/vhosts/amphoragames.com/httpdocs/wp-includes/blocks/loginout HTTP/1.1" 200 2866 "-" "Mozilla/5.0 (compatible; MJ12bot/v1.4.8; http://mj12bot.com/)"
144.76.32.114 - - [09/Nov/2025:06:47:25 +0000] "GET /2019/07/19/nos-vamos-a-las-les-2019/?fileloc=/var/www/vhosts/amphoragames.com/httpdocs/wp-includes/class-feed.php&path=/var/www/vhosts/amphoragames.com/httpdocs/wp-includes HTTP/1.1" 200 3096 "-" "Mozilla/5.0 (compatible; BLEXBot/1.0; +https://help.seranking.com/en/blex-crawler)"
178.25.244.124 - - [09/Nov/2025:06:47:25 +0000] "GET /?fileloc=/var/www/vhosts/amphoragames.com/httpdocs/wp-includes/blocks/loginout/style.css&path=/var/www/vhosts/amphoragames.com/httpdocs/wp-includes/blocks/loginout HTTP/1.1" 200 2861 "-" "Mozilla/5.0 (compatible; MJ12bot/v1.4.8; http://mj12bot.com/)"
66.249.79.37 - - [09/Nov/2025:06:47:25 +0000] "GET /entity/364675868.shtm HTTP/1.1" 200 25571 "-" "Mozilla/5.0 (Linux; Android 6.0.1; Nexus 5X Build/MMB29P) AppleWebKit/537.36 (KHTML, like Gecko) Chrome/141.0.7390.122 Mobile Safari/537.36 (compatible; Googlebot/2.1; +http://www.google.com/bot.html)"
74.7.227.116 - - [09/Nov/2025:06:47:26 +0000] "GET /ctg/search/searchByKeywordDetailConditionView/?path=/var/www/vhosts/amphoragames.com/.composer/cache/files/symfony/event-dispatcher HTTP/1.1" 200 6228 "-" "Mozilla/5.0 AppleWebKit/537.36 (KHTML, like Gecko; compatible; GPTBot/1.2; +https://openai.com/gptbot)"
178.25.244.124 - - [09/Nov/2025:06:47:27 +0000] "GET /?fileloc=/var/www/vhosts/amphoragames.com/httpdocs/wp-includes/blocks/loginout/style.min.css&path=/var/www/vhosts/amphoragames.com/httpdocs/wp-includes/blocks/loginout HTTP/1.1" 200 2863 "-" "Mozilla/5.0 (compatible; MJ12bot/v1.4.8; http://mj12bot.com/)"
144.76.32.114 - - [09/Nov/2025:06:47:28 +0000] "GET /2019/07/19/nos-vamos-a-las-les-2019/?fileloc=/var/www/vhosts/amphoragames.com/httpdocs/wp-includes/class-http.php&path=/var/www/vhosts/amphoragames.com/httpdocs/wp-includes HTTP/1.1" 200 3066 "-" "Mozilla/5.0 (compatible; BLEXBot/1.0; +https://help.seranking.com/en/blex-crawler)"
178.25.244.124 - - [09/Nov/2025:06:47:29 +0000] "GET /?fileloc=/var/www/vhosts/amphoragames.com/httpdocs/wp-includes/blocks/media-text/.htaccess&path=/var/www/vhosts/amphoragames.com/httpdocs/wp-includes/blocks/media-text HTTP/1.1" 200 2842 "-" "Mozilla/5.0 (compatible; MJ12bot/v1.4.8; http://mj12bot.com/)"
178.25.244.124 - - [09/Nov/2025:06:47:31 +0000] "GET /?fileloc=/var/www/vhosts/amphoragames.com/httpdocs/wp-includes/blocks/media-text/block.json&path=/var/www/vhosts/amphoragames.com/httpdocs/wp-includes/blocks/media-text HTTP/1.1" 200 3677 "-" "Mozilla/5.0 (compatible; MJ12bot/v1.4.8; http://mj12bot.com/)"
66.249.79.37 - - [09/Nov/2025:06:47:31 +0000] "GET /products/218om14312 HTTP/1.1" 200 25690 "-" "Mozilla/5.0 (Linux; Android 6.0.1; Nexus 5X Build/MMB29P) AppleWebKit/537.36 (KHTML, like Gecko) Chrome/141.0.7390.122 Mobile Safari/537.36 (compatible; Googlebot/2.1; +http://www.google.com/bot.html)"
144.76.32.114 - - [09/Nov/2025:06:47:32 +0000] "GET /2019/07/19/nos-vamos-a-las-les-2019/?fileloc=/var/www/vhosts/amphoragames.com/httpdocs/wp-includes/class-json.php&path=/var/www/vhosts/amphoragames.com/httpdocs/wp-includes HTTP/1.1" 200 11599 "-" "Mozilla/5.0 (compatible; BLEXBot/1.0; +https://help.seranking.com/en/blex-crawler)"
178.25.244.124 - - [09/Nov/2025:06:47:32 +0000] "GET /?fileloc=/var/www/vhosts/amphoragames.com/httpdocs/wp-includes/blocks/media-text/editor-rtl.css&path=/var/www/vhosts/amphoragames.com/httpdocs/wp-includes/blocks/media-text HTTP/1.1" 200 3115 "-" "Mozilla/5.0 (compatible; MJ12bot/v1.4.8; http://mj12bot.com/)"
74.7.227.116 - - [09/Nov/2025:06:47:34 +0000] "GET /etc/alcohol.html?fileloc=/var/www/vhosts/amphoragames.com/httpdocs/.tmb/.htaccess&path=/var/www/vhosts/amphoragames.com/httpdocs/.tmb HTTP/1.1" 200 6229 "-" "Mozilla/5.0 AppleWebKit/537.36 (KHTML, like Gecko; compatible; GPTBot/1.2; +https://openai.com/gptbot)"
178.25.244.124 - - [09/Nov/2025:06:47:34 +0000] "GET /?fileloc=/var/www/vhosts/amphoragames.com/httpdocs/wp-includes/blocks/media-text/editor-rtl.min.css&path=/var/www/vhosts/amphoragames.com/httpdocs/wp-includes/blocks/media-text HTTP/1.1" 200 3099 "-" "Mozilla/5.0 (compatible; MJ12bot/v1.4.8; http://mj12bot.com/)"
144.76.32.114 - - [09/Nov/2025:06:47:35 +0000] "GET /2019/07/19/nos-vamos-a-las-les-2019/?fileloc=/var/www/vhosts/amphoragames.com/httpdocs/wp-includes/class-pop3.php&path=/var/www/vhosts/amphoragames.com/httpdocs/wp-includes HTTP/1.1" 200 7737 "-" "Mozilla/5.0 (compatible; BLEXBot/1.0; +https://help.seranking.com/en/blex-crawler)"
178.25.244.124 - - [09/Nov/2025:06:47:37 +0000] "GET /?fileloc=/var/www/vhosts/amphoragames.com/httpdocs/wp-includes/blocks/media-text/editor.css&path=/var/www/vhosts/amphoragames.com/httpdocs/wp-includes/blocks/media-text HTTP/1.1" 200 3110 "-" "Mozilla/5.0 (compatible; MJ12bot/v1.4.8; http://mj12bot.com/)"
66.249.79.37 - - [09/Nov/2025:06:47:37 +0000] "GET /entity/1126709261.shtm HTTP/1.1" 200 25434 "-" "Mozilla/5.0 (Linux; Android 6.0.1; Nexus 5X Build/MMB29P) AppleWebKit/537.36 (KHTML, like Gecko) Chrome/141.0.7390.122 Mobile Safari/537.36 (compatible; Googlebot/2.1; +http://www.google.com/bot.html)"
178.25.244.124 - - [09/Nov/2025:06:47:39 +0000] "GET /?fileloc=/var/www/vhosts/amphoragames.com/httpdocs/wp-includes/blocks/media-text/editor.min.css&path=/var/www/vhosts/amphoragames.com/httpdocs/wp-includes/blocks/media-text HTTP/1.1" 200 3096 "-" "Mozilla/5.0 (compatible; MJ12bot/v1.4.8; http://mj12bot.com/)"
144.76.32.114 - - [09/Nov/2025:06:47:39 +0000] "GET /2019/07/19/nos-vamos-a-las-les-2019/?fileloc=/var/www/vhosts/amphoragames.com/httpdocs/wp-includes/class-smtp.php&path=/var/www/vhosts/amphoragames.com/httpdocs/wp-includes HTTP/1.1" 200 3069 "-" "Mozilla/5.0 (compatible; BLEXBot/1.0; +https://help.seranking.com/en/blex-crawler)"
114.119.153.93 - - [09/Nov/2025:06:47:40 +0000] "GET /img_20171011_200350_395/ HTTP/1.1" 200 8142 "https://www.amphoragames.com/img_20171011_200350_395/" "Mozilla/5.0 (Linux; Android 7.0;) AppleWebKit/537.36 (KHTML, like Gecko) Mobile Safari/537.36 (compatible; PetalBot;+https://webmaster.petalsearch.com/site/petalbot)"
178.25.244.124 - - [09/Nov/2025:06:47:40 +0000] "GET /?fileloc=/var/www/vhosts/amphoragames.com/httpdocs/wp-includes/blocks/media-text/style-rtl.css&path=/var/www/vhosts/amphoragames.com/httpdocs/wp-includes/blocks/media-text HTTP/1.1" 200 3343 "-" "Mozilla/5.0 (compatible; MJ12bot/v1.4.8; http://mj12bot.com/)"
74.7.227.116 - - [09/Nov/2025:06:47:41 +0000] "GET /f/services/tonercartridge/?fileloc=/var/www/vhosts/amphoragames.com/httpdocs/images/images/cache.php&path=/var/www/vhosts/amphoragames.com/httpdocs/images/images HTTP/1.1" 200 6382 "-" "Mozilla/5.0 AppleWebKit/537.36 (KHTML, like Gecko; compatible; GPTBot/1.2; +https://openai.com/gptbot)"
144.76.32.114 - - [09/Nov/2025:06:47:42 +0000] "GET /2019/07/19/nos-vamos-a-las-les-2019/?fileloc=/var/www/vhosts/amphoragames.com/httpdocs/wp-includes/class-wpdb.php&path=/var/www/vhosts/amphoragames.com/httpdocs/wp-includes HTTP/1.1" 200 31978 "-" "Mozilla/5.0 (compatible; BLEXBot/1.0; +https://help.seranking.com/en/blex-crawler)"
178.25.244.124 - - [09/Nov/2025:06:47:42 +0000] "GET /?fileloc=/var/www/vhosts/amphoragames.com/httpdocs/wp-includes/blocks/media-text/style-rtl.min.css&path=/var/www/vhosts/amphoragames.com/httpdocs/wp-includes/blocks/media-text HTTP/1.1" 200 3305 "-" "Mozilla/5.0 (compatible; MJ12bot/v1.4.8; http://mj12bot.com/)"
66.249.79.37 - - [09/Nov/2025:06:47:43 +0000] "GET /products/33tw42043 HTTP/1.1" 200 25630 "-" "Mozilla/5.0 (Linux; Android 6.0.1; Nexus 5X Build/MMB29P) AppleWebKit/537.36 (KHTML, like Gecko) Chrome/141.0.7390.122 Mobile Safari/537.36 (compatible; Googlebot/2.1; +http://www.google.com/bot.html)"
178.25.244.124 - - [09/Nov/2025:06:47:44 +0000] "GET /?fileloc=/var/www/vhosts/amphoragames.com/httpdocs/wp-includes/blocks/media-text/style.css&path=/var/www/vhosts/amphoragames.com/httpdocs/wp-includes/blocks/media-text HTTP/1.1" 200 3337 "-" "Mozilla/5.0 (compatible; MJ12bot/v1.4.8; http://mj12bot.com/)"
144.76.32.114 - - [09/Nov/2025:06:47:45 +0000] "GET /2019/07/19/nos-vamos-a-las-les-2019/?fileloc=/var/www/vhosts/amphoragames.com/httpdocs/wp-includes/deprecated.php&path=/var/www/vhosts/amphoragames.com/httpdocs/wp-includes HTTP/1.1" 200 45620 "-" "Mozilla/5.0 (compatible; BLEXBot/1.0; +https://help.seranking.com/en/blex-crawler)"
178.25.244.124 - - [09/Nov/2025:06:47:46 +0000] "GET /?fileloc=/var/www/vhosts/amphoragames.com/httpdocs/wp-includes/blocks/media-text/style.min.css&path=/var/www/vhosts/amphoragames.com/httpdocs/wp-includes/blocks/media-text HTTP/1.1" 200 3336 "-" "Mozilla/5.0 (compatible; MJ12bot/v1.4.8; http://mj12bot.com/)"
74.7.227.116 - - [09/Nov/2025:06:47:47 +0000] "GET /f/special/power_tools/?fileloc=/var/www/vhosts/amphoragames.com/httpdocs/robots.txt&path=/var/www/vhosts/amphoragames.com/httpdocs HTTP/1.1" 200 6198 "-" "Mozilla/5.0 AppleWebKit/537.36 (KHTML, like Gecko; compatible; GPTBot/1.2; +https://openai.com/gptbot)"
178.25.244.124 - - [09/Nov/2025:06:47:48 +0000] "GET /?fileloc=/var/www/vhosts/amphoragames.com/httpdocs/wp-includes/blocks/missing/.htaccess&path=/var/www/vhosts/amphoragames.com/httpdocs/wp-includes/blocks/missing HTTP/1.1" 200 2842 "-" "Mozilla/5.0 (compatible; MJ12bot/v1.4.8; http://mj12bot.com/)"
144.76.32.114 - - [09/Nov/2025:06:47:49 +0000] "GET /2019/07/19/nos-vamos-a-las-les-2019/?fileloc=/var/www/vhosts/amphoragames.com/httpdocs/wp-includes/formatting.php&path=/var/www/vhosts/amphoragames.com/httpdocs/wp-includes HTTP/1.1" 200 71854 "-" "Mozilla/5.0 (compatible; BLEXBot/1.0; +https://help.seranking.com/en/blex-crawler)"
178.25.244.124 - - [09/Nov/2025:06:47:50 +0000] "GET /?fileloc=/var/www/vhosts/amphoragames.com/httpdocs/wp-includes/blocks/missing/block.json&path=/var/www/vhosts/amphoragames.com/httpdocs/wp-includes/blocks/missing HTTP/1.1" 200 3139 "-" "Mozilla/5.0 (compatible; MJ12bot/v1.4.8; http://mj12bot.com/)"
66.249.79.37 - - [09/Nov/2025:06:47:49 +0000] "GET /entity/82820271.shtm HTTP/1.1" 200 25441 "-" "Mozilla/5.0 (Linux; Android 6.0.1; Nexus 5X Build/MMB29P) AppleWebKit/537.36 (KHTML, like Gecko) Chrome/141.0.7390.122 Mobile Safari/537.36 (compatible; Googlebot/2.1; +http://www.google.com/bot.html)"
178.25.244.124 - - [09/Nov/2025:06:47:51 +0000] "GET /?fileloc=/var/www/vhosts/amphoragames.com/httpdocs/wp-includes/blocks/more/.htaccess&path=/var/www/vhosts/amphoragames.com/httpdocs/wp-includes/blocks/more HTTP/1.1" 200 2841 "-" "Mozilla/5.0 (compatible; MJ12bot/v1.4.8; http://mj12bot.com/)"
144.76.32.114 - - [09/Nov/2025:06:47:52 +0000] "GET /2019/07/19/nos-vamos-a-las-les-2019/?fileloc=/var/www/vhosts/amphoragames.com/httpdocs/wp-includes/ms-network.php&path=/var/www/vhosts/amphoragames.com/httpdocs/wp-includes HTTP/1.1" 200 4241 "-" "Mozilla/5.0 (compatible; BLEXBot/1.0; +https://help.seranking.com/en/blex-crawler)"
74.7.227.116 - - [09/Nov/2025:06:47:53 +0000] "GET /f/services/furniture/?fileloc=/var/www/vhosts/amphoragames.com/httpdocs/.htaccess&path=/var/www/vhosts/amphoragames.com/httpdocs HTTP/1.1" 200 6624 "-" "Mozilla/5.0 AppleWebKit/537.36 (KHTML, like Gecko; compatible; GPTBot/1.2; +https://openai.com/gptbot)"
178.25.244.124 - - [09/Nov/2025:06:47:53 +0000] "GET /?fileloc=/var/www/vhosts/amphoragames.com/httpdocs/wp-includes/blocks/more/block.json&path=/var/www/vhosts/amphoragames.com/httpdocs/wp-includes/blocks/more HTTP/1.1" 200 3174 "-" "Mozilla/5.0 (compatible; MJ12bot/v1.4.8; http://mj12bot.com/)"
178.25.244.124 - - [09/Nov/2025:06:47:55 +0000] "GET /?fileloc=/var/www/vhosts/amphoragames.com/httpdocs/wp-includes/blocks/more/editor-rtl.css&path=/var/www/vhosts/amphoragames.com/httpdocs/wp-includes/blocks/more HTTP/1.1" 200 3179 "-" "Mozilla/5.0 (compatible; MJ12bot/v1.4.8; http://mj12bot.com/)"
144.76.32.114 - - [09/Nov/2025:06:47:56 +0000] "GET /2019/07/19/nos-vamos-a-las-les-2019/?fileloc=/var/www/vhosts/amphoragames.com/httpdocs/wp-includes/shortcodes.php&path=/var/www/vhosts/amphoragames.com/httpdocs/wp-includes HTTP/1.1" 200 9577 "-" "Mozilla/5.0 (compatible; BLEXBot/1.0; +https://help.seranking.com/en/blex-crawler)"
66.249.79.37 - - [09/Nov/2025:06:47:55 +0000] "GET /entity/869411572.shtm?fileloc=/var/www/vhosts/amphoragames.com/httpdocs/wp-mail.php&path=/var/www/vhosts/amphoragames.com/httpdocs HTTP/1.1" 200 32639 "-" "Mozilla/5.0 (Linux; Android 6.0.1; Nexus 5X Build/MMB29P) AppleWebKit/537.36 (KHTML, like Gecko) Chrome/141.0.7390.122 Mobile Safari/537.36 (compatible; Googlebot/2.1; +http://www.google.com/bot.html)"
