216.73.216.32 - - [08/Nov/2025:07:25:13 +0000] "GET /scenario-1-rulebook-es?fileloc=%2Fvar%2Fwww%2Fvhosts%2Famphoragames.com%2Fhttpdocs%2Ftts%2Fpandemainv3%2Fchurchdemand12.png&path=%2Fvar%2Fwww%2Fvhosts%2Famphoragames.com%2Fhttpdocs%2Ftts%2Fpandemainv3 HTTP/1.1" 200 2822 "-" "Mozilla/5.0 AppleWebKit/537.36 (KHTML, like Gecko; compatible; ClaudeBot/1.0; +claudebot@anthropic.com)"
74.7.227.116 - - [08/Nov/2025:07:25:15 +0000] "GET /?fileloc=/var/www/vhosts/amphoragames.com/httpdocs/en/wp-content/plugins/backwpup/vendor/microsoft/microsoft-graph/src/Model/PublicErrorResponse.php&path=/var/www/vhosts/amphoragames.com/httpdocs/en/wp-content/plugins/backwpup/vendor/microsoft/microsoft-graph/src/Model HTTP/1.1" 200 3389 "-" "Mozilla/5.0 AppleWebKit/537.36 (KHTML, like Gecko; compatible; GPTBot/1.2; +https://openai.com/gptbot)"
216.73.216.32 - - [08/Nov/2025:07:25:16 +0000] "GET /scenario-1-rulebook-es?fileloc=%2Fvar%2Fwww%2Fvhosts%2Famphoragames.com%2Fhttpdocs%2Ftts%2Fpandemainv3%2Fchurchdemand3.png&path=%2Fvar%2Fwww%2Fvhosts%2Famphoragames.com%2Fhttpdocs%2Ftts%2Fpandemainv3 HTTP/1.1" 200 2821 "-" "Mozilla/5.0 AppleWebKit/537.36 (KHTML, like Gecko; compatible; ClaudeBot/1.0; +claudebot@anthropic.com)"
51.68.235.38 - - [08/Nov/2025:07:25:17 +0000] "GET /?fileloc=/var/www/vhosts/amphoragames.com/20250520_english_backup/wp-includes/class-simplepie.php&path=/var/www/vhosts/amphoragames.com/20250520_english_backup/wp-includes HTTP/1.1" 200 21583 "-" "Mozilla/5.0 (compatible; MJ12bot/v1.4.8; http://mj12bot.com/)"
74.7.227.116 - - [08/Nov/2025:07:25:18 +0000] "GET /?fileloc=/var/www/vhosts/amphoragames.com/httpdocs/en/wp-content/plugins/backwpup/vendor/microsoft/microsoft-graph/src/Beta/Microsoft/Graph/Model/PermissionGrantPolicy.php&path=/var/www/vhosts/amphoragames.com/httpdocs/en/wp-content/plugins/backwpup/vendor/microsoft/microsoft-graph/src/Beta/Microsoft/Graph/Model HTTP/1.1" 200 3487 "-" "Mozilla/5.0 AppleWebKit/537.36 (KHTML, like Gecko; compatible; GPTBot/1.2; +https://openai.com/gptbot)"
216.73.216.32 - - [08/Nov/2025:07:25:19 +0000] "GET /?fileloc=%2Fvar%2Fwww%2Fvhosts%2Famphoragames.com%2Fhttpdocs%2Fwp-admin%2Fimages%2Fstars.png&path=%2Fvar%2Fwww%2Fvhosts%2Famphoragames.com%2Fhttpdocs%2Fwp-admin%2Fimages HTTP/1.1" 200 2817 "-" "Mozilla/5.0 AppleWebKit/537.36 (KHTML, like Gecko; compatible; ClaudeBot/1.0; +claudebot@anthropic.com)"
51.68.235.38 - - [08/Nov/2025:07:25:21 +0000] "GET /?fileloc=/var/www/vhosts/amphoragames.com/20250520_english_backup/wp-includes/class-smtp.php&path=/var/www/vhosts/amphoragames.com/20250520_english_backup/wp-includes HTTP/1.1" 200 13630 "-" "Mozilla/5.0 (compatible; MJ12bot/v1.4.8; http://mj12bot.com/)"
74.7.227.116 - - [08/Nov/2025:07:25:21 +0000] "GET /?fileloc=/var/www/vhosts/amphoragames.com/httpdocs/en/wp-content/plugins/backwpup/vendor/microsoft/microsoft-graph/src/Beta/Microsoft/Graph/Model/PrintTaskTrigger.php&path=/var/www/vhosts/amphoragames.com/httpdocs/en/wp-content/plugins/backwpup/vendor/microsoft/microsoft-graph/src/Beta/Microsoft/Graph/Model HTTP/1.1" 200 3635 "-" "Mozilla/5.0 AppleWebKit/537.36 (KHTML, like Gecko; compatible; GPTBot/1.2; +https://openai.com/gptbot)"
52.167.144.166 - - [08/Nov/2025:07:25:21 +0000] "GET /entity/11453134.shtm HTTP/1.1" 200 7863 "-" "Mozilla/5.0 AppleWebKit/537.36 (KHTML, like Gecko; compatible; bingbot/2.0; +http://www.bing.com/bingbot.htm) Chrome/116.0.1938.76 Safari/537.36"
216.73.216.32 - - [08/Nov/2025:07:25:22 +0000] "GET /scenario-1-rulebook-es?fileloc=%2Fvar%2Fwww%2Fvhosts%2Famphoragames.com%2Fhttpdocs%2Ftts%2Fpandemainv4%2Fmeeple_verde.jpg&path=%2Fvar%2Fwww%2Fvhosts%2Famphoragames.com%2Fhttpdocs%2Ftts%2Fpandemainv4 HTTP/1.1" 200 2822 "-" "Mozilla/5.0 AppleWebKit/537.36 (KHTML, like Gecko; compatible; ClaudeBot/1.0; +claudebot@anthropic.com)"
74.7.227.116 - - [08/Nov/2025:07:25:24 +0000] "GET /?fileloc=/var/www/vhosts/amphoragames.com/httpdocs/en/wp-content/plugins/backwpup/vendor/microsoft/microsoft-graph/src/Beta/Microsoft/Graph/Model/ScopedRoleMembership.php&path=/var/www/vhosts/amphoragames.com/httpdocs/en/wp-content/plugins/backwpup/vendor/microsoft/microsoft-graph/src/Beta/Microsoft/Graph/Model HTTP/1.1" 200 3656 "-" "Mozilla/5.0 AppleWebKit/537.36 (KHTML, like Gecko; compatible; GPTBot/1.2; +https://openai.com/gptbot)"
51.68.235.38 - - [08/Nov/2025:07:25:25 +0000] "GET /?fileloc=/var/www/vhosts/amphoragames.com/20250520_english_backup/wp-includes/class-snoopy.php&path=/var/www/vhosts/amphoragames.com/20250520_english_backup/wp-includes HTTP/1.1" 200 11123 "-" "Mozilla/5.0 (compatible; MJ12bot/v1.4.8; http://mj12bot.com/)"
216.73.216.32 - - [08/Nov/2025:07:25:25 +0000] "GET /scenario-1-rulebook-es?fileloc=%2Fvar%2Fwww%2Fvhosts%2Famphoragames.com%2Fhttpdocs%2Ftts%2Fpandemainv3%2Fmeeple_azul.jpg&path=%2Fvar%2Fwww%2Fvhosts%2Famphoragames.com%2Fhttpdocs%2Ftts%2Fpandemainv3 HTTP/1.1" 200 2822 "-" "Mozilla/5.0 AppleWebKit/537.36 (KHTML, like Gecko; compatible; ClaudeBot/1.0; +claudebot@anthropic.com)"
207.46.13.36 - - [08/Nov/2025:07:25:27 +0000] "GET /product/edit/A1073208007 HTTP/1.1" 200 7863 "-" "Mozilla/5.0 AppleWebKit/537.36 (KHTML, like Gecko; compatible; bingbot/2.0; +http://www.bing.com/bingbot.htm) Chrome/116.0.1938.76 Safari/537.36"
74.7.227.116 - - [08/Nov/2025:07:25:27 +0000] "GET /?fileloc=/var/www/vhosts/amphoragames.com/httpdocs/en/wp-content/plugins/backwpup/vendor/microsoft/microsoft-graph/src/Model/AttributeRuleMembers.php&path=/var/www/vhosts/amphoragames.com/httpdocs/en/wp-content/plugins/backwpup/vendor/microsoft/microsoft-graph/src/Model HTTP/1.1" 200 3636 "-" "Mozilla/5.0 AppleWebKit/537.36 (KHTML, like Gecko; compatible; GPTBot/1.2; +https://openai.com/gptbot)"
216.73.216.32 - - [08/Nov/2025:07:25:28 +0000] "GET /img_20171011_133315_721?fileloc=%2Fvar%2Fwww%2Fvhosts%2Famphoragames.com%2Fcore_OLD%2Fcomposer.json&path=%2Fvar%2Fwww%2Fvhosts%2Famphoragames.com%2Fcore_OLD HTTP/1.1" 200 2852 "-" "Mozilla/5.0 AppleWebKit/537.36 (KHTML, like Gecko; compatible; ClaudeBot/1.0; +claudebot@anthropic.com)"
51.68.235.38 - - [08/Nov/2025:07:25:29 +0000] "GET /?fileloc=/var/www/vhosts/amphoragames.com/20250520_english_backup/wp-includes/class-walker-category-dropdown.php&path=/var/www/vhosts/amphoragames.com/20250520_english_backup/wp-includes HTTP/1.1" 200 3764 "-" "Mozilla/5.0 (compatible; MJ12bot/v1.4.8; http://mj12bot.com/)"
74.7.227.116 - - [08/Nov/2025:07:25:30 +0000] "GET /?fileloc=/var/www/vhosts/amphoragames.com/httpdocs/en/wp-content/plugins/backwpup/vendor/microsoft/microsoft-graph/src/Beta/Microsoft/Graph/Model/SensitiveContentEvidence.php&path=/var/www/vhosts/amphoragames.com/httpdocs/en/wp-content/plugins/backwpup/vendor/microsoft/microsoft-graph/src/Beta/Microsoft/Graph/Model HTTP/1.1" 200 3483 "-" "Mozilla/5.0 AppleWebKit/537.36 (KHTML, like Gecko; compatible; GPTBot/1.2; +https://openai.com/gptbot)"
216.73.216.32 - - [08/Nov/2025:07:25:31 +0000] "GET /img_20171013_145805_161?fileloc=%2Fvar%2Fwww%2Fvhosts%2Famphoragames.com%2Fhttpdocs%2Ffiles%2Fpandemain%2Fpromo%2F.htaccess&path=%2Fvar%2Fwww%2Fvhosts%2Famphoragames.com%2Fhttpdocs%2Ffiles%2Fpandemain%2Fpromo HTTP/1.1" 200 2918 "-" "Mozilla/5.0 AppleWebKit/537.36 (KHTML, like Gecko; compatible; ClaudeBot/1.0; +claudebot@anthropic.com)"
51.68.235.38 - - [08/Nov/2025:07:25:32 +0000] "GET /?fileloc=/var/www/vhosts/amphoragames.com/20250520_english_backup/wp-includes/class-walker-category.php&path=/var/www/vhosts/amphoragames.com/20250520_english_backup/wp-includes HTTP/1.1" 200 4987 "-" "Mozilla/5.0 (compatible; MJ12bot/v1.4.8; http://mj12bot.com/)"
74.7.227.116 - - [08/Nov/2025:07:25:33 +0000] "GET /?fileloc=/var/www/vhosts/amphoragames.com/httpdocs/en/wp-content/plugins/backwpup/vendor/microsoft/microsoft-graph/src/Beta/Microsoft/Graph/Model/AuthenticationListener.php&path=/var/www/vhosts/amphoragames.com/httpdocs/en/wp-content/plugins/backwpup/vendor/microsoft/microsoft-graph/src/Beta/Microsoft/Graph/Model HTTP/1.1" 200 3651 "-" "Mozilla/5.0 AppleWebKit/537.36 (KHTML, like Gecko; compatible; GPTBot/1.2; +https://openai.com/gptbot)"
216.73.216.32 - - [08/Nov/2025:07:25:34 +0000] "GET /img_20171011_133315_721?fileloc=%2Fvar%2Fwww%2Fvhosts%2Famphoragames.com%2F20250520_english_backup_updated%2Freadme.html&path=%2Fvar%2Fwww%2Fvhosts%2Famphoragames.com%2F20250520_english_backup_updated HTTP/1.1" 200 5841 "-" "Mozilla/5.0 AppleWebKit/537.36 (KHTML, like Gecko; compatible; ClaudeBot/1.0; +claudebot@anthropic.com)"
51.68.235.38 - - [08/Nov/2025:07:25:36 +0000] "GET /?fileloc=/var/www/vhosts/amphoragames.com/20250520_english_backup/wp-includes/class-walker-comment.php&path=/var/www/vhosts/amphoragames.com/20250520_english_backup/wp-includes HTTP/1.1" 200 5900 "-" "Mozilla/5.0 (compatible; MJ12bot/v1.4.8; http://mj12bot.com/)"
74.7.227.116 - - [08/Nov/2025:07:25:37 +0000] "GET /?fileloc=/var/www/vhosts/amphoragames.com/httpdocs/en/wp-content/plugins/backwpup/vendor/microsoft/microsoft-graph/src/CallRecords/Model/ServiceRole.php&path=/var/www/vhosts/amphoragames.com/httpdocs/en/wp-content/plugins/backwpup/vendor/microsoft/microsoft-graph/src/CallRecords/Model HTTP/1.1" 200 3783 "-" "Mozilla/5.0 AppleWebKit/537.36 (KHTML, like Gecko; compatible; GPTBot/1.2; +https://openai.com/gptbot)"
51.68.235.38 - - [08/Nov/2025:07:25:40 +0000] "GET /?fileloc=/var/www/vhosts/amphoragames.com/20250520_english_backup/wp-includes/class-walker-nav-menu.php&path=/var/www/vhosts/amphoragames.com/20250520_english_backup/wp-includes HTTP/1.1" 200 4806 "-" "Mozilla/5.0 (compatible; MJ12bot/v1.4.8; http://mj12bot.com/)"
74.7.227.116 - - [08/Nov/2025:07:25:40 +0000] "GET /?fileloc=/var/www/vhosts/amphoragames.com/httpdocs/en/wp-content/plugins/backwpup/vendor/microsoft/microsoft-graph/src/Beta/Microsoft/Graph/Model/SiteSecurityLevel.php&path=/var/www/vhosts/amphoragames.com/httpdocs/en/wp-content/plugins/backwpup/vendor/microsoft/microsoft-graph/src/Beta/Microsoft/Graph/Model HTTP/1.1" 200 3301 "-" "Mozilla/5.0 AppleWebKit/537.36 (KHTML, like Gecko; compatible; GPTBot/1.2; +https://openai.com/gptbot)"
74.7.227.116 - - [08/Nov/2025:07:25:43 +0000] "GET /?fileloc=/var/www/vhosts/amphoragames.com/httpdocs/en/wp-content/plugins/backwpup/vendor/microsoft/microsoft-graph/src/Beta/Microsoft/Graph/Model/RoleSummaryStatus.php&path=/var/www/vhosts/amphoragames.com/httpdocs/en/wp-content/plugins/backwpup/vendor/microsoft/microsoft-graph/src/Beta/Microsoft/Graph/Model HTTP/1.1" 200 3243 "-" "Mozilla/5.0 AppleWebKit/537.36 (KHTML, like Gecko; compatible; GPTBot/1.2; +https://openai.com/gptbot)"
51.68.235.38 - - [08/Nov/2025:07:25:43 +0000] "GET /?fileloc=/var/www/vhosts/amphoragames.com/20250520_english_backup/wp-includes/class-walker-page-dropdown.php&path=/var/www/vhosts/amphoragames.com/20250520_english_backup/wp-includes HTTP/1.1" 200 3788 "-" "Mozilla/5.0 (compatible; MJ12bot/v1.4.8; http://mj12bot.com/)"
74.7.227.116 - - [08/Nov/2025:07:25:46 +0000] "GET /?fileloc=/var/www/vhosts/amphoragames.com/httpdocs/en/wp-content/plugins/backwpup/vendor/microsoft/microsoft-graph/src/Beta/Microsoft/Graph/Model/PrereleaseFeatures.php&path=/var/www/vhosts/amphoragames.com/httpdocs/en/wp-content/plugins/backwpup/vendor/microsoft/microsoft-graph/src/Beta/Microsoft/Graph/Model HTTP/1.1" 200 3338 "-" "Mozilla/5.0 AppleWebKit/537.36 (KHTML, like Gecko; compatible; GPTBot/1.2; +https://openai.com/gptbot)"
216.73.216.32 - - [08/Nov/2025:07:25:46 +0000] "GET /13987428_1171453239563706_7023951658021076736_o?fileloc=%2Fvar%2Fwww%2Fvhosts%2Famphoragames.com%2Fhttpdocs%2Ftts%2Fpandemainv3%2Fboardv3.png&path=%2Fvar%2Fwww%2Fvhosts%2Famphoragames.com%2Fhttpdocs%2Ftts%2Fpandemainv3 HTTP/1.1" 200 6151 "-" "Mozilla/5.0 AppleWebKit/537.36 (KHTML, like Gecko; compatible; ClaudeBot/1.0; +claudebot@anthropic.com)"
216.73.216.32 - - [08/Nov/2025:07:25:47 +0000] "GET /img_20171013_145805_161?fileloc=%2Fvar%2Fwww%2Fvhosts%2Famphoragames.com%2Flogs%2Faccess_log.webstat&path=%2Fvar%2Fwww%2Fvhosts%2Famphoragames.com%2Flogs HTTP/1.1" 200 35722 "-" "Mozilla/5.0 AppleWebKit/537.36 (KHTML, like Gecko; compatible; ClaudeBot/1.0; +claudebot@anthropic.com)"
51.68.235.38 - - [08/Nov/2025:07:25:47 +0000] "GET /?fileloc=/var/www/vhosts/amphoragames.com/20250520_english_backup/wp-includes/class-walker-page.php&path=/var/www/vhosts/amphoragames.com/20250520_english_backup/wp-includes HTTP/1.1" 200 4676 "-" "Mozilla/5.0 (compatible; MJ12bot/v1.4.8; http://mj12bot.com/)"
74.7.227.116 - - [08/Nov/2025:07:25:49 +0000] "GET /?fileloc=/var/www/vhosts/amphoragames.com/httpdocs/en/wp-content/plugins/backwpup/vendor/swiftmailer/swiftmailer/lib/classes/Swift/Mime/Attachment.php&path=/var/www/vhosts/amphoragames.com/httpdocs/en/wp-content/plugins/backwpup/vendor/swiftmailer/swiftmailer/lib/classes/Swift/Mime HTTP/1.1" 200 3924 "-" "Mozilla/5.0 AppleWebKit/537.36 (KHTML, like Gecko; compatible; GPTBot/1.2; +https://openai.com/gptbot)"
216.73.216.32 - - [08/Nov/2025:07:25:50 +0000] "GET /13987428_1171453239563706_7023951658021076736_o?fileloc=%2Fvar%2Fwww%2Fvhosts%2Famphoragames.com%2Fhttpdocs%2Ffiles%2Fpandemain%2Fpromo%2Fpromo%2Findex.php&path=%2Fvar%2Fwww%2Fvhosts%2Famphoragames.com%2Fhttpdocs%2Ffiles%2Fpandemain%2Fpromo%2Fpromo HTTP/1.1" 200 3824 "-" "Mozilla/5.0 AppleWebKit/537.36 (KHTML, like Gecko; compatible; ClaudeBot/1.0; +claudebot@anthropic.com)"
51.68.235.38 - - [08/Nov/2025:07:25:51 +0000] "GET /?fileloc=/var/www/vhosts/amphoragames.com/20250520_english_backup/wp-includes/class-wp-admin-bar.php&path=/var/www/vhosts/amphoragames.com/20250520_english_backup/wp-includes HTTP/1.1" 200 7594 "-" "Mozilla/5.0 (compatible; MJ12bot/v1.4.8; http://mj12bot.com/)"
74.7.227.116 - - [08/Nov/2025:07:25:52 +0000] "GET /?fileloc=/var/www/vhosts/amphoragames.com/httpdocs/en/wp-content/plugins/backwpup/vendor/microsoft/microsoft-graph/src/Model/OutgoingCallOptions.php&path=/var/www/vhosts/amphoragames.com/httpdocs/en/wp-content/plugins/backwpup/vendor/microsoft/microsoft-graph/src/Model HTTP/1.1" 200 3350 "-" "Mozilla/5.0 AppleWebKit/537.36 (KHTML, like Gecko; compatible; GPTBot/1.2; +https://openai.com/gptbot)"
216.73.216.32 - - [08/Nov/2025:07:25:53 +0000] "GET /13987428_1171453239563706_7023951658021076736_o?fileloc=%2Fvar%2Fwww%2Fvhosts%2Famphoragames.com%2Fhttpdocs%2Ftts%2Fpandemainv4%2Fficha-cereal_espelta.jpg&path=%2Fvar%2Fwww%2Fvhosts%2Famphoragames.com%2Fhttpdocs%2Ftts%2Fpandemainv4 HTTP/1.1" 200 2828 "-" "Mozilla/5.0 AppleWebKit/537.36 (KHTML, like Gecko; compatible; ClaudeBot/1.0; +claudebot@anthropic.com)"
51.68.235.38 - - [08/Nov/2025:07:25:55 +0000] "GET /?fileloc=/var/www/vhosts/amphoragames.com/20250520_english_backup/wp-includes/class-wp-ajax-response.php&path=/var/www/vhosts/amphoragames.com/20250520_english_backup/wp-includes HTTP/1.1" 200 4588 "-" "Mozilla/5.0 (compatible; MJ12bot/v1.4.8; http://mj12bot.com/)"
74.7.227.116 - - [08/Nov/2025:07:25:55 +0000] "GET /?fileloc=/var/www/vhosts/amphoragames.com/httpdocs/en/wp-content/plugins/backwpup/vendor/microsoft/microsoft-graph/src/Beta/Microsoft/Graph/Model/SecurityProviderStatus.php&path=/var/www/vhosts/amphoragames.com/httpdocs/en/wp-content/plugins/backwpup/vendor/microsoft/microsoft-graph/src/Beta/Microsoft/Graph/Model HTTP/1.1" 200 3575 "-" "Mozilla/5.0 AppleWebKit/537.36 (KHTML, like Gecko; compatible; GPTBot/1.2; +https://openai.com/gptbot)"
216.73.216.32 - - [08/Nov/2025:07:25:56 +0000] "GET /?fileloc=%2Fvar%2Fwww%2Fvhosts%2Famphoragames.com%2Fcore_OLD%2F1.png&path=%2Fvar%2Fwww%2Fvhosts%2Famphoragames.com%2Fcore_OLD HTTP/1.1" 200 2789 "-" "Mozilla/5.0 AppleWebKit/537.36 (KHTML, like Gecko; compatible; ClaudeBot/1.0; +claudebot@anthropic.com)"
66.249.79.37 - - [08/Nov/2025:07:25:58 +0000] "GET /safe_search/config?return_url=%2Fproduct%2Fdetail%2FA2068009017 HTTP/1.1" 200 7813 "-" "Mozilla/5.0 (Linux; Android 6.0.1; Nexus 5X Build/MMB29P) AppleWebKit/537.36 (KHTML, like Gecko) Chrome/141.0.7390.122 Mobile Safari/537.36 (compatible; Googlebot/2.1; +http://www.google.com/bot.html)"
51.68.235.38 - - [08/Nov/2025:07:25:58 +0000] "GET /?fileloc=/var/www/vhosts/amphoragames.com/20250520_english_backup/wp-includes/class-wp-block-parser.php&path=/var/www/vhosts/amphoragames.com/20250520_english_backup/wp-includes HTTP/1.1" 200 6900 "-" "Mozilla/5.0 (compatible; MJ12bot/v1.4.8; http://mj12bot.com/)"
74.7.227.116 - - [08/Nov/2025:07:25:59 +0000] "GET /?fileloc=/var/www/vhosts/amphoragames.com/httpdocs/en/wp-content/plugins/backwpup/vendor/microsoft/microsoft-graph/src/Beta/Microsoft/Graph/Model/WorkbookChartPoint.php&path=/var/www/vhosts/amphoragames.com/httpdocs/en/wp-content/plugins/backwpup/vendor/microsoft/microsoft-graph/src/Beta/Microsoft/Graph/Model HTTP/1.1" 200 3541 "-" "Mozilla/5.0 AppleWebKit/537.36 (KHTML, like Gecko; compatible; GPTBot/1.2; +https://openai.com/gptbot)"
216.73.216.32 - - [08/Nov/2025:07:25:59 +0000] "GET /13987428_1171453239563706_7023951658021076736_o?fileloc=%2Fvar%2Fwww%2Fvhosts%2Famphoragames.com%2Fhttpdocs%2Ftts%2Fpandemainv4%2Fficha-ronda_anverso.jpg&path=%2Fvar%2Fwww%2Fvhosts%2Famphoragames.com%2Fhttpdocs%2Ftts%2Fpandemainv4 HTTP/1.1" 200 2827 "-" "Mozilla/5.0 AppleWebKit/537.36 (KHTML, like Gecko; compatible; ClaudeBot/1.0; +claudebot@anthropic.com)"
66.249.79.37 - - [08/Nov/2025:07:26:02 +0000] "GET /entity/987797736.shtm?path=/var/www/vhosts/amphoragames.com/httpdocs/wp-admin HTTP/1.1" 200 7047 "-" "Mozilla/5.0 (Linux; Android 6.0.1; Nexus 5X Build/MMB29P) AppleWebKit/537.36 (KHTML, like Gecko) Chrome/141.0.7390.122 Mobile Safari/537.36 (compatible; Googlebot/2.1; +http://www.google.com/bot.html)"
74.7.227.116 - - [08/Nov/2025:07:26:02 +0000] "GET /?fileloc=/var/www/vhosts/amphoragames.com/httpdocs/en/wp-content/plugins/backwpup/vendor/microsoft/microsoft-graph/src/Model/InformationProtection.php&path=/var/www/vhosts/amphoragames.com/httpdocs/en/wp-content/plugins/backwpup/vendor/microsoft/microsoft-graph/src/Model HTTP/1.1" 200 3943 "-" "Mozilla/5.0 AppleWebKit/537.36 (KHTML, like Gecko; compatible; GPTBot/1.2; +https://openai.com/gptbot)"
216.73.216.32 - - [08/Nov/2025:07:26:02 +0000] "GET /img_20171013_011536_651?fileloc=%2Fvar%2Fwww%2Fvhosts%2Famphoragames.com%2Flogs%2Faccess_ssl_log.processed&path=%2Fvar%2Fwww%2Fvhosts%2Famphoragames.com%2Flogs HTTP/1.1" 200 2795 "-" "Mozilla/5.0 AppleWebKit/537.36 (KHTML, like Gecko; compatible; ClaudeBot/1.0; +claudebot@anthropic.com)"
51.68.235.38 - - [08/Nov/2025:07:26:02 +0000] "GET /?fileloc=/var/www/vhosts/amphoragames.com/20250520_english_backup/wp-includes/class-wp-block-type-registry.php&path=/var/www/vhosts/amphoragames.com/20250520_english_backup/wp-includes HTTP/1.1" 200 4188 "-" "Mozilla/5.0 (compatible; MJ12bot/v1.4.8; http://mj12bot.com/)"
181.119.146.199 - - [08/Nov/2025:07:26:04 +0000] "POST /xmlrpc.php HTTP/1.1" 200 7772 "https://www.amphoragames.com" "Mozilla/5.0 (Windows NT 10.0; Win64; x64) AppleWebKit/537.36 (KHTML, like Gecko) Chrome/114.0.5735.134 Safari/537.36"
216.73.216.32 - - [08/Nov/2025:07:26:05 +0000] "GET /13987428_1171453239563706_7023951658021076736_o?fileloc=%2Fvar%2Fwww%2Fvhosts%2Famphoragames.com%2Fhttpdocs%2Ftts%2Fpandemainv3%2Fmasterbaker8.png&path=%2Fvar%2Fwww%2Fvhosts%2Famphoragames.com%2Fhttpdocs%2Ftts%2Fpandemainv3 HTTP/1.1" 200 2821 "-" "Mozilla/5.0 AppleWebKit/537.36 (KHTML, like Gecko; compatible; ClaudeBot/1.0; +claudebot@anthropic.com)"
74.7.227.116 - - [08/Nov/2025:07:26:05 +0000] "GET /?fileloc=/var/www/vhosts/amphoragames.com/httpdocs/en/wp-content/plugins/backwpup/vendor/microsoft/microsoft-graph/src/Model/WorkbookTableColumn.php&path=/var/www/vhosts/amphoragames.com/httpdocs/en/wp-content/plugins/backwpup/vendor/microsoft/microsoft-graph/src/Model HTTP/1.1" 200 3741 "-" "Mozilla/5.0 AppleWebKit/537.36 (KHTML, like Gecko; compatible; GPTBot/1.2; +https://openai.com/gptbot)"
51.68.235.38 - - [08/Nov/2025:07:26:06 +0000] "GET /?fileloc=/var/www/vhosts/amphoragames.com/20250520_english_backup/wp-includes/class-wp-block-type.php&path=/var/www/vhosts/amphoragames.com/20250520_english_backup/wp-includes HTTP/1.1" 200 4290 "-" "Mozilla/5.0 (compatible; MJ12bot/v1.4.8; http://mj12bot.com/)"
207.46.13.36 - - [08/Nov/2025:07:26:07 +0000] "GET /entity/1020117731.shtm HTTP/1.1" 200 7863 "-" "Mozilla/5.0 AppleWebKit/537.36 (KHTML, like Gecko; compatible; bingbot/2.0; +http://www.bing.com/bingbot.htm) Chrome/116.0.1938.76 Safari/537.36"
216.73.216.32 - - [08/Nov/2025:07:26:08 +0000] "GET /img_20171013_011536_651?path=%2Fvar%2Fwww%2Fvhosts%2Famphoragames.com%2Fhttpdocs%2Ffiles%2Fpandemain%2Fpromo HTTP/1.1" 200 3521 "-" "Mozilla/5.0 AppleWebKit/537.36 (KHTML, like Gecko; compatible; ClaudeBot/1.0; +claudebot@anthropic.com)"
74.7.227.116 - - [08/Nov/2025:07:26:08 +0000] "GET /?fileloc=/var/www/vhosts/amphoragames.com/httpdocs/en/wp-content/plugins/backwpup/vendor/microsoft/microsoft-graph/src/Beta/Microsoft/Graph/Ediscovery/Model/CaseStatus.php&path=/var/www/vhosts/amphoragames.com/httpdocs/en/wp-content/plugins/backwpup/vendor/microsoft/microsoft-graph/src/Beta/Microsoft/Graph/Ediscovery/Model HTTP/1.1" 200 3345 "-" "Mozilla/5.0 AppleWebKit/537.36 (KHTML, like Gecko; compatible; GPTBot/1.2; +https://openai.com/gptbot)"
51.68.235.38 - - [08/Nov/2025:07:26:10 +0000] "GET /?fileloc=/var/www/vhosts/amphoragames.com/20250520_english_backup/wp-includes/class-wp-comment-query.php&path=/var/www/vhosts/amphoragames.com/20250520_english_backup/wp-includes HTTP/1.1" 200 12341 "-" "Mozilla/5.0 (compatible; MJ12bot/v1.4.8; http://mj12bot.com/)"
216.73.216.32 - - [08/Nov/2025:07:26:11 +0000] "GET /13987428_1171453239563706_7023951658021076736_o?fileloc=%2Fvar%2Fwww%2Fvhosts%2Famphoragames.com%2Fhttpdocs%2Ftts%2Fpandemainv3%2Fextraaction2.png&path=%2Fvar%2Fwww%2Fvhosts%2Famphoragames.com%2Fhttpdocs%2Ftts%2Fpandemainv3 HTTP/1.1" 200 2819 "-" "Mozilla/5.0 AppleWebKit/537.36 (KHTML, like Gecko; compatible; ClaudeBot/1.0; +claudebot@anthropic.com)"
74.7.227.116 - - [08/Nov/2025:07:26:12 +0000] "GET /?fileloc=/var/www/vhosts/amphoragames.com/httpdocs/en/wp-content/plugins/backwpup/vendor/microsoft/microsoft-graph/src/Beta/Microsoft/Graph/Model/WindowsMalwareState.php&path=/var/www/vhosts/amphoragames.com/httpdocs/en/wp-content/plugins/backwpup/vendor/microsoft/microsoft-graph/src/Beta/Microsoft/Graph/Model HTTP/1.1" 200 3395 "-" "Mozilla/5.0 AppleWebKit/537.36 (KHTML, like Gecko; compatible; GPTBot/1.2; +https://openai.com/gptbot)"
51.68.235.38 - - [08/Nov/2025:07:26:14 +0000] "GET /?fileloc=/var/www/vhosts/amphoragames.com/20250520_english_backup/wp-includes/class-wp-comment.php&path=/var/www/vhosts/amphoragames.com/20250520_english_backup/wp-includes HTTP/1.1" 200 5296 "-" "Mozilla/5.0 (compatible; MJ12bot/v1.4.8; http://mj12bot.com/)"
216.73.216.32 - - [08/Nov/2025:07:26:14 +0000] "GET /img_20171013_145805_161?fileloc=%2Fvar%2Fwww%2Fvhosts%2Famphoragames.com%2Fvideos%2Fag_howto_pentaurus_duel1.mp4&path=%2Fvar%2Fwww%2Fvhosts%2Famphoragames.com%2Fvideos HTTP/1.1" 200 2738 "-" "Mozilla/5.0 AppleWebKit/537.36 (KHTML, like Gecko; compatible; ClaudeBot/1.0; +claudebot@anthropic.com)"
74.7.227.116 - - [08/Nov/2025:07:26:15 +0000] "GET /?fileloc=/var/www/vhosts/amphoragames.com/httpdocs/en/wp-content/plugins/backwpup/vendor/microsoft/microsoft-graph/src/Beta/Microsoft/Graph/Model/NdesConnectorState.php&path=/var/www/vhosts/amphoragames.com/httpdocs/en/wp-content/plugins/backwpup/vendor/microsoft/microsoft-graph/src/Beta/Microsoft/Graph/Model HTTP/1.1" 200 3261 "-" "Mozilla/5.0 AppleWebKit/537.36 (KHTML, like Gecko; compatible; GPTBot/1.2; +https://openai.com/gptbot)"
216.73.216.32 - - [08/Nov/2025:07:26:17 +0000] "GET /13987428_1171453239563706_7023951658021076736_o?fileloc=%2Fvar%2Fwww%2Fvhosts%2Famphoragames.com%2Fhttpdocs%2Ftts%2Fpandemainv3%2Fround1-back.png&path=%2Fvar%2Fwww%2Fvhosts%2Famphoragames.com%2Fhttpdocs%2Ftts%2Fpandemainv3 HTTP/1.1" 200 2819 "-" "Mozilla/5.0 AppleWebKit/537.36 (KHTML, like Gecko; compatible; ClaudeBot/1.0; +claudebot@anthropic.com)"
51.68.235.38 - - [08/Nov/2025:07:26:17 +0000] "GET /?fileloc=/var/www/vhosts/amphoragames.com/20250520_english_backup/wp-includes/class-wp-customize-control.php&path=/var/www/vhosts/amphoragames.com/20250520_english_backup/wp-includes HTTP/1.1" 200 8497 "-" "Mozilla/5.0 (compatible; MJ12bot/v1.4.8; http://mj12bot.com/)"
74.7.227.116 - - [08/Nov/2025:07:26:18 +0000] "GET /?fileloc=/var/www/vhosts/amphoragames.com/httpdocs/en/wp-content/plugins/backwpup/vendor/swiftmailer/swiftmailer/lib/classes/Swift/Events/EventListener.php&path=/var/www/vhosts/amphoragames.com/httpdocs/en/wp-content/plugins/backwpup/vendor/swiftmailer/swiftmailer/lib/classes/Swift/Events HTTP/1.1" 200 3114 "-" "Mozilla/5.0 AppleWebKit/537.36 (KHTML, like Gecko; compatible; GPTBot/1.2; +https://openai.com/gptbot)"
216.73.216.32 - - [08/Nov/2025:07:26:20 +0000] "GET /13987428_1171453239563706_7023951658021076736_o?fileloc=%2Fvar%2Fwww%2Fvhosts%2Famphoragames.com%2Fhttpdocs%2Ftts%2Fpandemainv4%2Fficha-favor_reverso.jpg&path=%2Fvar%2Fwww%2Fvhosts%2Famphoragames.com%2Fhttpdocs%2Ftts%2Fpandemainv4 HTTP/1.1" 200 2827 "-" "Mozilla/5.0 AppleWebKit/537.36 (KHTML, like Gecko; compatible; ClaudeBot/1.0; +claudebot@anthropic.com)"
74.7.227.116 - - [08/Nov/2025:07:26:21 +0000] "GET /?fileloc=/var/www/vhosts/amphoragames.com/httpdocs/en/wp-content/plugins/backwpup/vendor/swiftmailer/swiftmailer/lib/classes/Swift/Plugins/Sleeper.php&path=/var/www/vhosts/amphoragames.com/httpdocs/en/wp-content/plugins/backwpup/vendor/swiftmailer/swiftmailer/lib/classes/Swift/Plugins HTTP/1.1" 200 3148 "-" "Mozilla/5.0 AppleWebKit/537.36 (KHTML, like Gecko; compatible; GPTBot/1.2; +https://openai.com/gptbot)"
51.68.235.38 - - [08/Nov/2025:07:26:21 +0000] "GET /?fileloc=/var/www/vhosts/amphoragames.com/20250520_english_backup/wp-includes/class-wp-customize-manager.php&path=/var/www/vhosts/amphoragames.com/20250520_english_backup/wp-includes HTTP/1.1" 200 49134 "-" "Mozilla/5.0 (compatible; MJ12bot/v1.4.8; http://mj12bot.com/)"
216.73.216.32 - - [08/Nov/2025:07:26:23 +0000] "GET /img_20171014_000250_399?fileloc=%2Fvar%2Fwww%2Fvhosts%2Famphoragames.com%2Fhttpdocs%2Femail%2Flogo.png&path=%2Fvar%2Fwww%2Fvhosts%2Famphoragames.com%2Fhttpdocs%2Femail HTTP/1.1" 200 2801 "-" "Mozilla/5.0 AppleWebKit/537.36 (KHTML, like Gecko; compatible; ClaudeBot/1.0; +claudebot@anthropic.com)"
74.7.227.116 - - [08/Nov/2025:07:26:24 +0000] "GET /?fileloc=/var/www/vhosts/amphoragames.com/httpdocs/en/wp-content/plugins/backwpup/vendor/microsoft/microsoft-graph/src/Beta/Microsoft/Graph/Model/EdgeCookiePolicy.php&path=/var/www/vhosts/amphoragames.com/httpdocs/en/wp-content/plugins/backwpup/vendor/microsoft/microsoft-graph/src/Beta/Microsoft/Graph/Model HTTP/1.1" 200 3310 "-" "Mozilla/5.0 AppleWebKit/537.36 (KHTML, like Gecko; compatible; GPTBot/1.2; +https://openai.com/gptbot)"
51.68.235.38 - - [08/Nov/2025:07:26:25 +0000] "GET /?fileloc=/var/www/vhosts/amphoragames.com/20250520_english_backup/wp-includes/class-wp-customize-nav-menus.php&path=/var/www/vhosts/amphoragames.com/20250520_english_backup/wp-includes HTTP/1.1" 200 16366 "-" "Mozilla/5.0 (compatible; MJ12bot/v1.4.8; http://mj12bot.com/)"
216.73.216.32 - - [08/Nov/2025:07:26:26 +0000] "GET /13987428_1171453239563706_7023951658021076736_o?fileloc=%2Fvar%2Fwww%2Fvhosts%2Famphoragames.com%2Fhttpdocs%2Ftts%2Fpandemainv4%2Fficha-carretilla_reverso.jpg&path=%2Fvar%2Fwww%2Fvhosts%2Famphoragames.com%2Fhttpdocs%2Ftts%2Fpandemainv4 HTTP/1.1" 200 2831 "-" "Mozilla/5.0 AppleWebKit/537.36 (KHTML, like Gecko; compatible; ClaudeBot/1.0; +claudebot@anthropic.com)"
74.7.227.116 - - [08/Nov/2025:07:26:27 +0000] "GET /?fileloc=/var/www/vhosts/amphoragames.com/httpdocs/en/wp-content/plugins/backwpup/vendor/microsoft/microsoft-graph/src/Beta/Microsoft/Graph/Model/AttendanceRecord.php&path=/var/www/vhosts/amphoragames.com/httpdocs/en/wp-content/plugins/backwpup/vendor/microsoft/microsoft-graph/src/Beta/Microsoft/Graph/Model HTTP/1.1" 200 4032 "-" "Mozilla/5.0 AppleWebKit/537.36 (KHTML, like Gecko; compatible; GPTBot/1.2; +https://openai.com/gptbot)"
51.68.235.38 - - [08/Nov/2025:07:26:28 +0000] "GET /?fileloc=/var/www/vhosts/amphoragames.com/20250520_english_backup/wp-includes/class-wp-customize-panel.php&path=/var/www/vhosts/amphoragames.com/20250520_english_backup/wp-includes HTTP/1.1" 200 5690 "-" "Mozilla/5.0 (compatible; MJ12bot/v1.4.8; http://mj12bot.com/)"
216.73.216.32 - - [08/Nov/2025:07:26:29 +0000] "GET /13987428_1171453239563706_7023951658021076736_o?fileloc=%2Fvar%2Fwww%2Fvhosts%2Famphoragames.com%2Fhttpdocs%2Ftts%2Fpandemainv4%2Fficha-cereal_espelta-reverso.jpg&path=%2Fvar%2Fwww%2Fvhosts%2Famphoragames.com%2Fhttpdocs%2Ftts%2Fpandemainv4 HTTP/1.1" 200 2833 "-" "Mozilla/5.0 AppleWebKit/537.36 (KHTML, like Gecko; compatible; ClaudeBot/1.0; +claudebot@anthropic.com)"
74.7.227.116 - - [08/Nov/2025:07:26:30 +0000] "GET /?fileloc=/var/www/vhosts/amphoragames.com/httpdocs/en/wp-content/plugins/backwpup/vendor/microsoft/microsoft-graph/src/Beta/Microsoft/Graph/Networkaccess/Model/Region.php&path=/var/www/vhosts/amphoragames.com/httpdocs/en/wp-content/plugins/backwpup/vendor/microsoft/microsoft-graph/src/Beta/Microsoft/Graph/Networkaccess/Model HTTP/1.1" 200 3533 "-" "Mozilla/5.0 AppleWebKit/537.36 (KHTML, like Gecko; compatible; GPTBot/1.2; +https://openai.com/gptbot)"
51.68.235.38 - - [08/Nov/2025:07:26:32 +0000] "GET /?fileloc=/var/www/vhosts/amphoragames.com/20250520_english_backup/wp-includes/class-wp-customize-section.php&path=/var/www/vhosts/amphoragames.com/20250520_english_backup/wp-includes HTTP/1.1" 200 5918 "-" "Mozilla/5.0 (compatible; MJ12bot/v1.4.8; http://mj12bot.com/)"
216.73.216.32 - - [08/Nov/2025:07:26:32 +0000] "GET /?path=%2Fvar%2Fwww%2Fvhosts%2Famphoragames.com%2Fhttpdocs%2Ffiles%2Fpandemain%2Fpromo%2Fpromo%2Fpromo%2Fpromo%2Fpromo HTTP/1.1" 200 6720 "-" "Mozilla/5.0 AppleWebKit/537.36 (KHTML, like Gecko; compatible; ClaudeBot/1.0; +claudebot@anthropic.com)"
74.7.227.116 - - [08/Nov/2025:07:26:33 +0000] "GET /?fileloc=/var/www/vhosts/amphoragames.com/httpdocs/en/wp-content/plugins/backwpup/vendor/microsoft/microsoft-graph/src/Model/MicrosoftEdgeChannel.php&path=/var/www/vhosts/amphoragames.com/httpdocs/en/wp-content/plugins/backwpup/vendor/microsoft/microsoft-graph/src/Model HTTP/1.1" 200 3263 "-" "Mozilla/5.0 AppleWebKit/537.36 (KHTML, like Gecko; compatible; GPTBot/1.2; +https://openai.com/gptbot)"
216.73.216.32 - - [08/Nov/2025:07:26:35 +0000] "GET /?fileloc=%2Fvar%2Fwww%2Fvhosts%2Famphoragames.com%2Fhttpdocs%2Ffiles%2Fpandemain%2Fpromo%2Fpromo%2Fpromo%2Fpromo%2F.htaccess&path=%2Fvar%2Fwww%2Fvhosts%2Famphoragames.com%2Fhttpdocs%2Ffiles%2Fpandemain%2Fpromo%2Fpromo%2Fpromo%2Fpromo HTTP/1.1" 200 2964 "-" "Mozilla/5.0 AppleWebKit/537.36 (KHTML, like Gecko; compatible; ClaudeBot/1.0; +claudebot@anthropic.com)"
51.68.235.38 - - [08/Nov/2025:07:26:36 +0000] "GET /?fileloc=/var/www/vhosts/amphoragames.com/20250520_english_backup/wp-includes/class-wp-customize-setting.php&path=/var/www/vhosts/amphoragames.com/20250520_english_backup/wp-includes HTTP/1.1" 200 9330 "-" "Mozilla/5.0 (compatible; MJ12bot/v1.4.8; http://mj12bot.com/)"
74.7.227.116 - - [08/Nov/2025:07:26:37 +0000] "GET /?fileloc=/var/www/vhosts/amphoragames.com/httpdocs/en/wp-content/plugins/backwpup/vendor/microsoft/microsoft-graph/src/Beta/Microsoft/Graph/Model/InternetExplorerMode.php&path=/var/www/vhosts/amphoragames.com/httpdocs/en/wp-content/plugins/backwpup/vendor/microsoft/microsoft-graph/src/Beta/Microsoft/Graph/Model HTTP/1.1" 200 3419 "-" "Mozilla/5.0 AppleWebKit/537.36 (KHTML, like Gecko; compatible; GPTBot/1.2; +https://openai.com/gptbot)"
216.73.216.32 - - [08/Nov/2025:07:26:38 +0000] "GET /13987428_1171453239563706_7023951658021076736_o?path=%2Fvar%2Fwww%2Fvhosts%2Famphoragames.com%2Fhttpdocs%2Ffiles%2Fpandemain%2Fpromo%2Fpromo%2Fpromo HTTP/1.1" 200 3443 "-" "Mozilla/5.0 AppleWebKit/537.36 (KHTML, like Gecko; compatible; ClaudeBot/1.0; +claudebot@anthropic.com)"
51.68.235.38 - - [08/Nov/2025:07:26:40 +0000] "GET /?fileloc=/var/www/vhosts/amphoragames.com/20250520_english_backup/wp-includes/class-wp-customize-widgets.php&path=/var/www/vhosts/amphoragames.com/20250520_english_backup/wp-includes HTTP/1.1" 200 18171 "-" "Mozilla/5.0 (compatible; MJ12bot/v1.4.8; http://mj12bot.com/)"
74.7.227.116 - - [08/Nov/2025:07:26:40 +0000] "GET /?fileloc=/var/www/vhosts/amphoragames.com/httpdocs/en/wp-content/plugins/backwpup/vendor/microsoft/microsoft-graph/src/Beta/Microsoft/Graph/Model/MobileAppActionType.php&path=/var/www/vhosts/amphoragames.com/httpdocs/en/wp-content/plugins/backwpup/vendor/microsoft/microsoft-graph/src/Beta/Microsoft/Graph/Model HTTP/1.1" 200 3333 "-" "Mozilla/5.0 AppleWebKit/537.36 (KHTML, like Gecko; compatible; GPTBot/1.2; +https://openai.com/gptbot)"
216.73.216.32 - - [08/Nov/2025:07:26:41 +0000] "GET /?fileloc=%2Fvar%2Fwww%2Fvhosts%2Famphoragames.com%2Fhttpdocs%2Ffiles%2Fpandemain%2Fpromo%2Fpromo%2Fpromo%2Fpromo%2Findex.php&path=%2Fvar%2Fwww%2Fvhosts%2Famphoragames.com%2Fhttpdocs%2Ffiles%2Fpandemain%2Fpromo%2Fpromo%2Fpromo%2Fpromo HTTP/1.1" 200 3812 "-" "Mozilla/5.0 AppleWebKit/537.36 (KHTML, like Gecko; compatible; ClaudeBot/1.0; +claudebot@anthropic.com)"
74.7.227.116 - - [08/Nov/2025:07:26:43 +0000] "GET /?fileloc=/var/www/vhosts/amphoragames.com/httpdocs/en/wp-content/plugins/backwpup/vendor/microsoft/microsoft-graph/src/Beta/Microsoft/Graph/Model/WebBrowserCookieSettings.php&path=/var/www/vhosts/amphoragames.com/httpdocs/en/wp-content/plugins/backwpup/vendor/microsoft/microsoft-graph/src/Beta/Microsoft/Graph/Model HTTP/1.1" 200 3365 "-" "Mozilla/5.0 AppleWebKit/537.36 (KHTML, like Gecko; compatible; GPTBot/1.2; +https://openai.com/gptbot)"
51.68.235.38 - - [08/Nov/2025:07:26:43 +0000] "GET /?fileloc=/var/www/vhosts/amphoragames.com/20250520_english_backup/wp-includes/class-wp-dependency.php&path=/var/www/vhosts/amphoragames.com/20250520_english_backup/wp-includes HTTP/1.1" 200 3585 "-" "Mozilla/5.0 (compatible; MJ12bot/v1.4.8; http://mj12bot.com/)"
216.73.216.32 - - [08/Nov/2025:07:26:44 +0000] "GET /13987428_1171453239563706_7023951658021076736_o?fileloc=%2Fvar%2Fwww%2Fvhosts%2Famphoragames.com%2Fhttpdocs%2Ffiles%2Fpandemain%2Fpromo%2Fpromo%2Fb.mp4&path=%2Fvar%2Fwww%2Fvhosts%2Famphoragames.com%2Fhttpdocs%2Ffiles%2Fpandemain%2Fpromo%2Fpromo HTTP/1.1" 200 4957 "-" "Mozilla/5.0 AppleWebKit/537.36 (KHTML, like Gecko; compatible; ClaudeBot/1.0; +claudebot@anthropic.com)"
74.7.227.116 - - [08/Nov/2025:07:26:46 +0000] "GET /?fileloc=/var/www/vhosts/amphoragames.com/httpdocs/en/wp-content/plugins/backwpup/vendor/microsoft/microsoft-graph/src/Beta/Microsoft/Graph/Model/EventMessageResponse.php&path=/var/www/vhosts/amphoragames.com/httpdocs/en/wp-content/plugins/backwpup/vendor/microsoft/microsoft-graph/src/Beta/Microsoft/Graph/Model HTTP/1.1" 200 3518 "-" "Mozilla/5.0 AppleWebKit/537.36 (KHTML, like Gecko; compatible; GPTBot/1.2; +https://openai.com/gptbot)"
51.68.235.38 - - [08/Nov/2025:07:26:47 +0000] "GET /?fileloc=/var/www/vhosts/amphoragames.com/20250520_english_backup/wp-includes/class-wp-editor.php&path=/var/www/vhosts/amphoragames.com/20250520_english_backup/wp-includes HTTP/1.1" 200 19350 "-" "Mozilla/5.0 (compatible; MJ12bot/v1.4.8; http://mj12bot.com/)"
216.73.216.32 - - [08/Nov/2025:07:26:47 +0000] "GET /13987428_1171453239563706_7023951658021076736_o?fileloc=%2Fvar%2Fwww%2Fvhosts%2Famphoragames.com%2Fhttpdocs%2Ffiles%2Fpandemain%2Fpromo%2Fpromo%2F.htaccess&path=%2Fvar%2Fwww%2Fvhosts%2Famphoragames.com%2Fhttpdocs%2Ffiles%2Fpandemain%2Fpromo%2Fpromo HTTP/1.1" 200 2958 "-" "Mozilla/5.0 AppleWebKit/537.36 (KHTML, like Gecko; compatible; ClaudeBot/1.0; +claudebot@anthropic.com)"
74.7.227.116 - - [08/Nov/2025:07:26:49 +0000] "GET /?fileloc=/var/www/vhosts/amphoragames.com/httpdocs/en/wp-content/plugins/backwpup/vendor/microsoft/microsoft-graph/src/Beta/Microsoft/Graph/Ediscovery/Model/TagOperation.php&path=/var/www/vhosts/amphoragames.com/httpdocs/en/wp-content/plugins/backwpup/vendor/microsoft/microsoft-graph/src/Beta/Microsoft/Graph/Ediscovery/Model HTTP/1.1" 200 3202 "-" "Mozilla/5.0 AppleWebKit/537.36 (KHTML, like Gecko; compatible; GPTBot/1.2; +https://openai.com/gptbot)"
216.73.216.32 - - [08/Nov/2025:07:26:50 +0000] "GET /?fileloc=%2Fvar%2Fwww%2Fvhosts%2Famphoragames.com%2Fhttpdocs%2Ffiles%2Fpandemain%2Fpromo%2Fpromo%2Fpromo%2Fpromo%2Fcache.php&path=%2Fvar%2Fwww%2Fvhosts%2Famphoragames.com%2Fhttpdocs%2Ffiles%2Fpandemain%2Fpromo%2Fpromo%2Fpromo%2Fpromo HTTP/1.1" 200 7447 "-" "Mozilla/5.0 AppleWebKit/537.36 (KHTML, like Gecko; compatible; ClaudeBot/1.0; +claudebot@anthropic.com)"
51.68.235.38 - - [08/Nov/2025:07:26:51 +0000] "GET /?fileloc=/var/www/vhosts/amphoragames.com/20250520_english_backup/wp-includes/class-wp-embed.php&path=/var/www/vhosts/amphoragames.com/20250520_english_backup/wp-includes HTTP/1.1" 200 7396 "-" "Mozilla/5.0 (compatible; MJ12bot/v1.4.8; http://mj12bot.com/)"
74.7.227.116 - - [08/Nov/2025:07:26:52 +0000] "GET /?fileloc=/var/www/vhosts/amphoragames.com/httpdocs/en/wp-content/plugins/backwpup/vendor/microsoft/microsoft-graph/src/Beta/Microsoft/Graph/Model/PlannerPlanContainer.php&path=/var/www/vhosts/amphoragames.com/httpdocs/en/wp-content/plugins/backwpup/vendor/microsoft/microsoft-graph/src/Beta/Microsoft/Graph/Model HTTP/1.1" 200 3798 "-" "Mozilla/5.0 AppleWebKit/537.36 (KHTML, like Gecko; compatible; GPTBot/1.2; +https://openai.com/gptbot)"
216.73.216.32 - - [08/Nov/2025:07:26:53 +0000] "GET /2017/11/16/nuestro-paso-por-la-bgc-de-malaga/img_20171112_190145_374/feed?fileloc=%2Fvar%2Fwww%2Fvhosts%2Famphoragames.com%2Fhttpdocs%2Ftts%2Fpandemainv3%2Fcow.png&path=%2Fvar%2Fwww%2Fvhosts%2Famphoragames.com%2Fhttpdocs%2Ftts%2Fpandemainv3 HTTP/1.1" 200 2815 "-" "Mozilla/5.0 AppleWebKit/537.36 (KHTML, like Gecko; compatible; ClaudeBot/1.0; +claudebot@anthropic.com)"
51.68.235.38 - - [08/Nov/2025:07:26:55 +0000] "GET /?fileloc=/var/www/vhosts/amphoragames.com/20250520_english_backup/wp-includes/class-wp-error.php&path=/var/www/vhosts/amphoragames.com/20250520_english_backup/wp-includes HTTP/1.1" 200 4132 "-" "Mozilla/5.0 (compatible; MJ12bot/v1.4.8; http://mj12bot.com/)"
74.7.227.116 - - [08/Nov/2025:07:26:55 +0000] "GET /?fileloc=/var/www/vhosts/amphoragames.com/httpdocs/en/wp-content/plugins/backwpup/vendor/microsoft/microsoft-graph/src/Beta/Microsoft/Graph/Networkaccess/Model/Status.php&path=/var/www/vhosts/amphoragames.com/httpdocs/en/wp-content/plugins/backwpup/vendor/microsoft/microsoft-graph/src/Beta/Microsoft/Graph/Networkaccess/Model HTTP/1.1" 200 3305 "-" "Mozilla/5.0 AppleWebKit/537.36 (KHTML, like Gecko; compatible; GPTBot/1.2; +https://openai.com/gptbot)"
216.73.216.32 - - [08/Nov/2025:07:26:56 +0000] "GET /2017/11/16/nuestro-paso-por-la-bgc-de-malaga/img_20171112_190145_374/feed?fileloc=%2Fvar%2Fwww%2Fvhosts%2Famphoragames.com%2Fhttpdocs%2Ftts%2Fpandemainv3%2F7coins.png&path=%2Fvar%2Fwww%2Fvhosts%2Famphoragames.com%2Fhttpdocs%2Ftts%2Fpandemainv3 HTTP/1.1" 200 2818 "-" "Mozilla/5.0 AppleWebKit/537.36 (KHTML, like Gecko; compatible; ClaudeBot/1.0; +claudebot@anthropic.com)"
51.68.235.38 - - [08/Nov/2025:07:26:58 +0000] "GET /?fileloc=/var/www/vhosts/amphoragames.com/20250520_english_backup/wp-includes/class-wp-fatal-error-handler.php&path=/var/www/vhosts/amphoragames.com/20250520_english_backup/wp-includes HTTP/1.1" 200 5010 "-" "Mozilla/5.0 (compatible; MJ12bot/v1.4.8; http://mj12bot.com/)"
74.7.227.116 - - [08/Nov/2025:07:26:59 +0000] "GET /?fileloc=/var/www/vhosts/amphoragames.com/httpdocs/en/wp-content/plugins/backwpup/vendor/microsoft/microsoft-graph/src/Beta/Microsoft/Graph/Model/ClassificationError.php&path=/var/www/vhosts/amphoragames.com/httpdocs/en/wp-content/plugins/backwpup/vendor/microsoft/microsoft-graph/src/Beta/Microsoft/Graph/Model HTTP/1.1" 200 3430 "-" "Mozilla/5.0 AppleWebKit/537.36 (KHTML, like Gecko; compatible; GPTBot/1.2; +https://openai.com/gptbot)"
216.73.216.32 - - [08/Nov/2025:07:26:59 +0000] "GET /2017/11/16/nuestro-paso-por-la-bgc-de-malaga/img_20171112_190145_374/feed?fileloc=%2Fvar%2Fwww%2Fvhosts%2Famphoragames.com%2Fhttpdocs%2Ftts%2Fpandemainv3%2Frye.png&path=%2Fvar%2Fwww%2Fvhosts%2Famphoragames.com%2Fhttpdocs%2Ftts%2Fpandemainv3 HTTP/1.1" 200 2815 "-" "Mozilla/5.0 AppleWebKit/537.36 (KHTML, like Gecko; compatible; ClaudeBot/1.0; +claudebot@anthropic.com)"
74.7.227.116 - - [08/Nov/2025:07:27:02 +0000] "GET /?fileloc=/var/www/vhosts/amphoragames.com/httpdocs/en/wp-content/plugins/backwpup/vendor/microsoft/microsoft-graph/src/Beta/Microsoft/Graph/Model/WorkbookTableRow.php&path=/var/www/vhosts/amphoragames.com/httpdocs/en/wp-content/plugins/backwpup/vendor/microsoft/microsoft-graph/src/Beta/Microsoft/Graph/Model HTTP/1.1" 200 3573 "-" "Mozilla/5.0 AppleWebKit/537.36 (KHTML, like Gecko; compatible; GPTBot/1.2; +https://openai.com/gptbot)"
51.68.235.38 - - [08/Nov/2025:07:27:02 +0000] "GET /?fileloc=/var/www/vhosts/amphoragames.com/20250520_english_backup/wp-includes/class-wp-feed-cache-transient.php&path=/var/www/vhosts/amphoragames.com/20250520_english_backup/wp-includes HTTP/1.1" 200 3603 "-" "Mozilla/5.0 (compatible; MJ12bot/v1.4.8; http://mj12bot.com/)"
216.73.216.32 - - [08/Nov/2025:07:27:02 +0000] "GET /2017/11/16/nuestro-paso-por-la-bgc-de-malaga/img_20171112_190145_374/feed?fileloc=%2Fvar%2Fwww%2Fvhosts%2Famphoragames.com%2Fhttpdocs%2Ftts%2Fpandemainv3%2Ffavor2.png&path=%2Fvar%2Fwww%2Fvhosts%2Famphoragames.com%2Fhttpdocs%2Ftts%2Fpandemainv3 HTTP/1.1" 200 2818 "-" "Mozilla/5.0 AppleWebKit/537.36 (KHTML, like Gecko; compatible; ClaudeBot/1.0; +claudebot@anthropic.com)"
74.7.227.116 - - [08/Nov/2025:07:27:05 +0000] "GET /?fileloc=/var/www/vhosts/amphoragames.com/httpdocs/en/wp-content/plugins/backwpup/vendor/microsoft/microsoft-graph/src/Model/FeatureRolloutPolicy.php&path=/var/www/vhosts/amphoragames.com/httpdocs/en/wp-content/plugins/backwpup/vendor/microsoft/microsoft-graph/src/Model HTTP/1.1" 200 3921 "-" "Mozilla/5.0 AppleWebKit/537.36 (KHTML, like Gecko; compatible; GPTBot/1.2; +https://openai.com/gptbot)"
216.73.216.32 - - [08/Nov/2025:07:27:05 +0000] "GET /2017/11/16/nuestro-paso-por-la-bgc-de-malaga/img_20171112_190145_374/feed?fileloc=%2Fvar%2Fwww%2Fvhosts%2Famphoragames.com%2Fhttpdocs%2Ftts%2Fpandemainv3%2Fwagonhand.png&path=%2Fvar%2Fwww%2Fvhosts%2Famphoragames.com%2Fhttpdocs%2Ftts%2Fpandemainv3 HTTP/1.1" 200 2819 "-" "Mozilla/5.0 AppleWebKit/537.36 (KHTML, like Gecko; compatible; ClaudeBot/1.0; +claudebot@anthropic.com)"
51.68.235.38 - - [08/Nov/2025:07:27:06 +0000] "GET /?fileloc=/var/www/vhosts/amphoragames.com/20250520_english_backup/wp-includes/class-wp-feed-cache.php&path=/var/www/vhosts/amphoragames.com/20250520_english_backup/wp-includes HTTP/1.1" 200 3163 "-" "Mozilla/5.0 (compatible; MJ12bot/v1.4.8; http://mj12bot.com/)"
74.7.227.116 - - [08/Nov/2025:07:27:08 +0000] "GET /?fileloc=/var/www/vhosts/amphoragames.com/httpdocs/en/wp-content/plugins/backwpup/vendor/swiftmailer/swiftmailer/lib/classes/Swift/Events/ResponseEvent.php&path=/var/www/vhosts/amphoragames.com/httpdocs/en/wp-content/plugins/backwpup/vendor/swiftmailer/swiftmailer/lib/classes/Swift/Events HTTP/1.1" 200 3404 "-" "Mozilla/5.0 AppleWebKit/537.36 (KHTML, like Gecko; compatible; GPTBot/1.2; +https://openai.com/gptbot)"
216.73.216.32 - - [08/Nov/2025:07:27:08 +0000] "GET /2017/11/16/nuestro-paso-por-la-bgc-de-malaga/img_20171112_190145_374/feed?fileloc=%2Fvar%2Fwww%2Fvhosts%2Famphoragames.com%2Fhttpdocs%2Ftts%2Fpandemainv3%2Fnamedonauworth.png&path=%2Fvar%2Fwww%2Fvhosts%2Famphoragames.com%2Fhttpdocs%2Ftts%2Fpandemainv3 HTTP/1.1" 200 2822 "-" "Mozilla/5.0 AppleWebKit/537.36 (KHTML, like Gecko; compatible; ClaudeBot/1.0; +claudebot@anthropic.com)"
51.68.235.38 - - [08/Nov/2025:07:27:09 +0000] "GET /?fileloc=/var/www/vhosts/amphoragames.com/20250520_english_backup/wp-includes/class-wp-hook.php&path=/var/www/vhosts/amphoragames.com/20250520_english_backup/wp-includes HTTP/1.1" 200 6212 "-" "Mozilla/5.0 (compatible; MJ12bot/v1.4.8; http://mj12bot.com/)"
216.73.216.32 - - [08/Nov/2025:07:27:11 +0000] "GET /2017/11/16/nuestro-paso-por-la-bgc-de-malaga/img_20171112_190145_374/feed?fileloc=%2Fvar%2Fwww%2Fvhosts%2Famphoragames.com%2Fhttpdocs%2Ftts%2Fpandemainv3%2Fstartcard1.png&path=%2Fvar%2Fwww%2Fvhosts%2Famphoragames.com%2Fhttpdocs%2Ftts%2Fpandemainv3 HTTP/1.1" 200 2818 "-" "Mozilla/5.0 AppleWebKit/537.36 (KHTML, like Gecko; compatible; ClaudeBot/1.0; +claudebot@anthropic.com)"
74.7.227.116 - - [08/Nov/2025:07:27:11 +0000] "GET /?fileloc=/var/www/vhosts/amphoragames.com/httpdocs/en/wp-content/plugins/backwpup/vendor/microsoft/microsoft-graph/src/Beta/Microsoft/Graph/Model/OutlookGeoCoordinates.php&path=/var/www/vhosts/amphoragames.com/httpdocs/en/wp-content/plugins/backwpup/vendor/microsoft/microsoft-graph/src/Beta/Microsoft/Graph/Model HTTP/1.1" 200 3660 "-" "Mozilla/5.0 AppleWebKit/537.36 (KHTML, like Gecko; compatible; GPTBot/1.2; +https://openai.com/gptbot)"
51.68.235.38 - - [08/Nov/2025:07:27:13 +0000] "GET /?fileloc=/var/www/vhosts/amphoragames.com/20250520_english_backup/wp-includes/class-wp-http-cookie.php&path=/var/www/vhosts/amphoragames.com/20250520_english_backup/wp-includes HTTP/1.1" 200 5200 "-" "Mozilla/5.0 (compatible; MJ12bot/v1.4.8; http://mj12bot.com/)"
74.7.227.116 - - [08/Nov/2025:07:27:14 +0000] "GET /?fileloc=/var/www/vhosts/amphoragames.com/httpdocs/en/wp-content/plugins/backwpup/vendor/microsoft/microsoft-graph/src/Beta/Microsoft/Graph/Model/DeviceRegistrationPolicy.php&path=/var/www/vhosts/amphoragames.com/httpdocs/en/wp-content/plugins/backwpup/vendor/microsoft/microsoft-graph/src/Beta/Microsoft/Graph/Model HTTP/1.1" 200 4449 "-" "Mozilla/5.0 AppleWebKit/537.36 (KHTML, like Gecko; compatible; GPTBot/1.2; +https://openai.com/gptbot)"
51.68.235.38 - - [08/Nov/2025:07:27:17 +0000] "GET /?fileloc=/var/www/vhosts/amphoragames.com/20250520_english_backup/wp-includes/class-wp-http-curl.php&path=/var/www/vhosts/amphoragames.com/20250520_english_backup/wp-includes HTTP/1.1" 200 6405 "-" "Mozilla/5.0 (compatible; MJ12bot/v1.4.8; http://mj12bot.com/)"
74.7.227.116 - - [08/Nov/2025:07:27:18 +0000] "GET /?fileloc=/var/www/vhosts/amphoragames.com/httpdocs/en/wp-content/plugins/backwpup/vendor/microsoft/microsoft-graph/src/Beta/Microsoft/Graph/Model/AssignmentFilterState.php&path=/var/www/vhosts/amphoragames.com/httpdocs/en/wp-content/plugins/backwpup/vendor/microsoft/microsoft-graph/src/Beta/Microsoft/Graph/Model HTTP/1.1" 200 3400 "-" "Mozilla/5.0 AppleWebKit/537.36 (KHTML, like Gecko; compatible; GPTBot/1.2; +https://openai.com/gptbot)"
216.73.216.32 - - [08/Nov/2025:07:27:18 +0000] "GET /img_20171013_011536_651?fileloc=%2Fvar%2Fwww%2Fvhosts%2Famphoragames.com%2Fcore_OLD%2Fschallfuns.php&path=%2Fvar%2Fwww%2Fvhosts%2Famphoragames.com%2Fcore_OLD HTTP/1.1" 200 8521 "-" "Mozilla/5.0 AppleWebKit/537.36 (KHTML, like Gecko; compatible; ClaudeBot/1.0; +claudebot@anthropic.com)"
66.249.79.37 - - [08/Nov/2025:07:27:18 +0000] "GET /safe_search/config?return_url=%2Fproduct%2Fdetail%2FA4021238986 HTTP/1.1" 200 7813 "-" "Mozilla/5.0 (Linux; Android 6.0.1; Nexus 5X Build/MMB29P) AppleWebKit/537.36 (KHTML, like Gecko) Chrome/141.0.7390.122 Mobile Safari/537.36 (compatible; Googlebot/2.1; +http://www.google.com/bot.html)"
216.73.216.32 - - [08/Nov/2025:07:27:20 +0000] "GET /scenario-1-rulebook-es?path=%2Fvar%2Fwww%2Fvhosts%2Famphoragames.com%2Fhttpdocs%2Ffiles%2Fpandemain%2Fpandemain HTTP/1.1" 200 3519 "-" "Mozilla/5.0 AppleWebKit/537.36 (KHTML, like Gecko; compatible; ClaudeBot/1.0; +claudebot@anthropic.com)"
51.68.235.38 - - [08/Nov/2025:07:27:21 +0000] "GET /?fileloc=/var/www/vhosts/amphoragames.com/20250520_english_backup/wp-includes/class-wp-http-encoding.php&path=/var/www/vhosts/amphoragames.com/20250520_english_backup/wp-includes HTTP/1.1" 200 4916 "-" "Mozilla/5.0 (compatible; MJ12bot/v1.4.8; http://mj12bot.com/)"
74.7.227.116 - - [08/Nov/2025:07:27:21 +0000] "GET /?fileloc=/var/www/vhosts/amphoragames.com/httpdocs/en/wp-content/plugins/backwpup/vendor/microsoft/microsoft-graph/src/Beta/Microsoft/Graph/Model/UserConsentRequest.php&path=/var/www/vhosts/amphoragames.com/httpdocs/en/wp-content/plugins/backwpup/vendor/microsoft/microsoft-graph/src/Beta/Microsoft/Graph/Model HTTP/1.1" 200 3585 "-" "Mozilla/5.0 AppleWebKit/537.36 (KHTML, like Gecko; compatible; GPTBot/1.2; +https://openai.com/gptbot)"
216.73.216.32 - - [08/Nov/2025:07:27:23 +0000] "GET /img_20171013_145805_161?path=%2Fvar%2Fwww%2Fvhosts%2Famphoragames.com%2F20250520_english_backup_updated%2Fwp-content%2Fplugins HTTP/1.1" 200 3643 "-" "Mozilla/5.0 AppleWebKit/537.36 (KHTML, like Gecko; compatible; ClaudeBot/1.0; +claudebot@anthropic.com)"
74.7.227.116 - - [08/Nov/2025:07:27:24 +0000] "GET /?fileloc=/var/www/vhosts/amphoragames.com/httpdocs/en/wp-content/plugins/backwpup/vendor/microsoft/microsoft-graph/src/Beta/Microsoft/Graph/Model/ContentSharingSession.php&path=/var/www/vhosts/amphoragames.com/httpdocs/en/wp-content/plugins/backwpup/vendor/microsoft/microsoft-graph/src/Beta/Microsoft/Graph/Model HTTP/1.1" 200 3186 "-" "Mozilla/5.0 AppleWebKit/537.36 (KHTML, like Gecko; compatible; GPTBot/1.2; +https://openai.com/gptbot)"
51.68.235.38 - - [08/Nov/2025:07:27:24 +0000] "GET /?fileloc=/var/www/vhosts/amphoragames.com/20250520_english_backup/wp-includes/class-wp-http-ixr-client.php&path=/var/www/vhosts/amphoragames.com/20250520_english_backup/wp-includes HTTP/1.1" 200 4095 "-" "Mozilla/5.0 (compatible; MJ12bot/v1.4.8; http://mj12bot.com/)"
216.73.216.32 - - [08/Nov/2025:07:27:26 +0000] "GET /?fileloc=%2Fvar%2Fwww%2Fvhosts%2Famphoragames.com%2F20250520_english_backup%2Fwp-config-sample.php&path=%2Fvar%2Fwww%2Fvhosts%2Famphoragames.com%2F20250520_english_backup HTTP/1.1" 200 3984 "-" "Mozilla/5.0 AppleWebKit/537.36 (KHTML, like Gecko; compatible; ClaudeBot/1.0; +claudebot@anthropic.com)"
