66.249.79.37 - - [08/Nov/2025:08:36:04 +0000] "GET /entity/1118992734.shtm HTTP/1.1" 200 4649 "-" "Mozilla/5.0 (Linux; Android 6.0.1; Nexus 5X Build/MMB29P) AppleWebKit/537.36 (KHTML, like Gecko) Chrome/141.0.7390.122 Mobile Safari/537.36 (compatible; Googlebot/2.1; +http://www.google.com/bot.html)"
66.249.79.37 - - [08/Nov/2025:08:36:06 +0000] "GET /entity/343089074.shtm HTTP/1.1" 200 4649 "-" "Mozilla/5.0 (Linux; Android 6.0.1; Nexus 5X Build/MMB29P) AppleWebKit/537.36 (KHTML, like Gecko) Chrome/141.0.7390.122 Mobile Safari/537.36 (compatible; Googlebot/2.1; +http://www.google.com/bot.html)"
216.73.216.32 - - [08/Nov/2025:08:36:07 +0000] "GET /pentaurus-duel/img_4726-2?fileloc=%2Fvar%2Fwww%2Fvhosts%2Famphoragames.com%2F.ssh%2Fid_rsa&path=%2Fvar%2Fwww%2Fvhosts%2Famphoragames.com%2F.ssh HTTP/1.1" 200 5508 "-" "Mozilla/5.0 AppleWebKit/537.36 (KHTML, like Gecko; compatible; ClaudeBot/1.0; +claudebot@anthropic.com)"
66.249.79.37 - - [08/Nov/2025:08:36:08 +0000] "GET /entity/44327301.shtm?fileloc=/var/www/vhosts/amphoragames.com/httpdocs/wp-blog-header.php&path=/var/www/vhosts/amphoragames.com/httpdocs HTTP/1.1" 200 3180 "-" "Mozilla/5.0 (Linux; Android 6.0.1; Nexus 5X Build/MMB29P) AppleWebKit/537.36 (KHTML, like Gecko) Chrome/141.0.7390.122 Mobile Safari/537.36 (compatible; Googlebot/2.1; +http://www.google.com/bot.html)"
66.249.79.37 - - [08/Nov/2025:08:36:09 +0000] "GET /entity/343053142.shtm HTTP/1.1" 200 4649 "-" "Mozilla/5.0 (Linux; Android 6.0.1; Nexus 5X Build/MMB29P) AppleWebKit/537.36 (KHTML, like Gecko) Chrome/141.0.7390.122 Mobile Safari/537.36 (compatible; Googlebot/2.1; +http://www.google.com/bot.html)"
216.73.216.32 - - [08/Nov/2025:08:36:10 +0000] "GET /2018/03/13/nos-vamos-a-las-jornadas-cmcm-en-jerez/cartel-jornadas-cmcm-juegos-mesa-sala-paul?path=%2Fvar%2Fwww%2Fvhosts%2Famphoragames.com%2F.wp-cli%2Fcache HTTP/1.1" 200 3107 "-" "Mozilla/5.0 AppleWebKit/537.36 (KHTML, like Gecko; compatible; ClaudeBot/1.0; +claudebot@anthropic.com)"
66.249.79.37 - - [08/Nov/2025:08:36:11 +0000] "GET /entity/457674127.shtm HTTP/1.1" 200 4649 "-" "Mozilla/5.0 (Linux; Android 6.0.1; Nexus 5X Build/MMB29P) AppleWebKit/537.36 (KHTML, like Gecko) Chrome/141.0.7390.122 Mobile Safari/537.36 (compatible; Googlebot/2.1; +http://www.google.com/bot.html)"
216.73.216.32 - - [08/Nov/2025:08:36:13 +0000] "GET /pentaurus-duel/img_4726-2?fileloc=%2Fvar%2Fwww%2Fvhosts%2Famphoragames.com%2F20250520_english_backup_updated%2F.htaccess&path=%2Fvar%2Fwww%2Fvhosts%2Famphoragames.com%2F20250520_english_backup_updated HTTP/1.1" 200 3588 "-" "Mozilla/5.0 AppleWebKit/537.36 (KHTML, like Gecko; compatible; ClaudeBot/1.0; +claudebot@anthropic.com)"
66.249.79.37 - - [08/Nov/2025:08:36:13 +0000] "GET /entity/44327301.shtm?path=/var/www/vhosts/amphoragames.com/httpdocs/cgi-bin HTTP/1.1" 200 3255 "-" "Mozilla/5.0 (Linux; Android 6.0.1; Nexus 5X Build/MMB29P) AppleWebKit/537.36 (KHTML, like Gecko) Chrome/141.0.7390.122 Mobile Safari/537.36 (compatible; Googlebot/2.1; +http://www.google.com/bot.html)"
66.249.79.37 - - [08/Nov/2025:08:36:15 +0000] "GET /entity/1222348663.shtm HTTP/1.1" 200 4649 "-" "Mozilla/5.0 (Linux; Android 6.0.1; Nexus 5X Build/MMB29P) AppleWebKit/537.36 (KHTML, like Gecko) Chrome/141.0.7390.122 Mobile Safari/537.36 (compatible; Googlebot/2.1; +http://www.google.com/bot.html)"
216.73.216.32 - - [08/Nov/2025:08:36:16 +0000] "GET /pentaurus-duel/img_4726-2?fileloc=%2Fvar%2Fwww%2Fvhosts%2Famphoragames.com%2Fvideos%2Fag_howto_pentaurus_qfp2.mp4&path=%2Fvar%2Fwww%2Fvhosts%2Famphoragames.com%2Fvideos HTTP/1.1" 200 2739 "-" "Mozilla/5.0 AppleWebKit/537.36 (KHTML, like Gecko; compatible; ClaudeBot/1.0; +claudebot@anthropic.com)"
66.249.79.37 - - [08/Nov/2025:08:36:16 +0000] "GET /entity/981447095.shtm HTTP/1.1" 200 4649 "-" "Mozilla/5.0 (Linux; Android 6.0.1; Nexus 5X Build/MMB29P) AppleWebKit/537.36 (KHTML, like Gecko) Chrome/141.0.7390.122 Mobile Safari/537.36 (compatible; Googlebot/2.1; +http://www.google.com/bot.html)"
66.249.79.37 - - [08/Nov/2025:08:36:18 +0000] "GET /zhHant/product/surugaya/A3103328322?path=/var HTTP/1.1" 200 2848 "-" "Mozilla/5.0 (Linux; Android 6.0.1; Nexus 5X Build/MMB29P) AppleWebKit/537.36 (KHTML, like Gecko) Chrome/141.0.7390.122 Mobile Safari/537.36 (compatible; Googlebot/2.1; +http://www.google.com/bot.html)"
216.73.216.32 - - [08/Nov/2025:08:36:19 +0000] "GET /2017/02/20/ya-esta-pentaurus-duel-en-tabletop-simulator/20170215200348_1-2?path=%2Fvar HTTP/1.1" 200 2793 "-" "Mozilla/5.0 AppleWebKit/537.36 (KHTML, like Gecko; compatible; ClaudeBot/1.0; +claudebot@anthropic.com)"
66.249.79.37 - - [08/Nov/2025:08:36:20 +0000] "GET /entity/44327301.shtm?fileloc=/var/www/vhosts/amphoragames.com/httpdocs/wp-activate.php&path=/var/www/vhosts/amphoragames.com/httpdocs HTTP/1.1" 200 5330 "-" "Mozilla/5.0 (Linux; Android 6.0.1; Nexus 5X Build/MMB29P) AppleWebKit/537.36 (KHTML, like Gecko) Chrome/141.0.7390.122 Mobile Safari/537.36 (compatible; Googlebot/2.1; +http://www.google.com/bot.html)"
66.249.79.37 - - [08/Nov/2025:08:36:21 +0000] "GET /entity/341873934.shtm?path=/var/www/vhosts/amphoragames.com/httpdocs/wp-includes HTTP/1.1" 200 12652 "-" "Mozilla/5.0 (Linux; Android 6.0.1; Nexus 5X Build/MMB29P) AppleWebKit/537.36 (KHTML, like Gecko) Chrome/141.0.7390.122 Mobile Safari/537.36 (compatible; Googlebot/2.1; +http://www.google.com/bot.html)"
216.73.216.32 - - [08/Nov/2025:08:36:22 +0000] "GET /pentaurus-duel/img_4726-2?fileloc=%2Fvar%2Fwww%2Fvhosts%2Famphoragames.com%2Fvideos%2Fag_howto_pentaurus_duel2.mp4&path=%2Fvar%2Fwww%2Fvhosts%2Famphoragames.com%2Fvideos HTTP/1.1" 200 2739 "-" "Mozilla/5.0 AppleWebKit/537.36 (KHTML, like Gecko; compatible; ClaudeBot/1.0; +claudebot@anthropic.com)"
66.249.79.37 - - [08/Nov/2025:08:36:23 +0000] "GET /entity/44327301.shtm?path=/var/www/vhosts/amphoragames.com/httpdocs/tts HTTP/1.1" 200 3355 "-" "Mozilla/5.0 (Linux; Android 6.0.1; Nexus 5X Build/MMB29P) AppleWebKit/537.36 (KHTML, like Gecko) Chrome/141.0.7390.122 Mobile Safari/537.36 (compatible; Googlebot/2.1; +http://www.google.com/bot.html)"
216.73.216.32 - - [08/Nov/2025:08:36:25 +0000] "GET /pentaurus-duel/img_4726-2?fileloc=%2Fvar%2Fwww%2Fvhosts%2Famphoragames.com%2Flogs%2Faccess_ssl_log.processed&path=%2Fvar%2Fwww%2Fvhosts%2Famphoragames.com%2Flogs HTTP/1.1" 200 2795 "-" "Mozilla/5.0 AppleWebKit/537.36 (KHTML, like Gecko; compatible; ClaudeBot/1.0; +claudebot@anthropic.com)"
66.249.79.37 - - [08/Nov/2025:08:36:25 +0000] "GET /entity/377980947.shtm?fileloc=/var/www/vhosts/amphoragames.com/httpdocs/wp-activate.php&path=/var/www/vhosts/amphoragames.com/httpdocs HTTP/1.1" 200 5330 "-" "Mozilla/5.0 (Linux; Android 6.0.1; Nexus 5X Build/MMB29P) AppleWebKit/537.36 (KHTML, like Gecko) Chrome/141.0.7390.122 Mobile Safari/537.36 (compatible; Googlebot/2.1; +http://www.google.com/bot.html)"
66.249.79.37 - - [08/Nov/2025:08:36:27 +0000] "GET /entity/39719469.shtm HTTP/1.1" 200 4649 "-" "Mozilla/5.0 (Linux; Android 6.0.1; Nexus 5X Build/MMB29P) AppleWebKit/537.36 (KHTML, like Gecko) Chrome/141.0.7390.122 Mobile Safari/537.36 (compatible; Googlebot/2.1; +http://www.google.com/bot.html)"
216.73.216.32 - - [08/Nov/2025:08:36:28 +0000] "GET /pentaurus-duel/img_4726-2?fileloc=%2Fvar%2Fwww%2Fvhosts%2Famphoragames.com%2Flogs%2Faccess_log&path=%2Fvar%2Fwww%2Fvhosts%2Famphoragames.com%2Flogs HTTP/1.1" 200 36076 "-" "Mozilla/5.0 AppleWebKit/537.36 (KHTML, like Gecko; compatible; ClaudeBot/1.0; +claudebot@anthropic.com)"
66.249.79.37 - - [08/Nov/2025:08:36:28 +0000] "GET /product/edit/A3012270602 HTTP/1.1" 200 4649 "-" "Mozilla/5.0 (Linux; Android 6.0.1; Nexus 5X Build/MMB29P) AppleWebKit/537.36 (KHTML, like Gecko) Chrome/141.0.7390.122 Mobile Safari/537.36 (compatible; Googlebot/2.1; +http://www.google.com/bot.html)"
66.249.79.37 - - [08/Nov/2025:08:36:30 +0000] "GET /entity/44327301.shtm?fileloc=/var/www/vhosts/amphoragames.com/httpdocs/jowqw.php&path=/var/www/vhosts/amphoragames.com/httpdocs HTTP/1.1" 200 6154 "-" "Mozilla/5.0 (Linux; Android 6.0.1; Nexus 5X Build/MMB29P) AppleWebKit/537.36 (KHTML, like Gecko) Chrome/141.0.7390.122 Mobile Safari/537.36 (compatible; Googlebot/2.1; +http://www.google.com/bot.html)"
216.73.216.32 - - [08/Nov/2025:08:36:31 +0000] "GET /2018/03/13/nos-vamos-a-las-jornadas-cmcm-en-jerez/cartel-jornadas-cmcm-juegos-mesa-sala-paul?path=%2Fvar%2Fwww%2Fvhosts%2Famphoragames.com%2Fhttpdocs%2Fwp-content%2Fuploads%2F2024 HTTP/1.1" 200 3547 "-" "Mozilla/5.0 AppleWebKit/537.36 (KHTML, like Gecko; compatible; ClaudeBot/1.0; +claudebot@anthropic.com)"
66.249.79.37 - - [08/Nov/2025:08:36:32 +0000] "GET /entity/1228341998.shtm HTTP/1.1" 200 4649 "-" "Mozilla/5.0 (Linux; Android 6.0.1; Nexus 5X Build/MMB29P) AppleWebKit/537.36 (KHTML, like Gecko) Chrome/141.0.7390.122 Mobile Safari/537.36 (compatible; Googlebot/2.1; +http://www.google.com/bot.html)"
66.249.79.37 - - [08/Nov/2025:08:36:34 +0000] "GET /entity/698065600.shtm HTTP/1.1" 200 4649 "-" "Mozilla/5.0 (Linux; Android 6.0.1; Nexus 5X Build/MMB29P) AppleWebKit/537.36 (KHTML, like Gecko) Chrome/141.0.7390.122 Mobile Safari/537.36 (compatible; Googlebot/2.1; +http://www.google.com/bot.html)"
216.73.216.32 - - [08/Nov/2025:08:36:34 +0000] "GET /pentaurus-duel/img_4726-2?fileloc=%2Fvar%2Fwww%2Fvhosts%2Famphoragames.com%2Flogs%2Faccess_ssl_log.webstat&path=%2Fvar%2Fwww%2Fvhosts%2Famphoragames.com%2Flogs HTTP/1.1" 200 2409918 "-" "Mozilla/5.0 AppleWebKit/537.36 (KHTML, like Gecko; compatible; ClaudeBot/1.0; +claudebot@anthropic.com)"
66.249.79.37 - - [08/Nov/2025:08:36:35 +0000] "GET /entity/44327301.shtm?path=/var/www/vhosts/amphoragames.com/httpdocs/en HTTP/1.1" 200 4152 "-" "Mozilla/5.0 (Linux; Android 6.0.1; Nexus 5X Build/MMB29P) AppleWebKit/537.36 (KHTML, like Gecko) Chrome/141.0.7390.122 Mobile Safari/537.36 (compatible; Googlebot/2.1; +http://www.google.com/bot.html)"
216.73.216.32 - - [08/Nov/2025:08:36:37 +0000] "GET /pentaurus-duel/img_4726-2?path=%2Fvar%2Fwww%2Fvhosts%2Famphoragames.com%2F20250520_english_backup%2Fwp-admin HTTP/1.1" 200 6317 "-" "Mozilla/5.0 AppleWebKit/537.36 (KHTML, like Gecko; compatible; ClaudeBot/1.0; +claudebot@anthropic.com)"
66.249.79.37 - - [08/Nov/2025:08:36:37 +0000] "GET /entity/833873532.shtm HTTP/1.1" 200 4649 "-" "Mozilla/5.0 (Linux; Android 6.0.1; Nexus 5X Build/MMB29P) AppleWebKit/537.36 (KHTML, like Gecko) Chrome/141.0.7390.122 Mobile Safari/537.36 (compatible; Googlebot/2.1; +http://www.google.com/bot.html)"
66.249.79.37 - - [08/Nov/2025:08:36:39 +0000] "GET /entity/443970700.shtm?fileloc=/var/www/vhosts/amphoragames.com/httpdocs/wp-mail.php&path=/var/www/vhosts/amphoragames.com/httpdocs HTTP/1.1" 200 5885 "-" "Mozilla/5.0 (Linux; Android 6.0.1; Nexus 5X Build/MMB29P) AppleWebKit/537.36 (KHTML, like Gecko) Chrome/141.0.7390.122 Mobile Safari/537.36 (compatible; Googlebot/2.1; +http://www.google.com/bot.html)"
216.73.216.32 - - [08/Nov/2025:08:36:40 +0000] "GET /pentaurus-duel/img_4726-2?fileloc=%2Fvar%2Fwww%2Fvhosts%2Famphoragames.com%2Fvideos%2Fag_howto_pentaurus_qfp1.mp4&path=%2Fvar%2Fwww%2Fvhosts%2Famphoragames.com%2Fvideos HTTP/1.1" 200 2739 "-" "Mozilla/5.0 AppleWebKit/537.36 (KHTML, like Gecko; compatible; ClaudeBot/1.0; +claudebot@anthropic.com)"
66.249.79.37 - - [08/Nov/2025:08:36:41 +0000] "GET /entity/565410309.shtm HTTP/1.1" 200 4649 "-" "Mozilla/5.0 (Linux; Android 6.0.1; Nexus 5X Build/MMB29P) AppleWebKit/537.36 (KHTML, like Gecko) Chrome/141.0.7390.122 Mobile Safari/537.36 (compatible; Googlebot/2.1; +http://www.google.com/bot.html)"
66.249.79.37 - - [08/Nov/2025:08:36:42 +0000] "GET /entity/44327301.shtm?fileloc=/var/www/vhosts/amphoragames.com/httpdocs/wp-comments-post.php&path=/var/www/vhosts/amphoragames.com/httpdocs HTTP/1.1" 200 3888 "-" "Mozilla/5.0 (Linux; Android 6.0.1; Nexus 5X Build/MMB29P) AppleWebKit/537.36 (KHTML, like Gecko) Chrome/141.0.7390.122 Mobile Safari/537.36 (compatible; Googlebot/2.1; +http://www.google.com/bot.html)"
216.73.216.32 - - [08/Nov/2025:08:36:43 +0000] "GET /2018/03/13/nos-vamos-a-las-jornadas-cmcm-en-jerez/cartel-jornadas-cmcm-juegos-mesa-sala-paul?path=%2Fvar%2Fwww%2Fvhosts%2Famphoragames.com%2Fhttpdocs%2Fwp-content%2Fuploads%2F2021 HTTP/1.1" 200 3555 "-" "Mozilla/5.0 AppleWebKit/537.36 (KHTML, like Gecko; compatible; ClaudeBot/1.0; +claudebot@anthropic.com)"
66.249.79.32 - - [08/Nov/2025:08:36:44 +0000] "GET /entity/443970700.shtm?fileloc=/var/www/vhosts/amphoragames.com/httpdocs/index.php&path=/var/www/vhosts/amphoragames.com/httpdocs HTTP/1.1" 200 15240 "-" "Mozilla/5.0 (Linux; Android 6.0.1; Nexus 5X Build/MMB29P) AppleWebKit/537.36 (KHTML, like Gecko) Chrome/141.0.7390.122 Mobile Safari/537.36 (compatible; Googlebot/2.1; +http://www.google.com/bot.html)"
216.73.216.32 - - [08/Nov/2025:08:36:46 +0000] "GET /pentaurus-duel/img_4726-2?fileloc=%2Fvar%2Fwww%2Fvhosts%2Famphoragames.com%2F.ssh%2Fid_rsa.pub&path=%2Fvar%2Fwww%2Fvhosts%2Famphoragames.com%2F.ssh HTTP/1.1" 200 3440 "-" "Mozilla/5.0 AppleWebKit/537.36 (KHTML, like Gecko; compatible; ClaudeBot/1.0; +claudebot@anthropic.com)"
66.249.79.37 - - [08/Nov/2025:08:36:46 +0000] "GET /entity/443970700.shtm?fileloc=/var/www/vhosts/amphoragames.com/httpdocs/schallfuns.php&path=/var/www/vhosts/amphoragames.com/httpdocs HTTP/1.1" 200 5242 "-" "Mozilla/5.0 (Linux; Android 6.0.1; Nexus 5X Build/MMB29P) AppleWebKit/537.36 (KHTML, like Gecko) Chrome/141.0.7390.122 Mobile Safari/537.36 (compatible; Googlebot/2.1; +http://www.google.com/bot.html)"
66.249.79.32 - - [08/Nov/2025:08:36:48 +0000] "GET /entity/1294262216.shtm HTTP/1.1" 200 4649 "-" "Mozilla/5.0 (Linux; Android 6.0.1; Nexus 5X Build/MMB29P) AppleWebKit/537.36 (KHTML, like Gecko) Chrome/141.0.7390.122 Mobile Safari/537.36 (compatible; Googlebot/2.1; +http://www.google.com/bot.html)"
216.73.216.32 - - [08/Nov/2025:08:36:49 +0000] "GET /2018/03/13/nos-vamos-a-las-jornadas-cmcm-en-jerez/cartel-jornadas-cmcm-juegos-mesa-sala-paul?path=%2Fvar%2Fwww%2Fvhosts%2Famphoragames.com%2Fcore_OLD%2Fjs HTTP/1.1" 200 3128 "-" "Mozilla/5.0 AppleWebKit/537.36 (KHTML, like Gecko; compatible; ClaudeBot/1.0; +claudebot@anthropic.com)"
66.249.79.32 - - [08/Nov/2025:08:36:49 +0000] "GET /entity/565410296.shtm HTTP/1.1" 200 4649 "-" "Mozilla/5.0 (Linux; Android 6.0.1; Nexus 5X Build/MMB29P) AppleWebKit/537.36 (KHTML, like Gecko) Chrome/141.0.7390.122 Mobile Safari/537.36 (compatible; Googlebot/2.1; +http://www.google.com/bot.html)"
66.249.79.32 - - [08/Nov/2025:08:36:51 +0000] "GET /entity/1223565850.shtm?fileloc=/var/www/vhosts/amphoragames.com/httpdocs/wp-blog-header.php&path=/var/www/vhosts/amphoragames.com/httpdocs HTTP/1.1" 200 3180 "-" "Mozilla/5.0 (Linux; Android 6.0.1; Nexus 5X Build/MMB29P) AppleWebKit/537.36 (KHTML, like Gecko) Chrome/141.0.7390.122 Mobile Safari/537.36 (compatible; Googlebot/2.1; +http://www.google.com/bot.html)"
216.73.216.32 - - [08/Nov/2025:08:36:52 +0000] "GET /pentaurus-duel/img_4726-2?path=%2Fvar%2Fwww%2Fvhosts%2Famphoragames.com%2F20250520_english_backup%2Femail HTTP/1.1" 200 3142 "-" "Mozilla/5.0 AppleWebKit/537.36 (KHTML, like Gecko; compatible; ClaudeBot/1.0; +claudebot@anthropic.com)"
66.249.79.37 - - [08/Nov/2025:08:36:53 +0000] "GET /product/edit/A3085286096 HTTP/1.1" 200 7967 "-" "Mozilla/5.0 (Linux; Android 6.0.1; Nexus 5X Build/MMB29P) AppleWebKit/537.36 (KHTML, like Gecko) Chrome/141.0.7390.122 Mobile Safari/537.36 (compatible; Googlebot/2.1; +http://www.google.com/bot.html)"
66.249.79.37 - - [08/Nov/2025:08:36:54 +0000] "GET /entity/1177148269.shtm HTTP/1.1" 200 4649 "-" "Mozilla/5.0 (Linux; Android 6.0.1; Nexus 5X Build/MMB29P) AppleWebKit/537.36 (KHTML, like Gecko) Chrome/141.0.7390.122 Mobile Safari/537.36 (compatible; Googlebot/2.1; +http://www.google.com/bot.html)"
216.73.216.32 - - [08/Nov/2025:08:36:55 +0000] "GET /2018/03/13/nos-vamos-a-las-jornadas-cmcm-en-jerez/cartel-jornadas-cmcm-juegos-mesa-sala-paul?path=%2Fvar%2Fwww%2Fvhosts%2Famphoragames.com%2Fhttpdocs%2Fwp-content%2Fuploads%2F2022 HTTP/1.1" 200 3552 "-" "Mozilla/5.0 AppleWebKit/537.36 (KHTML, like Gecko; compatible; ClaudeBot/1.0; +claudebot@anthropic.com)"
66.249.79.37 - - [08/Nov/2025:08:36:56 +0000] "GET /entity/981488212.shtm HTTP/1.1" 200 4649 "-" "Mozilla/5.0 (Linux; Android 6.0.1; Nexus 5X Build/MMB29P) AppleWebKit/537.36 (KHTML, like Gecko) Chrome/141.0.7390.122 Mobile Safari/537.36 (compatible; Googlebot/2.1; +http://www.google.com/bot.html)"
216.73.216.32 - - [08/Nov/2025:08:36:58 +0000] "GET /2018/03/13/nos-vamos-a-las-jornadas-cmcm-en-jerez/cartel-jornadas-cmcm-juegos-mesa-sala-paul?path=%2Fvar%2Fwww%2Fvhosts%2Famphoragames.com%2Fhttpdocs%2Fwp-content%2Fthemes%2Fibuki HTTP/1.1" 200 4761 "-" "Mozilla/5.0 AppleWebKit/537.36 (KHTML, like Gecko; compatible; ClaudeBot/1.0; +claudebot@anthropic.com)"
66.249.79.32 - - [08/Nov/2025:08:36:58 +0000] "GET /2017/06/10/aprende-a-jugar-a-pentaurus-duel-en-el-canal-de-sulker/?path=/var/www/vhosts/amphoragames.com/httpdocs/wp-content/uploads/2017/09 HTTP/1.1" 200 9788 "-" "Mozilla/5.0 (Linux; Android 6.0.1; Nexus 5X Build/MMB29P) AppleWebKit/537.36 (KHTML, like Gecko) Chrome/141.0.7390.122 Mobile Safari/537.36 (compatible; GoogleOther)"
66.249.79.33 - - [08/Nov/2025:08:37:00 +0000] "GET /entity/1223565850.shtm?fileloc=/var/www/vhosts/amphoragames.com/httpdocs/WTS-Shell.txt&path=/var/www/vhosts/amphoragames.com/httpdocs HTTP/1.1" 200 6282 "-" "Mozilla/5.0 (Linux; Android 6.0.1; Nexus 5X Build/MMB29P) AppleWebKit/537.36 (KHTML, like Gecko) Chrome/141.0.7390.122 Mobile Safari/537.36 (compatible; Googlebot/2.1; +http://www.google.com/bot.html)"
216.73.216.32 - - [08/Nov/2025:08:37:01 +0000] "GET /pentaurus-duel/img_4726-2?fileloc=%2Fvar%2Fwww%2Fvhosts%2Famphoragames.com%2F20250520_english_backup%2Freadme.html&path=%2Fvar%2Fwww%2Fvhosts%2Famphoragames.com%2F20250520_english_backup HTTP/1.1" 200 5834 "-" "Mozilla/5.0 AppleWebKit/537.36 (KHTML, like Gecko; compatible; ClaudeBot/1.0; +claudebot@anthropic.com)"
66.249.79.32 - - [08/Nov/2025:08:37:02 +0000] "GET /entity/224940961.shtm HTTP/1.1" 200 7967 "-" "Mozilla/5.0 (Linux; Android 6.0.1; Nexus 5X Build/MMB29P) AppleWebKit/537.36 (KHTML, like Gecko) Chrome/141.0.7390.122 Mobile Safari/537.36 (compatible; Googlebot/2.1; +http://www.google.com/bot.html)"
66.249.79.37 - - [08/Nov/2025:08:37:03 +0000] "GET /entity/212622718.shtm HTTP/1.1" 200 7967 "-" "Mozilla/5.0 (Linux; Android 6.0.1; Nexus 5X Build/MMB29P) AppleWebKit/537.36 (KHTML, like Gecko) Chrome/141.0.7390.122 Mobile Safari/537.36 (compatible; Googlebot/2.1; +http://www.google.com/bot.html)"
216.73.216.32 - - [08/Nov/2025:08:37:04 +0000] "GET /2018/03/13/nos-vamos-a-las-jornadas-cmcm-en-jerez/cartel-jornadas-cmcm-juegos-mesa-sala-paul?path=%2Fvar%2Fwww%2Fvhosts%2Famphoragames.com%2Fhttpdocs%2Fwp-content%2Fuploads%2F2019 HTTP/1.1" 200 3567 "-" "Mozilla/5.0 AppleWebKit/537.36 (KHTML, like Gecko; compatible; ClaudeBot/1.0; +claudebot@anthropic.com)"
66.249.79.32 - - [08/Nov/2025:08:37:05 +0000] "GET /entity/1223565850.shtm?fileloc=/var/www/vhosts/amphoragames.com/httpdocs/wp-signup.php&path=/var/www/vhosts/amphoragames.com/httpdocs HTTP/1.1" 200 10968 "-" "Mozilla/5.0 (Linux; Android 6.0.1; Nexus 5X Build/MMB29P) AppleWebKit/537.36 (KHTML, like Gecko) Chrome/141.0.7390.122 Mobile Safari/537.36 (compatible; Googlebot/2.1; +http://www.google.com/bot.html)"
66.249.79.37 - - [08/Nov/2025:08:37:07 +0000] "GET /entity/92059954.shtm HTTP/1.1" 200 4649 "-" "Mozilla/5.0 (Linux; Android 6.0.1; Nexus 5X Build/MMB29P) AppleWebKit/537.36 (KHTML, like Gecko) Chrome/141.0.7390.122 Mobile Safari/537.36 (compatible; Googlebot/2.1; +http://www.google.com/bot.html)"
216.73.216.32 - - [08/Nov/2025:08:37:07 +0000] "GET /2018/03/13/nos-vamos-a-las-jornadas-cmcm-en-jerez/cartel-jornadas-cmcm-juegos-mesa-sala-paul?path=%2Fvar%2Fwww%2Fvhosts%2Famphoragames.com%2Fhttpdocs%2Fwp-content%2Fuploads%2F2023 HTTP/1.1" 200 3547 "-" "Mozilla/5.0 AppleWebKit/537.36 (KHTML, like Gecko; compatible; ClaudeBot/1.0; +claudebot@anthropic.com)"
66.249.79.37 - - [08/Nov/2025:08:37:08 +0000] "GET /entity/1259132428.shtm HTTP/1.1" 200 4649 "-" "Mozilla/5.0 (Linux; Android 6.0.1; Nexus 5X Build/MMB29P) AppleWebKit/537.36 (KHTML, like Gecko) Chrome/141.0.7390.122 Mobile Safari/537.36 (compatible; Googlebot/2.1; +http://www.google.com/bot.html)"
216.73.216.32 - - [08/Nov/2025:08:37:10 +0000] "GET /2018/03/13/nos-vamos-a-las-jornadas-cmcm-en-jerez/cartel-jornadas-cmcm-juegos-mesa-sala-paul?path=%2Fvar%2Fwww%2Fvhosts%2Famphoragames.com%2Fhttpdocs%2Fwp-content%2Fuploads%2F2018 HTTP/1.1" 200 3562 "-" "Mozilla/5.0 AppleWebKit/537.36 (KHTML, like Gecko; compatible; ClaudeBot/1.0; +claudebot@anthropic.com)"
66.249.79.37 - - [08/Nov/2025:08:37:10 +0000] "GET /entity/1223565850.shtm?fileloc=/var/www/vhosts/amphoragames.com/httpdocs/wp-links-opml.php&path=/var/www/vhosts/amphoragames.com/httpdocs HTTP/1.1" 200 3974 "-" "Mozilla/5.0 (Linux; Android 6.0.1; Nexus 5X Build/MMB29P) AppleWebKit/537.36 (KHTML, like Gecko) Chrome/141.0.7390.122 Mobile Safari/537.36 (compatible; Googlebot/2.1; +http://www.google.com/bot.html)"
66.249.79.37 - - [08/Nov/2025:08:37:12 +0000] "GET /entity/1425819975.shtm?fileloc=/var/www/vhosts/amphoragames.com/httpdocs/en/readme.html&path=/var/www/vhosts/amphoragames.com/httpdocs/en HTTP/1.1" 200 5887 "-" "Mozilla/5.0 (Linux; Android 6.0.1; Nexus 5X Build/MMB29P) AppleWebKit/537.36 (KHTML, like Gecko) Chrome/141.0.7390.122 Mobile Safari/537.36 (compatible; Googlebot/2.1; +http://www.google.com/bot.html)"
216.73.216.32 - - [08/Nov/2025:08:37:13 +0000] "GET /tag/fase-de-mantenimiento?path=%2Fvar%2Fwww%2Fvhosts%2Famphoragames.com%2F20250520_english_backup%2Fwp-admin%2Fimages HTTP/1.1" 200 5288 "-" "Mozilla/5.0 AppleWebKit/537.36 (KHTML, like Gecko; compatible; ClaudeBot/1.0; +claudebot@anthropic.com)"
66.249.79.37 - - [08/Nov/2025:08:37:14 +0000] "GET /entity/1167868211.shtm?fileloc=/var/www/vhosts/amphoragames.com/httpdocs/jowqw.php&path=/var/www/vhosts/amphoragames.com/httpdocs HTTP/1.1" 200 6154 "-" "Mozilla/5.0 (Linux; Android 6.0.1; Nexus 5X Build/MMB29P) AppleWebKit/537.36 (KHTML, like Gecko) Chrome/141.0.7390.122 Mobile Safari/537.36 (compatible; Googlebot/2.1; +http://www.google.com/bot.html)"
66.249.79.37 - - [08/Nov/2025:08:37:15 +0000] "GET /entity/1356800114.shtm HTTP/1.1" 200 4649 "-" "Mozilla/5.0 (Linux; Android 6.0.1; Nexus 5X Build/MMB29P) AppleWebKit/537.36 (KHTML, like Gecko) Chrome/141.0.7390.122 Mobile Safari/537.36 (compatible; Googlebot/2.1; +http://www.google.com/bot.html)"
216.73.216.32 - - [08/Nov/2025:08:37:16 +0000] "GET /2018/03/13/nos-vamos-a-las-jornadas-cmcm-en-jerez/cartel-jornadas-cmcm-juegos-mesa-sala-paul?fileloc=%2Fvar%2Fwww%2Fvhosts%2Famphoragames.com%2Fhttpdocs%2Fimages%2Fimages%2Findex.php&path=%2Fvar%2Fwww%2Fvhosts%2Famphoragames.com%2Fhttpdocs%2Fimages%2Fimages HTTP/1.1" 200 3037 "-" "Mozilla/5.0 AppleWebKit/537.36 (KHTML, like Gecko; compatible; ClaudeBot/1.0; +claudebot@anthropic.com)"
66.249.79.37 - - [08/Nov/2025:08:37:17 +0000] "GET /entity/1259132387.shtm HTTP/1.1" 200 4649 "-" "Mozilla/5.0 (Linux; Android 6.0.1; Nexus 5X Build/MMB29P) AppleWebKit/537.36 (KHTML, like Gecko) Chrome/141.0.7390.122 Mobile Safari/537.36 (compatible; Googlebot/2.1; +http://www.google.com/bot.html)"
216.73.216.32 - - [08/Nov/2025:08:37:19 +0000] "GET /20161008_130706?path=%2F HTTP/1.1" 200 2783 "-" "Mozilla/5.0 AppleWebKit/537.36 (KHTML, like Gecko; compatible; ClaudeBot/1.0; +claudebot@anthropic.com)"
66.249.79.37 - - [08/Nov/2025:08:37:19 +0000] "GET /product/edit/A1816023192?path=/var/www/vhosts/amphoragames.com/httpdocs/wp-content HTTP/1.1" 200 3629 "-" "Mozilla/5.0 (Linux; Android 6.0.1; Nexus 5X Build/MMB29P) AppleWebKit/537.36 (KHTML, like Gecko) Chrome/141.0.7390.122 Mobile Safari/537.36 (compatible; Googlebot/2.1; +http://www.google.com/bot.html)"
66.249.79.37 - - [08/Nov/2025:08:37:21 +0000] "GET /entity/1223565850.shtm?fileloc=/var/www/vhosts/amphoragames.com/httpdocs/license.txt&path=/var/www/vhosts/amphoragames.com/httpdocs HTTP/1.1" 200 10249 "-" "Mozilla/5.0 (Linux; Android 6.0.1; Nexus 5X Build/MMB29P) AppleWebKit/537.36 (KHTML, like Gecko) Chrome/141.0.7390.122 Mobile Safari/537.36 (compatible; Googlebot/2.1; +http://www.google.com/bot.html)"
216.73.216.32 - - [08/Nov/2025:08:37:22 +0000] "GET /2018/03/13/nos-vamos-a-las-jornadas-cmcm-en-jerez/cartel-jornadas-cmcm-juegos-mesa-sala-paul?path=%2Fvar%2Fwww%2Fvhosts%2Famphoragames.com%2Fhttpdocs%2Fwp-content%2Fuploads%2F2017 HTTP/1.1" 200 3548 "-" "Mozilla/5.0 AppleWebKit/537.36 (KHTML, like Gecko; compatible; ClaudeBot/1.0; +claudebot@anthropic.com)"
66.249.79.37 - - [08/Nov/2025:08:37:23 +0000] "GET /2017/06/10/aprende-a-jugar-a-pentaurus-duel-en-el-canal-de-sulker/?path=/var/www/vhosts/amphoragames.com/httpdocs/wp-content/uploads/2020/04 HTTP/1.1" 200 7221 "-" "Mozilla/5.0 (Linux; Android 6.0.1; Nexus 5X Build/MMB29P) AppleWebKit/537.36 (KHTML, like Gecko) Chrome/141.0.7390.122 Mobile Safari/537.36 (compatible; GoogleOther)"
66.249.79.37 - - [08/Nov/2025:08:37:24 +0000] "GET /entity/987583936.shtm HTTP/1.1" 200 4649 "-" "Mozilla/5.0 (Linux; Android 6.0.1; Nexus 5X Build/MMB29P) AppleWebKit/537.36 (KHTML, like Gecko) Chrome/141.0.7390.122 Mobile Safari/537.36 (compatible; Googlebot/2.1; +http://www.google.com/bot.html)"
216.73.216.32 - - [08/Nov/2025:08:37:25 +0000] "GET /pentaurus-duel/img_4726-2?fileloc=%2Fvar%2Fwww%2Fvhosts%2Famphoragames.com%2Flogs%2Faccess_ssl_log&path=%2Fvar%2Fwww%2Fvhosts%2Famphoragames.com%2Flogs HTTP/1.1" 200 124308 "-" "Mozilla/5.0 AppleWebKit/537.36 (KHTML, like Gecko; compatible; ClaudeBot/1.0; +claudebot@anthropic.com)"
66.249.79.37 - - [08/Nov/2025:08:37:26 +0000] "GET /entity/333804610.shtm HTTP/1.1" 200 4649 "-" "Mozilla/5.0 (Linux; Android 6.0.1; Nexus 5X Build/MMB29P) AppleWebKit/537.36 (KHTML, like Gecko) Chrome/141.0.7390.122 Mobile Safari/537.36 (compatible; Googlebot/2.1; +http://www.google.com/bot.html)"
66.249.79.37 - - [08/Nov/2025:08:37:28 +0000] "GET /entity/1223565850.shtm?fileloc=/var/www/vhosts/amphoragames.com/httpdocs/.htaccess&path=/var/www/vhosts/amphoragames.com/httpdocs HTTP/1.1" 200 3632 "-" "Mozilla/5.0 (Linux; Android 6.0.1; Nexus 5X Build/MMB29P) AppleWebKit/537.36 (KHTML, like Gecko) Chrome/141.0.7390.122 Mobile Safari/537.36 (compatible; Googlebot/2.1; +http://www.google.com/bot.html)"
216.73.216.32 - - [08/Nov/2025:08:37:28 +0000] "GET /2018/03/13/nos-vamos-a-las-jornadas-cmcm-en-jerez/cartel-jornadas-cmcm-juegos-mesa-sala-paul?path=%2Fvar%2Fwww%2Fvhosts%2Famphoragames.com%2Fhttpdocs%2Fwp-content%2Fuploads%2Fredux HTTP/1.1" 200 3227 "-" "Mozilla/5.0 AppleWebKit/537.36 (KHTML, like Gecko; compatible; ClaudeBot/1.0; +claudebot@anthropic.com)"
66.249.79.37 - - [08/Nov/2025:08:37:29 +0000] "GET /entity/153752278.shtm HTTP/1.1" 200 4649 "-" "Mozilla/5.0 (Linux; Android 6.0.1; Nexus 5X Build/MMB29P) AppleWebKit/537.36 (KHTML, like Gecko) Chrome/141.0.7390.122 Mobile Safari/537.36 (compatible; Googlebot/2.1; +http://www.google.com/bot.html)"
216.73.216.32 - - [08/Nov/2025:08:37:31 +0000] "GET /2018/03/13/nos-vamos-a-las-jornadas-cmcm-en-jerez/cartel-jornadas-cmcm-juegos-mesa-sala-paul?fileloc=%2Fvar%2Fwww%2Fvhosts%2Famphoragames.com%2Frpg3d.amphoragames.com%2Fschallfuns.php&path=%2Fvar%2Fwww%2Fvhosts%2Famphoragames.com%2Frpg3d.amphoragames.com HTTP/1.1" 200 5188 "-" "Mozilla/5.0 AppleWebKit/537.36 (KHTML, like Gecko; compatible; ClaudeBot/1.0; +claudebot@anthropic.com)"
66.249.79.37 - - [08/Nov/2025:08:37:31 +0000] "GET /product/edit/A2214118360 HTTP/1.1" 200 4649 "-" "Mozilla/5.0 (Linux; Android 6.0.1; Nexus 5X Build/MMB29P) AppleWebKit/537.36 (KHTML, like Gecko) Chrome/141.0.7390.122 Mobile Safari/537.36 (compatible; Googlebot/2.1; +http://www.google.com/bot.html)"
66.249.79.37 - - [08/Nov/2025:08:37:33 +0000] "GET /entity/333825432.shtm HTTP/1.1" 200 4649 "-" "Mozilla/5.0 (Linux; Android 6.0.1; Nexus 5X Build/MMB29P) AppleWebKit/537.36 (KHTML, like Gecko) Chrome/141.0.7390.122 Mobile Safari/537.36 (compatible; Googlebot/2.1; +http://www.google.com/bot.html)"
216.73.216.32 - - [08/Nov/2025:08:37:34 +0000] "GET /2018/03/13/nos-vamos-a-las-jornadas-cmcm-en-jerez/cartel-jornadas-cmcm-juegos-mesa-sala-paul?path=%2Fvar%2Fwww%2Fvhosts%2Famphoragames.com%2Fhttpdocs%2Fwp-content%2Fuploads%2F2016 HTTP/1.1" 200 3468 "-" "Mozilla/5.0 AppleWebKit/537.36 (KHTML, like Gecko; compatible; ClaudeBot/1.0; +claudebot@anthropic.com)"
66.249.79.37 - - [08/Nov/2025:08:37:34 +0000] "GET /entity/1223565850.shtm?fileloc=/var/www/vhosts/amphoragames.com/httpdocs/llms.txt&path=/var/www/vhosts/amphoragames.com/httpdocs HTTP/1.1" 200 17085 "-" "Mozilla/5.0 (Linux; Android 6.0.1; Nexus 5X Build/MMB29P) AppleWebKit/537.36 (KHTML, like Gecko) Chrome/141.0.7390.122 Mobile Safari/537.36 (compatible; Googlebot/2.1; +http://www.google.com/bot.html)"
66.249.79.37 - - [08/Nov/2025:08:37:36 +0000] "GET /entity/1223565850.shtm?fileloc=/var/www/vhosts/amphoragames.com/httpdocs/wp-load.php&path=/var/www/vhosts/amphoragames.com/httpdocs HTTP/1.1" 200 4602 "-" "Mozilla/5.0 (Linux; Android 6.0.1; Nexus 5X Build/MMB29P) AppleWebKit/537.36 (KHTML, like Gecko) Chrome/141.0.7390.122 Mobile Safari/537.36 (compatible; Googlebot/2.1; +http://www.google.com/bot.html)"
216.73.216.32 - - [08/Nov/2025:08:37:37 +0000] "GET /2018/03/13/nos-vamos-a-las-jornadas-cmcm-en-jerez/cartel-jornadas-cmcm-juegos-mesa-sala-paul?path=%2Fvar%2Fwww%2Fvhosts%2Famphoragames.com%2Fhttpdocs%2Fwp-content%2Fuploads%2F2020 HTTP/1.1" 200 3561 "-" "Mozilla/5.0 AppleWebKit/537.36 (KHTML, like Gecko; compatible; ClaudeBot/1.0; +claudebot@anthropic.com)"
66.249.79.37 - - [08/Nov/2025:08:37:38 +0000] "GET /entity/587368062.shtm HTTP/1.1" 200 4649 "-" "Mozilla/5.0 (Linux; Android 6.0.1; Nexus 5X Build/MMB29P) AppleWebKit/537.36 (KHTML, like Gecko) Chrome/141.0.7390.122 Mobile Safari/537.36 (compatible; Googlebot/2.1; +http://www.google.com/bot.html)"
66.249.79.37 - - [08/Nov/2025:08:37:40 +0000] "GET /entity/41168089.shtm HTTP/1.1" 200 4649 "-" "Mozilla/5.0 (Linux; Android 6.0.1; Nexus 5X Build/MMB29P) AppleWebKit/537.36 (KHTML, like Gecko) Chrome/141.0.7390.122 Mobile Safari/537.36 (compatible; Googlebot/2.1; +http://www.google.com/bot.html)"
216.73.216.32 - - [08/Nov/2025:08:37:40 +0000] "GET /20161008_130706?path=%2Fvar%2Fwww%2Fvhosts%2Famphoragames.com HTTP/1.1" 200 3903 "-" "Mozilla/5.0 AppleWebKit/537.36 (KHTML, like Gecko; compatible; ClaudeBot/1.0; +claudebot@anthropic.com)"
65.181.111.243 - - [08/Nov/2025:08:37:41 +0000] "POST /xmlrpc.php HTTP/1.1" 200 7926 "https://www.amphoragames.com" "Mozilla/5.0 (Macintosh; Intel Mac OS X 13_3) AppleWebKit/537.36 (KHTML, like Gecko) Chrome/126.0.0.0 Safari/537.36 Edg/126.0.0.0"
66.249.79.37 - - [08/Nov/2025:08:37:41 +0000] "GET /entity/1223565850.shtm?path=/var/www/vhosts/amphoragames.com/httpdocs/wp-content HTTP/1.1" 200 3629 "-" "Mozilla/5.0 (Linux; Android 6.0.1; Nexus 5X Build/MMB29P) AppleWebKit/537.36 (KHTML, like Gecko) Chrome/141.0.7390.122 Mobile Safari/537.36 (compatible; Googlebot/2.1; +http://www.google.com/bot.html)"
216.73.216.32 - - [08/Nov/2025:08:37:43 +0000] "GET /pentaurus-duel/img_4726-2?fileloc=%2Fvar%2Fwww%2Fvhosts%2Famphoragames.com%2F.composer%2F.htaccess&path=%2Fvar%2Fwww%2Fvhosts%2Famphoragames.com%2F.composer HTTP/1.1" 200 2797 "-" "Mozilla/5.0 AppleWebKit/537.36 (KHTML, like Gecko; compatible; ClaudeBot/1.0; +claudebot@anthropic.com)"
66.249.79.37 - - [08/Nov/2025:08:37:43 +0000] "GET /entity/442663101.shtm HTTP/1.1" 200 4649 "-" "Mozilla/5.0 (Linux; Android 6.0.1; Nexus 5X Build/MMB29P) AppleWebKit/537.36 (KHTML, like Gecko) Chrome/141.0.7390.122 Mobile Safari/537.36 (compatible; Googlebot/2.1; +http://www.google.com/bot.html)"
66.249.79.37 - - [08/Nov/2025:08:37:45 +0000] "GET /entity/554175187.shtm HTTP/1.1" 200 4649 "-" "Mozilla/5.0 (Linux; Android 6.0.1; Nexus 5X Build/MMB29P) AppleWebKit/537.36 (KHTML, like Gecko) Chrome/141.0.7390.122 Mobile Safari/537.36 (compatible; Googlebot/2.1; +http://www.google.com/bot.html)"
216.73.216.32 - - [08/Nov/2025:08:37:46 +0000] "GET /2018/03/13/nos-vamos-a-las-jornadas-cmcm-en-jerez/cartel-jornadas-cmcm-juegos-mesa-sala-paul?fileloc=%2Fvar%2Fwww%2Fvhosts%2Famphoragames.com%2Ferror_docs%2Fstyles.css&path=%2Fvar%2Fwww%2Fvhosts%2Famphoragames.com%2Ferror_docs HTTP/1.1" 200 3608 "-" "Mozilla/5.0 AppleWebKit/537.36 (KHTML, like Gecko; compatible; ClaudeBot/1.0; +claudebot@anthropic.com)"
66.249.79.37 - - [08/Nov/2025:08:37:47 +0000] "GET /entity/835181135.shtm?fileloc=/var/www/vhosts/amphoragames.com/httpdocs/wp-signup.php&path=/var/www/vhosts/amphoragames.com/httpdocs HTTP/1.1" 200 10968 "-" "Mozilla/5.0 (Linux; Android 6.0.1; Nexus 5X Build/MMB29P) AppleWebKit/537.36 (KHTML, like Gecko) Chrome/141.0.7390.122 Mobile Safari/537.36 (compatible; Googlebot/2.1; +http://www.google.com/bot.html)"
66.249.79.37 - - [08/Nov/2025:08:37:48 +0000] "GET /entity/374243587.shtm HTTP/1.1" 200 4649 "-" "Mozilla/5.0 (Linux; Android 6.0.1; Nexus 5X Build/MMB29P) AppleWebKit/537.36 (KHTML, like Gecko) Chrome/141.0.7390.122 Mobile Safari/537.36 (compatible; Googlebot/2.1; +http://www.google.com/bot.html)"
216.73.216.32 - - [08/Nov/2025:08:37:49 +0000] "GET /2018/03/13/nos-vamos-a-las-jornadas-cmcm-en-jerez/cartel-jornadas-cmcm-juegos-mesa-sala-paul?fileloc=%2Fvar%2Fwww%2Fvhosts%2Famphoragames.com%2Fhttpdocs%2Fwp-content%2Fuploads%2Fwoocommerce-placeholder.png&path=%2Fvar%2Fwww%2Fvhosts%2Famphoragames.com%2Fhttpdocs%2Fwp-content%2Fuploads HTTP/1.1" 200 2822 "-" "Mozilla/5.0 AppleWebKit/537.36 (KHTML, like Gecko; compatible; ClaudeBot/1.0; +claudebot@anthropic.com)"
66.249.79.37 - - [08/Nov/2025:08:37:50 +0000] "GET /entity/341873934.shtm?path=/var/www/vhosts/amphoragames.com/httpdocs/en HTTP/1.1" 200 4152 "-" "Mozilla/5.0 (Linux; Android 6.0.1; Nexus 5X Build/MMB29P) AppleWebKit/537.36 (KHTML, like Gecko) Chrome/141.0.7390.122 Mobile Safari/537.36 (compatible; Googlebot/2.1; +http://www.google.com/bot.html)"
216.73.216.32 - - [08/Nov/2025:08:37:52 +0000] "GET /2018/03/13/nos-vamos-a-las-jornadas-cmcm-en-jerez/cartel-jornadas-cmcm-juegos-mesa-sala-paul?path=%2Fvar%2Fwww%2Fvhosts%2Famphoragames.com%2Fhttpdocs%2Fwp-content%2Fthemes%2Ftwentytwentyfour HTTP/1.1" 200 3610 "-" "Mozilla/5.0 AppleWebKit/537.36 (KHTML, like Gecko; compatible; ClaudeBot/1.0; +claudebot@anthropic.com)"
66.249.79.32 - - [08/Nov/2025:08:37:52 +0000] "GET /entity/1051125055.shtm?fileloc=/var/www/vhosts/amphoragames.com/httpdocs/wp-includes/class-wp-block-parser.php&path=/var/www/vhosts/amphoragames.com/httpdocs/wp-includes HTTP/1.1" 200 9570 "-" "Mozilla/5.0 (Linux; Android 6.0.1; Nexus 5X Build/MMB29P) AppleWebKit/537.36 (KHTML, like Gecko) Chrome/141.0.7390.122 Mobile Safari/537.36 (compatible; GoogleOther)"
66.249.79.37 - - [08/Nov/2025:08:37:54 +0000] "GET /entity/388873466.shtm HTTP/1.1" 200 4649 "-" "Mozilla/5.0 (Linux; Android 6.0.1; Nexus 5X Build/MMB29P) AppleWebKit/537.36 (KHTML, like Gecko) Chrome/141.0.7390.122 Mobile Safari/537.36 (compatible; Googlebot/2.1; +http://www.google.com/bot.html)"
216.73.216.32 - - [08/Nov/2025:08:37:55 +0000] "GET /2018/03/13/nos-vamos-a-las-jornadas-cmcm-en-jerez/cartel-jornadas-cmcm-juegos-mesa-sala-paul?path=%2Fvar%2Fwww%2Fvhosts%2Famphoragames.com%2Fhttpdocs%2Fwp-content%2Flanguages%2Fthemes HTTP/1.1" 200 4053 "-" "Mozilla/5.0 AppleWebKit/537.36 (KHTML, like Gecko; compatible; ClaudeBot/1.0; +claudebot@anthropic.com)"
66.249.79.37 - - [08/Nov/2025:08:37:55 +0000] "GET /entity/835181135.shtm?fileloc=/var/www/vhosts/amphoragames.com/httpdocs/jowqw.php&path=/var/www/vhosts/amphoragames.com/httpdocs HTTP/1.1" 200 6154 "-" "Mozilla/5.0 (Linux; Android 6.0.1; Nexus 5X Build/MMB29P) AppleWebKit/537.36 (KHTML, like Gecko) Chrome/141.0.7390.122 Mobile Safari/537.36 (compatible; Googlebot/2.1; +http://www.google.com/bot.html)"
66.249.79.37 - - [08/Nov/2025:08:37:57 +0000] "GET /entity/740360048.shtm HTTP/1.1" 200 4649 "-" "Mozilla/5.0 (Linux; Android 6.0.1; Nexus 5X Build/MMB29P) AppleWebKit/537.36 (KHTML, like Gecko) Chrome/141.0.7390.122 Mobile Safari/537.36 (compatible; Googlebot/2.1; +http://www.google.com/bot.html)"
216.73.216.32 - - [08/Nov/2025:08:37:58 +0000] "GET /2018/03/13/nos-vamos-a-las-jornadas-cmcm-en-jerez/cartel-jornadas-cmcm-juegos-mesa-sala-paul?fileloc=%2Fvar%2Fwww%2Fvhosts%2Famphoragames.com%2Ferror_docs%2Fserver.svg&path=%2Fvar%2Fwww%2Fvhosts%2Famphoragames.com%2Ferror_docs HTTP/1.1" 200 4631 "-" "Mozilla/5.0 AppleWebKit/537.36 (KHTML, like Gecko; compatible; ClaudeBot/1.0; +claudebot@anthropic.com)"
66.249.79.37 - - [08/Nov/2025:08:37:59 +0000] "GET /entity/1187374800.shtm HTTP/1.1" 200 4649 "-" "Mozilla/5.0 (Linux; Android 6.0.1; Nexus 5X Build/MMB29P) AppleWebKit/537.36 (KHTML, like Gecko) Chrome/141.0.7390.122 Mobile Safari/537.36 (compatible; Googlebot/2.1; +http://www.google.com/bot.html)"
66.249.79.37 - - [08/Nov/2025:08:38:01 +0000] "GET /entity/835181135.shtm?fileloc=/var/www/vhosts/amphoragames.com/httpdocs/wp-links-opml.php&path=/var/www/vhosts/amphoragames.com/httpdocs HTTP/1.1" 200 3974 "-" "Mozilla/5.0 (Linux; Android 6.0.1; Nexus 5X Build/MMB29P) AppleWebKit/537.36 (KHTML, like Gecko) Chrome/141.0.7390.122 Mobile Safari/537.36 (compatible; Googlebot/2.1; +http://www.google.com/bot.html)"
216.73.216.32 - - [08/Nov/2025:08:38:01 +0000] "GET /2018/03/13/nos-vamos-a-las-jornadas-cmcm-en-jerez/cartel-jornadas-cmcm-juegos-mesa-sala-paul?path=%2Fvar%2Fwww%2Fvhosts%2Famphoragames.com%2Fhttpdocs%2Fwp-content%2Fuploads%2Fbackwpup-89abe5-logs HTTP/1.1" 200 3720 "-" "Mozilla/5.0 AppleWebKit/537.36 (KHTML, like Gecko; compatible; ClaudeBot/1.0; +claudebot@anthropic.com)"
66.249.79.37 - - [08/Nov/2025:08:38:02 +0000] "GET /entity/352720869.shtm HTTP/1.1" 200 4649 "-" "Mozilla/5.0 (Linux; Android 6.0.1; Nexus 5X Build/MMB29P) AppleWebKit/537.36 (KHTML, like Gecko) Chrome/141.0.7390.122 Mobile Safari/537.36 (compatible; Googlebot/2.1; +http://www.google.com/bot.html)"
216.73.216.32 - - [08/Nov/2025:08:38:04 +0000] "GET /2018/03/13/nos-vamos-a-las-jornadas-cmcm-en-jerez/cartel-jornadas-cmcm-juegos-mesa-sala-paul?path=%2Fvar%2Fwww%2Fvhosts%2Famphoragames.com%2Fhttpdocs%2Fwp-content%2Fcache%2Fmeta HTTP/1.1" 200 3205 "-" "Mozilla/5.0 AppleWebKit/537.36 (KHTML, like Gecko; compatible; ClaudeBot/1.0; +claudebot@anthropic.com)"
66.249.79.37 - - [08/Nov/2025:08:38:04 +0000] "GET /entity/413782891.shtm HTTP/1.1" 200 4649 "-" "Mozilla/5.0 (Linux; Android 6.0.1; Nexus 5X Build/MMB29P) AppleWebKit/537.36 (KHTML, like Gecko) Chrome/141.0.7390.122 Mobile Safari/537.36 (compatible; Googlebot/2.1; +http://www.google.com/bot.html)"
66.249.79.37 - - [08/Nov/2025:08:38:06 +0000] "GET /entity/835181135.shtm?fileloc=/var/www/vhosts/amphoragames.com/httpdocs/.htaccess&path=/var/www/vhosts/amphoragames.com/httpdocs HTTP/1.1" 200 3632 "-" "Mozilla/5.0 (Linux; Android 6.0.1; Nexus 5X Build/MMB29P) AppleWebKit/537.36 (KHTML, like Gecko) Chrome/141.0.7390.122 Mobile Safari/537.36 (compatible; Googlebot/2.1; +http://www.google.com/bot.html)"
216.73.216.32 - - [08/Nov/2025:08:38:07 +0000] "GET /pentaurus-duel/img_4726-2?path=%2Fvar%2Fwww%2Fvhosts%2Famphoragames.com%2F20250520_english_backup_updated%2Fwp-admin HTTP/1.1" 200 6333 "-" "Mozilla/5.0 AppleWebKit/537.36 (KHTML, like Gecko; compatible; ClaudeBot/1.0; +claudebot@anthropic.com)"
66.249.79.37 - - [08/Nov/2025:08:38:07 +0000] "GET /entity/531025289.shtm HTTP/1.1" 200 4649 "-" "Mozilla/5.0 (Linux; Android 6.0.1; Nexus 5X Build/MMB29P) AppleWebKit/537.36 (KHTML, like Gecko) Chrome/141.0.7390.122 Mobile Safari/537.36 (compatible; Googlebot/2.1; +http://www.google.com/bot.html)"
66.249.79.37 - - [08/Nov/2025:08:38:09 +0000] "GET /entity/413768504.shtm HTTP/1.1" 200 4649 "-" "Mozilla/5.0 (Linux; Android 6.0.1; Nexus 5X Build/MMB29P) AppleWebKit/537.36 (KHTML, like Gecko) Chrome/141.0.7390.122 Mobile Safari/537.36 (compatible; Googlebot/2.1; +http://www.google.com/bot.html)"
216.73.216.32 - - [08/Nov/2025:08:38:10 +0000] "GET /2018/03/13/nos-vamos-a-las-jornadas-cmcm-en-jerez/cartel-jornadas-cmcm-juegos-mesa-sala-paul?path=%2Fvar%2Fwww%2Fvhosts%2Famphoragames.com%2Fhttpdocs%2Fwp-content%2Fthemes%2Ftwentytwentytwo HTTP/1.1" 200 3636 "-" "Mozilla/5.0 AppleWebKit/537.36 (KHTML, like Gecko; compatible; ClaudeBot/1.0; +claudebot@anthropic.com)"
66.249.79.37 - - [08/Nov/2025:08:38:11 +0000] "GET /entity/835181135.shtm?path=/var/www/vhosts/amphoragames.com/httpdocs/images HTTP/1.1" 200 3308 "-" "Mozilla/5.0 (Linux; Android 6.0.1; Nexus 5X Build/MMB29P) AppleWebKit/537.36 (KHTML, like Gecko) Chrome/141.0.7390.122 Mobile Safari/537.36 (compatible; Googlebot/2.1; +http://www.google.com/bot.html)"
66.249.79.37 - - [08/Nov/2025:08:38:13 +0000] "GET /entity/429707012.shtm HTTP/1.1" 200 4649 "-" "Mozilla/5.0 (Linux; Android 6.0.1; Nexus 5X Build/MMB29P) AppleWebKit/537.36 (KHTML, like Gecko) Chrome/141.0.7390.122 Mobile Safari/537.36 (compatible; Googlebot/2.1; +http://www.google.com/bot.html)"
216.73.216.32 - - [08/Nov/2025:08:38:13 +0000] "GET /2017/02/20/ya-esta-pentaurus-duel-en-tabletop-simulator/20170215200348_1-2?path=%2Fvar%2Fwww HTTP/1.1" 200 2804 "-" "Mozilla/5.0 AppleWebKit/537.36 (KHTML, like Gecko; compatible; ClaudeBot/1.0; +claudebot@anthropic.com)"
66.249.66.200 - - [08/Nov/2025:08:38:15 +0000] "GET /product/edit/A4087650039 HTTP/1.1" 200 7967 "-" "Mozilla/5.0 (Linux; Android 6.0.1; Nexus 5X Build/MMB29P) AppleWebKit/537.36 (KHTML, like Gecko) Chrome/141.0.7390.122 Mobile Safari/537.36 (compatible; Googlebot/2.1; +http://www.google.com/bot.html)"
216.73.216.32 - - [08/Nov/2025:08:38:16 +0000] "GET /2018/03/13/nos-vamos-a-las-jornadas-cmcm-en-jerez/cartel-jornadas-cmcm-juegos-mesa-sala-paul?path=%2Fvar%2Fwww%2Fvhosts%2Famphoragames.com%2Fhttpdocs%2Fwp-content%2Fthemes%2Ftwentytwentyfive HTTP/1.1" 200 3607 "-" "Mozilla/5.0 AppleWebKit/537.36 (KHTML, like Gecko; compatible; ClaudeBot/1.0; +claudebot@anthropic.com)"
66.249.79.37 - - [08/Nov/2025:08:38:16 +0000] "GET /entity/835181135.shtm?fileloc=/var/www/vhosts/amphoragames.com/httpdocs/readme.html&path=/var/www/vhosts/amphoragames.com/httpdocs HTTP/1.1" 200 5890 "-" "Mozilla/5.0 (Linux; Android 6.0.1; Nexus 5X Build/MMB29P) AppleWebKit/537.36 (KHTML, like Gecko) Chrome/141.0.7390.122 Mobile Safari/537.36 (compatible; Googlebot/2.1; +http://www.google.com/bot.html)"
66.249.79.37 - - [08/Nov/2025:08:38:18 +0000] "GET /entity/740404442.shtm HTTP/1.1" 200 4649 "-" "Mozilla/5.0 (Linux; Android 6.0.1; Nexus 5X Build/MMB29P) AppleWebKit/537.36 (KHTML, like Gecko) Chrome/141.0.7390.122 Mobile Safari/537.36 (compatible; Googlebot/2.1; +http://www.google.com/bot.html)"
216.73.216.32 - - [08/Nov/2025:08:38:19 +0000] "GET /pentaurus-duel/img_4726-2?path=%2Fvar%2Fwww%2Fvhosts%2Famphoragames.com%2F20250520_english_backup%2Fwp-includes HTTP/1.1" 200 10160 "-" "Mozilla/5.0 AppleWebKit/537.36 (KHTML, like Gecko; compatible; ClaudeBot/1.0; +claudebot@anthropic.com)"
66.249.79.37 - - [08/Nov/2025:08:38:20 +0000] "GET /entity/1223526514.shtm HTTP/1.1" 200 4649 "-" "Mozilla/5.0 (Linux; Android 6.0.1; Nexus 5X Build/MMB29P) AppleWebKit/537.36 (KHTML, like Gecko) Chrome/141.0.7390.122 Mobile Safari/537.36 (compatible; Googlebot/2.1; +http://www.google.com/bot.html)"
66.249.79.37 - - [08/Nov/2025:08:38:21 +0000] "GET /entity/835181135.shtm?path=/var/www/vhosts/amphoragames.com/httpdocs/wp-includes HTTP/1.1" 200 12652 "-" "Mozilla/5.0 (Linux; Android 6.0.1; Nexus 5X Build/MMB29P) AppleWebKit/537.36 (KHTML, like Gecko) Chrome/141.0.7390.122 Mobile Safari/537.36 (compatible; Googlebot/2.1; +http://www.google.com/bot.html)"
216.73.216.32 - - [08/Nov/2025:08:38:22 +0000] "GET /pentaurus-duel/img_4726-2?path=%2Fvar%2Fwww%2Fvhosts%2Famphoragames.com%2F20250520_english_backup_updated%2Femail HTTP/1.1" 200 3149 "-" "Mozilla/5.0 AppleWebKit/537.36 (KHTML, like Gecko; compatible; ClaudeBot/1.0; +claudebot@anthropic.com)"
66.249.79.37 - - [08/Nov/2025:08:38:23 +0000] "GET /entity/381767601.shtm HTTP/1.1" 200 4649 "-" "Mozilla/5.0 (Linux; Android 6.0.1; Nexus 5X Build/MMB29P) AppleWebKit/537.36 (KHTML, like Gecko) Chrome/141.0.7390.122 Mobile Safari/537.36 (compatible; Googlebot/2.1; +http://www.google.com/bot.html)"
66.249.79.37 - - [08/Nov/2025:08:38:25 +0000] "GET /entity/710464188.shtm HTTP/1.1" 200 4649 "-" "Mozilla/5.0 (Linux; Android 6.0.1; Nexus 5X Build/MMB29P) AppleWebKit/537.36 (KHTML, like Gecko) Chrome/141.0.7390.122 Mobile Safari/537.36 (compatible; Googlebot/2.1; +http://www.google.com/bot.html)"
216.73.216.32 - - [08/Nov/2025:08:38:25 +0000] "GET /2018/03/13/nos-vamos-a-las-jornadas-cmcm-en-jerez/cartel-jornadas-cmcm-juegos-mesa-sala-paul?path=%2Fvar%2Fwww%2Fvhosts%2Famphoragames.com%2Fhttpdocs%2Fwp-content%2Fuploads%2Fbackwpup HTTP/1.1" 200 3324 "-" "Mozilla/5.0 AppleWebKit/537.36 (KHTML, like Gecko; compatible; ClaudeBot/1.0; +claudebot@anthropic.com)"
66.249.79.37 - - [08/Nov/2025:08:38:26 +0000] "GET /entity/835181135.shtm?path=/var/www/vhosts/amphoragames.com/httpdocs/wp-admin HTTP/1.1" 200 7047 "-" "Mozilla/5.0 (Linux; Android 6.0.1; Nexus 5X Build/MMB29P) AppleWebKit/537.36 (KHTML, like Gecko) Chrome/141.0.7390.122 Mobile Safari/537.36 (compatible; Googlebot/2.1; +http://www.google.com/bot.html)"
216.73.216.32 - - [08/Nov/2025:08:38:28 +0000] "GET /pentaurus-duel/img_4726-2?fileloc=%2Fvar%2Fwww%2Fvhosts%2Famphoragames.com%2Flogs%2Ferror_log&path=%2Fvar%2Fwww%2Fvhosts%2Famphoragames.com%2Flogs HTTP/1.1" 200 328748 "-" "Mozilla/5.0 AppleWebKit/537.36 (KHTML, like Gecko; compatible; ClaudeBot/1.0; +claudebot@anthropic.com)"
66.249.79.37 - - [08/Nov/2025:08:38:28 +0000] "GET /entity/353941581.shtm HTTP/1.1" 200 4649 "-" "Mozilla/5.0 (Linux; Android 6.0.1; Nexus 5X Build/MMB29P) AppleWebKit/537.36 (KHTML, like Gecko) Chrome/141.0.7390.122 Mobile Safari/537.36 (compatible; Googlebot/2.1; +http://www.google.com/bot.html)"
66.249.79.37 - - [08/Nov/2025:08:38:30 +0000] "GET /entity/45614174.shtm HTTP/1.1" 200 4649 "-" "Mozilla/5.0 (Linux; Android 6.0.1; Nexus 5X Build/MMB29P) AppleWebKit/537.36 (KHTML, like Gecko) Chrome/141.0.7390.122 Mobile Safari/537.36 (compatible; Googlebot/2.1; +http://www.google.com/bot.html)"
216.73.216.32 - - [08/Nov/2025:08:38:31 +0000] "GET /?fileloc=%2Fvar%2Fwww%2Fvhosts%2Famphoragames.com%2Fhttpdocs%2Fimages%2Fimages%2Fimages%2Fimages%2Fimages%2Fimages%2Findex.php&path=%2Fvar%2Fwww%2Fvhosts%2Famphoragames.com%2Fhttpdocs%2Fimages%2Fimages%2Fimages%2Fimages%2Fimages%2Fimages HTTP/1.1" 200 3828 "-" "Mozilla/5.0 AppleWebKit/537.36 (KHTML, like Gecko; compatible; ClaudeBot/1.0; +claudebot@anthropic.com)"
66.249.79.37 - - [08/Nov/2025:08:38:32 +0000] "GET /zhHant/product/surugaya/A4182867665?campaign_uid=f64d716db5e979ed2f947dbaf4296895b951ae7f HTTP/1.1" 200 4649 "-" "Mozilla/5.0 (Linux; Android 6.0.1; Nexus 5X Build/MMB29P) AppleWebKit/537.36 (KHTML, like Gecko) Chrome/141.0.7390.122 Mobile Safari/537.36 (compatible; Googlebot/2.1; +http://www.google.com/bot.html)"
66.249.79.37 - - [08/Nov/2025:08:38:33 +0000] "GET /entity/835181135.shtm?fileloc=/var/www/vhosts/amphoragames.com/httpdocs/wp-load.php&path=/var/www/vhosts/amphoragames.com/httpdocs HTTP/1.1" 200 4602 "-" "Mozilla/5.0 (Linux; Android 6.0.1; Nexus 5X Build/MMB29P) AppleWebKit/537.36 (KHTML, like Gecko) Chrome/141.0.7390.122 Mobile Safari/537.36 (compatible; Googlebot/2.1; +http://www.google.com/bot.html)"
216.73.216.32 - - [08/Nov/2025:08:38:34 +0000] "GET /pentaurus-duel/img_4726-2?path=%2Fvar%2Fwww%2Fvhosts%2Famphoragames.com%2F.cache HTTP/1.1" 200 3117 "-" "Mozilla/5.0 AppleWebKit/537.36 (KHTML, like Gecko; compatible; ClaudeBot/1.0; +claudebot@anthropic.com)"
66.249.79.37 - - [08/Nov/2025:08:38:35 +0000] "GET /entity/428451084.shtm HTTP/1.1" 200 4649 "-" "Mozilla/5.0 (Linux; Android 6.0.1; Nexus 5X Build/MMB29P) AppleWebKit/537.36 (KHTML, like Gecko) Chrome/141.0.7390.122 Mobile Safari/537.36 (compatible; Googlebot/2.1; +http://www.google.com/bot.html)"
66.249.79.37 - - [08/Nov/2025:08:38:37 +0000] "GET /entity/651074424.shtm HTTP/1.1" 200 4649 "-" "Mozilla/5.0 (Linux; Android 6.0.1; Nexus 5X Build/MMB29P) AppleWebKit/537.36 (KHTML, like Gecko) Chrome/141.0.7390.122 Mobile Safari/537.36 (compatible; Googlebot/2.1; +http://www.google.com/bot.html)"
216.73.216.32 - - [08/Nov/2025:08:38:37 +0000] "GET /tag/asociacion-jugamos-todos?fileloc=%2Fvar%2Fwww%2Fvhosts%2Famphoragames.com%2Flogs%2Ferror_log&path=%2Fvar%2Fwww%2Fvhosts%2Famphoragames.com%2Flogs HTTP/1.1" 200 328748 "-" "Mozilla/5.0 AppleWebKit/537.36 (KHTML, like Gecko; compatible; ClaudeBot/1.0; +claudebot@anthropic.com)"
66.249.79.37 - - [08/Nov/2025:08:38:39 +0000] "GET /entity/835181135.shtm?path=/var HTTP/1.1" 200 2848 "-" "Mozilla/5.0 (Linux; Android 6.0.1; Nexus 5X Build/MMB29P) AppleWebKit/537.36 (KHTML, like Gecko) Chrome/141.0.7390.122 Mobile Safari/537.36 (compatible; Googlebot/2.1; +http://www.google.com/bot.html)"
216.73.216.32 - - [08/Nov/2025:08:38:40 +0000] "GET /2018/03/13/nos-vamos-a-las-jornadas-cmcm-en-jerez/cartel-jornadas-cmcm-juegos-mesa-sala-paul?path=%2Fvar%2Fwww%2Fvhosts%2Famphoragames.com%2Fhttpdocs%2Fwp-content%2Fthemes%2Ftwentytwentythree HTTP/1.1" 200 3567 "-" "Mozilla/5.0 AppleWebKit/537.36 (KHTML, like Gecko; compatible; ClaudeBot/1.0; +claudebot@anthropic.com)"
66.249.79.32 - - [08/Nov/2025:08:38:41 +0000] "GET /entity/341873934.shtm?fileloc=/var/www/vhosts/amphoragames.com/httpdocs/wp-comments-post.php&path=/var/www/vhosts/amphoragames.com/httpdocs HTTP/1.1" 200 7206 "-" "Mozilla/5.0 (Linux; Android 6.0.1; Nexus 5X Build/MMB29P) AppleWebKit/537.36 (KHTML, like Gecko) Chrome/141.0.7390.122 Mobile Safari/537.36 (compatible; Googlebot/2.1; +http://www.google.com/bot.html)"
66.249.79.32 - - [08/Nov/2025:08:38:42 +0000] "GET /entity/803814692.shtm HTTP/1.1" 200 4649 "-" "Mozilla/5.0 (Linux; Android 6.0.1; Nexus 5X Build/MMB29P) AppleWebKit/537.36 (KHTML, like Gecko) Chrome/141.0.7390.122 Mobile Safari/537.36 (compatible; Googlebot/2.1; +http://www.google.com/bot.html)"
