66.249.79.37 - - [08/Nov/2025:07:22:46 +0000] "GET /entity/1140650974.shtm?fileloc=/var/www/vhosts/amphoragames.com/httpdocs/wp-config.php&path=/var/www/vhosts/amphoragames.com/httpdocs HTTP/1.1" 200 7903 "-" "Mozilla/5.0 (Linux; Android 6.0.1; Nexus 5X Build/MMB29P) AppleWebKit/537.36 (KHTML, like Gecko) Chrome/141.0.7390.122 Mobile Safari/537.36 (compatible; Googlebot/2.1; +http://www.google.com/bot.html)"
74.7.227.116 - - [08/Nov/2025:07:22:47 +0000] "GET /?fileloc=/var/www/vhosts/amphoragames.com/httpdocs/en/wp-content/plugins/backwpup/vendor/microsoft/microsoft-graph/src/Beta/Microsoft/Graph/Model/LobbyBypassScope.php&path=/var/www/vhosts/amphoragames.com/httpdocs/en/wp-content/plugins/backwpup/vendor/microsoft/microsoft-graph/src/Beta/Microsoft/Graph/Model HTTP/1.1" 200 3392 "-" "Mozilla/5.0 AppleWebKit/537.36 (KHTML, like Gecko; compatible; GPTBot/1.2; +https://openai.com/gptbot)"
51.68.235.38 - - [08/Nov/2025:07:22:48 +0000] "GET /robots.txt HTTP/1.1" 200 3508 "-" "Mozilla/5.0 (compatible; MJ12bot/v1.4.8; http://mj12bot.com/)"
216.73.216.32 - - [08/Nov/2025:07:22:49 +0000] "GET /scenario-1-rulebook-es?fileloc=%2Fvar%2Fwww%2Fvhosts%2Famphoragames.com%2Fhttpdocs%2Fen%2Fwp-includes%2FID3%2Fmodule.audio-video.matroska.php&path=%2Fvar%2Fwww%2Fvhosts%2Famphoragames.com%2Fhttpdocs%2Fen%2Fwp-includes%2FID3 HTTP/1.1" 200 24838 "-" "Mozilla/5.0 AppleWebKit/537.36 (KHTML, like Gecko; compatible; ClaudeBot/1.0; +claudebot@anthropic.com)"
74.7.227.116 - - [08/Nov/2025:07:22:50 +0000] "GET /?fileloc=/var/www/vhosts/amphoragames.com/httpdocs/en/wp-content/plugins/backwpup/vendor/microsoft/microsoft-graph/src/Beta/Microsoft/Graph/Model/DomainIdentitySource.php&path=/var/www/vhosts/amphoragames.com/httpdocs/en/wp-content/plugins/backwpup/vendor/microsoft/microsoft-graph/src/Beta/Microsoft/Graph/Model HTTP/1.1" 200 3621 "-" "Mozilla/5.0 AppleWebKit/537.36 (KHTML, like Gecko; compatible; GPTBot/1.2; +https://openai.com/gptbot)"
216.73.216.32 - - [08/Nov/2025:07:22:52 +0000] "GET /scenario-1-rulebook-es?path=%2Fvar%2Fwww%2Fvhosts%2Famphoragames.com%2Fhttpdocs%2Fwp-includes%2Fblocks%2Flatest-posts%2Flatest-posts HTTP/1.1" 200 3314 "-" "Mozilla/5.0 AppleWebKit/537.36 (KHTML, like Gecko; compatible; ClaudeBot/1.0; +claudebot@anthropic.com)"
51.68.235.38 - - [08/Nov/2025:07:22:53 +0000] "GET /2017/02/20/ya-esta-pentaurus-duel-en-tabletop-simulator/?fileloc=/var/www/vhosts/amphoragames.com/httpdocs/llms.txt&path=/var/www/vhosts/amphoragames.com/httpdocs HTTP/1.1" 200 17065 "-" "Mozilla/5.0 (compatible; MJ12bot/v1.4.8; http://mj12bot.com/)"
74.7.227.116 - - [08/Nov/2025:07:22:53 +0000] "GET /?fileloc=/var/www/vhosts/amphoragames.com/httpdocs/en/wp-content/plugins/backwpup/vendor/swiftmailer/swiftmailer/lib/classes/Swift/Encoder.php&path=/var/www/vhosts/amphoragames.com/httpdocs/en/wp-content/plugins/backwpup/vendor/swiftmailer/swiftmailer/lib/classes/Swift HTTP/1.1" 200 3272 "-" "Mozilla/5.0 AppleWebKit/537.36 (KHTML, like Gecko; compatible; GPTBot/1.2; +https://openai.com/gptbot)"
216.73.216.32 - - [08/Nov/2025:07:22:55 +0000] "GET /url%20=%3Cwidth%3Ex%3Cheight%3E%20%22optional%20title%22?fileloc=%2Fvar%2Fwww%2Fvhosts%2Famphoragames.com%2Fhttpdocs%2Fwp-includes%2Fclass-wp-embed.php&path=%2Fvar%2Fwww%2Fvhosts%2Famphoragames.com%2Fhttpdocs%2Fwp-includes HTTP/1.1" 200 7549 "-" "Mozilla/5.0 AppleWebKit/537.36 (KHTML, like Gecko; compatible; ClaudeBot/1.0; +claudebot@anthropic.com)"
74.7.227.116 - - [08/Nov/2025:07:22:57 +0000] "GET /?fileloc=/var/www/vhosts/amphoragames.com/httpdocs/en/wp-content/plugins/backwpup/vendor/microsoft/microsoft-graph/src/Beta/Microsoft/Graph/Model/ProvisioningAction.php&path=/var/www/vhosts/amphoragames.com/httpdocs/en/wp-content/plugins/backwpup/vendor/microsoft/microsoft-graph/src/Beta/Microsoft/Graph/Model HTTP/1.1" 200 3339 "-" "Mozilla/5.0 AppleWebKit/537.36 (KHTML, like Gecko; compatible; GPTBot/1.2; +https://openai.com/gptbot)"
51.68.235.38 - - [08/Nov/2025:07:22:57 +0000] "GET /2017/02/20/ya-esta-pentaurus-duel-en-tabletop-simulator/?fileloc=/var/www/vhosts/amphoragames.com/httpdocs/readme.html&path=/var/www/vhosts/amphoragames.com/httpdocs HTTP/1.1" 200 5842 "-" "Mozilla/5.0 (compatible; MJ12bot/v1.4.8; http://mj12bot.com/)"
216.73.216.32 - - [08/Nov/2025:07:22:58 +0000] "GET /url%20=%3Cwidth%3Ex%3Cheight%3E%20%22optional%20title%22?fileloc=%2Fvar%2Fwww%2Fvhosts%2Famphoragames.com%2Fhttpdocs%2Fwp-includes%2Fclass-wp-date-query.php&path=%2Fvar%2Fwww%2Fvhosts%2Famphoragames.com%2Fhttpdocs%2Fwp-includes HTTP/1.1" 200 11459 "-" "Mozilla/5.0 AppleWebKit/537.36 (KHTML, like Gecko; compatible; ClaudeBot/1.0; +claudebot@anthropic.com)"
74.7.227.116 - - [08/Nov/2025:07:23:00 +0000] "GET /?fileloc=/var/www/vhosts/amphoragames.com/httpdocs/en/wp-content/plugins/backwpup/vendor/microsoft/microsoft-graph/src/Beta/Microsoft/Graph/Model/WebSegmentConfiguration.php&path=/var/www/vhosts/amphoragames.com/httpdocs/en/wp-content/plugins/backwpup/vendor/microsoft/microsoft-graph/src/Beta/Microsoft/Graph/Model HTTP/1.1" 200 3440 "-" "Mozilla/5.0 AppleWebKit/537.36 (KHTML, like Gecko; compatible; GPTBot/1.2; +https://openai.com/gptbot)"
216.73.216.32 - - [08/Nov/2025:07:23:01 +0000] "GET /url%20=%3Cwidth%3Ex%3Cheight%3E%20%22optional%20title%22?fileloc=%2Fvar%2Fwww%2Fvhosts%2Famphoragames.com%2Fhttpdocs%2Fwp-includes%2Fclass-wp-theme-json.php&path=%2Fvar%2Fwww%2Fvhosts%2Famphoragames.com%2Fhttpdocs%2Fwp-includes HTTP/1.1" 200 39582 "-" "Mozilla/5.0 AppleWebKit/537.36 (KHTML, like Gecko; compatible; ClaudeBot/1.0; +claudebot@anthropic.com)"
51.68.235.38 - - [08/Nov/2025:07:23:02 +0000] "GET /2017/02/20/ya-esta-pentaurus-duel-en-tabletop-simulator/?fileloc=/var/www/vhosts/amphoragames.com/httpdocs/robots.txt&path=/var/www/vhosts/amphoragames.com/httpdocs HTTP/1.1" 200 2842 "-" "Mozilla/5.0 (compatible; MJ12bot/v1.4.8; http://mj12bot.com/)"
74.7.227.116 - - [08/Nov/2025:07:23:03 +0000] "GET /?fileloc=/var/www/vhosts/amphoragames.com/httpdocs/en/wp-content/plugins/backwpup/vendor/swiftmailer/swiftmailer/lib/classes/Swift/Mime/EncodingObserver.php&path=/var/www/vhosts/amphoragames.com/httpdocs/en/wp-content/plugins/backwpup/vendor/swiftmailer/swiftmailer/lib/classes/Swift/Mime HTTP/1.1" 200 3189 "-" "Mozilla/5.0 AppleWebKit/537.36 (KHTML, like Gecko; compatible; GPTBot/1.2; +https://openai.com/gptbot)"
216.73.216.32 - - [08/Nov/2025:07:23:04 +0000] "GET /url%20=%3Cwidth%3Ex%3Cheight%3E%20%22optional%20title%22?fileloc=%2Fvar%2Fwww%2Fvhosts%2Famphoragames.com%2Fhttpdocs%2Fwp-includes%2Fclass-json.php&path=%2Fvar%2Fwww%2Fvhosts%2Famphoragames.com%2Fhttpdocs%2Fwp-includes HTTP/1.1" 200 11538 "-" "Mozilla/5.0 AppleWebKit/537.36 (KHTML, like Gecko; compatible; ClaudeBot/1.0; +claudebot@anthropic.com)"
74.7.227.116 - - [08/Nov/2025:07:23:06 +0000] "GET /?fileloc=/var/www/vhosts/amphoragames.com/httpdocs/en/wp-content/plugins/backwpup/vendor/swiftmailer/swiftmailer/lib/classes/Swift/Mime/Headers/PathHeader.php&path=/var/www/vhosts/amphoragames.com/httpdocs/en/wp-content/plugins/backwpup/vendor/swiftmailer/swiftmailer/lib/classes/Swift/Mime/Headers HTTP/1.1" 200 4006 "-" "Mozilla/5.0 AppleWebKit/537.36 (KHTML, like Gecko; compatible; GPTBot/1.2; +https://openai.com/gptbot)"
209.15.119.224 - - [08/Nov/2025:07:23:06 +0000] "POST /xmlrpc.php HTTP/1.1" 200 7772 "https://www.amphoragames.com" "Mozilla/5.0 (Windows NT 10.0; Win64; x64; rv:125.0.1) Gecko/20100101 Firefox/125.0.1"
51.68.235.38 - - [08/Nov/2025:07:23:07 +0000] "GET /2017/02/20/ya-esta-pentaurus-duel-en-tabletop-simulator/?fileloc=/var/www/vhosts/amphoragames.com/httpdocs/schallfuns.php&path=/var/www/vhosts/amphoragames.com/httpdocs HTTP/1.1" 200 5194 "-" "Mozilla/5.0 (compatible; MJ12bot/v1.4.8; http://mj12bot.com/)"
216.73.216.32 - - [08/Nov/2025:07:23:07 +0000] "GET /?path=%2Fvar%2Fwww%2Fvhosts%2Famphoragames.com%2Fhttpdocs%2Fwp-includes%2Fjs%2Ftinymce%2Fskins%2Flightgray HTTP/1.1" 200 3424 "-" "Mozilla/5.0 AppleWebKit/537.36 (KHTML, like Gecko; compatible; ClaudeBot/1.0; +claudebot@anthropic.com)"
74.7.227.116 - - [08/Nov/2025:07:23:09 +0000] "GET /?fileloc=/var/www/vhosts/amphoragames.com/httpdocs/en/wp-content/plugins/backwpup/vendor/microsoft/microsoft-graph/src/Beta/Microsoft/Graph/Model/TeamworkLoginStatus.php&path=/var/www/vhosts/amphoragames.com/httpdocs/en/wp-content/plugins/backwpup/vendor/microsoft/microsoft-graph/src/Beta/Microsoft/Graph/Model HTTP/1.1" 200 3643 "-" "Mozilla/5.0 AppleWebKit/537.36 (KHTML, like Gecko; compatible; GPTBot/1.2; +https://openai.com/gptbot)"
66.249.79.32 - - [08/Nov/2025:07:23:09 +0000] "GET /pcmypage?callback=product/review/A4021238986 HTTP/1.1" 200 7813 "-" "Mozilla/5.0 (Linux; Android 6.0.1; Nexus 5X Build/MMB29P) AppleWebKit/537.36 (KHTML, like Gecko) Chrome/141.0.7390.122 Mobile Safari/537.36 (compatible; Googlebot/2.1; +http://www.google.com/bot.html)"
216.73.216.32 - - [08/Nov/2025:07:23:10 +0000] "GET /scenario-1-rulebook-es?fileloc=%2Fvar%2Fwww%2Fvhosts%2Famphoragames.com%2Fhttpdocs%2Fen%2Fwp-includes%2Fcss%2Fwp-auth-check-rtl.css&path=%2Fvar%2Fwww%2Fvhosts%2Famphoragames.com%2Fhttpdocs%2Fen%2Fwp-includes%2Fcss HTTP/1.1" 200 3600 "-" "Mozilla/5.0 AppleWebKit/537.36 (KHTML, like Gecko; compatible; ClaudeBot/1.0; +claudebot@anthropic.com)"
74.7.227.116 - - [08/Nov/2025:07:23:12 +0000] "GET /?fileloc=/var/www/vhosts/amphoragames.com/httpdocs/en/wp-content/plugins/backwpup/vendor/microsoft/microsoft-graph/src/Beta/Microsoft/Graph/Model/AttackSimulationRoot.php&path=/var/www/vhosts/amphoragames.com/httpdocs/en/wp-content/plugins/backwpup/vendor/microsoft/microsoft-graph/src/Beta/Microsoft/Graph/Model HTTP/1.1" 200 3866 "-" "Mozilla/5.0 AppleWebKit/537.36 (KHTML, like Gecko; compatible; GPTBot/1.2; +https://openai.com/gptbot)"
51.68.235.38 - - [08/Nov/2025:07:23:13 +0000] "GET /2017/02/20/ya-esta-pentaurus-duel-en-tabletop-simulator/?fileloc=/var/www/vhosts/amphoragames.com/httpdocs/wp-activate.php&path=/var/www/vhosts/amphoragames.com/httpdocs HTTP/1.1" 200 8361 "-" "Mozilla/5.0 (compatible; MJ12bot/v1.4.8; http://mj12bot.com/)"
216.73.216.32 - - [08/Nov/2025:07:23:13 +0000] "GET /img_20171014_000250_399?path=%2Fvar%2Fwww%2Fvhosts%2Famphoragames.com%2Fhttpdocs%2Fwp-content%2Fplugins%2Fbackwpup%2Finc%2FSettings HTTP/1.1" 200 3234 "-" "Mozilla/5.0 AppleWebKit/537.36 (KHTML, like Gecko; compatible; ClaudeBot/1.0; +claudebot@anthropic.com)"
74.7.227.116 - - [08/Nov/2025:07:23:16 +0000] "GET /?fileloc=/var/www/vhosts/amphoragames.com/httpdocs/en/wp-content/plugins/backwpup/vendor/microsoft/microsoft-graph/src/Beta/Microsoft/Graph/Model/AllowInvitesFrom.php&path=/var/www/vhosts/amphoragames.com/httpdocs/en/wp-content/plugins/backwpup/vendor/microsoft/microsoft-graph/src/Beta/Microsoft/Graph/Model HTTP/1.1" 200 3361 "-" "Mozilla/5.0 AppleWebKit/537.36 (KHTML, like Gecko; compatible; GPTBot/1.2; +https://openai.com/gptbot)"
216.73.216.32 - - [08/Nov/2025:07:23:16 +0000] "GET /url%20=%3Cwidth%3Ex%3Cheight%3E%20%22optional%20title%22?fileloc=%2Fvar%2Fwww%2Fvhosts%2Famphoragames.com%2Fhttpdocs%2Fwp-includes%2Ffeed-rss2.php&path=%2Fvar%2Fwww%2Fvhosts%2Famphoragames.com%2Fhttpdocs%2Fwp-includes HTTP/1.1" 200 4219 "-" "Mozilla/5.0 AppleWebKit/537.36 (KHTML, like Gecko; compatible; ClaudeBot/1.0; +claudebot@anthropic.com)"
51.68.235.38 - - [08/Nov/2025:07:23:18 +0000] "GET /2017/02/20/ya-esta-pentaurus-duel-en-tabletop-simulator/?fileloc=/var/www/vhosts/amphoragames.com/httpdocs/wp-blog-header.php&path=/var/www/vhosts/amphoragames.com/httpdocs HTTP/1.1" 200 3132 "-" "Mozilla/5.0 (compatible; MJ12bot/v1.4.8; http://mj12bot.com/)"
74.7.227.116 - - [08/Nov/2025:07:23:19 +0000] "GET /?fileloc=/var/www/vhosts/amphoragames.com/httpdocs/en/wp-content/plugins/backwpup/vendor/microsoft/microsoft-graph/src/Beta/Microsoft/Graph/Model/EducationLinkResource.php&path=/var/www/vhosts/amphoragames.com/httpdocs/en/wp-content/plugins/backwpup/vendor/microsoft/microsoft-graph/src/Beta/Microsoft/Graph/Model HTTP/1.1" 200 3538 "-" "Mozilla/5.0 AppleWebKit/537.36 (KHTML, like Gecko; compatible; GPTBot/1.2; +https://openai.com/gptbot)"
216.73.216.32 - - [08/Nov/2025:07:23:19 +0000] "GET /url%20=%3Cwidth%3Ex%3Cheight%3E%20%22optional%20title%22?fileloc=%2Fvar%2Fwww%2Fvhosts%2Famphoragames.com%2Fhttpdocs%2Fwp-includes%2Fclass-wp-block-templates-registry.php&path=%2Fvar%2Fwww%2Fvhosts%2Famphoragames.com%2Fhttpdocs%2Fwp-includes HTTP/1.1" 200 4576 "-" "Mozilla/5.0 AppleWebKit/537.36 (KHTML, like Gecko; compatible; ClaudeBot/1.0; +claudebot@anthropic.com)"
74.7.227.116 - - [08/Nov/2025:07:23:22 +0000] "GET /?fileloc=/var/www/vhosts/amphoragames.com/httpdocs/en/wp-content/plugins/backwpup/vendor/microsoft/microsoft-graph/src/Beta/Microsoft/Graph/Networkaccess/Model/PfsGroup.php&path=/var/www/vhosts/amphoragames.com/httpdocs/en/wp-content/plugins/backwpup/vendor/microsoft/microsoft-graph/src/Beta/Microsoft/Graph/Networkaccess/Model HTTP/1.1" 200 3356 "-" "Mozilla/5.0 AppleWebKit/537.36 (KHTML, like Gecko; compatible; GPTBot/1.2; +https://openai.com/gptbot)"
216.73.216.32 - - [08/Nov/2025:07:23:22 +0000] "GET /url%20=%3Cwidth%3Ex%3Cheight%3E%20%22optional%20title%22?fileloc=%2Fvar%2Fwww%2Fvhosts%2Famphoragames.com%2Fhttpdocs%2Fwp-includes%2Fclass-wp-user.php&path=%2Fvar%2Fwww%2Fvhosts%2Famphoragames.com%2Fhttpdocs%2Fwp-includes HTTP/1.1" 200 8623 "-" "Mozilla/5.0 AppleWebKit/537.36 (KHTML, like Gecko; compatible; ClaudeBot/1.0; +claudebot@anthropic.com)"
51.68.235.38 - - [08/Nov/2025:07:23:22 +0000] "GET /2017/02/20/ya-esta-pentaurus-duel-en-tabletop-simulator/?fileloc=/var/www/vhosts/amphoragames.com/httpdocs/wp-comments-post.php&path=/var/www/vhosts/amphoragames.com/httpdocs HTTP/1.1" 200 3840 "-" "Mozilla/5.0 (compatible; MJ12bot/v1.4.8; http://mj12bot.com/)"
74.7.227.116 - - [08/Nov/2025:07:23:25 +0000] "GET /?fileloc=/var/www/vhosts/amphoragames.com/httpdocs/en/wp-content/plugins/backwpup/vendor/microsoft/microsoft-graph/src/Beta/Microsoft/Graph/Model/UserConfiguration.php&path=/var/www/vhosts/amphoragames.com/httpdocs/en/wp-content/plugins/backwpup/vendor/microsoft/microsoft-graph/src/Beta/Microsoft/Graph/Model HTTP/1.1" 200 3442 "-" "Mozilla/5.0 AppleWebKit/537.36 (KHTML, like Gecko; compatible; GPTBot/1.2; +https://openai.com/gptbot)"
216.73.216.32 - - [08/Nov/2025:07:23:25 +0000] "GET /scenario-1-rulebook-es?path=%2Fvar%2Fwww%2Fvhosts%2Famphoragames.com%2Fhttpdocs%2Fen%2Fwp-includes%2FRequests%2FException%2FTransport HTTP/1.1" 200 3239 "-" "Mozilla/5.0 AppleWebKit/537.36 (KHTML, like Gecko; compatible; ClaudeBot/1.0; +claudebot@anthropic.com)"
51.68.235.38 - - [08/Nov/2025:07:23:27 +0000] "GET /2017/02/20/ya-esta-pentaurus-duel-en-tabletop-simulator/?fileloc=/var/www/vhosts/amphoragames.com/httpdocs/wp-config.php&path=/var/www/vhosts/amphoragames.com/httpdocs HTTP/1.1" 200 4537 "-" "Mozilla/5.0 (compatible; MJ12bot/v1.4.8; http://mj12bot.com/)"
216.73.216.32 - - [08/Nov/2025:07:23:28 +0000] "GET /img_20171013_011536_651?path=%2Fvar%2Fwww%2Fvhosts%2Famphoragames.com%2Fhttpdocs%2Fwp-content%2Fplugins%2Fenable-media-replace%2Fcss HTTP/1.1" 200 3446 "-" "Mozilla/5.0 AppleWebKit/537.36 (KHTML, like Gecko; compatible; ClaudeBot/1.0; +claudebot@anthropic.com)"
74.7.227.116 - - [08/Nov/2025:07:23:28 +0000] "GET /?fileloc=/var/www/vhosts/amphoragames.com/httpdocs/en/wp-content/plugins/backwpup/vendor/microsoft/microsoft-graph/src/Beta/Microsoft/Graph/Model/CustomExtensionData.php&path=/var/www/vhosts/amphoragames.com/httpdocs/en/wp-content/plugins/backwpup/vendor/microsoft/microsoft-graph/src/Beta/Microsoft/Graph/Model HTTP/1.1" 200 3185 "-" "Mozilla/5.0 AppleWebKit/537.36 (KHTML, like Gecko; compatible; GPTBot/1.2; +https://openai.com/gptbot)"
216.73.216.32 - - [08/Nov/2025:07:23:31 +0000] "GET /scenario-1-rulebook-es?fileloc=%2Fvar%2Fwww%2Fvhosts%2Famphoragames.com%2Fhttpdocs%2Fen%2Fwp-includes%2FID3%2Fmodule.audio.ac3.php&path=%2Fvar%2Fwww%2Fvhosts%2Famphoragames.com%2Fhttpdocs%2Fen%2Fwp-includes%2FID3 HTTP/1.1" 200 11038 "-" "Mozilla/5.0 AppleWebKit/537.36 (KHTML, like Gecko; compatible; ClaudeBot/1.0; +claudebot@anthropic.com)"
51.68.235.38 - - [08/Nov/2025:07:23:31 +0000] "GET /2017/02/20/ya-esta-pentaurus-duel-en-tabletop-simulator/?fileloc=/var/www/vhosts/amphoragames.com/httpdocs/wp-cron.php&path=/var/www/vhosts/amphoragames.com/httpdocs HTTP/1.1" 200 4883 "-" "Mozilla/5.0 (compatible; MJ12bot/v1.4.8; http://mj12bot.com/)"
74.7.227.116 - - [08/Nov/2025:07:23:31 +0000] "GET /?fileloc=/var/www/vhosts/amphoragames.com/httpdocs/en/wp-content/plugins/backwpup/vendor/microsoft/microsoft-graph/src/Beta/Microsoft/Graph/Model/IosHomeScreenFolder.php&path=/var/www/vhosts/amphoragames.com/httpdocs/en/wp-content/plugins/backwpup/vendor/microsoft/microsoft-graph/src/Beta/Microsoft/Graph/Model HTTP/1.1" 200 3673 "-" "Mozilla/5.0 AppleWebKit/537.36 (KHTML, like Gecko; compatible; GPTBot/1.2; +https://openai.com/gptbot)"
66.249.79.32 - - [08/Nov/2025:07:23:32 +0000] "GET /entity/481591323.shtm?fileloc=/var/www/vhosts/amphoragames.com/httpdocs/robots.txt&path=/var/www/vhosts/amphoragames.com/httpdocs HTTP/1.1" 200 6208 "-" "Mozilla/5.0 (Linux; Android 6.0.1; Nexus 5X Build/MMB29P) AppleWebKit/537.36 (KHTML, like Gecko) Chrome/141.0.7390.122 Mobile Safari/537.36 (compatible; GoogleOther)"
216.73.216.32 - - [08/Nov/2025:07:23:34 +0000] "GET /img_20171013_145805_161?fileloc=%2Fvar%2Fwww%2Fvhosts%2Famphoragames.com%2Fhttpdocs%2Fwp-content%2Fplugins%2Fbackwpup%2Freadme.txt&path=%2Fvar%2Fwww%2Fvhosts%2Famphoragames.com%2Fhttpdocs%2Fwp-content%2Fplugins%2Fbackwpup HTTP/1.1" 200 14345 "-" "Mozilla/5.0 AppleWebKit/537.36 (KHTML, like Gecko; compatible; ClaudeBot/1.0; +claudebot@anthropic.com)"
74.7.227.116 - - [08/Nov/2025:07:23:35 +0000] "GET /?fileloc=/var/www/vhosts/amphoragames.com/httpdocs/en/wp-content/plugins/backwpup/vendor/microsoft/microsoft-graph/src/Beta/Microsoft/Graph/Model/CustomUpdateTimeWindow.php&path=/var/www/vhosts/amphoragames.com/httpdocs/en/wp-content/plugins/backwpup/vendor/microsoft/microsoft-graph/src/Beta/Microsoft/Graph/Model HTTP/1.1" 200 3752 "-" "Mozilla/5.0 AppleWebKit/537.36 (KHTML, like Gecko; compatible; GPTBot/1.2; +https://openai.com/gptbot)"
51.68.235.38 - - [08/Nov/2025:07:23:36 +0000] "GET /2017/02/20/ya-esta-pentaurus-duel-en-tabletop-simulator/?fileloc=/var/www/vhosts/amphoragames.com/httpdocs/wp-load.php&path=/var/www/vhosts/amphoragames.com/httpdocs HTTP/1.1" 200 4554 "-" "Mozilla/5.0 (compatible; MJ12bot/v1.4.8; http://mj12bot.com/)"
216.73.216.32 - - [08/Nov/2025:07:23:37 +0000] "GET /?fileloc=%2Fvar%2Fwww%2Fvhosts%2Famphoragames.com%2Fhttpdocs%2Fwp-includes%2Fsodium_compat%2Fnamespaced%2FCore%2FPoly1305.php&path=%2Fvar%2Fwww%2Fvhosts%2Famphoragames.com%2Fhttpdocs%2Fwp-includes%2Fsodium_compat%2Fnamespaced%2FCore HTTP/1.1" 200 2908 "-" "Mozilla/5.0 AppleWebKit/537.36 (KHTML, like Gecko; compatible; ClaudeBot/1.0; +claudebot@anthropic.com)"
74.7.227.116 - - [08/Nov/2025:07:23:38 +0000] "GET /?fileloc=/var/www/vhosts/amphoragames.com/httpdocs/en/wp-content/plugins/backwpup/vendor/microsoft/microsoft-graph/src/Model/ComplianceInformation.php&path=/var/www/vhosts/amphoragames.com/httpdocs/en/wp-content/plugins/backwpup/vendor/microsoft/microsoft-graph/src/Model HTTP/1.1" 200 3587 "-" "Mozilla/5.0 AppleWebKit/537.36 (KHTML, like Gecko; compatible; GPTBot/1.2; +https://openai.com/gptbot)"
51.68.235.38 - - [08/Nov/2025:07:23:41 +0000] "GET /2017/02/23/jornadas-de-juegos-de-mesa-cmcm/?fileloc=/var/www/vhosts/amphoragames.com/httpdocs/jowqw.php&path=/var/www/vhosts/amphoragames.com/httpdocs HTTP/1.1" 200 6106 "-" "Mozilla/5.0 (compatible; MJ12bot/v1.4.8; http://mj12bot.com/)"
74.7.227.116 - - [08/Nov/2025:07:23:41 +0000] "GET /?fileloc=/var/www/vhosts/amphoragames.com/httpdocs/en/wp-content/plugins/backwpup/vendor/microsoft/microsoft-graph/src/Beta/Microsoft/Graph/Model/PersonAnnotation.php&path=/var/www/vhosts/amphoragames.com/httpdocs/en/wp-content/plugins/backwpup/vendor/microsoft/microsoft-graph/src/Beta/Microsoft/Graph/Model HTTP/1.1" 200 3585 "-" "Mozilla/5.0 AppleWebKit/537.36 (KHTML, like Gecko; compatible; GPTBot/1.2; +https://openai.com/gptbot)"
74.7.227.116 - - [08/Nov/2025:07:23:44 +0000] "GET /?fileloc=/var/www/vhosts/amphoragames.com/httpdocs/en/wp-content/plugins/backwpup/vendor/microsoft/microsoft-graph/src/Beta/Microsoft/Graph/Model/ContentAlignment.php&path=/var/www/vhosts/amphoragames.com/httpdocs/en/wp-content/plugins/backwpup/vendor/microsoft/microsoft-graph/src/Beta/Microsoft/Graph/Model HTTP/1.1" 200 3258 "-" "Mozilla/5.0 AppleWebKit/537.36 (KHTML, like Gecko; compatible; GPTBot/1.2; +https://openai.com/gptbot)"
51.68.235.38 - - [08/Nov/2025:07:23:45 +0000] "GET /2017/02/23/jornadas-de-juegos-de-mesa-cmcm/?path=/var/www/vhosts/amphoragames.com/httpdocs/files HTTP/1.1" 200 3277 "-" "Mozilla/5.0 (compatible; MJ12bot/v1.4.8; http://mj12bot.com/)"
74.7.227.116 - - [08/Nov/2025:07:23:47 +0000] "GET /?fileloc=/var/www/vhosts/amphoragames.com/httpdocs/en/wp-content/plugins/backwpup/vendor/microsoft/microsoft-graph/src/Model/AssignedTrainingInfo.php&path=/var/www/vhosts/amphoragames.com/httpdocs/en/wp-content/plugins/backwpup/vendor/microsoft/microsoft-graph/src/Model HTTP/1.1" 200 3527 "-" "Mozilla/5.0 AppleWebKit/537.36 (KHTML, like Gecko; compatible; GPTBot/1.2; +https://openai.com/gptbot)"
51.68.235.38 - - [08/Nov/2025:07:23:49 +0000] "GET /2017/03/04/entrevista-amphora-games-wadub/?fileloc=/var/www/vhosts/amphoragames.com/httpdocs/wp-links-opml.php&path=/var/www/vhosts/amphoragames.com/httpdocs HTTP/1.1" 200 3926 "-" "Mozilla/5.0 (compatible; MJ12bot/v1.4.8; http://mj12bot.com/)"
74.7.227.116 - - [08/Nov/2025:07:23:50 +0000] "GET /?fileloc=/var/www/vhosts/amphoragames.com/httpdocs/en/wp-content/plugins/backwpup/vendor/microsoft/microsoft-graph/src/Beta/Microsoft/Graph/Model/ChannelMembershipType.php&path=/var/www/vhosts/amphoragames.com/httpdocs/en/wp-content/plugins/backwpup/vendor/microsoft/microsoft-graph/src/Beta/Microsoft/Graph/Model HTTP/1.1" 200 3322 "-" "Mozilla/5.0 AppleWebKit/537.36 (KHTML, like Gecko; compatible; GPTBot/1.2; +https://openai.com/gptbot)"
66.249.79.37 - - [08/Nov/2025:07:23:51 +0000] "GET /entity/9532532.shtm?fileloc=/var/www/vhosts/amphoragames.com/httpdocs/wp-includes/class-wp-theme.php&path=/var/www/vhosts/amphoragames.com/httpdocs/wp-includes HTTP/1.1" 200 20758 "-" "Mozilla/5.0 (Linux; Android 6.0.1; Nexus 5X Build/MMB29P) AppleWebKit/537.36 (KHTML, like Gecko) Chrome/141.0.7390.122 Mobile Safari/537.36 (compatible; Googlebot/2.1; +http://www.google.com/bot.html)"
51.68.235.38 - - [08/Nov/2025:07:23:53 +0000] "GET /?fileloc=/var/www/vhosts/amphoragames.com/20250520_english_backup/wp-content/index.php&path=/var/www/vhosts/amphoragames.com/20250520_english_backup/wp-content HTTP/1.1" 200 2846 "-" "Mozilla/5.0 (compatible; MJ12bot/v1.4.8; http://mj12bot.com/)"
74.7.227.116 - - [08/Nov/2025:07:23:53 +0000] "GET /?fileloc=/var/www/vhosts/amphoragames.com/httpdocs/en/wp-content/plugins/backwpup/vendor/microsoft/microsoft-graph/src/Model/ManagedAppRegistration.php&path=/var/www/vhosts/amphoragames.com/httpdocs/en/wp-content/plugins/backwpup/vendor/microsoft/microsoft-graph/src/Model HTTP/1.1" 200 4548 "-" "Mozilla/5.0 AppleWebKit/537.36 (KHTML, like Gecko; compatible; GPTBot/1.2; +https://openai.com/gptbot)"
74.7.227.116 - - [08/Nov/2025:07:23:57 +0000] "GET /?fileloc=/var/www/vhosts/amphoragames.com/httpdocs/en/wp-content/plugins/backwpup/vendor/microsoft/microsoft-graph/src/Beta/Microsoft/Graph/Model/SimulationNotification.php&path=/var/www/vhosts/amphoragames.com/httpdocs/en/wp-content/plugins/backwpup/vendor/microsoft/microsoft-graph/src/Beta/Microsoft/Graph/Model HTTP/1.1" 200 3504 "-" "Mozilla/5.0 AppleWebKit/537.36 (KHTML, like Gecko; compatible; GPTBot/1.2; +https://openai.com/gptbot)"
51.68.235.38 - - [08/Nov/2025:07:23:57 +0000] "GET /?fileloc=/var/www/vhosts/amphoragames.com/20250520_english_backup/wp-includes/admin-bar.php&path=/var/www/vhosts/amphoragames.com/20250520_english_backup/wp-includes HTTP/1.1" 200 9848 "-" "Mozilla/5.0 (compatible; MJ12bot/v1.4.8; http://mj12bot.com/)"
74.7.227.116 - - [08/Nov/2025:07:24:00 +0000] "GET /?fileloc=/var/www/vhosts/amphoragames.com/httpdocs/en/wp-content/plugins/backwpup/vendor/microsoft/microsoft-graph/src/Beta/Microsoft/Graph/Model/OnUserCreateStartHandler.php&path=/var/www/vhosts/amphoragames.com/httpdocs/en/wp-content/plugins/backwpup/vendor/microsoft/microsoft-graph/src/Beta/Microsoft/Graph/Model HTTP/1.1" 200 3191 "-" "Mozilla/5.0 AppleWebKit/537.36 (KHTML, like Gecko; compatible; GPTBot/1.2; +https://openai.com/gptbot)"
51.68.235.38 - - [08/Nov/2025:07:24:01 +0000] "GET /?fileloc=/var/www/vhosts/amphoragames.com/20250520_english_backup/wp-includes/atomlib.php&path=/var/www/vhosts/amphoragames.com/20250520_english_backup/wp-includes HTTP/1.1" 200 6047 "-" "Mozilla/5.0 (compatible; MJ12bot/v1.4.8; http://mj12bot.com/)"
74.7.227.116 - - [08/Nov/2025:07:24:03 +0000] "GET /?fileloc=/var/www/vhosts/amphoragames.com/httpdocs/en/wp-content/plugins/backwpup/vendor/microsoft/microsoft-graph/src/Beta/Microsoft/Graph/Model/PlannerPlanConfiguration.php&path=/var/www/vhosts/amphoragames.com/httpdocs/en/wp-content/plugins/backwpup/vendor/microsoft/microsoft-graph/src/Beta/Microsoft/Graph/Model HTTP/1.1" 200 4135 "-" "Mozilla/5.0 AppleWebKit/537.36 (KHTML, like Gecko; compatible; GPTBot/1.2; +https://openai.com/gptbot)"
51.68.235.38 - - [08/Nov/2025:07:24:05 +0000] "GET /?fileloc=/var/www/vhosts/amphoragames.com/20250520_english_backup/wp-includes/author-template.php&path=/var/www/vhosts/amphoragames.com/20250520_english_backup/wp-includes HTTP/1.1" 200 7367 "-" "Mozilla/5.0 (compatible; MJ12bot/v1.4.8; http://mj12bot.com/)"
74.7.227.116 - - [08/Nov/2025:07:24:06 +0000] "GET /?fileloc=/var/www/vhosts/amphoragames.com/httpdocs/en/wp-content/plugins/backwpup/vendor/microsoft/microsoft-graph/src/Beta/Microsoft/Graph/Model/FileAssessmentRequest.php&path=/var/www/vhosts/amphoragames.com/httpdocs/en/wp-content/plugins/backwpup/vendor/microsoft/microsoft-graph/src/Beta/Microsoft/Graph/Model HTTP/1.1" 200 3480 "-" "Mozilla/5.0 AppleWebKit/537.36 (KHTML, like Gecko; compatible; GPTBot/1.2; +https://openai.com/gptbot)"
74.7.227.116 - - [08/Nov/2025:07:24:09 +0000] "GET /?fileloc=/var/www/vhosts/amphoragames.com/httpdocs/en/wp-content/plugins/backwpup/vendor/microsoft/microsoft-graph/src/Model/DeviceAppManagement.php&path=/var/www/vhosts/amphoragames.com/httpdocs/en/wp-content/plugins/backwpup/vendor/microsoft/microsoft-graph/src/Model HTTP/1.1" 200 4918 "-" "Mozilla/5.0 AppleWebKit/537.36 (KHTML, like Gecko; compatible; GPTBot/1.2; +https://openai.com/gptbot)"
51.68.235.38 - - [08/Nov/2025:07:24:09 +0000] "GET /?fileloc=/var/www/vhosts/amphoragames.com/20250520_english_backup/wp-includes/blocks.php&path=/var/www/vhosts/amphoragames.com/20250520_english_backup/wp-includes HTTP/1.1" 200 7397 "-" "Mozilla/5.0 (compatible; MJ12bot/v1.4.8; http://mj12bot.com/)"
216.73.216.32 - - [08/Nov/2025:07:24:10 +0000] "GET /scenario-1-rulebook-es?fileloc=%2Fvar%2Fwww%2Fvhosts%2Famphoragames.com%2Fhttpdocs%2Fwp-admin%2Fimages%2Ffreedom-2.svg&path=%2Fvar%2Fwww%2Fvhosts%2Famphoragames.com%2Fhttpdocs%2Fwp-admin%2Fimages HTTP/1.1" 200 9291 "-" "Mozilla/5.0 AppleWebKit/537.36 (KHTML, like Gecko; compatible; ClaudeBot/1.0; +claudebot@anthropic.com)"
74.7.227.116 - - [08/Nov/2025:07:24:12 +0000] "GET /?fileloc=/var/www/vhosts/amphoragames.com/httpdocs/en/wp-content/plugins/backwpup/vendor/microsoft/microsoft-graph/src/Beta/Microsoft/Graph/Networkaccess/Model/Reports.php&path=/var/www/vhosts/amphoragames.com/httpdocs/en/wp-content/plugins/backwpup/vendor/microsoft/microsoft-graph/src/Beta/Microsoft/Graph/Networkaccess/Model HTTP/1.1" 200 3208 "-" "Mozilla/5.0 AppleWebKit/537.36 (KHTML, like Gecko; compatible; GPTBot/1.2; +https://openai.com/gptbot)"
216.73.216.32 - - [08/Nov/2025:07:24:13 +0000] "GET /scenario-1-rulebook-es?fileloc=%2Fvar%2Fwww%2Fvhosts%2Famphoragames.com%2Fhttpdocs%2Fwp-admin%2Fimages%2Ffreedom-1.svg&path=%2Fvar%2Fwww%2Fvhosts%2Famphoragames.com%2Fhttpdocs%2Fwp-admin%2Fimages HTTP/1.1" 200 3237 "-" "Mozilla/5.0 AppleWebKit/537.36 (KHTML, like Gecko; compatible; ClaudeBot/1.0; +claudebot@anthropic.com)"
51.68.235.38 - - [08/Nov/2025:07:24:14 +0000] "GET /?fileloc=/var/www/vhosts/amphoragames.com/20250520_english_backup/wp-includes/bookmark-template.php&path=/var/www/vhosts/amphoragames.com/20250520_english_backup/wp-includes HTTP/1.1" 200 5993 "-" "Mozilla/5.0 (compatible; MJ12bot/v1.4.8; http://mj12bot.com/)"
74.7.227.116 - - [08/Nov/2025:07:24:16 +0000] "GET /?fileloc=/var/www/vhosts/amphoragames.com/httpdocs/en/wp-content/plugins/backwpup/vendor/microsoft/microsoft-graph/src/Beta/Microsoft/Graph/Model/OnboardingStatus.php&path=/var/www/vhosts/amphoragames.com/httpdocs/en/wp-content/plugins/backwpup/vendor/microsoft/microsoft-graph/src/Beta/Microsoft/Graph/Model HTTP/1.1" 200 3338 "-" "Mozilla/5.0 AppleWebKit/537.36 (KHTML, like Gecko; compatible; GPTBot/1.2; +https://openai.com/gptbot)"
216.73.216.32 - - [08/Nov/2025:07:24:16 +0000] "GET /img_20171013_145805_161?path=%2Fvar%2Fwww%2Fvhosts%2Famphoragames.com%2Fhttpdocs%2Fwp-includes%2Fblocks%2Fdetails HTTP/1.1" 200 3492 "-" "Mozilla/5.0 AppleWebKit/537.36 (KHTML, like Gecko; compatible; ClaudeBot/1.0; +claudebot@anthropic.com)"
51.68.235.38 - - [08/Nov/2025:07:24:18 +0000] "GET /?fileloc=/var/www/vhosts/amphoragames.com/20250520_english_backup/wp-includes/cache.php&path=/var/www/vhosts/amphoragames.com/20250520_english_backup/wp-includes HTTP/1.1" 200 7284 "-" "Mozilla/5.0 (compatible; MJ12bot/v1.4.8; http://mj12bot.com/)"
74.7.227.116 - - [08/Nov/2025:07:24:19 +0000] "GET /?fileloc=/var/www/vhosts/amphoragames.com/httpdocs/en/wp-content/plugins/backwpup/vendor/microsoft/microsoft-graph/src/Model/EducationLinkResource.php&path=/var/www/vhosts/amphoragames.com/httpdocs/en/wp-content/plugins/backwpup/vendor/microsoft/microsoft-graph/src/Model HTTP/1.1" 200 3506 "-" "Mozilla/5.0 AppleWebKit/537.36 (KHTML, like Gecko; compatible; GPTBot/1.2; +https://openai.com/gptbot)"
216.73.216.32 - - [08/Nov/2025:07:24:19 +0000] "GET /img_20171011_133315_721?fileloc=%2Fvar%2Fwww%2Fvhosts%2Famphoragames.com%2Frpg3d.amphoragames.com%2Fschallfuns.php&path=%2Fvar%2Fwww%2Fvhosts%2Famphoragames.com%2Frpg3d.amphoragames.com HTTP/1.1" 200 5188 "-" "Mozilla/5.0 AppleWebKit/537.36 (KHTML, like Gecko; compatible; ClaudeBot/1.0; +claudebot@anthropic.com)"
74.7.227.116 - - [08/Nov/2025:07:24:22 +0000] "GET /?fileloc=/var/www/vhosts/amphoragames.com/httpdocs/en/wp-content/plugins/backwpup/vendor/microsoft/microsoft-graph/src/Beta/Microsoft/Graph/Model/AgreementAcceptanceState.php&path=/var/www/vhosts/amphoragames.com/httpdocs/en/wp-content/plugins/backwpup/vendor/microsoft/microsoft-graph/src/Beta/Microsoft/Graph/Model HTTP/1.1" 200 3304 "-" "Mozilla/5.0 AppleWebKit/537.36 (KHTML, like Gecko; compatible; GPTBot/1.2; +https://openai.com/gptbot)"
216.73.216.32 - - [08/Nov/2025:07:24:22 +0000] "GET /img_20171013_011536_651?fileloc=%2Fvar%2Fwww%2Fvhosts%2Famphoragames.com%2Fhttpdocs%2Fimages%2Fimages%2Findex.php&path=%2Fvar%2Fwww%2Fvhosts%2Famphoragames.com%2Fhttpdocs%2Fimages%2Fimages HTTP/1.1" 200 3037 "-" "Mozilla/5.0 AppleWebKit/537.36 (KHTML, like Gecko; compatible; ClaudeBot/1.0; +claudebot@anthropic.com)"
51.68.235.38 - - [08/Nov/2025:07:24:22 +0000] "GET /?fileloc=/var/www/vhosts/amphoragames.com/20250520_english_backup/wp-includes/canonical.php&path=/var/www/vhosts/amphoragames.com/20250520_english_backup/wp-includes HTTP/1.1" 200 10156 "-" "Mozilla/5.0 (compatible; MJ12bot/v1.4.8; http://mj12bot.com/)"
216.73.216.32 - - [08/Nov/2025:07:24:25 +0000] "GET /img_20171014_000250_399?fileloc=%2Fvar%2Fwww%2Fvhosts%2Famphoragames.com%2F20250520_english_backup%2Fwp-admin%2Fnetwork%2Findex.php&path=%2Fvar%2Fwww%2Fvhosts%2Famphoragames.com%2F20250520_english_backup%2Fwp-admin%2Fnetwork HTTP/1.1" 200 3960 "-" "Mozilla/5.0 AppleWebKit/537.36 (KHTML, like Gecko; compatible; ClaudeBot/1.0; +claudebot@anthropic.com)"
74.7.227.116 - - [08/Nov/2025:07:24:25 +0000] "GET /?fileloc=/var/www/vhosts/amphoragames.com/httpdocs/en/wp-content/plugins/backwpup/vendor/microsoft/microsoft-graph/src/Model/ScopedRoleMembership.php&path=/var/www/vhosts/amphoragames.com/httpdocs/en/wp-content/plugins/backwpup/vendor/microsoft/microsoft-graph/src/Model HTTP/1.1" 200 3621 "-" "Mozilla/5.0 AppleWebKit/537.36 (KHTML, like Gecko; compatible; GPTBot/1.2; +https://openai.com/gptbot)"
51.68.235.38 - - [08/Nov/2025:07:24:27 +0000] "GET /?fileloc=/var/www/vhosts/amphoragames.com/20250520_english_backup/wp-includes/capabilities.php&path=/var/www/vhosts/amphoragames.com/20250520_english_backup/wp-includes HTTP/1.1" 200 9084 "-" "Mozilla/5.0 (compatible; MJ12bot/v1.4.8; http://mj12bot.com/)"
216.73.216.32 - - [08/Nov/2025:07:24:28 +0000] "GET /scenario-1-rulebook-es?fileloc=%2Fvar%2Fwww%2Fvhosts%2Famphoragames.com%2Fhttpdocs%2Fwp-admin%2Fimages%2Fwpspin_light.gif&path=%2Fvar%2Fwww%2Fvhosts%2Famphoragames.com%2Fhttpdocs%2Fwp-admin%2Fimages HTTP/1.1" 200 2821 "-" "Mozilla/5.0 AppleWebKit/537.36 (KHTML, like Gecko; compatible; ClaudeBot/1.0; +claudebot@anthropic.com)"
74.7.227.116 - - [08/Nov/2025:07:24:28 +0000] "GET /?fileloc=/var/www/vhosts/amphoragames.com/httpdocs/en/wp-content/plugins/backwpup/vendor/microsoft/microsoft-graph/src/Beta/Microsoft/Graph/Model/PrintServiceEndpoint.php&path=/var/www/vhosts/amphoragames.com/httpdocs/en/wp-content/plugins/backwpup/vendor/microsoft/microsoft-graph/src/Beta/Microsoft/Graph/Model HTTP/1.1" 200 3510 "-" "Mozilla/5.0 AppleWebKit/537.36 (KHTML, like Gecko; compatible; GPTBot/1.2; +https://openai.com/gptbot)"
216.73.216.32 - - [08/Nov/2025:07:24:31 +0000] "GET /?fileloc=%2Fvar%2Fwww%2Fvhosts%2Famphoragames.com%2Fhttpdocs%2Fen%2Fwp-includes%2Fimages%2Fmedia%2Fdocument.png&path=%2Fvar%2Fwww%2Fvhosts%2Famphoragames.com%2Fhttpdocs%2Fen%2Fwp-includes%2Fimages%2Fmedia HTTP/1.1" 200 2838 "-" "Mozilla/5.0 AppleWebKit/537.36 (KHTML, like Gecko; compatible; ClaudeBot/1.0; +claudebot@anthropic.com)"
74.7.227.116 - - [08/Nov/2025:07:24:31 +0000] "GET /?fileloc=/var/www/vhosts/amphoragames.com/httpdocs/en/wp-content/plugins/backwpup/vendor/microsoft/microsoft-graph/src/Beta/Microsoft/Graph/Model/PlayPromptOperation.php&path=/var/www/vhosts/amphoragames.com/httpdocs/en/wp-content/plugins/backwpup/vendor/microsoft/microsoft-graph/src/Beta/Microsoft/Graph/Model HTTP/1.1" 200 3474 "-" "Mozilla/5.0 AppleWebKit/537.36 (KHTML, like Gecko; compatible; GPTBot/1.2; +https://openai.com/gptbot)"
51.68.235.38 - - [08/Nov/2025:07:24:31 +0000] "GET /?fileloc=/var/www/vhosts/amphoragames.com/20250520_english_backup/wp-includes/category-template.php&path=/var/www/vhosts/amphoragames.com/20250520_english_backup/wp-includes HTTP/1.1" 200 15638 "-" "Mozilla/5.0 (compatible; MJ12bot/v1.4.8; http://mj12bot.com/)"
216.73.216.32 - - [08/Nov/2025:07:24:34 +0000] "GET /2017/11/16/nuestro-paso-por-la-bgc-de-malaga/img_20171112_144607_977/feed?path=%2Fvar%2Fwww%2Fvhosts%2Famphoragames.com%2Fhttpdocs%2Fwp-content%2Fthemes%2Ftwentytwentyfour%2Fpatterns HTTP/1.1" 200 5507 "-" "Mozilla/5.0 AppleWebKit/537.36 (KHTML, like Gecko; compatible; ClaudeBot/1.0; +claudebot@anthropic.com)"
74.7.227.116 - - [08/Nov/2025:07:24:34 +0000] "GET /?fileloc=/var/www/vhosts/amphoragames.com/httpdocs/en/wp-content/plugins/backwpup/vendor/microsoft/microsoft-graph/src/Model/TeamsAppPermissionSet.php&path=/var/www/vhosts/amphoragames.com/httpdocs/en/wp-content/plugins/backwpup/vendor/microsoft/microsoft-graph/src/Model HTTP/1.1" 200 3434 "-" "Mozilla/5.0 AppleWebKit/537.36 (KHTML, like Gecko; compatible; GPTBot/1.2; +https://openai.com/gptbot)"
51.68.235.38 - - [08/Nov/2025:07:24:35 +0000] "GET /?fileloc=/var/www/vhosts/amphoragames.com/20250520_english_backup/wp-includes/category.php&path=/var/www/vhosts/amphoragames.com/20250520_english_backup/wp-includes HTTP/1.1" 200 6290 "-" "Mozilla/5.0 (compatible; MJ12bot/v1.4.8; http://mj12bot.com/)"
207.46.13.36 - - [08/Nov/2025:07:24:36 +0000] "GET /entity/160025572.shtm HTTP/1.1" 200 7863 "-" "Mozilla/5.0 AppleWebKit/537.36 (KHTML, like Gecko; compatible; bingbot/2.0; +http://www.bing.com/bingbot.htm) Chrome/116.0.1938.76 Safari/537.36"
216.73.216.32 - - [08/Nov/2025:07:24:37 +0000] "GET /scenario-1-rulebook-es?fileloc=%2Fvar%2Fwww%2Fvhosts%2Famphoragames.com%2Fhttpdocs%2Fwp-content%2Fuploads%2F2016%2F11%2FIMG_20161112_222818.jpg&path=%2Fvar%2Fwww%2Fvhosts%2Famphoragames.com%2Fhttpdocs%2Fwp-content%2Fuploads%2F2016%2F11 HTTP/1.1" 200 2847 "-" "Mozilla/5.0 AppleWebKit/537.36 (KHTML, like Gecko; compatible; ClaudeBot/1.0; +claudebot@anthropic.com)"
74.7.227.116 - - [08/Nov/2025:07:24:37 +0000] "GET /?fileloc=/var/www/vhosts/amphoragames.com/httpdocs/en/wp-content/plugins/backwpup/vendor/swiftmailer/swiftmailer/lib/classes/Swift/Mime/HeaderEncoder.php&path=/var/www/vhosts/amphoragames.com/httpdocs/en/wp-content/plugins/backwpup/vendor/swiftmailer/swiftmailer/lib/classes/Swift/Mime HTTP/1.1" 200 3180 "-" "Mozilla/5.0 AppleWebKit/537.36 (KHTML, like Gecko; compatible; GPTBot/1.2; +https://openai.com/gptbot)"
51.68.235.38 - - [08/Nov/2025:07:24:40 +0000] "GET /?fileloc=/var/www/vhosts/amphoragames.com/20250520_english_backup/wp-includes/class-IXR.php&path=/var/www/vhosts/amphoragames.com/20250520_english_backup/wp-includes HTTP/1.1" 200 3956 "-" "Mozilla/5.0 (compatible; MJ12bot/v1.4.8; http://mj12bot.com/)"
216.73.216.32 - - [08/Nov/2025:07:24:40 +0000] "GET /img_20171013_011536_651?fileloc=%2Fvar%2Fwww%2Fvhosts%2Famphoragames.com%2Fhttpdocs%2Fwp-includes%2Fsodium_compat%2FLICENSE&path=%2Fvar%2Fwww%2Fvhosts%2Famphoragames.com%2Fhttpdocs%2Fwp-includes%2Fsodium_compat HTTP/1.1" 200 3396 "-" "Mozilla/5.0 AppleWebKit/537.36 (KHTML, like Gecko; compatible; ClaudeBot/1.0; +claudebot@anthropic.com)"
74.7.227.116 - - [08/Nov/2025:07:24:40 +0000] "GET /?fileloc=/var/www/vhosts/amphoragames.com/httpdocs/en/wp-content/plugins/backwpup/vendor/microsoft/microsoft-graph/src/Beta/Microsoft/Graph/Model/TeamMemberSettings.php&path=/var/www/vhosts/amphoragames.com/httpdocs/en/wp-content/plugins/backwpup/vendor/microsoft/microsoft-graph/src/Beta/Microsoft/Graph/Model HTTP/1.1" 200 3722 "-" "Mozilla/5.0 AppleWebKit/537.36 (KHTML, like Gecko; compatible; GPTBot/1.2; +https://openai.com/gptbot)"
216.73.216.32 - - [08/Nov/2025:07:24:43 +0000] "GET /?fileloc=%2Fvar%2Fwww%2Fvhosts%2Famphoragames.com%2Fhttpdocs%2Fwp-content%2Fuploads%2Fwoocommerce-placeholder-1000x1000.png&path=%2Fvar%2Fwww%2Fvhosts%2Famphoragames.com%2Fhttpdocs%2Fwp-content%2Fuploads HTTP/1.1" 200 2828 "-" "Mozilla/5.0 AppleWebKit/537.36 (KHTML, like Gecko; compatible; ClaudeBot/1.0; +claudebot@anthropic.com)"
74.7.227.116 - - [08/Nov/2025:07:24:43 +0000] "GET /?fileloc=/var/www/vhosts/amphoragames.com/httpdocs/en/wp-content/plugins/backwpup/vendor/microsoft/microsoft-graph/src/CallRecords/Model/ClientPlatform.php&path=/var/www/vhosts/amphoragames.com/httpdocs/en/wp-content/plugins/backwpup/vendor/microsoft/microsoft-graph/src/CallRecords/Model HTTP/1.1" 200 3390 "-" "Mozilla/5.0 AppleWebKit/537.36 (KHTML, like Gecko; compatible; GPTBot/1.2; +https://openai.com/gptbot)"
51.68.235.38 - - [08/Nov/2025:07:24:43 +0000] "GET /?fileloc=/var/www/vhosts/amphoragames.com/20250520_english_backup/wp-includes/class-feed.php&path=/var/www/vhosts/amphoragames.com/20250520_english_backup/wp-includes HTTP/1.1" 200 3043 "-" "Mozilla/5.0 (compatible; MJ12bot/v1.4.8; http://mj12bot.com/)"
216.73.216.32 - - [08/Nov/2025:07:24:46 +0000] "GET /?path=%2Fvar%2Fwww%2Fvhosts%2Famphoragames.com%2Fcore_OLD%2Fimg HTTP/1.1" 200 3245 "-" "Mozilla/5.0 AppleWebKit/537.36 (KHTML, like Gecko; compatible; ClaudeBot/1.0; +claudebot@anthropic.com)"
74.7.227.116 - - [08/Nov/2025:07:24:47 +0000] "GET /?fileloc=/var/www/vhosts/amphoragames.com/httpdocs/en/wp-content/plugins/backwpup/vendor/microsoft/microsoft-graph/src/Beta/Microsoft/Graph/Model/SalesInvoiceLine.php&path=/var/www/vhosts/amphoragames.com/httpdocs/en/wp-content/plugins/backwpup/vendor/microsoft/microsoft-graph/src/Beta/Microsoft/Graph/Model HTTP/1.1" 200 4977 "-" "Mozilla/5.0 AppleWebKit/537.36 (KHTML, like Gecko; compatible; GPTBot/1.2; +https://openai.com/gptbot)"
207.46.13.36 - - [08/Nov/2025:07:24:47 +0000] "GET /entity/1352594068.shtm HTTP/1.1" 200 7863 "-" "Mozilla/5.0 AppleWebKit/537.36 (KHTML, like Gecko; compatible; bingbot/2.0; +http://www.bing.com/bingbot.htm) Chrome/116.0.1938.76 Safari/537.36"
51.68.235.38 - - [08/Nov/2025:07:24:48 +0000] "GET /?fileloc=/var/www/vhosts/amphoragames.com/20250520_english_backup/wp-includes/class-http.php&path=/var/www/vhosts/amphoragames.com/20250520_english_backup/wp-includes HTTP/1.1" 200 13433 "-" "Mozilla/5.0 (compatible; MJ12bot/v1.4.8; http://mj12bot.com/)"
216.73.216.32 - - [08/Nov/2025:07:24:49 +0000] "GET /img_20171013_011536_651?path=%2Fvar%2Fwww%2Fvhosts%2Famphoragames.com%2Fhttpdocs%2Fwp-includes%2Fblocks%2Fsocial-link HTTP/1.1" 200 3431 "-" "Mozilla/5.0 AppleWebKit/537.36 (KHTML, like Gecko; compatible; ClaudeBot/1.0; +claudebot@anthropic.com)"
74.7.227.116 - - [08/Nov/2025:07:24:50 +0000] "GET /?fileloc=/var/www/vhosts/amphoragames.com/httpdocs/en/wp-content/plugins/backwpup/vendor/microsoft/microsoft-graph/src/Beta/Microsoft/Graph/Model/ExpirationPatternType.php&path=/var/www/vhosts/amphoragames.com/httpdocs/en/wp-content/plugins/backwpup/vendor/microsoft/microsoft-graph/src/Beta/Microsoft/Graph/Model HTTP/1.1" 200 3313 "-" "Mozilla/5.0 AppleWebKit/537.36 (KHTML, like Gecko; compatible; GPTBot/1.2; +https://openai.com/gptbot)"
216.73.216.32 - - [08/Nov/2025:07:24:52 +0000] "GET /?fileloc=%2Fvar%2Fwww%2Fvhosts%2Famphoragames.com%2Fhttpdocs%2Fen%2Fwp-content%2Fthemes%2Fillyria%2Fimages%2Fdark.png&path=%2Fvar%2Fwww%2Fvhosts%2Famphoragames.com%2Fhttpdocs%2Fen%2Fwp-content%2Fthemes%2Fillyria%2Fimages HTTP/1.1" 200 2845 "-" "Mozilla/5.0 AppleWebKit/537.36 (KHTML, like Gecko; compatible; ClaudeBot/1.0; +claudebot@anthropic.com)"
51.68.235.38 - - [08/Nov/2025:07:24:52 +0000] "GET /?fileloc=/var/www/vhosts/amphoragames.com/20250520_english_backup/wp-includes/class-json.php&path=/var/www/vhosts/amphoragames.com/20250520_english_backup/wp-includes HTTP/1.1" 200 11365 "-" "Mozilla/5.0 (compatible; MJ12bot/v1.4.8; http://mj12bot.com/)"
74.7.227.116 - - [08/Nov/2025:07:24:53 +0000] "GET /?fileloc=/var/www/vhosts/amphoragames.com/httpdocs/en/wp-content/plugins/backwpup/vendor/microsoft/microsoft-graph/src/Beta/Microsoft/Graph/Model/ProvisioningErrorInfo.php&path=/var/www/vhosts/amphoragames.com/httpdocs/en/wp-content/plugins/backwpup/vendor/microsoft/microsoft-graph/src/Beta/Microsoft/Graph/Model HTTP/1.1" 200 3854 "-" "Mozilla/5.0 AppleWebKit/537.36 (KHTML, like Gecko; compatible; GPTBot/1.2; +https://openai.com/gptbot)"
51.68.235.38 - - [08/Nov/2025:07:24:56 +0000] "GET /?fileloc=/var/www/vhosts/amphoragames.com/20250520_english_backup/wp-includes/class-oembed.php&path=/var/www/vhosts/amphoragames.com/20250520_english_backup/wp-includes HTTP/1.1" 200 9928 "-" "Mozilla/5.0 (compatible; MJ12bot/v1.4.8; http://mj12bot.com/)"
74.7.227.116 - - [08/Nov/2025:07:24:56 +0000] "GET /?fileloc=/var/www/vhosts/amphoragames.com/httpdocs/en/wp-content/plugins/backwpup/vendor/microsoft/microsoft-graph/src/Beta/Microsoft/Graph/Model/ManagedAppRegistration.php&path=/var/www/vhosts/amphoragames.com/httpdocs/en/wp-content/plugins/backwpup/vendor/microsoft/microsoft-graph/src/Beta/Microsoft/Graph/Model HTTP/1.1" 200 4874 "-" "Mozilla/5.0 AppleWebKit/537.36 (KHTML, like Gecko; compatible; GPTBot/1.2; +https://openai.com/gptbot)"
66.249.79.37 - - [08/Nov/2025:07:24:58 +0000] "GET /pcmypage?callback=product%2Fdetail%2FA3391356068 HTTP/1.1" 200 7813 "-" "Mozilla/5.0 (Linux; Android 6.0.1; Nexus 5X Build/MMB29P) AppleWebKit/537.36 (KHTML, like Gecko) Chrome/141.0.7390.122 Mobile Safari/537.36 (compatible; Googlebot/2.1; +http://www.google.com/bot.html)"
216.73.216.32 - - [08/Nov/2025:07:24:59 +0000] "GET /?fileloc=%2Fvar%2Fwww%2Fvhosts%2Famphoragames.com%2Fhttpdocs%2Ftts%2Fpentaurus1%2Fcentinela_azul_off.png&path=%2Fvar%2Fwww%2Fvhosts%2Famphoragames.com%2Fhttpdocs%2Ftts%2Fpentaurus1 HTTP/1.1" 200 6158 "-" "Mozilla/5.0 AppleWebKit/537.36 (KHTML, like Gecko; compatible; ClaudeBot/1.0; +claudebot@anthropic.com)"
74.7.227.116 - - [08/Nov/2025:07:24:59 +0000] "GET /?fileloc=/var/www/vhosts/amphoragames.com/httpdocs/en/wp-content/plugins/backwpup/vendor/microsoft/microsoft-graph/src/Beta/Microsoft/Graph/Model/PlannerPlanDetails.php&path=/var/www/vhosts/amphoragames.com/httpdocs/en/wp-content/plugins/backwpup/vendor/microsoft/microsoft-graph/src/Beta/Microsoft/Graph/Model HTTP/1.1" 200 3906 "-" "Mozilla/5.0 AppleWebKit/537.36 (KHTML, like Gecko; compatible; GPTBot/1.2; +https://openai.com/gptbot)"
51.68.235.38 - - [08/Nov/2025:07:25:00 +0000] "GET /?fileloc=/var/www/vhosts/amphoragames.com/20250520_english_backup/wp-includes/class-phpass.php&path=/var/www/vhosts/amphoragames.com/20250520_english_backup/wp-includes HTTP/1.1" 200 5362 "-" "Mozilla/5.0 (compatible; MJ12bot/v1.4.8; http://mj12bot.com/)"
216.73.216.32 - - [08/Nov/2025:07:25:01 +0000] "GET /scenario-1-rulebook-es?fileloc=%2Fvar%2Fwww%2Fvhosts%2Famphoragames.com%2Fhttpdocs%2Ftts%2Fpandemainv4%2Fmeeple_azul.jpg&path=%2Fvar%2Fwww%2Fvhosts%2Famphoragames.com%2Fhttpdocs%2Ftts%2Fpandemainv4 HTTP/1.1" 200 2822 "-" "Mozilla/5.0 AppleWebKit/537.36 (KHTML, like Gecko; compatible; ClaudeBot/1.0; +claudebot@anthropic.com)"
74.7.227.116 - - [08/Nov/2025:07:25:02 +0000] "GET /?fileloc=/var/www/vhosts/amphoragames.com/httpdocs/en/wp-content/plugins/backwpup/vendor/microsoft/microsoft-graph/src/Beta/Microsoft/Graph/Model/AppInstallControlType.php&path=/var/www/vhosts/amphoragames.com/httpdocs/en/wp-content/plugins/backwpup/vendor/microsoft/microsoft-graph/src/Beta/Microsoft/Graph/Model HTTP/1.1" 200 3349 "-" "Mozilla/5.0 AppleWebKit/537.36 (KHTML, like Gecko; compatible; GPTBot/1.2; +https://openai.com/gptbot)"
51.68.235.38 - - [08/Nov/2025:07:25:04 +0000] "GET /?fileloc=/var/www/vhosts/amphoragames.com/20250520_english_backup/wp-includes/class-phpmailer.php&path=/var/www/vhosts/amphoragames.com/20250520_english_backup/wp-includes HTTP/1.1" 200 36321 "-" "Mozilla/5.0 (compatible; MJ12bot/v1.4.8; http://mj12bot.com/)"
216.73.216.32 - - [08/Nov/2025:07:25:04 +0000] "GET /?fileloc=%2Fvar%2Fwww%2Fvhosts%2Famphoragames.com%2Fhttpdocs%2Ftts%2Fpandemainv3%2Fmeeple_verde.jpg&path=%2Fvar%2Fwww%2Fvhosts%2Famphoragames.com%2Fhttpdocs%2Ftts%2Fpandemainv3 HTTP/1.1" 200 2822 "-" "Mozilla/5.0 AppleWebKit/537.36 (KHTML, like Gecko; compatible; ClaudeBot/1.0; +claudebot@anthropic.com)"
74.7.227.116 - - [08/Nov/2025:07:25:05 +0000] "GET /?fileloc=/var/www/vhosts/amphoragames.com/httpdocs/en/wp-content/plugins/backwpup/vendor/microsoft/microsoft-graph/src/Beta/Microsoft/Graph/Model/WorkbookChartPointFormat.php&path=/var/www/vhosts/amphoragames.com/httpdocs/en/wp-content/plugins/backwpup/vendor/microsoft/microsoft-graph/src/Beta/Microsoft/Graph/Model HTTP/1.1" 200 3493 "-" "Mozilla/5.0 AppleWebKit/537.36 (KHTML, like Gecko; compatible; GPTBot/1.2; +https://openai.com/gptbot)"
216.73.216.32 - - [08/Nov/2025:07:25:07 +0000] "GET /img_20171013_011536_651?fileloc=%2Fvar%2Fwww%2Fvhosts%2Famphoragames.com%2Fcore_OLD%2F.user.ini&path=%2Fvar%2Fwww%2Fvhosts%2Famphoragames.com%2Fcore_OLD HTTP/1.1" 200 2812 "-" "Mozilla/5.0 AppleWebKit/537.36 (KHTML, like Gecko; compatible; ClaudeBot/1.0; +claudebot@anthropic.com)"
66.249.79.33 - - [08/Nov/2025:07:25:08 +0000] "GET /2017/06/10/aprende-a-jugar-a-pentaurus-duel-en-el-canal-de-sulker/?path=/var/www/vhosts/amphoragames.com/httpdocs/wp-content/uploads/2019/03 HTTP/1.1" 200 11708 "-" "Mozilla/5.0 (Linux; Android 6.0.1; Nexus 5X Build/MMB29P) AppleWebKit/537.36 (KHTML, like Gecko) Chrome/141.0.7390.122 Mobile Safari/537.36 (compatible; GoogleOther)"
51.68.235.38 - - [08/Nov/2025:07:25:08 +0000] "GET /?fileloc=/var/www/vhosts/amphoragames.com/20250520_english_backup/wp-includes/class-pop3.php&path=/var/www/vhosts/amphoragames.com/20250520_english_backup/wp-includes HTTP/1.1" 200 7666 "-" "Mozilla/5.0 (compatible; MJ12bot/v1.4.8; http://mj12bot.com/)"
74.7.227.116 - - [08/Nov/2025:07:25:09 +0000] "GET /?fileloc=/var/www/vhosts/amphoragames.com/httpdocs/en/wp-content/plugins/backwpup/vendor/microsoft/microsoft-graph/src/Beta/Microsoft/Graph/Model/CountryNamedLocation.php&path=/var/www/vhosts/amphoragames.com/httpdocs/en/wp-content/plugins/backwpup/vendor/microsoft/microsoft-graph/src/Beta/Microsoft/Graph/Model HTTP/1.1" 200 7141 "-" "Mozilla/5.0 AppleWebKit/537.36 (KHTML, like Gecko; compatible; GPTBot/1.2; +https://openai.com/gptbot)"
216.73.216.32 - - [08/Nov/2025:07:25:10 +0000] "GET /scenario-1-rulebook-es?fileloc=%2Fvar%2Fwww%2Fvhosts%2Famphoragames.com%2Fhttpdocs%2Ftts%2Fpandemainv3%2Fvillage1.png&path=%2Fvar%2Fwww%2Fvhosts%2Famphoragames.com%2Fhttpdocs%2Ftts%2Fpandemainv3 HTTP/1.1" 200 2819 "-" "Mozilla/5.0 AppleWebKit/537.36 (KHTML, like Gecko; compatible; ClaudeBot/1.0; +claudebot@anthropic.com)"
74.7.227.116 - - [08/Nov/2025:07:25:12 +0000] "GET /?fileloc=/var/www/vhosts/amphoragames.com/httpdocs/en/wp-content/plugins/backwpup/vendor/microsoft/microsoft-graph/src/Beta/Microsoft/Graph/Model/WorkbookChartTitleFormat.php&path=/var/www/vhosts/amphoragames.com/httpdocs/en/wp-content/plugins/backwpup/vendor/microsoft/microsoft-graph/src/Beta/Microsoft/Graph/Model HTTP/1.1" 200 3606 "-" "Mozilla/5.0 AppleWebKit/537.36 (KHTML, like Gecko; compatible; GPTBot/1.2; +https://openai.com/gptbot)"
51.68.235.38 - - [08/Nov/2025:07:25:12 +0000] "GET /?fileloc=/var/www/vhosts/amphoragames.com/20250520_english_backup/wp-includes/class-requests.php&path=/var/www/vhosts/amphoragames.com/20250520_english_backup/wp-includes HTTP/1.1" 200 11081 "-" "Mozilla/5.0 (compatible; MJ12bot/v1.4.8; http://mj12bot.com/)"
