66.249.79.37 - - [08/Nov/2025:07:17:11 +0000] "GET /entity/1442653245.shtm?fileloc=/var/www/vhosts/amphoragames.com/httpdocs/license.txt&path=/var/www/vhosts/amphoragames.com/httpdocs HTTP/1.1" 200 10249 "-" "Mozilla/5.0 (Linux; Android 6.0.1; Nexus 5X Build/MMB29P) AppleWebKit/537.36 (KHTML, like Gecko) Chrome/141.0.7390.122 Mobile Safari/537.36 (compatible; Googlebot/2.1; +http://www.google.com/bot.html)"
66.249.79.37 - - [08/Nov/2025:07:17:13 +0000] "GET /entity/38238350.shtm?fileloc=/var/www/vhosts/amphoragames.com/httpdocs/wp-admin/ms-delete-site.php&path=/var/www/vhosts/amphoragames.com/httpdocs/wp-admin HTTP/1.1" 200 4667 "-" "Mozilla/5.0 (Linux; Android 6.0.1; Nexus 5X Build/MMB29P) AppleWebKit/537.36 (KHTML, like Gecko) Chrome/141.0.7390.122 Mobile Safari/537.36 (compatible; Googlebot/2.1; +http://www.google.com/bot.html)"
216.73.216.32 - - [08/Nov/2025:07:17:13 +0000] "GET /img_20171013_145805_161?fileloc=%2Fvar%2Fwww%2Fvhosts%2Famphoragames.com%2Fhttpdocs%2Fen%2Fwp-includes%2Fcss%2Fmedia-views.css&path=%2Fvar%2Fwww%2Fvhosts%2Famphoragames.com%2Fhttpdocs%2Fen%2Fwp-includes%2Fcss HTTP/1.1" 200 11430 "-" "Mozilla/5.0 AppleWebKit/537.36 (KHTML, like Gecko; compatible; ClaudeBot/1.0; +claudebot@anthropic.com)"
74.7.227.116 - - [08/Nov/2025:07:17:13 +0000] "GET /?fileloc=/var/www/vhosts/amphoragames.com/httpdocs/en/wp-content/plugins/backwpup/vendor/microsoft/microsoft-graph/src/Model/MeetingParticipantInfo.php&path=/var/www/vhosts/amphoragames.com/httpdocs/en/wp-content/plugins/backwpup/vendor/microsoft/microsoft-graph/src/Model HTTP/1.1" 200 3629 "-" "Mozilla/5.0 AppleWebKit/537.36 (KHTML, like Gecko; compatible; GPTBot/1.2; +https://openai.com/gptbot)"
66.249.79.37 - - [08/Nov/2025:07:17:14 +0000] "GET /entity/38238350.shtm?fileloc=/var/www/vhosts/amphoragames.com/httpdocs/wp-admin/admin.php&path=/var/www/vhosts/amphoragames.com/httpdocs/wp-admin HTTP/1.1" 200 6630 "-" "Mozilla/5.0 (Linux; Android 6.0.1; Nexus 5X Build/MMB29P) AppleWebKit/537.36 (KHTML, like Gecko) Chrome/141.0.7390.122 Mobile Safari/537.36 (compatible; Googlebot/2.1; +http://www.google.com/bot.html)"
216.73.216.32 - - [08/Nov/2025:07:17:16 +0000] "GET /tag/fase-de-mantenimiento?fileloc=%2Fvar%2Fwww%2Fvhosts%2Famphoragames.com%2Fhttpdocs%2Fwp-includes%2Fquery.php&path=%2Fvar%2Fwww%2Fvhosts%2Famphoragames.com%2Fhttpdocs%2Fwp-includes HTTP/1.1" 200 7886 "-" "Mozilla/5.0 AppleWebKit/537.36 (KHTML, like Gecko; compatible; ClaudeBot/1.0; +claudebot@anthropic.com)"
74.7.227.116 - - [08/Nov/2025:07:17:16 +0000] "GET /?fileloc=/var/www/vhosts/amphoragames.com/httpdocs/en/wp-content/plugins/backwpup/vendor/microsoft/microsoft-graph/src/Beta/Microsoft/Graph/Model/DlpEvaluationInput.php&path=/var/www/vhosts/amphoragames.com/httpdocs/en/wp-content/plugins/backwpup/vendor/microsoft/microsoft-graph/src/Beta/Microsoft/Graph/Model HTTP/1.1" 200 3542 "-" "Mozilla/5.0 AppleWebKit/537.36 (KHTML, like Gecko; compatible; GPTBot/1.2; +https://openai.com/gptbot)"
66.249.79.37 - - [08/Nov/2025:07:17:16 +0000] "GET /entity/38238350.shtm?fileloc=/var/www/vhosts/amphoragames.com/httpdocs/wp-admin/media-upload.php&path=/var/www/vhosts/amphoragames.com/httpdocs/wp-admin HTTP/1.1" 200 4281 "-" "Mozilla/5.0 (Linux; Android 6.0.1; Nexus 5X Build/MMB29P) AppleWebKit/537.36 (KHTML, like Gecko) Chrome/141.0.7390.122 Mobile Safari/537.36 (compatible; Googlebot/2.1; +http://www.google.com/bot.html)"
157.55.39.194 - - [08/Nov/2025:07:17:16 +0000] "GET /entity/226075273.shtm HTTP/1.1" 200 7863 "-" "Mozilla/5.0 AppleWebKit/537.36 (KHTML, like Gecko; compatible; bingbot/2.0; +http://www.bing.com/bingbot.htm) Chrome/116.0.1938.76 Safari/537.36"
66.249.79.37 - - [08/Nov/2025:07:17:18 +0000] "GET /entity/38238350.shtm?fileloc=/var/www/vhosts/amphoragames.com/httpdocs/wp-admin/ms-edit.php&path=/var/www/vhosts/amphoragames.com/httpdocs/wp-admin HTTP/1.1" 200 3000 "-" "Mozilla/5.0 (Linux; Android 6.0.1; Nexus 5X Build/MMB29P) AppleWebKit/537.36 (KHTML, like Gecko) Chrome/141.0.7390.122 Mobile Safari/537.36 (compatible; Googlebot/2.1; +http://www.google.com/bot.html)"
216.73.216.32 - - [08/Nov/2025:07:17:19 +0000] "GET /13987428_1171453239563706_7023951658021076736_o?fileloc=%2Fvar%2Fwww%2Fvhosts%2Famphoragames.com%2Fhttpdocs%2Fwp-includes%2Fblocks%2Fcode%2Fstyle-rtl.min.css&path=%2Fvar%2Fwww%2Fvhosts%2Famphoragames.com%2Fhttpdocs%2Fwp-includes%2Fblocks%2Fcode HTTP/1.1" 200 2901 "-" "Mozilla/5.0 AppleWebKit/537.36 (KHTML, like Gecko; compatible; ClaudeBot/1.0; +claudebot@anthropic.com)"
74.7.227.116 - - [08/Nov/2025:07:17:19 +0000] "GET /?fileloc=/var/www/vhosts/amphoragames.com/httpdocs/en/wp-content/plugins/backwpup/vendor/microsoft/microsoft-graph/src/Beta/Microsoft/Graph/Model/VpnLocalIdentifier.php&path=/var/www/vhosts/amphoragames.com/httpdocs/en/wp-content/plugins/backwpup/vendor/microsoft/microsoft-graph/src/Beta/Microsoft/Graph/Model HTTP/1.1" 200 3325 "-" "Mozilla/5.0 AppleWebKit/537.36 (KHTML, like Gecko; compatible; GPTBot/1.2; +https://openai.com/gptbot)"
66.249.79.37 - - [08/Nov/2025:07:17:20 +0000] "GET /entity/915501799.shtm?fileloc=/var/www/vhosts/amphoragames.com/httpdocs/wp-includes/comment-template.php&path=/var/www/vhosts/amphoragames.com/httpdocs/wp-includes HTTP/1.1" 200 23461 "-" "Mozilla/5.0 (Linux; Android 6.0.1; Nexus 5X Build/MMB29P) AppleWebKit/537.36 (KHTML, like Gecko) Chrome/141.0.7390.122 Mobile Safari/537.36 (compatible; Googlebot/2.1; +http://www.google.com/bot.html)"
216.73.216.32 - - [08/Nov/2025:07:17:22 +0000] "GET /13987428_1171453239563706_7023951658021076736_o?fileloc=%2Fvar%2Fwww%2Fvhosts%2Famphoragames.com%2Fhttpdocs%2Fwp-includes%2Fblocks%2Fcode%2Ftheme.min.css&path=%2Fvar%2Fwww%2Fvhosts%2Famphoragames.com%2Fhttpdocs%2Fwp-includes%2Fblocks%2Fcode HTTP/1.1" 200 2886 "-" "Mozilla/5.0 AppleWebKit/537.36 (KHTML, like Gecko; compatible; ClaudeBot/1.0; +claudebot@anthropic.com)"
66.249.79.37 - - [08/Nov/2025:07:17:22 +0000] "GET /entity/38238350.shtm?fileloc=/var/www/vhosts/amphoragames.com/httpdocs/wp-admin/edit.php&path=/var/www/vhosts/amphoragames.com/httpdocs/wp-admin HTTP/1.1" 200 8502 "-" "Mozilla/5.0 (Linux; Android 6.0.1; Nexus 5X Build/MMB29P) AppleWebKit/537.36 (KHTML, like Gecko) Chrome/141.0.7390.122 Mobile Safari/537.36 (compatible; Googlebot/2.1; +http://www.google.com/bot.html)"
74.7.227.116 - - [08/Nov/2025:07:17:23 +0000] "GET /?fileloc=/var/www/vhosts/amphoragames.com/httpdocs/en/wp-content/plugins/backwpup/vendor/microsoft/microsoft-graph/src/Beta/Microsoft/Graph/Model/QuarantineReason.php&path=/var/www/vhosts/amphoragames.com/httpdocs/en/wp-content/plugins/backwpup/vendor/microsoft/microsoft-graph/src/Beta/Microsoft/Graph/Model HTTP/1.1" 200 3458 "-" "Mozilla/5.0 AppleWebKit/537.36 (KHTML, like Gecko; compatible; GPTBot/1.2; +https://openai.com/gptbot)"
66.249.79.37 - - [08/Nov/2025:07:17:23 +0000] "GET /entity/38238350.shtm?fileloc=/var/www/vhosts/amphoragames.com/httpdocs/wp-admin/themes.php&path=/var/www/vhosts/amphoragames.com/httpdocs/wp-admin HTTP/1.1" 200 11740 "-" "Mozilla/5.0 (Linux; Android 6.0.1; Nexus 5X Build/MMB29P) AppleWebKit/537.36 (KHTML, like Gecko) Chrome/141.0.7390.122 Mobile Safari/537.36 (compatible; Googlebot/2.1; +http://www.google.com/bot.html)"
216.73.216.32 - - [08/Nov/2025:07:17:25 +0000] "GET /img_20171011_133315_721?fileloc=%2Fvar%2Fwww%2Fvhosts%2Famphoragames.com%2Fhttpdocs%2Fwp-includes%2Fassets%2Fscript-modules-packages.php&path=%2Fvar%2Fwww%2Fvhosts%2Famphoragames.com%2Fhttpdocs%2Fwp-includes%2Fassets HTTP/1.1" 200 3219 "-" "Mozilla/5.0 AppleWebKit/537.36 (KHTML, like Gecko; compatible; ClaudeBot/1.0; +claudebot@anthropic.com)"
66.249.79.37 - - [08/Nov/2025:07:17:25 +0000] "GET /entity/38238350.shtm?fileloc=/var/www/vhosts/amphoragames.com/httpdocs/wp-admin/site-health.php&path=/var/www/vhosts/amphoragames.com/httpdocs/wp-admin HTTP/1.1" 200 6433 "-" "Mozilla/5.0 (Linux; Android 6.0.1; Nexus 5X Build/MMB29P) AppleWebKit/537.36 (KHTML, like Gecko) Chrome/141.0.7390.122 Mobile Safari/537.36 (compatible; Googlebot/2.1; +http://www.google.com/bot.html)"
157.55.39.194 - - [08/Nov/2025:07:17:25 +0000] "GET /entity/1026488513.shtm HTTP/1.1" 200 7863 "-" "Mozilla/5.0 AppleWebKit/537.36 (KHTML, like Gecko; compatible; bingbot/2.0; +http://www.bing.com/bingbot.htm) Chrome/116.0.1938.76 Safari/537.36"
74.7.227.116 - - [08/Nov/2025:07:17:26 +0000] "GET /?fileloc=/var/www/vhosts/amphoragames.com/httpdocs/en/wp-content/plugins/backwpup/vendor/microsoft/microsoft-graph/src/Beta/Microsoft/Graph/Model/MfaCompletionMetric.php&path=/var/www/vhosts/amphoragames.com/httpdocs/en/wp-content/plugins/backwpup/vendor/microsoft/microsoft-graph/src/Beta/Microsoft/Graph/Model HTTP/1.1" 200 3699 "-" "Mozilla/5.0 AppleWebKit/537.36 (KHTML, like Gecko; compatible; GPTBot/1.2; +https://openai.com/gptbot)"
66.249.79.37 - - [08/Nov/2025:07:17:27 +0000] "GET /entity/38238350.shtm?fileloc=/var/www/vhosts/amphoragames.com/httpdocs/wp-admin/index.php&path=/var/www/vhosts/amphoragames.com/httpdocs/wp-admin HTTP/1.1" 200 5847 "-" "Mozilla/5.0 (Linux; Android 6.0.1; Nexus 5X Build/MMB29P) AppleWebKit/537.36 (KHTML, like Gecko) Chrome/141.0.7390.122 Mobile Safari/537.36 (compatible; Googlebot/2.1; +http://www.google.com/bot.html)"
216.73.216.32 - - [08/Nov/2025:07:17:28 +0000] "GET /?path=%2Fvar%2Fwww%2Fvhosts%2Famphoragames.com%2Fhttpdocs%2Fwp-content%2Fuploads%2F2020%2F02 HTTP/1.1" 200 5226 "-" "Mozilla/5.0 AppleWebKit/537.36 (KHTML, like Gecko; compatible; ClaudeBot/1.0; +claudebot@anthropic.com)"
74.7.227.116 - - [08/Nov/2025:07:17:29 +0000] "GET /?fileloc=/var/www/vhosts/amphoragames.com/httpdocs/en/wp-content/plugins/backwpup/vendor/microsoft/microsoft-graph/src/Model/DataPolicyOperation.php&path=/var/www/vhosts/amphoragames.com/httpdocs/en/wp-content/plugins/backwpup/vendor/microsoft/microsoft-graph/src/Model HTTP/1.1" 200 4017 "-" "Mozilla/5.0 AppleWebKit/537.36 (KHTML, like Gecko; compatible; GPTBot/1.2; +https://openai.com/gptbot)"
66.249.79.37 - - [08/Nov/2025:07:17:29 +0000] "GET /entity/38238350.shtm?fileloc=/var/www/vhosts/amphoragames.com/httpdocs/wp-admin/options-general.php&path=/var/www/vhosts/amphoragames.com/httpdocs/wp-admin HTTP/1.1" 200 9517 "-" "Mozilla/5.0 (Linux; Android 6.0.1; Nexus 5X Build/MMB29P) AppleWebKit/537.36 (KHTML, like Gecko) Chrome/141.0.7390.122 Mobile Safari/537.36 (compatible; Googlebot/2.1; +http://www.google.com/bot.html)"
216.73.216.32 - - [08/Nov/2025:07:17:31 +0000] "GET /13987428_1171453239563706_7023951658021076736_o?fileloc=%2Fvar%2Fwww%2Fvhosts%2Famphoragames.com%2Fhttpdocs%2Fwp-admin%2Fjs%2Fsite-health.min.js&path=%2Fvar%2Fwww%2Fvhosts%2Famphoragames.com%2Fhttpdocs%2Fwp-admin%2Fjs HTTP/1.1" 200 5034 "-" "Mozilla/5.0 AppleWebKit/537.36 (KHTML, like Gecko; compatible; ClaudeBot/1.0; +claudebot@anthropic.com)"
66.249.79.37 - - [08/Nov/2025:07:17:31 +0000] "GET /entity/582515804.shtm?fileloc=/var/www/vhosts/amphoragames.com/httpdocs/wp-load.php&path=/var/www/vhosts/amphoragames.com/httpdocs HTTP/1.1" 200 4602 "-" "Mozilla/5.0 (Linux; Android 6.0.1; Nexus 5X Build/MMB29P) AppleWebKit/537.36 (KHTML, like Gecko) Chrome/141.0.7390.122 Mobile Safari/537.36 (compatible; Googlebot/2.1; +http://www.google.com/bot.html)"
74.7.227.116 - - [08/Nov/2025:07:17:32 +0000] "GET /?fileloc=/var/www/vhosts/amphoragames.com/httpdocs/en/wp-content/plugins/backwpup/vendor/microsoft/microsoft-graph/src/Model/JoinMeetingIdSettings.php&path=/var/www/vhosts/amphoragames.com/httpdocs/en/wp-content/plugins/backwpup/vendor/microsoft/microsoft-graph/src/Model HTTP/1.1" 200 3543 "-" "Mozilla/5.0 AppleWebKit/537.36 (KHTML, like Gecko; compatible; GPTBot/1.2; +https://openai.com/gptbot)"
66.249.79.37 - - [08/Nov/2025:07:17:33 +0000] "GET /entity/582515804.shtm?fileloc=/var/www/vhosts/amphoragames.com/httpdocs/index.php&path=/var/www/vhosts/amphoragames.com/httpdocs HTTP/1.1" 200 11922 "-" "Mozilla/5.0 (Linux; Android 6.0.1; Nexus 5X Build/MMB29P) AppleWebKit/537.36 (KHTML, like Gecko) Chrome/141.0.7390.122 Mobile Safari/537.36 (compatible; Googlebot/2.1; +http://www.google.com/bot.html)"
216.73.216.32 - - [08/Nov/2025:07:17:34 +0000] "GET /?fileloc=%2Fvar%2Fwww%2Fvhosts%2Famphoragames.com%2F20250520_english_backup_updated%2Fwp-admin%2Fnetwork%2Fadmin.php&path=%2Fvar%2Fwww%2Fvhosts%2Famphoragames.com%2F20250520_english_backup_updated%2Fwp-admin%2Fnetwork HTTP/1.1" 200 3278 "-" "Mozilla/5.0 AppleWebKit/537.36 (KHTML, like Gecko; compatible; ClaudeBot/1.0; +claudebot@anthropic.com)"
66.249.79.37 - - [08/Nov/2025:07:17:35 +0000] "GET /entity/296030944.shtm?fileloc=/var/www/vhosts/amphoragames.com/httpdocs/wp-mail.php&path=/var/www/vhosts/amphoragames.com/httpdocs HTTP/1.1" 200 9203 "-" "Mozilla/5.0 (Linux; Android 6.0.1; Nexus 5X Build/MMB29P) AppleWebKit/537.36 (KHTML, like Gecko) Chrome/141.0.7390.122 Mobile Safari/537.36 (compatible; GoogleOther)"
74.7.227.116 - - [08/Nov/2025:07:17:35 +0000] "GET /?fileloc=/var/www/vhosts/amphoragames.com/httpdocs/en/wp-content/plugins/backwpup/vendor/microsoft/microsoft-graph/src/Beta/Microsoft/Graph/Model/MediaContentRatingJapan.php&path=/var/www/vhosts/amphoragames.com/httpdocs/en/wp-content/plugins/backwpup/vendor/microsoft/microsoft-graph/src/Beta/Microsoft/Graph/Model HTTP/1.1" 200 3633 "-" "Mozilla/5.0 AppleWebKit/537.36 (KHTML, like Gecko; compatible; GPTBot/1.2; +https://openai.com/gptbot)"
66.249.79.37 - - [08/Nov/2025:07:17:36 +0000] "GET /entity/582515804.shtm?path=/var/www/vhosts/amphoragames.com/httpdocs/tts HTTP/1.1" 200 3355 "-" "Mozilla/5.0 (Linux; Android 6.0.1; Nexus 5X Build/MMB29P) AppleWebKit/537.36 (KHTML, like Gecko) Chrome/141.0.7390.122 Mobile Safari/537.36 (compatible; Googlebot/2.1; +http://www.google.com/bot.html)"
216.73.216.32 - - [08/Nov/2025:07:17:37 +0000] "GET /scenario-1-rulebook-es?path=%2Fvar%2Fwww%2Fvhosts%2Famphoragames.com%2Fhttpdocs%2Fwp-content%2Fuploads%2F2016%2F12 HTTP/1.1" 200 5654 "-" "Mozilla/5.0 AppleWebKit/537.36 (KHTML, like Gecko; compatible; ClaudeBot/1.0; +claudebot@anthropic.com)"
66.249.79.37 - - [08/Nov/2025:07:17:38 +0000] "GET /entity/582515804.shtm?fileloc=/var/www/vhosts/amphoragames.com/httpdocs/readme.html&path=/var/www/vhosts/amphoragames.com/httpdocs HTTP/1.1" 200 5890 "-" "Mozilla/5.0 (Linux; Android 6.0.1; Nexus 5X Build/MMB29P) AppleWebKit/537.36 (KHTML, like Gecko) Chrome/141.0.7390.122 Mobile Safari/537.36 (compatible; Googlebot/2.1; +http://www.google.com/bot.html)"
74.7.227.116 - - [08/Nov/2025:07:17:39 +0000] "GET /?fileloc=/var/www/vhosts/amphoragames.com/httpdocs/en/wp-content/plugins/backwpup/vendor/microsoft/microsoft-graph/src/Beta/Microsoft/Graph/Model/DiscoveredSensitiveType.php&path=/var/www/vhosts/amphoragames.com/httpdocs/en/wp-content/plugins/backwpup/vendor/microsoft/microsoft-graph/src/Beta/Microsoft/Graph/Model HTTP/1.1" 200 3623 "-" "Mozilla/5.0 AppleWebKit/537.36 (KHTML, like Gecko; compatible; GPTBot/1.2; +https://openai.com/gptbot)"
216.73.216.32 - - [08/Nov/2025:07:17:40 +0000] "GET /13987428_1171453239563706_7023951658021076736_o?fileloc=%2Fvar%2Fwww%2Fvhosts%2Famphoragames.com%2Fhttpdocs%2Fwp-includes%2Fblock-supports%2Fduotone.php&path=%2Fvar%2Fwww%2Fvhosts%2Famphoragames.com%2Fhttpdocs%2Fwp-includes%2Fblock-supports HTTP/1.1" 200 4099 "-" "Mozilla/5.0 AppleWebKit/537.36 (KHTML, like Gecko; compatible; ClaudeBot/1.0; +claudebot@anthropic.com)"
66.249.79.37 - - [08/Nov/2025:07:17:40 +0000] "GET /entity/582515804.shtm?fileloc=/var/www/vhosts/amphoragames.com/httpdocs/wp-signup.php&path=/var/www/vhosts/amphoragames.com/httpdocs HTTP/1.1" 200 10968 "-" "Mozilla/5.0 (Linux; Android 6.0.1; Nexus 5X Build/MMB29P) AppleWebKit/537.36 (KHTML, like Gecko) Chrome/141.0.7390.122 Mobile Safari/537.36 (compatible; Googlebot/2.1; +http://www.google.com/bot.html)"
74.7.227.116 - - [08/Nov/2025:07:17:42 +0000] "GET /?fileloc=/var/www/vhosts/amphoragames.com/httpdocs/en/wp-content/plugins/backwpup/vendor/microsoft/microsoft-graph/src/Beta/Microsoft/Graph/Model/AccountsWithAccess.php&path=/var/www/vhosts/amphoragames.com/httpdocs/en/wp-content/plugins/backwpup/vendor/microsoft/microsoft-graph/src/Beta/Microsoft/Graph/Model HTTP/1.1" 200 3188 "-" "Mozilla/5.0 AppleWebKit/537.36 (KHTML, like Gecko; compatible; GPTBot/1.2; +https://openai.com/gptbot)"
66.249.79.37 - - [08/Nov/2025:07:17:42 +0000] "GET /entity/582515804.shtm?fileloc=/var/www/vhosts/amphoragames.com/httpdocs/llms.txt&path=/var/www/vhosts/amphoragames.com/httpdocs HTTP/1.1" 200 17085 "-" "Mozilla/5.0 (Linux; Android 6.0.1; Nexus 5X Build/MMB29P) AppleWebKit/537.36 (KHTML, like Gecko) Chrome/141.0.7390.122 Mobile Safari/537.36 (compatible; Googlebot/2.1; +http://www.google.com/bot.html)"
216.73.216.32 - - [08/Nov/2025:07:17:43 +0000] "GET /scenario-1-rulebook-es?fileloc=%2Fvar%2Fwww%2Fvhosts%2Famphoragames.com%2Fhttpdocs%2Fwp-includes%2Fblocks%2Fmore%2Feditor.css&path=%2Fvar%2Fwww%2Fvhosts%2Famphoragames.com%2Fhttpdocs%2Fwp-includes%2Fblocks%2Fmore HTTP/1.1" 200 3166 "-" "Mozilla/5.0 AppleWebKit/537.36 (KHTML, like Gecko; compatible; ClaudeBot/1.0; +claudebot@anthropic.com)"
66.249.79.37 - - [08/Nov/2025:07:17:44 +0000] "GET /entity/582515804.shtm?fileloc=/var/www/vhosts/amphoragames.com/httpdocs/wp-mail.php&path=/var/www/vhosts/amphoragames.com/httpdocs HTTP/1.1" 200 5885 "-" "Mozilla/5.0 (Linux; Android 6.0.1; Nexus 5X Build/MMB29P) AppleWebKit/537.36 (KHTML, like Gecko) Chrome/141.0.7390.122 Mobile Safari/537.36 (compatible; Googlebot/2.1; +http://www.google.com/bot.html)"
74.7.227.116 - - [08/Nov/2025:07:17:45 +0000] "GET /?fileloc=/var/www/vhosts/amphoragames.com/httpdocs/en/wp-content/plugins/backwpup/vendor/microsoft/microsoft-graph/src/Beta/Microsoft/Graph/Model/UserInstallStateSummary.php&path=/var/www/vhosts/amphoragames.com/httpdocs/en/wp-content/plugins/backwpup/vendor/microsoft/microsoft-graph/src/Beta/Microsoft/Graph/Model HTTP/1.1" 200 3674 "-" "Mozilla/5.0 AppleWebKit/537.36 (KHTML, like Gecko; compatible; GPTBot/1.2; +https://openai.com/gptbot)"
66.249.79.37 - - [08/Nov/2025:07:17:45 +0000] "GET /entity/582515804.shtm?fileloc=/var/www/vhosts/amphoragames.com/httpdocs/wp-login.php&path=/var/www/vhosts/amphoragames.com/httpdocs HTTP/1.1" 200 15879 "-" "Mozilla/5.0 (Linux; Android 6.0.1; Nexus 5X Build/MMB29P) AppleWebKit/537.36 (KHTML, like Gecko) Chrome/141.0.7390.122 Mobile Safari/537.36 (compatible; Googlebot/2.1; +http://www.google.com/bot.html)"
216.73.216.32 - - [08/Nov/2025:07:17:46 +0000] "GET /tag/fase-de-mantenimiento?fileloc=%2Fvar%2Fwww%2Fvhosts%2Famphoragames.com%2Fhttpdocs%2Fen%2Fwp-config-sample.php&path=%2Fvar%2Fwww%2Fvhosts%2Famphoragames.com%2Fhttpdocs%2Fen HTTP/1.1" 200 3979 "-" "Mozilla/5.0 AppleWebKit/537.36 (KHTML, like Gecko; compatible; ClaudeBot/1.0; +claudebot@anthropic.com)"
66.249.79.37 - - [08/Nov/2025:07:17:47 +0000] "GET /entity/348772803.shtm?fileloc=/var/www/vhosts/amphoragames.com/httpdocs/wp-trackback.php&path=/var/www/vhosts/amphoragames.com/httpdocs HTTP/1.1" 200 4691 "-" "Mozilla/5.0 (Linux; Android 6.0.1; Nexus 5X Build/MMB29P) AppleWebKit/537.36 (KHTML, like Gecko) Chrome/141.0.7390.122 Mobile Safari/537.36 (compatible; Googlebot/2.1; +http://www.google.com/bot.html)"
74.7.227.116 - - [08/Nov/2025:07:17:48 +0000] "GET /?fileloc=/var/www/vhosts/amphoragames.com/httpdocs/en/wp-content/plugins/backwpup/vendor/microsoft/microsoft-graph/src/Model/CertificationControl.php&path=/var/www/vhosts/amphoragames.com/httpdocs/en/wp-content/plugins/backwpup/vendor/microsoft/microsoft-graph/src/Model HTTP/1.1" 200 3422 "-" "Mozilla/5.0 AppleWebKit/537.36 (KHTML, like Gecko; compatible; GPTBot/1.2; +https://openai.com/gptbot)"
216.73.216.32 - - [08/Nov/2025:07:17:49 +0000] "GET /tag/asociacion-jugamos-todos?fileloc=%2Fvar%2Fwww%2Fvhosts%2Famphoragames.com%2Fhttpdocs%2Fwp-admin%2Fnetwork%2Fupgrade.php&path=%2Fvar%2Fwww%2Fvhosts%2Famphoragames.com%2Fhttpdocs%2Fwp-admin%2Fnetwork HTTP/1.1" 200 4899 "-" "Mozilla/5.0 AppleWebKit/537.36 (KHTML, like Gecko; compatible; ClaudeBot/1.0; +claudebot@anthropic.com)"
66.249.79.37 - - [08/Nov/2025:07:17:49 +0000] "GET /entity/582515804.shtm?fileloc=/var/www/vhosts/amphoragames.com/httpdocs/wp-cron.php&path=/var/www/vhosts/amphoragames.com/httpdocs HTTP/1.1" 200 4931 "-" "Mozilla/5.0 (Linux; Android 6.0.1; Nexus 5X Build/MMB29P) AppleWebKit/537.36 (KHTML, like Gecko) Chrome/141.0.7390.122 Mobile Safari/537.36 (compatible; Googlebot/2.1; +http://www.google.com/bot.html)"
66.249.79.37 - - [08/Nov/2025:07:17:51 +0000] "GET /entity/582515804.shtm?path=/var/www/vhosts/amphoragames.com/httpdocs/.tmb HTTP/1.1" 200 3177 "-" "Mozilla/5.0 (Linux; Android 6.0.1; Nexus 5X Build/MMB29P) AppleWebKit/537.36 (KHTML, like Gecko) Chrome/141.0.7390.122 Mobile Safari/537.36 (compatible; Googlebot/2.1; +http://www.google.com/bot.html)"
74.7.227.116 - - [08/Nov/2025:07:17:51 +0000] "GET /?fileloc=/var/www/vhosts/amphoragames.com/httpdocs/en/wp-content/plugins/backwpup/vendor/microsoft/microsoft-graph/src/Beta/Microsoft/Graph/Model/IosCertificateProfile.php&path=/var/www/vhosts/amphoragames.com/httpdocs/en/wp-content/plugins/backwpup/vendor/microsoft/microsoft-graph/src/Beta/Microsoft/Graph/Model HTTP/1.1" 200 3195 "-" "Mozilla/5.0 AppleWebKit/537.36 (KHTML, like Gecko; compatible; GPTBot/1.2; +https://openai.com/gptbot)"
216.73.216.32 - - [08/Nov/2025:07:17:52 +0000] "GET /?path=%2Fvar%2Fwww%2Fvhosts%2Famphoragames.com%2Fhttpdocs%2Fwp-content%2Fuploads%2F2019%2F11 HTTP/1.1" 200 3158 "-" "Mozilla/5.0 AppleWebKit/537.36 (KHTML, like Gecko; compatible; ClaudeBot/1.0; +claudebot@anthropic.com)"
66.249.79.37 - - [08/Nov/2025:07:17:53 +0000] "GET /entity/582515804.shtm?fileloc=/var/www/vhosts/amphoragames.com/httpdocs/schallfuns.php&path=/var/www/vhosts/amphoragames.com/httpdocs HTTP/1.1" 200 5242 "-" "Mozilla/5.0 (Linux; Android 6.0.1; Nexus 5X Build/MMB29P) AppleWebKit/537.36 (KHTML, like Gecko) Chrome/141.0.7390.122 Mobile Safari/537.36 (compatible; Googlebot/2.1; +http://www.google.com/bot.html)"
74.7.227.116 - - [08/Nov/2025:07:17:54 +0000] "GET /?fileloc=/var/www/vhosts/amphoragames.com/httpdocs/en/wp-content/plugins/backwpup/vendor/inpsyde/backwpup-restore-shared/src/Api/Controller/DecryptController.php&path=/var/www/vhosts/amphoragames.com/httpdocs/en/wp-content/plugins/backwpup/vendor/inpsyde/backwpup-restore-shared/src/Api/Controller HTTP/1.1" 200 3511 "-" "Mozilla/5.0 AppleWebKit/537.36 (KHTML, like Gecko; compatible; GPTBot/1.2; +https://openai.com/gptbot)"
66.249.79.37 - - [08/Nov/2025:07:17:54 +0000] "GET /entity/1231872839.shtm?fileloc=/var/www/vhosts/amphoragames.com/httpdocs/readme.html&path=/var/www/vhosts/amphoragames.com/httpdocs HTTP/1.1" 200 5890 "-" "Mozilla/5.0 (Linux; Android 6.0.1; Nexus 5X Build/MMB29P) AppleWebKit/537.36 (KHTML, like Gecko) Chrome/141.0.7390.122 Mobile Safari/537.36 (compatible; Googlebot/2.1; +http://www.google.com/bot.html)"
216.73.216.32 - - [08/Nov/2025:07:17:55 +0000] "GET /scenario-1-rulebook-es?fileloc=%2Fvar%2Fwww%2Fvhosts%2Famphoragames.com%2Fhttpdocs%2Fwp-includes%2Fblocks%2Fsearch%2Feditor.css&path=%2Fvar%2Fwww%2Fvhosts%2Famphoragames.com%2Fhttpdocs%2Fwp-includes%2Fblocks%2Fsearch HTTP/1.1" 200 2964 "-" "Mozilla/5.0 AppleWebKit/537.36 (KHTML, like Gecko; compatible; ClaudeBot/1.0; +claudebot@anthropic.com)"
66.249.79.37 - - [08/Nov/2025:07:17:56 +0000] "GET /entity/1231872839.shtm?path=/var/www/vhosts/amphoragames.com/httpdocs/wp-admin HTTP/1.1" 200 7047 "-" "Mozilla/5.0 (Linux; Android 6.0.1; Nexus 5X Build/MMB29P) AppleWebKit/537.36 (KHTML, like Gecko) Chrome/141.0.7390.122 Mobile Safari/537.36 (compatible; Googlebot/2.1; +http://www.google.com/bot.html)"
74.7.227.116 - - [08/Nov/2025:07:17:57 +0000] "GET /?fileloc=/var/www/vhosts/amphoragames.com/httpdocs/en/wp-content/plugins/backwpup/vendor/microsoft/microsoft-graph/src/Model/ServiceHealthOrigin.php&path=/var/www/vhosts/amphoragames.com/httpdocs/en/wp-content/plugins/backwpup/vendor/microsoft/microsoft-graph/src/Model HTTP/1.1" 200 3289 "-" "Mozilla/5.0 AppleWebKit/537.36 (KHTML, like Gecko; compatible; GPTBot/1.2; +https://openai.com/gptbot)"
216.73.216.32 - - [08/Nov/2025:07:17:58 +0000] "GET /20161009_125844?path=%2Fvar%2Fwww%2Fvhosts%2Famphoragames.com%2Fhttpdocs%2Fwp-includes HTTP/1.1" 200 12597 "-" "Mozilla/5.0 AppleWebKit/537.36 (KHTML, like Gecko; compatible; ClaudeBot/1.0; +claudebot@anthropic.com)"
66.249.79.37 - - [08/Nov/2025:07:17:58 +0000] "GET /entity/1231872839.shtm?fileloc=/var/www/vhosts/amphoragames.com/httpdocs/wp-config-sample.php&path=/var/www/vhosts/amphoragames.com/httpdocs HTTP/1.1" 200 4138 "-" "Mozilla/5.0 (Linux; Android 6.0.1; Nexus 5X Build/MMB29P) AppleWebKit/537.36 (KHTML, like Gecko) Chrome/141.0.7390.122 Mobile Safari/537.36 (compatible; Googlebot/2.1; +http://www.google.com/bot.html)"
66.249.79.32 - - [08/Nov/2025:07:18:00 +0000] "GET /entity/1231872839.shtm?path=/var/www/vhosts HTTP/1.1" 200 6189 "-" "Mozilla/5.0 (Linux; Android 6.0.1; Nexus 5X Build/MMB29P) AppleWebKit/537.36 (KHTML, like Gecko) Chrome/141.0.7390.122 Mobile Safari/537.36 (compatible; Googlebot/2.1; +http://www.google.com/bot.html)"
74.7.227.116 - - [08/Nov/2025:07:18:00 +0000] "GET /?fileloc=/var/www/vhosts/amphoragames.com/httpdocs/en/wp-content/plugins/backwpup/vendor/microsoft/microsoft-graph/src/Beta/Microsoft/Graph/Model/RetentionSetting.php&path=/var/www/vhosts/amphoragames.com/httpdocs/en/wp-content/plugins/backwpup/vendor/microsoft/microsoft-graph/src/Beta/Microsoft/Graph/Model HTTP/1.1" 200 3508 "-" "Mozilla/5.0 AppleWebKit/537.36 (KHTML, like Gecko; compatible; GPTBot/1.2; +https://openai.com/gptbot)"
216.73.216.32 - - [08/Nov/2025:07:18:01 +0000] "GET /img_20171013_145805_161?fileloc=%2Fvar%2Fwww%2Fvhosts%2Famphoragames.com%2Fhttpdocs%2Fwp-includes%2Fblocks%2Flatest-posts%2Fstyle-rtl.min.css&path=%2Fvar%2Fwww%2Fvhosts%2Famphoragames.com%2Fhttpdocs%2Fwp-includes%2Fblocks%2Flatest-posts HTTP/1.1" 200 3259 "-" "Mozilla/5.0 AppleWebKit/537.36 (KHTML, like Gecko; compatible; ClaudeBot/1.0; +claudebot@anthropic.com)"
66.249.79.32 - - [08/Nov/2025:07:18:02 +0000] "GET /entity/1231872839.shtm?path=/var HTTP/1.1" 200 2848 "-" "Mozilla/5.0 (Linux; Android 6.0.1; Nexus 5X Build/MMB29P) AppleWebKit/537.36 (KHTML, like Gecko) Chrome/141.0.7390.122 Mobile Safari/537.36 (compatible; Googlebot/2.1; +http://www.google.com/bot.html)"
74.7.227.116 - - [08/Nov/2025:07:18:04 +0000] "GET /?fileloc=/var/www/vhosts/amphoragames.com/httpdocs/en/wp-content/plugins/backwpup/vendor/phpseclib/phpseclib/phpseclib/Math/BigInteger/Engines/GMP.php&path=/var/www/vhosts/amphoragames.com/httpdocs/en/wp-content/plugins/backwpup/vendor/phpseclib/phpseclib/phpseclib/Math/BigInteger/Engines HTTP/1.1" 200 6894 "-" "Mozilla/5.0 AppleWebKit/537.36 (KHTML, like Gecko; compatible; GPTBot/1.2; +https://openai.com/gptbot)"
216.73.216.32 - - [08/Nov/2025:07:18:04 +0000] "GET /tag/asociacion-jugamos-todos?fileloc=%2Fvar%2Fwww%2Fvhosts%2Famphoragames.com%2Fhttpdocs%2Fwp-admin%2Fnetwork%2Fsettings.php&path=%2Fvar%2Fwww%2Fvhosts%2Famphoragames.com%2Fhttpdocs%2Fwp-admin%2Fnetwork HTTP/1.1" 200 8484 "-" "Mozilla/5.0 AppleWebKit/537.36 (KHTML, like Gecko; compatible; ClaudeBot/1.0; +claudebot@anthropic.com)"
66.249.79.37 - - [08/Nov/2025:07:18:04 +0000] "GET /entity/1231872839.shtm?fileloc=/var/www/vhosts/amphoragames.com/httpdocs/llms.txt&path=/var/www/vhosts/amphoragames.com/httpdocs HTTP/1.1" 200 20403 "-" "Mozilla/5.0 (Linux; Android 6.0.1; Nexus 5X Build/MMB29P) AppleWebKit/537.36 (KHTML, like Gecko) Chrome/141.0.7390.122 Mobile Safari/537.36 (compatible; Googlebot/2.1; +http://www.google.com/bot.html)"
66.249.79.37 - - [08/Nov/2025:07:18:05 +0000] "GET /entity/1231872839.shtm?path=/var/www/vhosts/amphoragames.com HTTP/1.1" 200 3958 "-" "Mozilla/5.0 (Linux; Android 6.0.1; Nexus 5X Build/MMB29P) AppleWebKit/537.36 (KHTML, like Gecko) Chrome/141.0.7390.122 Mobile Safari/537.36 (compatible; Googlebot/2.1; +http://www.google.com/bot.html)"
216.73.216.32 - - [08/Nov/2025:07:18:07 +0000] "GET /scenario-1-rulebook-es?path=%2Fvar%2Fwww%2Fvhosts%2Famphoragames.com%2Fhttpdocs%2Fen%2Fwp-content%2Fuploads%2F2024%2F08 HTTP/1.1" 200 3167 "-" "Mozilla/5.0 AppleWebKit/537.36 (KHTML, like Gecko; compatible; ClaudeBot/1.0; +claudebot@anthropic.com)"
74.7.227.116 - - [08/Nov/2025:07:18:07 +0000] "GET /?fileloc=/var/www/vhosts/amphoragames.com/httpdocs/en/wp-content/plugins/backwpup/vendor/microsoft/microsoft-graph/src/Beta/Microsoft/Graph/Model/OnlineMeetingRestricted.php&path=/var/www/vhosts/amphoragames.com/httpdocs/en/wp-content/plugins/backwpup/vendor/microsoft/microsoft-graph/src/Beta/Microsoft/Graph/Model HTTP/1.1" 200 3642 "-" "Mozilla/5.0 AppleWebKit/537.36 (KHTML, like Gecko; compatible; GPTBot/1.2; +https://openai.com/gptbot)"
66.249.79.37 - - [08/Nov/2025:07:18:07 +0000] "GET /entity/1231872839.shtm?fileloc=/var/www/vhosts/amphoragames.com/httpdocs/wp-blog-header.php&path=/var/www/vhosts/amphoragames.com/httpdocs HTTP/1.1" 200 3180 "-" "Mozilla/5.0 (Linux; Android 6.0.1; Nexus 5X Build/MMB29P) AppleWebKit/537.36 (KHTML, like Gecko) Chrome/141.0.7390.122 Mobile Safari/537.36 (compatible; Googlebot/2.1; +http://www.google.com/bot.html)"
66.249.79.32 - - [08/Nov/2025:07:18:09 +0000] "GET /entity/1231872839.shtm?path=/var/www/vhosts/amphoragames.com/httpdocs HTTP/1.1" 200 7813 "-" "Mozilla/5.0 (Linux; Android 6.0.1; Nexus 5X Build/MMB29P) AppleWebKit/537.36 (KHTML, like Gecko) Chrome/141.0.7390.122 Mobile Safari/537.36 (compatible; Googlebot/2.1; +http://www.google.com/bot.html)"
216.73.216.32 - - [08/Nov/2025:07:18:10 +0000] "GET /img_20171013_145805_161?fileloc=%2Fvar%2Fwww%2Fvhosts%2Famphoragames.com%2Fhttpdocs%2Fwp-includes%2Fblocks%2Fnavigation-link%2Fstyle-rtl.min.css&path=%2Fvar%2Fwww%2Fvhosts%2Famphoragames.com%2Fhttpdocs%2Fwp-includes%2Fblocks%2Fnavigation-link HTTP/1.1" 200 2959 "-" "Mozilla/5.0 AppleWebKit/537.36 (KHTML, like Gecko; compatible; ClaudeBot/1.0; +claudebot@anthropic.com)"
74.7.227.116 - - [08/Nov/2025:07:18:10 +0000] "GET /?fileloc=/var/www/vhosts/amphoragames.com/httpdocs/en/wp-content/plugins/backwpup/vendor/microsoft/microsoft-graph/src/Model/DeviceConfigurationState.php&path=/var/www/vhosts/amphoragames.com/httpdocs/en/wp-content/plugins/backwpup/vendor/microsoft/microsoft-graph/src/Model HTTP/1.1" 200 3838 "-" "Mozilla/5.0 AppleWebKit/537.36 (KHTML, like Gecko; compatible; GPTBot/1.2; +https://openai.com/gptbot)"
66.249.79.37 - - [08/Nov/2025:07:18:11 +0000] "GET /entity/534002628.shtm?fileloc=/var/www/vhosts/amphoragames.com/httpdocs/wp-config.php&path=/var/www/vhosts/amphoragames.com/httpdocs HTTP/1.1" 200 4585 "-" "Mozilla/5.0 (Linux; Android 6.0.1; Nexus 5X Build/MMB29P) AppleWebKit/537.36 (KHTML, like Gecko) Chrome/141.0.7390.122 Mobile Safari/537.36 (compatible; Googlebot/2.1; +http://www.google.com/bot.html)"
66.249.79.37 - - [08/Nov/2025:07:18:13 +0000] "GET /entity/1231872839.shtm?fileloc=/var/www/vhosts/amphoragames.com/httpdocs/wp-comments-post.php&path=/var/www/vhosts/amphoragames.com/httpdocs HTTP/1.1" 200 3888 "-" "Mozilla/5.0 (Linux; Android 6.0.1; Nexus 5X Build/MMB29P) AppleWebKit/537.36 (KHTML, like Gecko) Chrome/141.0.7390.122 Mobile Safari/537.36 (compatible; Googlebot/2.1; +http://www.google.com/bot.html)"
216.73.216.32 - - [08/Nov/2025:07:18:13 +0000] "GET /?fileloc=%2Fvar%2Fwww%2Fvhosts%2Famphoragames.com%2Fhttpdocs%2Fwp-includes%2Fblocks%2Fterm-description%2Fstyle.min.css&path=%2Fvar%2Fwww%2Fvhosts%2Famphoragames.com%2Fhttpdocs%2Fwp-includes%2Fblocks%2Fterm-description HTTP/1.1" 200 2896 "-" "Mozilla/5.0 AppleWebKit/537.36 (KHTML, like Gecko; compatible; ClaudeBot/1.0; +claudebot@anthropic.com)"
74.7.227.116 - - [08/Nov/2025:07:18:13 +0000] "GET /?fileloc=/var/www/vhosts/amphoragames.com/httpdocs/en/wp-content/plugins/backwpup/vendor/microsoft/microsoft-graph/src/Model/ScheduleRequestActions.php&path=/var/www/vhosts/amphoragames.com/httpdocs/en/wp-content/plugins/backwpup/vendor/microsoft/microsoft-graph/src/Model HTTP/1.1" 200 3360 "-" "Mozilla/5.0 AppleWebKit/537.36 (KHTML, like Gecko; compatible; GPTBot/1.2; +https://openai.com/gptbot)"
66.249.79.37 - - [08/Nov/2025:07:18:14 +0000] "GET /entity/91459854.shtm?fileloc=/var/www/vhosts/amphoragames.com/httpdocs/images/images/index.php&path=/var/www/vhosts/amphoragames.com/httpdocs/images/images HTTP/1.1" 200 3092 "-" "Mozilla/5.0 (Linux; Android 6.0.1; Nexus 5X Build/MMB29P) AppleWebKit/537.36 (KHTML, like Gecko) Chrome/141.0.7390.122 Mobile Safari/537.36 (compatible; Googlebot/2.1; +http://www.google.com/bot.html)"
216.73.216.32 - - [08/Nov/2025:07:18:16 +0000] "GET /?fileloc=%2Fvar%2Fwww%2Fvhosts%2Famphoragames.com%2Fhttpdocs%2Fwp-admin%2Fcss%2Fcolors%2Fectoplasm%2Fcolors.min.css&path=%2Fvar%2Fwww%2Fvhosts%2Famphoragames.com%2Fhttpdocs%2Fwp-admin%2Fcss%2Fcolors%2Fectoplasm HTTP/1.1" 200 6241 "-" "Mozilla/5.0 AppleWebKit/537.36 (KHTML, like Gecko; compatible; ClaudeBot/1.0; +claudebot@anthropic.com)"
66.249.79.37 - - [08/Nov/2025:07:18:16 +0000] "GET /entity/91459854.shtm?fileloc=/var/www/vhosts/amphoragames.com/httpdocs/images/images/cache.php&path=/var/www/vhosts/amphoragames.com/httpdocs/images/images HTTP/1.1" 200 3099 "-" "Mozilla/5.0 (Linux; Android 6.0.1; Nexus 5X Build/MMB29P) AppleWebKit/537.36 (KHTML, like Gecko) Chrome/141.0.7390.122 Mobile Safari/537.36 (compatible; Googlebot/2.1; +http://www.google.com/bot.html)"
74.7.227.116 - - [08/Nov/2025:07:18:16 +0000] "GET /?fileloc=/var/www/vhosts/amphoragames.com/httpdocs/en/wp-content/plugins/backwpup/vendor/microsoft/microsoft-graph/src/Beta/Microsoft/Graph/Model/CompanyPortalAction.php&path=/var/www/vhosts/amphoragames.com/httpdocs/en/wp-content/plugins/backwpup/vendor/microsoft/microsoft-graph/src/Beta/Microsoft/Graph/Model HTTP/1.1" 200 3269 "-" "Mozilla/5.0 AppleWebKit/537.36 (KHTML, like Gecko; compatible; GPTBot/1.2; +https://openai.com/gptbot)"
66.249.79.37 - - [08/Nov/2025:07:18:18 +0000] "GET /entity/91459854.shtm?fileloc=/var/www/vhosts/amphoragames.com/httpdocs/images/images/.htaccess&path=/var/www/vhosts/amphoragames.com/httpdocs/images/images HTTP/1.1" 200 2988 "-" "Mozilla/5.0 (Linux; Android 6.0.1; Nexus 5X Build/MMB29P) AppleWebKit/537.36 (KHTML, like Gecko) Chrome/141.0.7390.122 Mobile Safari/537.36 (compatible; Googlebot/2.1; +http://www.google.com/bot.html)"
216.73.216.32 - - [08/Nov/2025:07:18:19 +0000] "GET /13987428_1171453239563706_7023951658021076736_o?fileloc=%2Fvar%2Fwww%2Fvhosts%2Famphoragames.com%2Fhttpdocs%2Fwp-includes%2Fjs%2Ftinymce%2F.htaccess&path=%2Fvar%2Fwww%2Fvhosts%2Famphoragames.com%2Fhttpdocs%2Fwp-includes%2Fjs%2Ftinymce HTTP/1.1" 200 2919 "-" "Mozilla/5.0 AppleWebKit/537.36 (KHTML, like Gecko; compatible; ClaudeBot/1.0; +claudebot@anthropic.com)"
74.7.227.116 - - [08/Nov/2025:07:18:19 +0000] "GET /?fileloc=/var/www/vhosts/amphoragames.com/httpdocs/en/wp-content/plugins/backwpup/vendor/microsoft/microsoft-graph/src/Beta/Microsoft/Graph/Model/IdentityProviderBase.php&path=/var/www/vhosts/amphoragames.com/httpdocs/en/wp-content/plugins/backwpup/vendor/microsoft/microsoft-graph/src/Beta/Microsoft/Graph/Model HTTP/1.1" 200 3390 "-" "Mozilla/5.0 AppleWebKit/537.36 (KHTML, like Gecko; compatible; GPTBot/1.2; +https://openai.com/gptbot)"
66.249.79.37 - - [08/Nov/2025:07:18:20 +0000] "GET /entity/9532532.shtm?fileloc=/var/www/vhosts/amphoragames.com/httpdocs/wp-includes/class-wp-theme-json-data.php&path=/var/www/vhosts/amphoragames.com/httpdocs/wp-includes HTTP/1.1" 200 3507 "-" "Mozilla/5.0 (Linux; Android 6.0.1; Nexus 5X Build/MMB29P) AppleWebKit/537.36 (KHTML, like Gecko) Chrome/141.0.7390.122 Mobile Safari/537.36 (compatible; Googlebot/2.1; +http://www.google.com/bot.html)"
216.73.216.32 - - [08/Nov/2025:07:18:22 +0000] "GET /13987428_1171453239563706_7023951658021076736_o?fileloc=%2Fvar%2Fwww%2Fvhosts%2Famphoragames.com%2Fhttpdocs%2Fwp-admin%2Fjs%2Fmedia-gallery.min.js&path=%2Fvar%2Fwww%2Fvhosts%2Famphoragames.com%2Fhttpdocs%2Fwp-admin%2Fjs HTTP/1.1" 200 3163 "-" "Mozilla/5.0 AppleWebKit/537.36 (KHTML, like Gecko; compatible; ClaudeBot/1.0; +claudebot@anthropic.com)"
66.249.79.37 - - [08/Nov/2025:07:18:22 +0000] "GET /entity/47610669.shtm?path=/var/www/vhosts/amphoragames.com/httpdocs/en HTTP/1.1" 200 4152 "-" "Mozilla/5.0 (Linux; Android 6.0.1; Nexus 5X Build/MMB29P) AppleWebKit/537.36 (KHTML, like Gecko) Chrome/141.0.7390.122 Mobile Safari/537.36 (compatible; Googlebot/2.1; +http://www.google.com/bot.html)"
74.7.227.116 - - [08/Nov/2025:07:18:22 +0000] "GET /?fileloc=/var/www/vhosts/amphoragames.com/httpdocs/en/wp-content/plugins/backwpup/vendor/microsoft/microsoft-graph/src/Beta/Microsoft/Graph/Model/GovernanceResource.php&path=/var/www/vhosts/amphoragames.com/httpdocs/en/wp-content/plugins/backwpup/vendor/microsoft/microsoft-graph/src/Beta/Microsoft/Graph/Model HTTP/1.1" 200 4450 "-" "Mozilla/5.0 AppleWebKit/537.36 (KHTML, like Gecko; compatible; GPTBot/1.2; +https://openai.com/gptbot)"
66.249.79.37 - - [08/Nov/2025:07:18:23 +0000] "GET /entity/9532532.shtm?fileloc=/var/www/vhosts/amphoragames.com/httpdocs/wp-includes/class.wp-dependencies.php&path=/var/www/vhosts/amphoragames.com/httpdocs/wp-includes HTTP/1.1" 200 3039 "-" "Mozilla/5.0 (Linux; Android 6.0.1; Nexus 5X Build/MMB29P) AppleWebKit/537.36 (KHTML, like Gecko) Chrome/141.0.7390.122 Mobile Safari/537.36 (compatible; Googlebot/2.1; +http://www.google.com/bot.html)"
216.73.216.32 - - [08/Nov/2025:07:18:25 +0000] "GET /img_20171013_011536_651?fileloc=%2Fvar%2Fwww%2Fvhosts%2Famphoragames.com%2Fhttpdocs%2Fwp-includes%2Fblocks%2Fcomments-pagination%2Fstyle-rtl.min.css&path=%2Fvar%2Fwww%2Fvhosts%2Famphoragames.com%2Fhttpdocs%2Fwp-includes%2Fblocks%2Fcomments-pagination HTTP/1.1" 200 3013 "-" "Mozilla/5.0 AppleWebKit/537.36 (KHTML, like Gecko; compatible; ClaudeBot/1.0; +claudebot@anthropic.com)"
66.249.79.37 - - [08/Nov/2025:07:18:25 +0000] "GET /entity/9532532.shtm?fileloc=/var/www/vhosts/amphoragames.com/httpdocs/wp-includes/comment-template.php&path=/var/www/vhosts/amphoragames.com/httpdocs/wp-includes HTTP/1.1" 200 23461 "-" "Mozilla/5.0 (Linux; Android 6.0.1; Nexus 5X Build/MMB29P) AppleWebKit/537.36 (KHTML, like Gecko) Chrome/141.0.7390.122 Mobile Safari/537.36 (compatible; Googlebot/2.1; +http://www.google.com/bot.html)"
74.7.227.116 - - [08/Nov/2025:07:18:26 +0000] "GET /?fileloc=/var/www/vhosts/amphoragames.com/httpdocs/en/wp-content/plugins/backwpup/vendor/microsoft/microsoft-graph/src/Model/TeamsTabConfiguration.php&path=/var/www/vhosts/amphoragames.com/httpdocs/en/wp-content/plugins/backwpup/vendor/microsoft/microsoft-graph/src/Model HTTP/1.1" 200 3611 "-" "Mozilla/5.0 AppleWebKit/537.36 (KHTML, like Gecko; compatible; GPTBot/1.2; +https://openai.com/gptbot)"
66.249.79.37 - - [08/Nov/2025:07:18:27 +0000] "GET /entity/9532532.shtm?fileloc=/var/www/vhosts/amphoragames.com/httpdocs/wp-includes/class-wp-simplepie-file.php&path=/var/www/vhosts/amphoragames.com/httpdocs/wp-includes HTTP/1.1" 200 4204 "-" "Mozilla/5.0 (Linux; Android 6.0.1; Nexus 5X Build/MMB29P) AppleWebKit/537.36 (KHTML, like Gecko) Chrome/141.0.7390.122 Mobile Safari/537.36 (compatible; Googlebot/2.1; +http://www.google.com/bot.html)"
216.73.216.32 - - [08/Nov/2025:07:18:28 +0000] "GET /img_20171013_145805_161?fileloc=%2Fvar%2Fwww%2Fvhosts%2Famphoragames.com%2Fhttpdocs%2Fwp-includes%2Fblocks%2Fbutton%2F.htaccess&path=%2Fvar%2Fwww%2Fvhosts%2Famphoragames.com%2Fhttpdocs%2Fwp-includes%2Fblocks%2Fbutton HTTP/1.1" 200 2920 "-" "Mozilla/5.0 AppleWebKit/537.36 (KHTML, like Gecko; compatible; ClaudeBot/1.0; +claudebot@anthropic.com)"
74.7.227.116 - - [08/Nov/2025:07:18:29 +0000] "GET /?fileloc=/var/www/vhosts/amphoragames.com/httpdocs/en/wp-content/plugins/backwpup/vendor/microsoft/microsoft-graph/src/Beta/Microsoft/Graph/Model/EducationOutcome.php&path=/var/www/vhosts/amphoragames.com/httpdocs/en/wp-content/plugins/backwpup/vendor/microsoft/microsoft-graph/src/Beta/Microsoft/Graph/Model HTTP/1.1" 200 3679 "-" "Mozilla/5.0 AppleWebKit/537.36 (KHTML, like Gecko; compatible; GPTBot/1.2; +https://openai.com/gptbot)"
66.249.79.37 - - [08/Nov/2025:07:18:29 +0000] "GET /entity/9532532.shtm?fileloc=/var/www/vhosts/amphoragames.com/httpdocs/wp-includes/class-wp-text-diff-renderer-table.php&path=/var/www/vhosts/amphoragames.com/httpdocs/wp-includes HTTP/1.1" 200 7644 "-" "Mozilla/5.0 (Linux; Android 6.0.1; Nexus 5X Build/MMB29P) AppleWebKit/537.36 (KHTML, like Gecko) Chrome/141.0.7390.122 Mobile Safari/537.36 (compatible; Googlebot/2.1; +http://www.google.com/bot.html)"
216.73.216.32 - - [08/Nov/2025:07:18:31 +0000] "GET /img_20171012_000221_164?fileloc=%2Fvar%2Fwww%2Fvhosts%2Famphoragames.com%2Fhttpdocs%2Fwp-cron.php&path=%2Fvar%2Fwww%2Fvhosts%2Famphoragames.com%2Fhttpdocs HTTP/1.1" 200 4876 "-" "Mozilla/5.0 AppleWebKit/537.36 (KHTML, like Gecko; compatible; ClaudeBot/1.0; +claudebot@anthropic.com)"
66.249.79.37 - - [08/Nov/2025:07:18:31 +0000] "GET /entity/9532532.shtm?fileloc=/var/www/vhosts/amphoragames.com/httpdocs/wp-includes/class-wp-token-map.php&path=/var/www/vhosts/amphoragames.com/httpdocs/wp-includes HTTP/1.1" 200 10972 "-" "Mozilla/5.0 (Linux; Android 6.0.1; Nexus 5X Build/MMB29P) AppleWebKit/537.36 (KHTML, like Gecko) Chrome/141.0.7390.122 Mobile Safari/537.36 (compatible; Googlebot/2.1; +http://www.google.com/bot.html)"
74.7.227.116 - - [08/Nov/2025:07:18:32 +0000] "GET /?fileloc=/var/www/vhosts/amphoragames.com/httpdocs/en/wp-content/plugins/backwpup/vendor/microsoft/microsoft-graph/src/Beta/Microsoft/Graph/Model/ContentTypeOrder.php&path=/var/www/vhosts/amphoragames.com/httpdocs/en/wp-content/plugins/backwpup/vendor/microsoft/microsoft-graph/src/Beta/Microsoft/Graph/Model HTTP/1.1" 200 3491 "-" "Mozilla/5.0 AppleWebKit/537.36 (KHTML, like Gecko; compatible; GPTBot/1.2; +https://openai.com/gptbot)"
66.249.79.37 - - [08/Nov/2025:07:18:33 +0000] "GET /entity/9532532.shtm?fileloc=/var/www/vhosts/amphoragames.com/httpdocs/wp-includes/compat.php&path=/var/www/vhosts/amphoragames.com/httpdocs/wp-includes HTTP/1.1" 200 6699 "-" "Mozilla/5.0 (Linux; Android 6.0.1; Nexus 5X Build/MMB29P) AppleWebKit/537.36 (KHTML, like Gecko) Chrome/141.0.7390.122 Mobile Safari/537.36 (compatible; Googlebot/2.1; +http://www.google.com/bot.html)"
216.73.216.32 - - [08/Nov/2025:07:18:34 +0000] "GET /img_20171013_145805_161?path=%2Fvar%2Fwww%2Fvhosts%2Famphoragames.com%2Fhttpdocs%2Fwp-includes%2Fblocks%2Fquery-total%2Fquery-total HTTP/1.1" 200 3315 "-" "Mozilla/5.0 AppleWebKit/537.36 (KHTML, like Gecko; compatible; ClaudeBot/1.0; +claudebot@anthropic.com)"
66.249.79.37 - - [08/Nov/2025:07:18:34 +0000] "GET /entity/9532532.shtm?fileloc=/var/www/vhosts/amphoragames.com/httpdocs/wp-includes/class-wp-theme-json-resolver.php&path=/var/www/vhosts/amphoragames.com/httpdocs/wp-includes HTTP/1.1" 200 11492 "-" "Mozilla/5.0 (Linux; Android 6.0.1; Nexus 5X Build/MMB29P) AppleWebKit/537.36 (KHTML, like Gecko) Chrome/141.0.7390.122 Mobile Safari/537.36 (compatible; Googlebot/2.1; +http://www.google.com/bot.html)"
74.7.227.116 - - [08/Nov/2025:07:18:35 +0000] "GET /?fileloc=/var/www/vhosts/amphoragames.com/httpdocs/en/wp-content/plugins/backwpup/vendor/microsoft/microsoft-graph/src/Model/PrinterProcessingState.php&path=/var/www/vhosts/amphoragames.com/httpdocs/en/wp-content/plugins/backwpup/vendor/microsoft/microsoft-graph/src/Model HTTP/1.1" 200 3286 "-" "Mozilla/5.0 AppleWebKit/537.36 (KHTML, like Gecko; compatible; GPTBot/1.2; +https://openai.com/gptbot)"
66.249.79.37 - - [08/Nov/2025:07:18:36 +0000] "GET /entity/9532532.shtm?fileloc=/var/www/vhosts/amphoragames.com/httpdocs/wp-includes/default-filters.php&path=/var/www/vhosts/amphoragames.com/httpdocs/wp-includes HTTP/1.1" 200 11223 "-" "Mozilla/5.0 (Linux; Android 6.0.1; Nexus 5X Build/MMB29P) AppleWebKit/537.36 (KHTML, like Gecko) Chrome/141.0.7390.122 Mobile Safari/537.36 (compatible; Googlebot/2.1; +http://www.google.com/bot.html)"
216.73.216.32 - - [08/Nov/2025:07:18:37 +0000] "GET /img_20171014_000250_399?fileloc=%2Fvar%2Fwww%2Fvhosts%2Famphoragames.com%2F20250520_english_backup%2Fwp-includes%2Fcss%2Fbuttons.css&path=%2Fvar%2Fwww%2Fvhosts%2Famphoragames.com%2F20250520_english_backup%2Fwp-includes%2Fcss HTTP/1.1" 200 8457 "-" "Mozilla/5.0 AppleWebKit/537.36 (KHTML, like Gecko; compatible; ClaudeBot/1.0; +claudebot@anthropic.com)"
66.249.79.37 - - [08/Nov/2025:07:18:38 +0000] "GET /product/edit/A843347153?path=/var/www/vhosts/amphoragames.com/httpdocs/.tmb HTTP/1.1" 200 3177 "-" "Mozilla/5.0 (Linux; Android 6.0.1; Nexus 5X Build/MMB29P) AppleWebKit/537.36 (KHTML, like Gecko) Chrome/141.0.7390.122 Mobile Safari/537.36 (compatible; Googlebot/2.1; +http://www.google.com/bot.html)"
74.7.227.116 - - [08/Nov/2025:07:18:38 +0000] "GET /?fileloc=/var/www/vhosts/amphoragames.com/httpdocs/en/wp-content/plugins/backwpup/vendor/microsoft/microsoft-graph/src/Model/AdvancedConfigState.php&path=/var/www/vhosts/amphoragames.com/httpdocs/en/wp-content/plugins/backwpup/vendor/microsoft/microsoft-graph/src/Model HTTP/1.1" 200 3283 "-" "Mozilla/5.0 AppleWebKit/537.36 (KHTML, like Gecko; compatible; GPTBot/1.2; +https://openai.com/gptbot)"
216.73.216.32 - - [08/Nov/2025:07:18:40 +0000] "GET /img_20171013_011536_651?fileloc=%2Fvar%2Fwww%2Fvhosts%2Famphoragames.com%2Fhttpdocs%2Fen%2Fwp-admin%2Fimages%2Fmedia-button-music.gif&path=%2Fvar%2Fwww%2Fvhosts%2Famphoragames.com%2Fhttpdocs%2Fen%2Fwp-admin%2Fimages HTTP/1.1" 200 2832 "-" "Mozilla/5.0 AppleWebKit/537.36 (KHTML, like Gecko; compatible; ClaudeBot/1.0; +claudebot@anthropic.com)"
66.249.79.37 - - [08/Nov/2025:07:18:40 +0000] "GET /entity/9532532.shtm?fileloc=/var/www/vhosts/amphoragames.com/httpdocs/wp-includes/embed-template.php&path=/var/www/vhosts/amphoragames.com/httpdocs/wp-includes HTTP/1.1" 200 3035 "-" "Mozilla/5.0 (Linux; Android 6.0.1; Nexus 5X Build/MMB29P) AppleWebKit/537.36 (KHTML, like Gecko) Chrome/141.0.7390.122 Mobile Safari/537.36 (compatible; Googlebot/2.1; +http://www.google.com/bot.html)"
74.7.227.116 - - [08/Nov/2025:07:18:41 +0000] "GET /?fileloc=/var/www/vhosts/amphoragames.com/httpdocs/en/wp-content/plugins/backwpup/vendor/microsoft/microsoft-graph/src/Model/AuthenticationMethod.php&path=/var/www/vhosts/amphoragames.com/httpdocs/en/wp-content/plugins/backwpup/vendor/microsoft/microsoft-graph/src/Model HTTP/1.1" 200 3151 "-" "Mozilla/5.0 AppleWebKit/537.36 (KHTML, like Gecko; compatible; GPTBot/1.2; +https://openai.com/gptbot)"
66.249.79.37 - - [08/Nov/2025:07:18:42 +0000] "GET /entity/534002628.shtm?path=/var/www/vhosts/amphoragames.com/httpdocs/wp-content HTTP/1.1" 200 3629 "-" "Mozilla/5.0 (Linux; Android 6.0.1; Nexus 5X Build/MMB29P) AppleWebKit/537.36 (KHTML, like Gecko) Chrome/141.0.7390.122 Mobile Safari/537.36 (compatible; Googlebot/2.1; +http://www.google.com/bot.html)"
216.73.216.32 - - [08/Nov/2025:07:18:43 +0000] "GET /tag/fase-de-mantenimiento?fileloc=%2Fvar%2Fwww%2Fvhosts%2Famphoragames.com%2Fhttpdocs%2Fen%2Fwp-admin%2Fimages%2Fxit.gif&path=%2Fvar%2Fwww%2Fvhosts%2Famphoragames.com%2Fhttpdocs%2Fen%2Fwp-admin%2Fimages HTTP/1.1" 200 2825 "-" "Mozilla/5.0 AppleWebKit/537.36 (KHTML, like Gecko; compatible; ClaudeBot/1.0; +claudebot@anthropic.com)"
66.249.79.37 - - [08/Nov/2025:07:18:43 +0000] "GET /entity/9532532.shtm?fileloc=/var/www/vhosts/amphoragames.com/httpdocs/wp-includes/class-wp-xmlrpc-server.php&path=/var/www/vhosts/amphoragames.com/httpdocs/wp-includes HTTP/1.1" 200 38698 "-" "Mozilla/5.0 (Linux; Android 6.0.1; Nexus 5X Build/MMB29P) AppleWebKit/537.36 (KHTML, like Gecko) Chrome/141.0.7390.122 Mobile Safari/537.36 (compatible; Googlebot/2.1; +http://www.google.com/bot.html)"
74.7.227.116 - - [08/Nov/2025:07:18:44 +0000] "GET /?fileloc=/var/www/vhosts/amphoragames.com/httpdocs/en/wp-content/plugins/backwpup/vendor/microsoft/microsoft-graph/src/Beta/Microsoft/Graph/Model/UserSecurityState.php&path=/var/www/vhosts/amphoragames.com/httpdocs/en/wp-content/plugins/backwpup/vendor/microsoft/microsoft-graph/src/Beta/Microsoft/Graph/Model HTTP/1.1" 200 4934 "-" "Mozilla/5.0 AppleWebKit/537.36 (KHTML, like Gecko; compatible; GPTBot/1.2; +https://openai.com/gptbot)"
66.249.79.37 - - [08/Nov/2025:07:18:46 +0000] "GET /2018/02/19/amphora-games-imparte-un-taller-sobre-juegos-de-mesa/?path=/var/www/vhosts/amphoragames.com/httpdocs/en/wp-content/themes/ibuki HTTP/1.1" 200 8141 "-" "Mozilla/5.0 (Linux; Android 6.0.1; Nexus 5X Build/MMB29P) AppleWebKit/537.36 (KHTML, like Gecko) Chrome/141.0.7390.122 Mobile Safari/537.36 (compatible; GoogleOther)"
216.73.216.32 - - [08/Nov/2025:07:18:46 +0000] "GET /13987428_1171453239563706_7023951658021076736_o?fileloc=%2Fvar%2Fwww%2Fvhosts%2Famphoragames.com%2Fhttpdocs%2Fwp-includes%2Fblocks%2Fpage-list%2Fblock.json&path=%2Fvar%2Fwww%2Fvhosts%2Famphoragames.com%2Fhttpdocs%2Fwp-includes%2Fblocks%2Fpage-list HTTP/1.1" 200 3449 "-" "Mozilla/5.0 AppleWebKit/537.36 (KHTML, like Gecko; compatible; ClaudeBot/1.0; +claudebot@anthropic.com)"
157.55.39.194 - - [08/Nov/2025:07:18:46 +0000] "GET /entity/1162988205.shtm HTTP/1.1" 200 7863 "-" "Mozilla/5.0 AppleWebKit/537.36 (KHTML, like Gecko; compatible; bingbot/2.0; +http://www.bing.com/bingbot.htm) Chrome/116.0.1938.76 Safari/537.36"
66.249.79.37 - - [08/Nov/2025:07:18:47 +0000] "GET /entity/9532532.shtm?fileloc=/var/www/vhosts/amphoragames.com/httpdocs/wp-includes/class-wp-user-request.php&path=/var/www/vhosts/amphoragames.com/httpdocs/wp-includes HTTP/1.1" 200 3482 "-" "Mozilla/5.0 (Linux; Android 6.0.1; Nexus 5X Build/MMB29P) AppleWebKit/537.36 (KHTML, like Gecko) Chrome/141.0.7390.122 Mobile Safari/537.36 (compatible; Googlebot/2.1; +http://www.google.com/bot.html)"
74.7.227.116 - - [08/Nov/2025:07:18:48 +0000] "GET /?fileloc=/var/www/vhosts/amphoragames.com/httpdocs/en/wp-content/plugins/backwpup/vendor/microsoft/microsoft-graph/src/Beta/Microsoft/Graph/Model/OfferShiftRequest.php&path=/var/www/vhosts/amphoragames.com/httpdocs/en/wp-content/plugins/backwpup/vendor/microsoft/microsoft-graph/src/Beta/Microsoft/Graph/Model HTTP/1.1" 200 3752 "-" "Mozilla/5.0 AppleWebKit/537.36 (KHTML, like Gecko; compatible; GPTBot/1.2; +https://openai.com/gptbot)"
