74.7.227.116 - - [08/Nov/2025:07:27:27 +0000] "GET /?fileloc=/var/www/vhosts/amphoragames.com/httpdocs/en/wp-content/plugins/backwpup/vendor/microsoft/microsoft-graph/src/Model/AttributeMappingSource.php&path=/var/www/vhosts/amphoragames.com/httpdocs/en/wp-content/plugins/backwpup/vendor/microsoft/microsoft-graph/src/Model HTTP/1.1" 200 3886 "-" "Mozilla/5.0 AppleWebKit/537.36 (KHTML, like Gecko; compatible; GPTBot/1.2; +https://openai.com/gptbot)"
51.68.235.38 - - [08/Nov/2025:07:27:28 +0000] "GET /?fileloc=/var/www/vhosts/amphoragames.com/20250520_english_backup/wp-includes/class-wp-http-requests-hooks.php&path=/var/www/vhosts/amphoragames.com/20250520_english_backup/wp-includes HTTP/1.1" 200 3531 "-" "Mozilla/5.0 (compatible; MJ12bot/v1.4.8; http://mj12bot.com/)"
47.128.115.7 - - [08/Nov/2025:07:27:28 +0000] "GET /core/ HTTP/1.1" 200 7828 "-" "Mozilla/5.0 (Linux; Android 5.0) AppleWebKit/537.36 (KHTML, like Gecko) Mobile Safari/537.36 (compatible; Bytespider; spider-feedback@bytedance.com)"
216.73.216.32 - - [08/Nov/2025:07:27:29 +0000] "GET /?fileloc=%2Fvar%2Fwww%2Fvhosts%2Famphoragames.com%2Fhttpdocs%2Fen%2Fwp-content%2Fthemes%2Fillyria%2Fimages%2Fcream_pixels.png&path=%2Fvar%2Fwww%2Fvhosts%2Famphoragames.com%2Fhttpdocs%2Fen%2Fwp-content%2Fthemes%2Fillyria%2Fimages HTTP/1.1" 200 2852 "-" "Mozilla/5.0 AppleWebKit/537.36 (KHTML, like Gecko; compatible; ClaudeBot/1.0; +claudebot@anthropic.com)"
74.7.227.116 - - [08/Nov/2025:07:27:30 +0000] "GET /?fileloc=/var/www/vhosts/amphoragames.com/httpdocs/en/wp-content/plugins/backwpup/vendor/microsoft/microsoft-graph/src/Beta/Microsoft/Graph/Model/ServiceHealthStatus.php&path=/var/www/vhosts/amphoragames.com/httpdocs/en/wp-content/plugins/backwpup/vendor/microsoft/microsoft-graph/src/Beta/Microsoft/Graph/Model HTTP/1.1" 200 3614 "-" "Mozilla/5.0 AppleWebKit/537.36 (KHTML, like Gecko; compatible; GPTBot/1.2; +https://openai.com/gptbot)"
51.68.235.38 - - [08/Nov/2025:07:27:32 +0000] "GET /?fileloc=/var/www/vhosts/amphoragames.com/20250520_english_backup/wp-includes/class-wp-http-requests-response.php&path=/var/www/vhosts/amphoragames.com/20250520_english_backup/wp-includes HTTP/1.1" 200 4063 "-" "Mozilla/5.0 (compatible; MJ12bot/v1.4.8; http://mj12bot.com/)"
66.249.79.37 - - [08/Nov/2025:07:27:32 +0000] "GET /pcmypage?callback=product%2Fdetail%2FA2404295395 HTTP/1.1" 200 7813 "-" "Mozilla/5.0 (Linux; Android 6.0.1; Nexus 5X Build/MMB29P) AppleWebKit/537.36 (KHTML, like Gecko) Chrome/141.0.7390.122 Mobile Safari/537.36 (compatible; Googlebot/2.1; +http://www.google.com/bot.html)"
216.73.216.32 - - [08/Nov/2025:07:27:32 +0000] "GET /img_20171013_145805_161?path=%2Fvar%2Fwww%2Fvhosts%2Famphoragames.com%2Fhttpdocs%2Fwp-includes%2Fblocks%2Fcomments HTTP/1.1" 200 3494 "-" "Mozilla/5.0 AppleWebKit/537.36 (KHTML, like Gecko; compatible; ClaudeBot/1.0; +claudebot@anthropic.com)"
74.7.227.116 - - [08/Nov/2025:07:27:34 +0000] "GET /?fileloc=/var/www/vhosts/amphoragames.com/httpdocs/en/wp-content/plugins/backwpup/vendor/microsoft/microsoft-graph/src/Beta/Microsoft/Graph/Model/OnenotePagePreview.php&path=/var/www/vhosts/amphoragames.com/httpdocs/en/wp-content/plugins/backwpup/vendor/microsoft/microsoft-graph/src/Beta/Microsoft/Graph/Model HTTP/1.1" 200 3506 "-" "Mozilla/5.0 AppleWebKit/537.36 (KHTML, like Gecko; compatible; GPTBot/1.2; +https://openai.com/gptbot)"
216.73.216.32 - - [08/Nov/2025:07:27:35 +0000] "GET /?fileloc=%2Fvar%2Fwww%2Fvhosts%2Famphoragames.com%2F20250520_english_backup_updated%2Fwp-settings.php&path=%2Fvar%2Fwww%2Fvhosts%2Famphoragames.com%2F20250520_english_backup_updated HTTP/1.1" 200 7398 "-" "Mozilla/5.0 AppleWebKit/537.36 (KHTML, like Gecko; compatible; ClaudeBot/1.0; +claudebot@anthropic.com)"
51.68.235.38 - - [08/Nov/2025:07:27:35 +0000] "GET /?fileloc=/var/www/vhosts/amphoragames.com/20250520_english_backup/wp-includes/class-wp-http-response.php&path=/var/www/vhosts/amphoragames.com/20250520_english_backup/wp-includes HTTP/1.1" 200 3662 "-" "Mozilla/5.0 (compatible; MJ12bot/v1.4.8; http://mj12bot.com/)"
74.7.227.116 - - [08/Nov/2025:07:27:37 +0000] "GET /?fileloc=/var/www/vhosts/amphoragames.com/httpdocs/en/wp-content/plugins/backwpup/vendor/microsoft/microsoft-graph/src/Beta/Microsoft/Graph/Model/TeamsAppDefinition.php&path=/var/www/vhosts/amphoragames.com/httpdocs/en/wp-content/plugins/backwpup/vendor/microsoft/microsoft-graph/src/Beta/Microsoft/Graph/Model HTTP/1.1" 200 4808 "-" "Mozilla/5.0 AppleWebKit/537.36 (KHTML, like Gecko; compatible; GPTBot/1.2; +https://openai.com/gptbot)"
216.73.216.32 - - [08/Nov/2025:07:27:38 +0000] "GET /img_20171013_011536_651?path=%2Fvar%2Fwww%2Fvhosts%2Famphoragames.com%2Fhttpdocs%2Fwp-includes%2Fsitemaps%2Fproviders HTTP/1.1" 200 3317 "-" "Mozilla/5.0 AppleWebKit/537.36 (KHTML, like Gecko; compatible; ClaudeBot/1.0; +claudebot@anthropic.com)"
51.68.235.38 - - [08/Nov/2025:07:27:39 +0000] "GET /?fileloc=/var/www/vhosts/amphoragames.com/20250520_english_backup/wp-includes/class-wp-http-streams.php&path=/var/www/vhosts/amphoragames.com/20250520_english_backup/wp-includes HTTP/1.1" 200 7314 "-" "Mozilla/5.0 (compatible; MJ12bot/v1.4.8; http://mj12bot.com/)"
74.7.227.116 - - [08/Nov/2025:07:27:40 +0000] "GET /?fileloc=/var/www/vhosts/amphoragames.com/httpdocs/en/wp-content/plugins/backwpup/vendor/microsoft/microsoft-graph/src/Beta/Microsoft/Graph/Model/RemoveProtectionAction.php&path=/var/www/vhosts/amphoragames.com/httpdocs/en/wp-content/plugins/backwpup/vendor/microsoft/microsoft-graph/src/Beta/Microsoft/Graph/Model HTTP/1.1" 200 3188 "-" "Mozilla/5.0 AppleWebKit/537.36 (KHTML, like Gecko; compatible; GPTBot/1.2; +https://openai.com/gptbot)"
216.73.216.32 - - [08/Nov/2025:07:27:41 +0000] "GET /img_20171014_000250_399?fileloc=%2Fvar%2Fwww%2Fvhosts%2Famphoragames.com%2Fhttpdocs%2Ffiles%2F.htaccess&path=%2Fvar%2Fwww%2Fvhosts%2Famphoragames.com%2Fhttpdocs%2Ffiles HTTP/1.1" 200 2892 "-" "Mozilla/5.0 AppleWebKit/537.36 (KHTML, like Gecko; compatible; ClaudeBot/1.0; +claudebot@anthropic.com)"
51.68.235.38 - - [08/Nov/2025:07:27:43 +0000] "GET /?fileloc=/var/www/vhosts/amphoragames.com/20250520_english_backup/wp-includes/class-wp-image-editor-imagick.php&path=/var/www/vhosts/amphoragames.com/20250520_english_backup/wp-includes HTTP/1.1" 200 8973 "-" "Mozilla/5.0 (compatible; MJ12bot/v1.4.8; http://mj12bot.com/)"
74.7.227.116 - - [08/Nov/2025:07:27:43 +0000] "GET /?fileloc=/var/www/vhosts/amphoragames.com/httpdocs/en/wp-content/plugins/backwpup/vendor/microsoft/microsoft-graph/src/Beta/Microsoft/Graph/Model/InvitedUserMessageInfo.php&path=/var/www/vhosts/amphoragames.com/httpdocs/en/wp-content/plugins/backwpup/vendor/microsoft/microsoft-graph/src/Beta/Microsoft/Graph/Model HTTP/1.1" 200 3767 "-" "Mozilla/5.0 AppleWebKit/537.36 (KHTML, like Gecko; compatible; GPTBot/1.2; +https://openai.com/gptbot)"
216.73.216.32 - - [08/Nov/2025:07:27:44 +0000] "GET /?fileloc=%2Fvar%2Fwww%2Fvhosts%2Famphoragames.com%2F20250520_english_backup%2Fwp-cron.php&path=%2Fvar%2Fwww%2Fvhosts%2Famphoragames.com%2F20250520_english_backup HTTP/1.1" 200 4463 "-" "Mozilla/5.0 AppleWebKit/537.36 (KHTML, like Gecko; compatible; ClaudeBot/1.0; +claudebot@anthropic.com)"
74.7.227.116 - - [08/Nov/2025:07:27:46 +0000] "GET /?fileloc=/var/www/vhosts/amphoragames.com/httpdocs/en/wp-content/plugins/backwpup/vendor/microsoft/microsoft-graph/src/Model/StartHoldMusicOperation.php&path=/var/www/vhosts/amphoragames.com/httpdocs/en/wp-content/plugins/backwpup/vendor/microsoft/microsoft-graph/src/Model HTTP/1.1" 200 3157 "-" "Mozilla/5.0 AppleWebKit/537.36 (KHTML, like Gecko; compatible; GPTBot/1.2; +https://openai.com/gptbot)"
51.68.235.38 - - [08/Nov/2025:07:27:46 +0000] "GET /?fileloc=/var/www/vhosts/amphoragames.com/20250520_english_backup/wp-includes/class-wp-image-editor.php&path=/var/www/vhosts/amphoragames.com/20250520_english_backup/wp-includes HTTP/1.1" 200 6179 "-" "Mozilla/5.0 (compatible; MJ12bot/v1.4.8; http://mj12bot.com/)"
216.73.216.32 - - [08/Nov/2025:07:27:47 +0000] "GET /img_20171013_011536_651?path=%2Fvar%2Fwww%2Fvhosts%2Famphoragames.com%2Fhttpdocs%2Fwp-includes%2Fblocks%2Ffootnotes HTTP/1.1" 200 3357 "-" "Mozilla/5.0 AppleWebKit/537.36 (KHTML, like Gecko; compatible; ClaudeBot/1.0; +claudebot@anthropic.com)"
74.7.227.116 - - [08/Nov/2025:07:27:49 +0000] "GET /?fileloc=/var/www/vhosts/amphoragames.com/httpdocs/en/wp-content/plugins/backwpup/vendor/microsoft/microsoft-graph/src/Model/BookingCustomQuestion.php&path=/var/www/vhosts/amphoragames.com/httpdocs/en/wp-content/plugins/backwpup/vendor/microsoft/microsoft-graph/src/Model HTTP/1.1" 200 3629 "-" "Mozilla/5.0 AppleWebKit/537.36 (KHTML, like Gecko; compatible; GPTBot/1.2; +https://openai.com/gptbot)"
51.68.235.38 - - [08/Nov/2025:07:27:50 +0000] "GET /?fileloc=/var/www/vhosts/amphoragames.com/20250520_english_backup/wp-includes/class-wp-list-util.php&path=/var/www/vhosts/amphoragames.com/20250520_english_backup/wp-includes HTTP/1.1" 200 4686 "-" "Mozilla/5.0 (compatible; MJ12bot/v1.4.8; http://mj12bot.com/)"
216.73.216.32 - - [08/Nov/2025:07:27:50 +0000] "GET /13987428_1171453239563706_7023951658021076736_o?fileloc=%2Fvar%2Fwww%2Fvhosts%2Famphoragames.com%2Fhttpdocs%2Fwp-content%2Flanguages%2Fadmin-es_ES.po&path=%2Fvar%2Fwww%2Fvhosts%2Famphoragames.com%2Fhttpdocs%2Fwp-content%2Flanguages HTTP/1.1" 200 207154 "-" "Mozilla/5.0 AppleWebKit/537.36 (KHTML, like Gecko; compatible; ClaudeBot/1.0; +claudebot@anthropic.com)"
74.7.227.116 - - [08/Nov/2025:07:27:52 +0000] "GET /?fileloc=/var/www/vhosts/amphoragames.com/httpdocs/en/wp-content/plugins/backwpup/vendor/microsoft/microsoft-graph/src/Beta/Microsoft/Graph/Model/OutlookTaskGroup.php&path=/var/www/vhosts/amphoragames.com/httpdocs/en/wp-content/plugins/backwpup/vendor/microsoft/microsoft-graph/src/Beta/Microsoft/Graph/Model HTTP/1.1" 200 3705 "-" "Mozilla/5.0 AppleWebKit/537.36 (KHTML, like Gecko; compatible; GPTBot/1.2; +https://openai.com/gptbot)"
216.73.216.32 - - [08/Nov/2025:07:27:53 +0000] "GET /scenario-1-rulebook-es?fileloc=%2Fvar%2Fwww%2Fvhosts%2Famphoragames.com%2Fhttpdocs%2Fwp-admin%2Fimages%2Fmedia-button-other.gif&path=%2Fvar%2Fwww%2Fvhosts%2Famphoragames.com%2Fhttpdocs%2Fwp-admin%2Fimages HTTP/1.1" 200 2823 "-" "Mozilla/5.0 AppleWebKit/537.36 (KHTML, like Gecko; compatible; ClaudeBot/1.0; +claudebot@anthropic.com)"
51.68.235.38 - - [08/Nov/2025:07:27:53 +0000] "GET /?fileloc=/var/www/vhosts/amphoragames.com/20250520_english_backup/wp-includes/class-wp-locale-switcher.php&path=/var/www/vhosts/amphoragames.com/20250520_english_backup/wp-includes HTTP/1.1" 200 4218 "-" "Mozilla/5.0 (compatible; MJ12bot/v1.4.8; http://mj12bot.com/)"
74.7.227.116 - - [08/Nov/2025:07:27:55 +0000] "GET /?fileloc=/var/www/vhosts/amphoragames.com/httpdocs/en/wp-content/plugins/backwpup/vendor/microsoft/microsoft-graph/src/Beta/Microsoft/Graph/Model/TemplateScenarios.php&path=/var/www/vhosts/amphoragames.com/httpdocs/en/wp-content/plugins/backwpup/vendor/microsoft/microsoft-graph/src/Beta/Microsoft/Graph/Model HTTP/1.1" 200 3408 "-" "Mozilla/5.0 AppleWebKit/537.36 (KHTML, like Gecko; compatible; GPTBot/1.2; +https://openai.com/gptbot)"
216.73.216.32 - - [08/Nov/2025:07:27:56 +0000] "GET /scenario-1-rulebook-es?fileloc=%2Fvar%2Fwww%2Fvhosts%2Famphoragames.com%2F20250520_english_backup%2Fwp-includes%2Ftemplate.php&path=%2Fvar%2Fwww%2Fvhosts%2Famphoragames.com%2F20250520_english_backup%2Fwp-includes HTTP/1.1" 200 6742 "-" "Mozilla/5.0 AppleWebKit/537.36 (KHTML, like Gecko; compatible; ClaudeBot/1.0; +claudebot@anthropic.com)"
51.68.235.38 - - [08/Nov/2025:07:27:57 +0000] "GET /?fileloc=/var/www/vhosts/amphoragames.com/20250520_english_backup/wp-includes/class-wp-locale.php&path=/var/www/vhosts/amphoragames.com/20250520_english_backup/wp-includes HTTP/1.1" 200 6003 "-" "Mozilla/5.0 (compatible; MJ12bot/v1.4.8; http://mj12bot.com/)"
66.249.79.37 - - [08/Nov/2025:07:27:58 +0000] "GET /product/edit/A2068009017 HTTP/1.1" 200 7813 "-" "Mozilla/5.0 (Linux; Android 6.0.1; Nexus 5X Build/MMB29P) AppleWebKit/537.36 (KHTML, like Gecko) Chrome/141.0.7390.122 Mobile Safari/537.36 (compatible; Googlebot/2.1; +http://www.google.com/bot.html)"
74.7.227.116 - - [08/Nov/2025:07:27:59 +0000] "GET /?fileloc=/var/www/vhosts/amphoragames.com/httpdocs/en/wp-content/plugins/backwpup/vendor/microsoft/microsoft-graph/src/Beta/Microsoft/Graph/Model/AttachmentSession.php&path=/var/www/vhosts/amphoragames.com/httpdocs/en/wp-content/plugins/backwpup/vendor/microsoft/microsoft-graph/src/Beta/Microsoft/Graph/Model HTTP/1.1" 200 3766 "-" "Mozilla/5.0 AppleWebKit/537.36 (KHTML, like Gecko; compatible; GPTBot/1.2; +https://openai.com/gptbot)"
216.73.216.32 - - [08/Nov/2025:07:27:59 +0000] "GET /img_20171013_145805_161?path=%2Fvar%2Fwww%2Fvhosts%2Famphoragames.com%2Fhttpdocs%2Fwp-content%2Fuploads%2F2023 HTTP/1.1" 200 3547 "-" "Mozilla/5.0 AppleWebKit/537.36 (KHTML, like Gecko; compatible; ClaudeBot/1.0; +claudebot@anthropic.com)"
66.249.79.37 - - [08/Nov/2025:07:28:00 +0000] "GET /pcmypage?callback=product/review/A2068009017 HTTP/1.1" 200 4495 "-" "Mozilla/5.0 (Linux; Android 6.0.1; Nexus 5X Build/MMB29P) AppleWebKit/537.36 (KHTML, like Gecko) Chrome/141.0.7390.122 Mobile Safari/537.36 (compatible; Googlebot/2.1; +http://www.google.com/bot.html)"
51.68.235.38 - - [08/Nov/2025:07:28:01 +0000] "GET /?fileloc=/var/www/vhosts/amphoragames.com/20250520_english_backup/wp-includes/class-wp-matchesmapregex.php&path=/var/www/vhosts/amphoragames.com/20250520_english_backup/wp-includes HTTP/1.1" 200 3488 "-" "Mozilla/5.0 (compatible; MJ12bot/v1.4.8; http://mj12bot.com/)"
74.7.227.116 - - [08/Nov/2025:07:28:02 +0000] "GET /?fileloc=/var/www/vhosts/amphoragames.com/httpdocs/en/wp-content/plugins/backwpup/vendor/microsoft/microsoft-graph/src/Beta/Microsoft/Graph/Model/PersonRelationship.php&path=/var/www/vhosts/amphoragames.com/httpdocs/en/wp-content/plugins/backwpup/vendor/microsoft/microsoft-graph/src/Beta/Microsoft/Graph/Model HTTP/1.1" 200 3503 "-" "Mozilla/5.0 AppleWebKit/537.36 (KHTML, like Gecko; compatible; GPTBot/1.2; +https://openai.com/gptbot)"
216.73.216.32 - - [08/Nov/2025:07:28:02 +0000] "GET /img_20171013_011536_651?path=%2Fvar%2Fwww%2Fvhosts%2Famphoragames.com%2Fhttpdocs%2Fwp-content%2Fuploads%2Fredux HTTP/1.1" 200 3227 "-" "Mozilla/5.0 AppleWebKit/537.36 (KHTML, like Gecko; compatible; ClaudeBot/1.0; +claudebot@anthropic.com)"
51.68.235.38 - - [08/Nov/2025:07:28:04 +0000] "GET /?fileloc=/var/www/vhosts/amphoragames.com/20250520_english_backup/wp-includes/class-wp-meta-query.php&path=/var/www/vhosts/amphoragames.com/20250520_english_backup/wp-includes HTTP/1.1" 200 9213 "-" "Mozilla/5.0 (compatible; MJ12bot/v1.4.8; http://mj12bot.com/)"
74.7.227.116 - - [08/Nov/2025:07:28:05 +0000] "GET /?fileloc=/var/www/vhosts/amphoragames.com/httpdocs/en/wp-content/plugins/backwpup/vendor/microsoft/microsoft-graph/src/Model/EducationTeamsAppResource.php&path=/var/www/vhosts/amphoragames.com/httpdocs/en/wp-content/plugins/backwpup/vendor/microsoft/microsoft-graph/src/Model HTTP/1.1" 200 3722 "-" "Mozilla/5.0 AppleWebKit/537.36 (KHTML, like Gecko; compatible; GPTBot/1.2; +https://openai.com/gptbot)"
216.73.216.32 - - [08/Nov/2025:07:28:05 +0000] "GET /img_20171013_011536_651?path=%2Fvar%2Fwww%2Fvhosts%2Famphoragames.com%2Fhttpdocs%2Fwp-includes%2Fblocks%2Ffreeform HTTP/1.1" 200 3372 "-" "Mozilla/5.0 AppleWebKit/537.36 (KHTML, like Gecko; compatible; ClaudeBot/1.0; +claudebot@anthropic.com)"
51.68.235.38 - - [08/Nov/2025:07:28:08 +0000] "GET /?fileloc=/var/www/vhosts/amphoragames.com/20250520_english_backup/wp-includes/class-wp-metadata-lazyloader.php&path=/var/www/vhosts/amphoragames.com/20250520_english_backup/wp-includes HTTP/1.1" 200 4474 "-" "Mozilla/5.0 (compatible; MJ12bot/v1.4.8; http://mj12bot.com/)"
74.7.227.116 - - [08/Nov/2025:07:28:08 +0000] "GET /?fileloc=/var/www/vhosts/amphoragames.com/httpdocs/en/wp-content/plugins/backwpup/vendor/microsoft/microsoft-graph/src/Beta/Microsoft/Graph/Model/OutlierContainerType.php&path=/var/www/vhosts/amphoragames.com/httpdocs/en/wp-content/plugins/backwpup/vendor/microsoft/microsoft-graph/src/Beta/Microsoft/Graph/Model HTTP/1.1" 200 3280 "-" "Mozilla/5.0 AppleWebKit/537.36 (KHTML, like Gecko; compatible; GPTBot/1.2; +https://openai.com/gptbot)"
216.73.216.32 - - [08/Nov/2025:07:28:08 +0000] "GET /img_20171013_011536_651?path=%2Fvar%2Fwww%2Fvhosts%2Famphoragames.com%2Fhttpdocs%2Fwp-includes%2Fblocks%2Fcomment-author-name HTTP/1.1" 200 3362 "-" "Mozilla/5.0 AppleWebKit/537.36 (KHTML, like Gecko; compatible; ClaudeBot/1.0; +claudebot@anthropic.com)"
74.7.227.116 - - [08/Nov/2025:07:28:11 +0000] "GET /?fileloc=/var/www/vhosts/amphoragames.com/httpdocs/en/wp-content/plugins/backwpup/vendor/microsoft/microsoft-graph/src/Beta/Microsoft/Graph/Model/SecurityActionState.php&path=/var/www/vhosts/amphoragames.com/httpdocs/en/wp-content/plugins/backwpup/vendor/microsoft/microsoft-graph/src/Beta/Microsoft/Graph/Model HTTP/1.1" 200 3973 "-" "Mozilla/5.0 AppleWebKit/537.36 (KHTML, like Gecko; compatible; GPTBot/1.2; +https://openai.com/gptbot)"
51.68.235.38 - - [08/Nov/2025:07:28:11 +0000] "GET /?fileloc=/var/www/vhosts/amphoragames.com/20250520_english_backup/wp-includes/class-wp-network-query.php&path=/var/www/vhosts/amphoragames.com/20250520_english_backup/wp-includes HTTP/1.1" 200 7190 "-" "Mozilla/5.0 (compatible; MJ12bot/v1.4.8; http://mj12bot.com/)"
216.73.216.32 - - [08/Nov/2025:07:28:11 +0000] "GET /?fileloc=%2Fvar%2Fwww%2Fvhosts%2Famphoragames.com%2F20250520_english_backup_updated%2Fwp-mail.php&path=%2Fvar%2Fwww%2Fvhosts%2Famphoragames.com%2F20250520_english_backup_updated HTTP/1.1" 200 5707 "-" "Mozilla/5.0 AppleWebKit/537.36 (KHTML, like Gecko; compatible; ClaudeBot/1.0; +claudebot@anthropic.com)"
66.249.79.37 - - [08/Nov/2025:07:28:14 +0000] "GET /entity/1147598667.shtm?fileloc=/var/www/vhosts/amphoragames.com/httpdocs/wp-admin/menu.php&path=/var/www/vhosts/amphoragames.com/httpdocs/wp-admin HTTP/1.1" 200 10709 "-" "Mozilla/5.0 (Linux; Android 6.0.1; Nexus 5X Build/MMB29P) AppleWebKit/537.36 (KHTML, like Gecko) Chrome/141.0.7390.122 Mobile Safari/537.36 (compatible; Googlebot/2.1; +http://www.google.com/bot.html)"
216.73.216.32 - - [08/Nov/2025:07:28:14 +0000] "GET /20161009_125844?path=%2Fvar%2Fwww%2Fvhosts HTTP/1.1" 200 2816 "-" "Mozilla/5.0 AppleWebKit/537.36 (KHTML, like Gecko; compatible; ClaudeBot/1.0; +claudebot@anthropic.com)"
74.7.227.116 - - [08/Nov/2025:07:28:15 +0000] "GET /?fileloc=/var/www/vhosts/amphoragames.com/httpdocs/en/wp-content/plugins/backwpup/vendor/microsoft/microsoft-graph/src/Beta/Microsoft/Graph/Model/ActivityHistoryItem.php&path=/var/www/vhosts/amphoragames.com/httpdocs/en/wp-content/plugins/backwpup/vendor/microsoft/microsoft-graph/src/Beta/Microsoft/Graph/Model HTTP/1.1" 200 4054 "-" "Mozilla/5.0 AppleWebKit/537.36 (KHTML, like Gecko; compatible; GPTBot/1.2; +https://openai.com/gptbot)"
51.68.235.38 - - [08/Nov/2025:07:28:15 +0000] "GET /?fileloc=/var/www/vhosts/amphoragames.com/20250520_english_backup/wp-includes/class-wp-network.php&path=/var/www/vhosts/amphoragames.com/20250520_english_backup/wp-includes HTTP/1.1" 200 6532 "-" "Mozilla/5.0 (compatible; MJ12bot/v1.4.8; http://mj12bot.com/)"
66.249.79.37 - - [08/Nov/2025:07:28:16 +0000] "GET /entity/240613010.shtm HTTP/1.1" 200 4495 "-" "Mozilla/5.0 (Linux; Android 6.0.1; Nexus 5X Build/MMB29P) AppleWebKit/537.36 (KHTML, like Gecko) Chrome/141.0.7390.122 Mobile Safari/537.36 (compatible; Googlebot/2.1; +http://www.google.com/bot.html)"
216.73.216.32 - - [08/Nov/2025:07:28:17 +0000] "GET /img_20171013_011536_651?path=%2Fvar%2Fwww%2Fvhosts%2Famphoragames.com%2Fhttpdocs%2Fwp-content%2Fuploads%2Fbackwpup-89abe5-logs HTTP/1.1" 200 3720 "-" "Mozilla/5.0 AppleWebKit/537.36 (KHTML, like Gecko; compatible; ClaudeBot/1.0; +claudebot@anthropic.com)"
74.7.227.116 - - [08/Nov/2025:07:28:18 +0000] "GET /?fileloc=/var/www/vhosts/amphoragames.com/httpdocs/en/wp-content/plugins/backwpup/vendor/microsoft/microsoft-graph/src/Beta/Microsoft/Graph/Model/EducationTeacher.php&path=/var/www/vhosts/amphoragames.com/httpdocs/en/wp-content/plugins/backwpup/vendor/microsoft/microsoft-graph/src/Beta/Microsoft/Graph/Model HTTP/1.1" 200 3458 "-" "Mozilla/5.0 AppleWebKit/537.36 (KHTML, like Gecko; compatible; GPTBot/1.2; +https://openai.com/gptbot)"
66.249.79.37 - - [08/Nov/2025:07:28:18 +0000] "GET /entity/1048648680.shtm?fileloc=/var/www/vhosts/amphoragames.com/httpdocs/wp-blog-header.php&path=/var/www/vhosts/amphoragames.com/httpdocs HTTP/1.1" 200 3180 "-" "Mozilla/5.0 (Linux; Android 6.0.1; Nexus 5X Build/MMB29P) AppleWebKit/537.36 (KHTML, like Gecko) Chrome/141.0.7390.122 Mobile Safari/537.36 (compatible; Googlebot/2.1; +http://www.google.com/bot.html)"
51.68.235.38 - - [08/Nov/2025:07:28:19 +0000] "GET /?fileloc=/var/www/vhosts/amphoragames.com/20250520_english_backup/wp-includes/class-wp-oembed-controller.php&path=/var/www/vhosts/amphoragames.com/20250520_english_backup/wp-includes HTTP/1.1" 200 4645 "-" "Mozilla/5.0 (compatible; MJ12bot/v1.4.8; http://mj12bot.com/)"
66.249.79.37 - - [08/Nov/2025:07:28:20 +0000] "GET /2017/06/10/aprende-a-jugar-a-pentaurus-duel-en-el-canal-de-sulker/?path=/var/www/vhosts/amphoragames.com/httpdocs/wp-content/uploads/2019/01 HTTP/1.1" 200 11099 "-" "Mozilla/5.0 (Linux; Android 6.0.1; Nexus 5X Build/MMB29P) AppleWebKit/537.36 (KHTML, like Gecko) Chrome/141.0.7390.122 Mobile Safari/537.36 (compatible; GoogleOther)"
216.73.216.32 - - [08/Nov/2025:07:28:20 +0000] "GET /img_20171013_011536_651?path=%2Fvar%2Fwww%2Fvhosts%2Famphoragames.com%2Fcore_OLD%2Fjs HTTP/1.1" 200 3128 "-" "Mozilla/5.0 AppleWebKit/537.36 (KHTML, like Gecko; compatible; ClaudeBot/1.0; +claudebot@anthropic.com)"
74.7.227.116 - - [08/Nov/2025:07:28:21 +0000] "GET /?fileloc=/var/www/vhosts/amphoragames.com/httpdocs/en/wp-content/plugins/backwpup/vendor/microsoft/microsoft-graph/src/Beta/Microsoft/Graph/Model/MobileAppDependency.php&path=/var/www/vhosts/amphoragames.com/httpdocs/en/wp-content/plugins/backwpup/vendor/microsoft/microsoft-graph/src/Beta/Microsoft/Graph/Model HTTP/1.1" 200 3661 "-" "Mozilla/5.0 AppleWebKit/537.36 (KHTML, like Gecko; compatible; GPTBot/1.2; +https://openai.com/gptbot)"
66.249.79.37 - - [08/Nov/2025:07:28:22 +0000] "GET /entity/1147598667.shtm?fileloc=/var/www/vhosts/amphoragames.com/httpdocs/wp-admin/credits.php&path=/var/www/vhosts/amphoragames.com/httpdocs/wp-admin HTTP/1.1" 200 4101 "-" "Mozilla/5.0 (Linux; Android 6.0.1; Nexus 5X Build/MMB29P) AppleWebKit/537.36 (KHTML, like Gecko) Chrome/141.0.7390.122 Mobile Safari/537.36 (compatible; Googlebot/2.1; +http://www.google.com/bot.html)"
51.68.235.38 - - [08/Nov/2025:07:28:22 +0000] "GET /?fileloc=/var/www/vhosts/amphoragames.com/20250520_english_backup/wp-includes/class-wp-paused-extensions-storage.php&path=/var/www/vhosts/amphoragames.com/20250520_english_backup/wp-includes HTTP/1.1" 200 3975 "-" "Mozilla/5.0 (compatible; MJ12bot/v1.4.8; http://mj12bot.com/)"
216.73.216.32 - - [08/Nov/2025:07:28:23 +0000] "GET /img_20171014_000250_399?fileloc=%2Fvar%2Fwww%2Fvhosts%2Famphoragames.com%2F20250520_english_backup%2Fwp-admin%2Fnetwork%2Fsetup.php&path=%2Fvar%2Fwww%2Fvhosts%2Famphoragames.com%2F20250520_english_backup%2Fwp-admin%2Fnetwork HTTP/1.1" 200 2978 "-" "Mozilla/5.0 AppleWebKit/537.36 (KHTML, like Gecko; compatible; ClaudeBot/1.0; +claudebot@anthropic.com)"
66.249.79.37 - - [08/Nov/2025:07:28:24 +0000] "GET /entity/1183481003.shtm HTTP/1.1" 200 4495 "-" "Mozilla/5.0 (Linux; Android 6.0.1; Nexus 5X Build/MMB29P) AppleWebKit/537.36 (KHTML, like Gecko) Chrome/141.0.7390.122 Mobile Safari/537.36 (compatible; Googlebot/2.1; +http://www.google.com/bot.html)"
74.7.227.116 - - [08/Nov/2025:07:28:24 +0000] "GET /?fileloc=/var/www/vhosts/amphoragames.com/httpdocs/en/wp-content/plugins/backwpup/vendor/microsoft/microsoft-graph/src/Beta/Microsoft/Graph/Model/LicenseUnitsDetail.php&path=/var/www/vhosts/amphoragames.com/httpdocs/en/wp-content/plugins/backwpup/vendor/microsoft/microsoft-graph/src/Beta/Microsoft/Graph/Model HTTP/1.1" 200 3737 "-" "Mozilla/5.0 AppleWebKit/537.36 (KHTML, like Gecko; compatible; GPTBot/1.2; +https://openai.com/gptbot)"
66.249.79.37 - - [08/Nov/2025:07:28:25 +0000] "GET /entity/115350641.shtm?path=/var/www/vhosts/amphoragames.com/httpdocs/wp-includes/assets HTTP/1.1" 200 3531 "-" "Mozilla/5.0 (Linux; Android 6.0.1; Nexus 5X Build/MMB29P) AppleWebKit/537.36 (KHTML, like Gecko) Chrome/141.0.7390.122 Mobile Safari/537.36 (compatible; Googlebot/2.1; +http://www.google.com/bot.html)"
51.68.235.38 - - [08/Nov/2025:07:28:26 +0000] "GET /?fileloc=/var/www/vhosts/amphoragames.com/20250520_english_backup/wp-includes/class-wp-post-type.php&path=/var/www/vhosts/amphoragames.com/20250520_english_backup/wp-includes HTTP/1.1" 200 7387 "-" "Mozilla/5.0 (compatible; MJ12bot/v1.4.8; http://mj12bot.com/)"
216.73.216.32 - - [08/Nov/2025:07:28:26 +0000] "GET /2017/11/16/nuestro-paso-por-la-bgc-de-malaga/img_20171112_144607_977/feed?fileloc=%2Fvar%2Fwww%2Fvhosts%2Famphoragames.com%2Fhttpdocs%2Femail%2Femail%2Femail%2Femail%2Findex.php&path=%2Fvar%2Fwww%2Fvhosts%2Famphoragames.com%2Fhttpdocs%2Femail%2Femail%2Femail%2Femail HTTP/1.1" 200 3810 "-" "Mozilla/5.0 AppleWebKit/537.36 (KHTML, like Gecko; compatible; ClaudeBot/1.0; +claudebot@anthropic.com)"
74.7.227.116 - - [08/Nov/2025:07:28:27 +0000] "GET /?fileloc=/var/www/vhosts/amphoragames.com/httpdocs/en/wp-content/plugins/backwpup/vendor/microsoft/microsoft-graph/src/Beta/Microsoft/Graph/Model/AppHostedMediaConfig.php&path=/var/www/vhosts/amphoragames.com/httpdocs/en/wp-content/plugins/backwpup/vendor/microsoft/microsoft-graph/src/Beta/Microsoft/Graph/Model HTTP/1.1" 200 3560 "-" "Mozilla/5.0 AppleWebKit/537.36 (KHTML, like Gecko; compatible; GPTBot/1.2; +https://openai.com/gptbot)"
66.249.79.37 - - [08/Nov/2025:07:28:27 +0000] "GET /entity/782947876.shtm HTTP/1.1" 200 4495 "-" "Mozilla/5.0 (Linux; Android 6.0.1; Nexus 5X Build/MMB29P) AppleWebKit/537.36 (KHTML, like Gecko) Chrome/141.0.7390.122 Mobile Safari/537.36 (compatible; Googlebot/2.1; +http://www.google.com/bot.html)"
66.249.79.37 - - [08/Nov/2025:07:28:29 +0000] "GET /entity/1147598667.shtm?fileloc=/var/www/vhosts/amphoragames.com/httpdocs/wp-admin/media-new.php&path=/var/www/vhosts/amphoragames.com/httpdocs/wp-admin HTTP/1.1" 200 4328 "-" "Mozilla/5.0 (Linux; Android 6.0.1; Nexus 5X Build/MMB29P) AppleWebKit/537.36 (KHTML, like Gecko) Chrome/141.0.7390.122 Mobile Safari/537.36 (compatible; Googlebot/2.1; +http://www.google.com/bot.html)"
216.73.216.32 - - [08/Nov/2025:07:28:29 +0000] "GET /img_20171013_145805_161?path=%2Fvar%2Fwww%2Fvhosts%2Famphoragames.com%2Fhttpdocs%2Fwp-includes%2Fblocks%2Fparagraph HTTP/1.1" 200 3484 "-" "Mozilla/5.0 AppleWebKit/537.36 (KHTML, like Gecko; compatible; ClaudeBot/1.0; +claudebot@anthropic.com)"
51.68.235.38 - - [08/Nov/2025:07:28:30 +0000] "GET /?fileloc=/var/www/vhosts/amphoragames.com/20250520_english_backup/wp-includes/class-wp-post.php&path=/var/www/vhosts/amphoragames.com/20250520_english_backup/wp-includes HTTP/1.1" 200 4486 "-" "Mozilla/5.0 (compatible; MJ12bot/v1.4.8; http://mj12bot.com/)"
74.7.227.116 - - [08/Nov/2025:07:28:30 +0000] "GET /?fileloc=/var/www/vhosts/amphoragames.com/httpdocs/en/wp-content/plugins/backwpup/vendor/microsoft/microsoft-graph/src/Beta/Microsoft/Graph/Networkaccess/Model/IpSubnet.php&path=/var/www/vhosts/amphoragames.com/httpdocs/en/wp-content/plugins/backwpup/vendor/microsoft/microsoft-graph/src/Beta/Microsoft/Graph/Networkaccess/Model HTTP/1.1" 200 3590 "-" "Mozilla/5.0 AppleWebKit/537.36 (KHTML, like Gecko; compatible; GPTBot/1.2; +https://openai.com/gptbot)"
66.249.79.37 - - [08/Nov/2025:07:28:31 +0000] "GET /entity/1147598667.shtm?fileloc=/var/www/vhosts/amphoragames.com/httpdocs/wp-admin/privacy.php&path=/var/www/vhosts/amphoragames.com/httpdocs/wp-admin HTTP/1.1" 200 3869 "-" "Mozilla/5.0 (Linux; Android 6.0.1; Nexus 5X Build/MMB29P) AppleWebKit/537.36 (KHTML, like Gecko) Chrome/141.0.7390.122 Mobile Safari/537.36 (compatible; Googlebot/2.1; +http://www.google.com/bot.html)"
66.249.79.37 - - [08/Nov/2025:07:28:33 +0000] "GET /entity/1219901454.shtm?fileloc=/var/www/vhosts/amphoragames.com/httpdocs/robots.txt&path=/var/www/vhosts/amphoragames.com/httpdocs HTTP/1.1" 200 2890 "-" "Mozilla/5.0 (Linux; Android 6.0.1; Nexus 5X Build/MMB29P) AppleWebKit/537.36 (KHTML, like Gecko) Chrome/141.0.7390.122 Mobile Safari/537.36 (compatible; Googlebot/2.1; +http://www.google.com/bot.html)"
74.7.227.116 - - [08/Nov/2025:07:28:33 +0000] "GET /?fileloc=/var/www/vhosts/amphoragames.com/httpdocs/en/wp-content/plugins/backwpup/vendor/microsoft/microsoft-graph/src/Beta/Microsoft/Graph/Model/AndroidForWorkSettings.php&path=/var/www/vhosts/amphoragames.com/httpdocs/en/wp-content/plugins/backwpup/vendor/microsoft/microsoft-graph/src/Beta/Microsoft/Graph/Model HTTP/1.1" 200 4441 "-" "Mozilla/5.0 AppleWebKit/537.36 (KHTML, like Gecko; compatible; GPTBot/1.2; +https://openai.com/gptbot)"
51.68.235.38 - - [08/Nov/2025:07:28:34 +0000] "GET /?fileloc=/var/www/vhosts/amphoragames.com/20250520_english_backup/wp-includes/class-wp-query.php&path=/var/www/vhosts/amphoragames.com/20250520_english_backup/wp-includes HTTP/1.1" 200 30157 "-" "Mozilla/5.0 (compatible; MJ12bot/v1.4.8; http://mj12bot.com/)"
66.249.79.37 - - [08/Nov/2025:07:28:34 +0000] "GET /entity/775111476.shtm?path=/var/www/vhosts/amphoragames.com/httpdocs HTTP/1.1" 200 4495 "-" "Mozilla/5.0 (Linux; Android 6.0.1; Nexus 5X Build/MMB29P) AppleWebKit/537.36 (KHTML, like Gecko) Chrome/141.0.7390.122 Mobile Safari/537.36 (compatible; Googlebot/2.1; +http://www.google.com/bot.html)"
66.249.79.37 - - [08/Nov/2025:07:28:36 +0000] "GET /entity/413775610.shtm HTTP/1.1" 200 4495 "-" "Mozilla/5.0 (Linux; Android 6.0.1; Nexus 5X Build/MMB29P) AppleWebKit/537.36 (KHTML, like Gecko) Chrome/141.0.7390.122 Mobile Safari/537.36 (compatible; Googlebot/2.1; +http://www.google.com/bot.html)"
74.7.227.116 - - [08/Nov/2025:07:28:37 +0000] "GET /?fileloc=/var/www/vhosts/amphoragames.com/httpdocs/en/wp-content/plugins/backwpup/vendor/microsoft/microsoft-graph/src/Beta/Microsoft/Graph/Model/SensitivityLabel.php&path=/var/www/vhosts/amphoragames.com/httpdocs/en/wp-content/plugins/backwpup/vendor/microsoft/microsoft-graph/src/Beta/Microsoft/Graph/Model HTTP/1.1" 200 4187 "-" "Mozilla/5.0 AppleWebKit/537.36 (KHTML, like Gecko; compatible; GPTBot/1.2; +https://openai.com/gptbot)"
51.68.235.38 - - [08/Nov/2025:07:28:37 +0000] "GET /?fileloc=/var/www/vhosts/amphoragames.com/20250520_english_backup/wp-includes/class-wp-recovery-mode-cookie-service.php&path=/var/www/vhosts/amphoragames.com/20250520_english_backup/wp-includes HTTP/1.1" 200 4683 "-" "Mozilla/5.0 (compatible; MJ12bot/v1.4.8; http://mj12bot.com/)"
66.249.79.37 - - [08/Nov/2025:07:28:38 +0000] "GET /entity/1048648680.shtm?fileloc=/var/www/vhosts/amphoragames.com/httpdocs/readme.html&path=/var/www/vhosts/amphoragames.com/httpdocs HTTP/1.1" 200 5890 "-" "Mozilla/5.0 (Linux; Android 6.0.1; Nexus 5X Build/MMB29P) AppleWebKit/537.36 (KHTML, like Gecko) Chrome/141.0.7390.122 Mobile Safari/537.36 (compatible; Googlebot/2.1; +http://www.google.com/bot.html)"
66.249.79.37 - - [08/Nov/2025:07:28:40 +0000] "GET /entity/457673573.shtm?fileloc=/var/www/vhosts/amphoragames.com/httpdocs/wp-cron.php&path=/var/www/vhosts/amphoragames.com/httpdocs HTTP/1.1" 200 4931 "-" "Mozilla/5.0 (Linux; Android 6.0.1; Nexus 5X Build/MMB29P) AppleWebKit/537.36 (KHTML, like Gecko) Chrome/141.0.7390.122 Mobile Safari/537.36 (compatible; Googlebot/2.1; +http://www.google.com/bot.html)"
74.7.227.116 - - [08/Nov/2025:07:28:40 +0000] "GET /?fileloc=/var/www/vhosts/amphoragames.com/httpdocs/en/wp-content/plugins/backwpup/vendor/microsoft/microsoft-graph/src/Model/ProfileCardAnnotation.php&path=/var/www/vhosts/amphoragames.com/httpdocs/en/wp-content/plugins/backwpup/vendor/microsoft/microsoft-graph/src/Model HTTP/1.1" 200 3492 "-" "Mozilla/5.0 AppleWebKit/537.36 (KHTML, like Gecko; compatible; GPTBot/1.2; +https://openai.com/gptbot)"
51.68.235.38 - - [08/Nov/2025:07:28:41 +0000] "GET /?fileloc=/var/www/vhosts/amphoragames.com/20250520_english_backup/wp-includes/class-wp-recovery-mode-email-service.php&path=/var/www/vhosts/amphoragames.com/20250520_english_backup/wp-includes HTTP/1.1" 200 5651 "-" "Mozilla/5.0 (compatible; MJ12bot/v1.4.8; http://mj12bot.com/)"
66.249.79.37 - - [08/Nov/2025:07:28:42 +0000] "GET /entity/53400611.shtm HTTP/1.1" 200 4495 "-" "Mozilla/5.0 (Linux; Android 6.0.1; Nexus 5X Build/MMB29P) AppleWebKit/537.36 (KHTML, like Gecko) Chrome/141.0.7390.122 Mobile Safari/537.36 (compatible; Googlebot/2.1; +http://www.google.com/bot.html)"
74.7.227.116 - - [08/Nov/2025:07:28:43 +0000] "GET /?fileloc=/var/www/vhosts/amphoragames.com/httpdocs/en/wp-content/plugins/backwpup/vendor/microsoft/microsoft-graph/src/Beta/Microsoft/Graph/Model/DomainDnsSrvRecord.php&path=/var/www/vhosts/amphoragames.com/httpdocs/en/wp-content/plugins/backwpup/vendor/microsoft/microsoft-graph/src/Beta/Microsoft/Graph/Model HTTP/1.1" 200 3703 "-" "Mozilla/5.0 AppleWebKit/537.36 (KHTML, like Gecko; compatible; GPTBot/1.2; +https://openai.com/gptbot)"
66.249.79.37 - - [08/Nov/2025:07:28:43 +0000] "GET /entity/457673573.shtm?fileloc=/var/www/vhosts/amphoragames.com/httpdocs/readme.html&path=/var/www/vhosts/amphoragames.com/httpdocs HTTP/1.1" 200 5890 "-" "Mozilla/5.0 (Linux; Android 6.0.1; Nexus 5X Build/MMB29P) AppleWebKit/537.36 (KHTML, like Gecko) Chrome/141.0.7390.122 Mobile Safari/537.36 (compatible; Googlebot/2.1; +http://www.google.com/bot.html)"
51.68.235.38 - - [08/Nov/2025:07:28:44 +0000] "GET /?fileloc=/var/www/vhosts/amphoragames.com/20250520_english_backup/wp-includes/class-wp-recovery-mode-key-service.php&path=/var/www/vhosts/amphoragames.com/20250520_english_backup/wp-includes HTTP/1.1" 200 4100 "-" "Mozilla/5.0 (compatible; MJ12bot/v1.4.8; http://mj12bot.com/)"
66.249.79.37 - - [08/Nov/2025:07:28:45 +0000] "GET /entity/1147598667.shtm?fileloc=/var/www/vhosts/amphoragames.com/httpdocs/wp-admin/erase-personal-data.php&path=/var/www/vhosts/amphoragames.com/httpdocs/wp-admin HTTP/1.1" 200 5594 "-" "Mozilla/5.0 (Linux; Android 6.0.1; Nexus 5X Build/MMB29P) AppleWebKit/537.36 (KHTML, like Gecko) Chrome/141.0.7390.122 Mobile Safari/537.36 (compatible; Googlebot/2.1; +http://www.google.com/bot.html)"
74.7.227.116 - - [08/Nov/2025:07:28:46 +0000] "GET /?fileloc=/var/www/vhosts/amphoragames.com/httpdocs/en/wp-content/plugins/backwpup/vendor/microsoft/microsoft-graph/src/Beta/Microsoft/Graph/Model/GroupLifecyclePolicy.php&path=/var/www/vhosts/amphoragames.com/httpdocs/en/wp-content/plugins/backwpup/vendor/microsoft/microsoft-graph/src/Beta/Microsoft/Graph/Model HTTP/1.1" 200 3718 "-" "Mozilla/5.0 AppleWebKit/537.36 (KHTML, like Gecko; compatible; GPTBot/1.2; +https://openai.com/gptbot)"
66.249.79.37 - - [08/Nov/2025:07:28:47 +0000] "GET /entity/1147598667.shtm?path=/var/www/vhosts/amphoragames.com/httpdocs/wp-admin/includes HTTP/1.1" 200 7121 "-" "Mozilla/5.0 (Linux; Android 6.0.1; Nexus 5X Build/MMB29P) AppleWebKit/537.36 (KHTML, like Gecko) Chrome/141.0.7390.122 Mobile Safari/537.36 (compatible; Googlebot/2.1; +http://www.google.com/bot.html)"
207.46.13.36 - - [08/Nov/2025:07:28:47 +0000] "GET /entity/1066457400.shtm HTTP/1.1" 200 7863 "-" "Mozilla/5.0 AppleWebKit/537.36 (KHTML, like Gecko; compatible; bingbot/2.0; +http://www.bing.com/bingbot.htm) Chrome/116.0.1938.76 Safari/537.36"
51.68.235.38 - - [08/Nov/2025:07:28:48 +0000] "GET /?fileloc=/var/www/vhosts/amphoragames.com/20250520_english_backup/wp-includes/class-wp-recovery-mode-link-service.php&path=/var/www/vhosts/amphoragames.com/20250520_english_backup/wp-includes HTTP/1.1" 200 3899 "-" "Mozilla/5.0 (compatible; MJ12bot/v1.4.8; http://mj12bot.com/)"
66.249.79.37 - - [08/Nov/2025:07:28:49 +0000] "GET /entity/1147598667.shtm?fileloc=/var/www/vhosts/amphoragames.com/httpdocs/wp-admin/update.php&path=/var/www/vhosts/amphoragames.com/httpdocs/wp-admin HTTP/1.1" 200 5508 "-" "Mozilla/5.0 (Linux; Android 6.0.1; Nexus 5X Build/MMB29P) AppleWebKit/537.36 (KHTML, like Gecko) Chrome/141.0.7390.122 Mobile Safari/537.36 (compatible; Googlebot/2.1; +http://www.google.com/bot.html)"
74.7.227.116 - - [08/Nov/2025:07:28:49 +0000] "GET /?fileloc=/var/www/vhosts/amphoragames.com/httpdocs/en/wp-content/plugins/backwpup/vendor/microsoft/microsoft-graph/src/Beta/Microsoft/Graph/Model/WindowsMicrosoftEdgeApp.php&path=/var/www/vhosts/amphoragames.com/httpdocs/en/wp-content/plugins/backwpup/vendor/microsoft/microsoft-graph/src/Beta/Microsoft/Graph/Model HTTP/1.1" 200 3642 "-" "Mozilla/5.0 AppleWebKit/537.36 (KHTML, like Gecko; compatible; GPTBot/1.2; +https://openai.com/gptbot)"
66.249.79.37 - - [08/Nov/2025:07:28:50 +0000] "GET /entity/1147598667.shtm?path=/var/www/vhosts/amphoragames.com/httpdocs/wp-admin/js HTTP/1.1" 200 6577 "-" "Mozilla/5.0 (Linux; Android 6.0.1; Nexus 5X Build/MMB29P) AppleWebKit/537.36 (KHTML, like Gecko) Chrome/141.0.7390.122 Mobile Safari/537.36 (compatible; Googlebot/2.1; +http://www.google.com/bot.html)"
51.68.235.38 - - [08/Nov/2025:07:28:52 +0000] "GET /?fileloc=/var/www/vhosts/amphoragames.com/20250520_english_backup/wp-includes/class-wp-recovery-mode.php&path=/var/www/vhosts/amphoragames.com/20250520_english_backup/wp-includes HTTP/1.1" 200 5917 "-" "Mozilla/5.0 (compatible; MJ12bot/v1.4.8; http://mj12bot.com/)"
66.249.79.37 - - [08/Nov/2025:07:28:52 +0000] "GET /entity/1147598667.shtm?fileloc=/var/www/vhosts/amphoragames.com/httpdocs/wp-admin/options.php&path=/var/www/vhosts/amphoragames.com/httpdocs/wp-admin HTTP/1.1" 200 7312 "-" "Mozilla/5.0 (Linux; Android 6.0.1; Nexus 5X Build/MMB29P) AppleWebKit/537.36 (KHTML, like Gecko) Chrome/141.0.7390.122 Mobile Safari/537.36 (compatible; Googlebot/2.1; +http://www.google.com/bot.html)"
74.7.227.116 - - [08/Nov/2025:07:28:53 +0000] "GET /?fileloc=/var/www/vhosts/amphoragames.com/httpdocs/en/wp-content/plugins/backwpup/vendor/microsoft/microsoft-graph/src/Beta/Microsoft/Graph/Model/VisibilitySetting.php&path=/var/www/vhosts/amphoragames.com/httpdocs/en/wp-content/plugins/backwpup/vendor/microsoft/microsoft-graph/src/Beta/Microsoft/Graph/Model HTTP/1.1" 200 3281 "-" "Mozilla/5.0 AppleWebKit/537.36 (KHTML, like Gecko; compatible; GPTBot/1.2; +https://openai.com/gptbot)"
66.249.79.37 - - [08/Nov/2025:07:28:54 +0000] "GET /entity/1147598667.shtm?fileloc=/var/www/vhosts/amphoragames.com/httpdocs/wp-admin/admin-post.php&path=/var/www/vhosts/amphoragames.com/httpdocs/wp-admin HTTP/1.1" 200 3574 "-" "Mozilla/5.0 (Linux; Android 6.0.1; Nexus 5X Build/MMB29P) AppleWebKit/537.36 (KHTML, like Gecko) Chrome/141.0.7390.122 Mobile Safari/537.36 (compatible; Googlebot/2.1; +http://www.google.com/bot.html)"
51.68.235.38 - - [08/Nov/2025:07:28:55 +0000] "GET /?fileloc=/var/www/vhosts/amphoragames.com/20250520_english_backup/wp-includes/class-wp-rewrite.php&path=/var/www/vhosts/amphoragames.com/20250520_english_backup/wp-includes HTTP/1.1" 200 17318 "-" "Mozilla/5.0 (compatible; MJ12bot/v1.4.8; http://mj12bot.com/)"
74.7.227.116 - - [08/Nov/2025:07:28:56 +0000] "GET /?fileloc=/var/www/vhosts/amphoragames.com/httpdocs/en/wp-content/plugins/backwpup/vendor/microsoft/microsoft-graph/src/Beta/Microsoft/Graph/Model/AccessReviewDecision.php&path=/var/www/vhosts/amphoragames.com/httpdocs/en/wp-content/plugins/backwpup/vendor/microsoft/microsoft-graph/src/Beta/Microsoft/Graph/Model HTTP/1.1" 200 4234 "-" "Mozilla/5.0 AppleWebKit/537.36 (KHTML, like Gecko; compatible; GPTBot/1.2; +https://openai.com/gptbot)"
66.249.79.37 - - [08/Nov/2025:07:28:56 +0000] "GET /entity/1147598667.shtm?fileloc=/var/www/vhosts/amphoragames.com/httpdocs/wp-admin/theme-editor.php&path=/var/www/vhosts/amphoragames.com/httpdocs/wp-admin HTTP/1.1" 200 8191 "-" "Mozilla/5.0 (Linux; Android 6.0.1; Nexus 5X Build/MMB29P) AppleWebKit/537.36 (KHTML, like Gecko) Chrome/141.0.7390.122 Mobile Safari/537.36 (compatible; Googlebot/2.1; +http://www.google.com/bot.html)"
207.46.13.36 - - [08/Nov/2025:07:28:57 +0000] "GET /entity/1403966682.shtm HTTP/1.1" 200 7863 "-" "Mozilla/5.0 AppleWebKit/537.36 (KHTML, like Gecko; compatible; bingbot/2.0; +http://www.bing.com/bingbot.htm) Chrome/116.0.1938.76 Safari/537.36"
66.249.79.37 - - [08/Nov/2025:07:28:58 +0000] "GET /entity/1147598667.shtm?fileloc=/var/www/vhosts/amphoragames.com/httpdocs/wp-admin/edit-comments.php&path=/var/www/vhosts/amphoragames.com/httpdocs/wp-admin HTTP/1.1" 200 6922 "-" "Mozilla/5.0 (Linux; Android 6.0.1; Nexus 5X Build/MMB29P) AppleWebKit/537.36 (KHTML, like Gecko) Chrome/141.0.7390.122 Mobile Safari/537.36 (compatible; Googlebot/2.1; +http://www.google.com/bot.html)"
74.7.227.116 - - [08/Nov/2025:07:28:59 +0000] "GET /?fileloc=/var/www/vhosts/amphoragames.com/httpdocs/en/wp-content/plugins/backwpup/vendor/microsoft/microsoft-graph/src/Model/WatermarkProtectionValues.php&path=/var/www/vhosts/amphoragames.com/httpdocs/en/wp-content/plugins/backwpup/vendor/microsoft/microsoft-graph/src/Model HTTP/1.1" 200 3463 "-" "Mozilla/5.0 AppleWebKit/537.36 (KHTML, like Gecko; compatible; GPTBot/1.2; +https://openai.com/gptbot)"
51.68.235.38 - - [08/Nov/2025:07:28:59 +0000] "GET /?fileloc=/var/www/vhosts/amphoragames.com/20250520_english_backup/wp-includes/class-wp-role.php&path=/var/www/vhosts/amphoragames.com/20250520_english_backup/wp-includes HTTP/1.1" 200 3735 "-" "Mozilla/5.0 (compatible; MJ12bot/v1.4.8; http://mj12bot.com/)"
134.209.73.108 - - [08/Nov/2025:07:28:59 +0000] "POST /xmlrpc.php HTTP/1.1" 200 7772 "https://www.amphoragames.com" "Mozilla/5.0 (Macintosh; Intel Mac OS X 14.5) AppleWebKit/618.3.5 (KHTML, like Gecko) Version/17.4 Safari/618.3.5"
216.73.216.32 - - [08/Nov/2025:07:28:59 +0000] "GET /img_20171014_000250_399?fileloc=%2Fvar%2Fwww%2Fvhosts%2Famphoragames.com%2Fhttpdocs%2Fwp-content%2Fplugins%2Fprotect-uploads%2Flanguages%2Findex.php&path=%2Fvar%2Fwww%2Fvhosts%2Famphoragames.com%2Fhttpdocs%2Fwp-content%2Fplugins%2Fprotect-uploads%2Flanguages HTTP/1.1" 200 6200 "-" "Mozilla/5.0 AppleWebKit/537.36 (KHTML, like Gecko; compatible; ClaudeBot/1.0; +claudebot@anthropic.com)"
66.249.79.37 - - [08/Nov/2025:07:28:59 +0000] "GET /entity/1147598667.shtm?fileloc=/var/www/vhosts/amphoragames.com/httpdocs/wp-admin/plugin-editor.php&path=/var/www/vhosts/amphoragames.com/httpdocs/wp-admin HTTP/1.1" 200 7674 "-" "Mozilla/5.0 (Linux; Android 6.0.1; Nexus 5X Build/MMB29P) AppleWebKit/537.36 (KHTML, like Gecko) Chrome/141.0.7390.122 Mobile Safari/537.36 (compatible; Googlebot/2.1; +http://www.google.com/bot.html)"
66.249.79.37 - - [08/Nov/2025:07:29:01 +0000] "GET /entity/1219901454.shtm?fileloc=/var/www/vhosts/amphoragames.com/httpdocs/index.php&path=/var/www/vhosts/amphoragames.com/httpdocs HTTP/1.1" 200 11922 "-" "Mozilla/5.0 (Linux; Android 6.0.1; Nexus 5X Build/MMB29P) AppleWebKit/537.36 (KHTML, like Gecko) Chrome/141.0.7390.122 Mobile Safari/537.36 (compatible; Googlebot/2.1; +http://www.google.com/bot.html)"
74.7.227.116 - - [08/Nov/2025:07:29:02 +0000] "GET /?fileloc=/var/www/vhosts/amphoragames.com/httpdocs/en/wp-content/plugins/backwpup/vendor/microsoft/microsoft-graph/src/Beta/Microsoft/Graph/Model/SignInAssistantOptions.php&path=/var/www/vhosts/amphoragames.com/httpdocs/en/wp-content/plugins/backwpup/vendor/microsoft/microsoft-graph/src/Beta/Microsoft/Graph/Model HTTP/1.1" 200 3274 "-" "Mozilla/5.0 AppleWebKit/537.36 (KHTML, like Gecko; compatible; GPTBot/1.2; +https://openai.com/gptbot)"
216.73.216.32 - - [08/Nov/2025:07:29:02 +0000] "GET /?fileloc=%2Fvar%2Fwww%2Fvhosts%2Famphoragames.com%2Fhttpdocs%2Fen%2Fwp-includes%2Fjs%2Fmedia-views.js&path=%2Fvar%2Fwww%2Fvhosts%2Famphoragames.com%2Fhttpdocs%2Fen%2Fwp-includes%2Fjs HTTP/1.1" 200 52202 "-" "Mozilla/5.0 AppleWebKit/537.36 (KHTML, like Gecko; compatible; ClaudeBot/1.0; +claudebot@anthropic.com)"
51.68.235.38 - - [08/Nov/2025:07:29:03 +0000] "GET /?fileloc=/var/www/vhosts/amphoragames.com/20250520_english_backup/wp-includes/class-wp-roles.php&path=/var/www/vhosts/amphoragames.com/20250520_english_backup/wp-includes HTTP/1.1" 200 5039 "-" "Mozilla/5.0 (compatible; MJ12bot/v1.4.8; http://mj12bot.com/)"
66.249.79.37 - - [08/Nov/2025:07:29:03 +0000] "GET /entity/732452360.shtm?path=/var/www/vhosts/amphoragames.com/httpdocs/tts HTTP/1.1" 200 3355 "-" "Mozilla/5.0 (Linux; Android 6.0.1; Nexus 5X Build/MMB29P) AppleWebKit/537.36 (KHTML, like Gecko) Chrome/141.0.7390.122 Mobile Safari/537.36 (compatible; Googlebot/2.1; +http://www.google.com/bot.html)"
66.249.79.37 - - [08/Nov/2025:07:29:05 +0000] "GET /entity/1219901454.shtm?fileloc=/var/www/vhosts/amphoragames.com/httpdocs/wp-cron.php&path=/var/www/vhosts/amphoragames.com/httpdocs HTTP/1.1" 200 4931 "-" "Mozilla/5.0 (Linux; Android 6.0.1; Nexus 5X Build/MMB29P) AppleWebKit/537.36 (KHTML, like Gecko) Chrome/141.0.7390.122 Mobile Safari/537.36 (compatible; Googlebot/2.1; +http://www.google.com/bot.html)"
216.73.216.32 - - [08/Nov/2025:07:29:05 +0000] "GET /?fileloc=%2Fvar%2Fwww%2Fvhosts%2Famphoragames.com%2Fhttpdocs%2Fen%2Fwp-includes%2Fjs%2Funderscore.js&path=%2Fvar%2Fwww%2Fvhosts%2Famphoragames.com%2Fhttpdocs%2Fen%2Fwp-includes%2Fjs HTTP/1.1" 200 17841 "-" "Mozilla/5.0 AppleWebKit/537.36 (KHTML, like Gecko; compatible; ClaudeBot/1.0; +claudebot@anthropic.com)"
74.7.227.116 - - [08/Nov/2025:07:29:05 +0000] "GET /?fileloc=/var/www/vhosts/amphoragames.com/httpdocs/en/wp-content/plugins/backwpup/vendor/microsoft/microsoft-graph/src/Beta/Microsoft/Graph/Model/GovernanceRoleDefinition.php&path=/var/www/vhosts/amphoragames.com/httpdocs/en/wp-content/plugins/backwpup/vendor/microsoft/microsoft-graph/src/Beta/Microsoft/Graph/Model HTTP/1.1" 200 3807 "-" "Mozilla/5.0 AppleWebKit/537.36 (KHTML, like Gecko; compatible; GPTBot/1.2; +https://openai.com/gptbot)"
51.68.235.38 - - [08/Nov/2025:07:29:06 +0000] "GET /?fileloc=/var/www/vhosts/amphoragames.com/20250520_english_backup/wp-includes/class-wp-session-tokens.php&path=/var/www/vhosts/amphoragames.com/20250520_english_backup/wp-includes HTTP/1.1" 200 4693 "-" "Mozilla/5.0 (compatible; MJ12bot/v1.4.8; http://mj12bot.com/)"
66.249.79.37 - - [08/Nov/2025:07:29:07 +0000] "GET /entity/1219901454.shtm?path=/var/www/vhosts/amphoragames.com/httpdocs HTTP/1.1" 200 4495 "-" "Mozilla/5.0 (Linux; Android 6.0.1; Nexus 5X Build/MMB29P) AppleWebKit/537.36 (KHTML, like Gecko) Chrome/141.0.7390.122 Mobile Safari/537.36 (compatible; Googlebot/2.1; +http://www.google.com/bot.html)"
207.46.13.36 - - [08/Nov/2025:07:29:07 +0000] "GET /entity/1455492044.shtm HTTP/1.1" 200 7863 "-" "Mozilla/5.0 AppleWebKit/537.36 (KHTML, like Gecko; compatible; bingbot/2.0; +http://www.bing.com/bingbot.htm) Chrome/116.0.1938.76 Safari/537.36"
216.73.216.32 - - [08/Nov/2025:07:29:08 +0000] "GET /?fileloc=%2Fvar%2Fwww%2Fvhosts%2Famphoragames.com%2Fhttpdocs%2Fen%2Fwp-includes%2Fjs%2Fmce-view.min.js&path=%2Fvar%2Fwww%2Fvhosts%2Famphoragames.com%2Fhttpdocs%2Fen%2Fwp-includes%2Fjs HTTP/1.1" 200 6592 "-" "Mozilla/5.0 AppleWebKit/537.36 (KHTML, like Gecko; compatible; ClaudeBot/1.0; +claudebot@anthropic.com)"
74.7.227.116 - - [08/Nov/2025:07:29:08 +0000] "GET /?fileloc=/var/www/vhosts/amphoragames.com/httpdocs/en/wp-content/plugins/backwpup/vendor/microsoft/microsoft-graph/src/Beta/Microsoft/Graph/Model/WindowsManagedDevice.php&path=/var/www/vhosts/amphoragames.com/httpdocs/en/wp-content/plugins/backwpup/vendor/microsoft/microsoft-graph/src/Beta/Microsoft/Graph/Model HTTP/1.1" 200 3185 "-" "Mozilla/5.0 AppleWebKit/537.36 (KHTML, like Gecko; compatible; GPTBot/1.2; +https://openai.com/gptbot)"
66.249.79.37 - - [08/Nov/2025:07:29:09 +0000] "GET /entity/804820549.shtm?fileloc=/var/www/vhosts/amphoragames.com/httpdocs/wp-admin/media.php&path=/var/www/vhosts/amphoragames.com/httpdocs/wp-admin HTTP/1.1" 200 6562 "-" "Mozilla/5.0 (Linux; Android 6.0.1; Nexus 5X Build/MMB29P) AppleWebKit/537.36 (KHTML, like Gecko) Chrome/141.0.7390.122 Mobile Safari/537.36 (compatible; GoogleOther)"
51.68.235.38 - - [08/Nov/2025:07:29:10 +0000] "GET /?fileloc=/var/www/vhosts/amphoragames.com/20250520_english_backup/wp-includes/class-wp-simplepie-file.php&path=/var/www/vhosts/amphoragames.com/20250520_english_backup/wp-includes HTTP/1.1" 200 3748 "-" "Mozilla/5.0 (compatible; MJ12bot/v1.4.8; http://mj12bot.com/)"
66.249.79.37 - - [08/Nov/2025:07:29:10 +0000] "GET /entity/170822238.shtm?fileloc=/var/www/vhosts/amphoragames.com/httpdocs/wp-comments-post.php&path=/var/www/vhosts/amphoragames.com/httpdocs HTTP/1.1" 200 3888 "-" "Mozilla/5.0 (Linux; Android 6.0.1; Nexus 5X Build/MMB29P) AppleWebKit/537.36 (KHTML, like Gecko) Chrome/141.0.7390.122 Mobile Safari/537.36 (compatible; Googlebot/2.1; +http://www.google.com/bot.html)"
216.73.216.32 - - [08/Nov/2025:07:29:11 +0000] "GET /tag/fase-de-mantenimiento?fileloc=%2Fvar%2Fwww%2Fvhosts%2Famphoragames.com%2Fhttpdocs%2Fwp-includes%2FSimplePie%2Fsrc%2FItem.php&path=%2Fvar%2Fwww%2Fvhosts%2Famphoragames.com%2Fhttpdocs%2Fwp-includes%2FSimplePie%2Fsrc HTTP/1.1" 200 15842 "-" "Mozilla/5.0 AppleWebKit/537.36 (KHTML, like Gecko; compatible; ClaudeBot/1.0; +claudebot@anthropic.com)"
74.7.227.116 - - [08/Nov/2025:07:29:11 +0000] "GET /?fileloc=/var/www/vhosts/amphoragames.com/httpdocs/en/wp-content/plugins/backwpup/vendor/microsoft/microsoft-graph/src/Beta/Microsoft/Graph/Model/CallTranscriptionInfo.php&path=/var/www/vhosts/amphoragames.com/httpdocs/en/wp-content/plugins/backwpup/vendor/microsoft/microsoft-graph/src/Beta/Microsoft/Graph/Model HTTP/1.1" 200 3594 "-" "Mozilla/5.0 AppleWebKit/537.36 (KHTML, like Gecko; compatible; GPTBot/1.2; +https://openai.com/gptbot)"
66.249.79.37 - - [08/Nov/2025:07:29:12 +0000] "GET /entity/1220964830.shtm?path=/var/www/vhosts/amphoragames.com/httpdocs HTTP/1.1" 200 4495 "-" "Mozilla/5.0 (Linux; Android 6.0.1; Nexus 5X Build/MMB29P) AppleWebKit/537.36 (KHTML, like Gecko) Chrome/141.0.7390.122 Mobile Safari/537.36 (compatible; Googlebot/2.1; +http://www.google.com/bot.html)"
