203.144.81.156 - - [08/Nov/2025:07:42:29 +0000] "GET /wp-admin/admin-ajax.php HTTP/1.1" 200 10380 "https://tools.guestpostlinks.net/" "Mozilla/5.0 (Windows NT 10.0; Win64; x64) AppleWebKit/537.36 (KHTML, like Gecko) Chrome/142.0.0.0 Safari/537.36"
157.55.39.62 - - [08/Nov/2025:07:42:29 +0000] "GET /entity/288736751.shtm HTTP/1.1" 200 7863 "-" "Mozilla/5.0 AppleWebKit/537.36 (KHTML, like Gecko; compatible; bingbot/2.0; +http://www.bing.com/bingbot.htm) Chrome/116.0.1938.76 Safari/537.36"
203.144.81.156 - - [08/Nov/2025:07:42:29 +0000] "GET /favicon.ico HTTP/1.1" 200 4495 "https://www.amphoragames.com/wp-admin/admin-ajax.php" "Mozilla/5.0 (Windows NT 10.0; Win64; x64) AppleWebKit/537.36 (KHTML, like Gecko) Chrome/142.0.0.0 Safari/537.36"
216.73.216.32 - - [08/Nov/2025:07:42:30 +0000] "GET /?fileloc=%2Fvar%2Fwww%2Fvhosts%2Famphoragames.com%2Fhttpdocs%2Fwp-content%2Fuploads%2F2017%2F05%2FDSC03852-150x150.jpg&path=%2Fvar%2Fwww%2Fvhosts%2Famphoragames.com%2Fhttpdocs%2Fwp-content%2Fuploads%2F2017%2F05 HTTP/1.1" 200 2845 "-" "Mozilla/5.0 AppleWebKit/537.36 (KHTML, like Gecko; compatible; ClaudeBot/1.0; +claudebot@anthropic.com)"
74.7.227.116 - - [08/Nov/2025:07:42:30 +0000] "GET /?fileloc=/var/www/vhosts/amphoragames.com/httpdocs/en/wp-content/plugins/backwpup/vendor/microsoft/microsoft-graph/src/Model/ResultTemplateOption.php&path=/var/www/vhosts/amphoragames.com/httpdocs/en/wp-content/plugins/backwpup/vendor/microsoft/microsoft-graph/src/Model HTTP/1.1" 200 3463 "-" "Mozilla/5.0 AppleWebKit/537.36 (KHTML, like Gecko; compatible; GPTBot/1.2; +https://openai.com/gptbot)"
216.73.216.32 - - [08/Nov/2025:07:42:33 +0000] "GET /img_20171013_145805_161?path=%2Fvar%2Fwww%2Fvhosts%2Famphoragames.com%2Fhttpdocs%2Fwp-content%2Fthemes%2Ftwentytwentyfive%2Fparts HTTP/1.1" 200 3455 "-" "Mozilla/5.0 AppleWebKit/537.36 (KHTML, like Gecko; compatible; ClaudeBot/1.0; +claudebot@anthropic.com)"
74.7.227.116 - - [08/Nov/2025:07:42:33 +0000] "GET /?fileloc=/var/www/vhosts/amphoragames.com/httpdocs/en/wp-content/plugins/backwpup/vendor/microsoft/microsoft-graph/src/Beta/Microsoft/Graph/Model/AttackSimulationUser.php&path=/var/www/vhosts/amphoragames.com/httpdocs/en/wp-content/plugins/backwpup/vendor/microsoft/microsoft-graph/src/Beta/Microsoft/Graph/Model HTTP/1.1" 200 3659 "-" "Mozilla/5.0 AppleWebKit/537.36 (KHTML, like Gecko; compatible; GPTBot/1.2; +https://openai.com/gptbot)"
216.73.216.32 - - [08/Nov/2025:07:42:36 +0000] "GET /?fileloc=%2Fvar%2Fwww%2Fvhosts%2Famphoragames.com%2Fhttpdocs%2Fwp-content%2Fuploads%2F2017%2F05%2FDSC03822-1000x500.jpg&path=%2Fvar%2Fwww%2Fvhosts%2Famphoragames.com%2Fhttpdocs%2Fwp-content%2Fuploads%2F2017%2F05 HTTP/1.1" 200 2846 "-" "Mozilla/5.0 AppleWebKit/537.36 (KHTML, like Gecko; compatible; ClaudeBot/1.0; +claudebot@anthropic.com)"
74.7.227.116 - - [08/Nov/2025:07:42:36 +0000] "GET /?fileloc=/var/www/vhosts/amphoragames.com/httpdocs/en/wp-content/plugins/backwpup/vendor/microsoft/microsoft-graph/src/Model/SharingCapabilities.php&path=/var/www/vhosts/amphoragames.com/httpdocs/en/wp-content/plugins/backwpup/vendor/microsoft/microsoft-graph/src/Model HTTP/1.1" 200 3334 "-" "Mozilla/5.0 AppleWebKit/537.36 (KHTML, like Gecko; compatible; GPTBot/1.2; +https://openai.com/gptbot)"
216.73.216.32 - - [08/Nov/2025:07:42:39 +0000] "GET /?fileloc=%2Fvar%2Fwww%2Fvhosts%2Famphoragames.com%2Fhttpdocs%2Fwp-content%2Fuploads%2F2017%2F06%2FCore-1-100x100.jpg&path=%2Fvar%2Fwww%2Fvhosts%2Famphoragames.com%2Fhttpdocs%2Fwp-content%2Fuploads%2F2017%2F06 HTTP/1.1" 200 2842 "-" "Mozilla/5.0 AppleWebKit/537.36 (KHTML, like Gecko; compatible; ClaudeBot/1.0; +claudebot@anthropic.com)"
74.7.227.116 - - [08/Nov/2025:07:42:39 +0000] "GET /?fileloc=/var/www/vhosts/amphoragames.com/httpdocs/en/wp-content/plugins/backwpup/vendor/microsoft/microsoft-graph/src/Beta/Microsoft/Graph/Model/RoleManagementAlert.php&path=/var/www/vhosts/amphoragames.com/httpdocs/en/wp-content/plugins/backwpup/vendor/microsoft/microsoft-graph/src/Beta/Microsoft/Graph/Model HTTP/1.1" 200 3745 "-" "Mozilla/5.0 AppleWebKit/537.36 (KHTML, like Gecko; compatible; GPTBot/1.2; +https://openai.com/gptbot)"
216.73.216.32 - - [08/Nov/2025:07:42:42 +0000] "GET /scenario-1-rulebook-es?fileloc=%2Fvar%2Fwww%2Fvhosts%2Famphoragames.com%2Fhttpdocs%2Fen%2Fwp-content%2Fuploads%2F2016%2F10%2F20161007_202319-500x375.jpg&path=%2Fvar%2Fwww%2Fvhosts%2Famphoragames.com%2Fhttpdocs%2Fen%2Fwp-content%2Fuploads%2F2016%2F10 HTTP/1.1" 200 2855 "-" "Mozilla/5.0 AppleWebKit/537.36 (KHTML, like Gecko; compatible; ClaudeBot/1.0; +claudebot@anthropic.com)"
74.7.227.116 - - [08/Nov/2025:07:42:42 +0000] "GET /?fileloc=/var/www/vhosts/amphoragames.com/httpdocs/en/wp-content/plugins/backwpup/vendor/microsoft/microsoft-graph/src/Beta/Microsoft/Graph/Model/PrinterCreateOperation.php&path=/var/www/vhosts/amphoragames.com/httpdocs/en/wp-content/plugins/backwpup/vendor/microsoft/microsoft-graph/src/Beta/Microsoft/Graph/Model HTTP/1.1" 200 3531 "-" "Mozilla/5.0 AppleWebKit/537.36 (KHTML, like Gecko; compatible; GPTBot/1.2; +https://openai.com/gptbot)"
216.73.216.32 - - [08/Nov/2025:07:42:45 +0000] "GET /scenario-1-rulebook-es?fileloc=%2Fvar%2Fwww%2Fvhosts%2Famphoragames.com%2Fhttpdocs%2Fen%2Fwp-content%2Fuploads%2F2016%2F10%2F20161009_120305-100x100.jpg&path=%2Fvar%2Fwww%2Fvhosts%2Famphoragames.com%2Fhttpdocs%2Fen%2Fwp-content%2Fuploads%2F2016%2F10 HTTP/1.1" 200 2853 "-" "Mozilla/5.0 AppleWebKit/537.36 (KHTML, like Gecko; compatible; ClaudeBot/1.0; +claudebot@anthropic.com)"
74.7.227.116 - - [08/Nov/2025:07:42:45 +0000] "GET /?fileloc=/var/www/vhosts/amphoragames.com/httpdocs/en/wp-content/plugins/backwpup/vendor/microsoft/microsoft-graph/src/Beta/Microsoft/Graph/Model/AuthenticationContext.php&path=/var/www/vhosts/amphoragames.com/httpdocs/en/wp-content/plugins/backwpup/vendor/microsoft/microsoft-graph/src/Beta/Microsoft/Graph/Model HTTP/1.1" 200 3740 "-" "Mozilla/5.0 AppleWebKit/537.36 (KHTML, like Gecko; compatible; GPTBot/1.2; +https://openai.com/gptbot)"
216.73.216.32 - - [08/Nov/2025:07:42:48 +0000] "GET /?fileloc=%2Fvar%2Fwww%2Fvhosts%2Famphoragames.com%2Fhttpdocs%2Fwp-content%2Fuploads%2F2017%2F05%2F20170324_193555.jpg&path=%2Fvar%2Fwww%2Fvhosts%2Famphoragames.com%2Fhttpdocs%2Fwp-content%2Fuploads%2F2017%2F05 HTTP/1.1" 200 2842 "-" "Mozilla/5.0 AppleWebKit/537.36 (KHTML, like Gecko; compatible; ClaudeBot/1.0; +claudebot@anthropic.com)"
74.7.227.116 - - [08/Nov/2025:07:42:49 +0000] "GET /?fileloc=/var/www/vhosts/amphoragames.com/httpdocs/en/wp-content/plugins/backwpup/vendor/microsoft/microsoft-graph/src/Beta/Microsoft/Graph/Model/RichLongRunningOperation.php&path=/var/www/vhosts/amphoragames.com/httpdocs/en/wp-content/plugins/backwpup/vendor/microsoft/microsoft-graph/src/Beta/Microsoft/Graph/Model HTTP/1.1" 200 3707 "-" "Mozilla/5.0 AppleWebKit/537.36 (KHTML, like Gecko; compatible; GPTBot/1.2; +https://openai.com/gptbot)"
216.73.216.32 - - [08/Nov/2025:07:42:51 +0000] "GET /scenario-1-rulebook-es?fileloc=%2Fvar%2Fwww%2Fvhosts%2Famphoragames.com%2Fhttpdocs%2Fen%2Fwp-content%2Fuploads%2F2016%2F10%2F20161008_142404-500x500.jpg&path=%2Fvar%2Fwww%2Fvhosts%2Famphoragames.com%2Fhttpdocs%2Fen%2Fwp-content%2Fuploads%2F2016%2F10 HTTP/1.1" 200 2854 "-" "Mozilla/5.0 AppleWebKit/537.36 (KHTML, like Gecko; compatible; ClaudeBot/1.0; +claudebot@anthropic.com)"
74.7.227.116 - - [08/Nov/2025:07:42:52 +0000] "GET /?fileloc=/var/www/vhosts/amphoragames.com/httpdocs/en/wp-content/plugins/backwpup/vendor/microsoft/microsoft-graph/src/Model/RedirectUriSettings.php&path=/var/www/vhosts/amphoragames.com/httpdocs/en/wp-content/plugins/backwpup/vendor/microsoft/microsoft-graph/src/Model HTTP/1.1" 200 3393 "-" "Mozilla/5.0 AppleWebKit/537.36 (KHTML, like Gecko; compatible; GPTBot/1.2; +https://openai.com/gptbot)"
216.73.216.32 - - [08/Nov/2025:07:42:54 +0000] "GET /?fileloc=%2Fvar%2Fwww%2Fvhosts%2Famphoragames.com%2Fhttpdocs%2Fwp-content%2Fuploads%2F2017%2F05%2FDSC03813-500x972.jpg&path=%2Fvar%2Fwww%2Fvhosts%2Famphoragames.com%2Fhttpdocs%2Fwp-content%2Fuploads%2F2017%2F05 HTTP/1.1" 200 2846 "-" "Mozilla/5.0 AppleWebKit/537.36 (KHTML, like Gecko; compatible; ClaudeBot/1.0; +claudebot@anthropic.com)"
74.7.227.116 - - [08/Nov/2025:07:42:55 +0000] "GET /?fileloc=/var/www/vhosts/amphoragames.com/httpdocs/en/wp-content/plugins/backwpup/vendor/microsoft/microsoft-graph/src/Model/EducationFeedbackOutcome.php&path=/var/www/vhosts/amphoragames.com/httpdocs/en/wp-content/plugins/backwpup/vendor/microsoft/microsoft-graph/src/Model HTTP/1.1" 200 3533 "-" "Mozilla/5.0 AppleWebKit/537.36 (KHTML, like Gecko; compatible; GPTBot/1.2; +https://openai.com/gptbot)"
216.73.216.32 - - [08/Nov/2025:07:42:57 +0000] "GET /scenario-1-rulebook-es?fileloc=%2Fvar%2Fwww%2Fvhosts%2Famphoragames.com%2Fhttpdocs%2Fen%2Fwp-content%2Fuploads%2F2016%2F10%2F20161008_180612-100x100.jpg&path=%2Fvar%2Fwww%2Fvhosts%2Famphoragames.com%2Fhttpdocs%2Fen%2Fwp-content%2Fuploads%2F2016%2F10 HTTP/1.1" 200 2853 "-" "Mozilla/5.0 AppleWebKit/537.36 (KHTML, like Gecko; compatible; ClaudeBot/1.0; +claudebot@anthropic.com)"
74.7.227.116 - - [08/Nov/2025:07:42:58 +0000] "GET /?fileloc=/var/www/vhosts/amphoragames.com/httpdocs/en/wp-content/plugins/backwpup/vendor/microsoft/microsoft-graph/src/Beta/Microsoft/Graph/Model/ThreatExpectedAssessment.php&path=/var/www/vhosts/amphoragames.com/httpdocs/en/wp-content/plugins/backwpup/vendor/microsoft/microsoft-graph/src/Beta/Microsoft/Graph/Model HTTP/1.1" 200 3251 "-" "Mozilla/5.0 AppleWebKit/537.36 (KHTML, like Gecko; compatible; GPTBot/1.2; +https://openai.com/gptbot)"
216.73.216.32 - - [08/Nov/2025:07:43:00 +0000] "GET /?fileloc=%2Fvar%2Fwww%2Fvhosts%2Famphoragames.com%2Fhttpdocs%2Fwp-content%2Fuploads%2F2017%2F05%2F20170106_132210-150x150.jpg&path=%2Fvar%2Fwww%2Fvhosts%2Famphoragames.com%2Fhttpdocs%2Fwp-content%2Fuploads%2F2017%2F05 HTTP/1.1" 200 2847 "-" "Mozilla/5.0 AppleWebKit/537.36 (KHTML, like Gecko; compatible; ClaudeBot/1.0; +claudebot@anthropic.com)"
74.7.227.116 - - [08/Nov/2025:07:43:01 +0000] "GET /?fileloc=/var/www/vhosts/amphoragames.com/httpdocs/en/wp-content/plugins/backwpup/vendor/microsoft/microsoft-graph/src/Model/ManagedDeviceOverview.php&path=/var/www/vhosts/amphoragames.com/httpdocs/en/wp-content/plugins/backwpup/vendor/microsoft/microsoft-graph/src/Model HTTP/1.1" 200 3812 "-" "Mozilla/5.0 AppleWebKit/537.36 (KHTML, like Gecko; compatible; GPTBot/1.2; +https://openai.com/gptbot)"
216.73.216.32 - - [08/Nov/2025:07:43:03 +0000] "GET /?fileloc=%2Fvar%2Fwww%2Fvhosts%2Famphoragames.com%2Fhttpdocs%2Fwp-content%2Fuploads%2F2017%2F05%2F20170106_132319-292x311.jpg&path=%2Fvar%2Fwww%2Fvhosts%2Famphoragames.com%2Fhttpdocs%2Fwp-content%2Fuploads%2F2017%2F05 HTTP/1.1" 200 2848 "-" "Mozilla/5.0 AppleWebKit/537.36 (KHTML, like Gecko; compatible; ClaudeBot/1.0; +claudebot@anthropic.com)"
74.7.227.116 - - [08/Nov/2025:07:43:04 +0000] "GET /?fileloc=/var/www/vhosts/amphoragames.com/httpdocs/en/wp-content/plugins/backwpup/vendor/microsoft/microsoft-graph/src/CallRecords/Model/Modality.php&path=/var/www/vhosts/amphoragames.com/httpdocs/en/wp-content/plugins/backwpup/vendor/microsoft/microsoft-graph/src/CallRecords/Model HTTP/1.1" 200 3322 "-" "Mozilla/5.0 AppleWebKit/537.36 (KHTML, like Gecko; compatible; GPTBot/1.2; +https://openai.com/gptbot)"
216.73.216.32 - - [08/Nov/2025:07:43:06 +0000] "GET /?fileloc=%2Fvar%2Fwww%2Fvhosts%2Famphoragames.com%2Fhttpdocs%2Fwp-content%2Fuploads%2F2017%2F03%2FPrensa-ayuntamiento-jerez.jpg&path=%2Fvar%2Fwww%2Fvhosts%2Famphoragames.com%2Fhttpdocs%2Fwp-content%2Fuploads%2F2017%2F03 HTTP/1.1" 200 2850 "-" "Mozilla/5.0 AppleWebKit/537.36 (KHTML, like Gecko; compatible; ClaudeBot/1.0; +claudebot@anthropic.com)"
74.7.227.116 - - [08/Nov/2025:07:43:07 +0000] "GET /?fileloc=/var/www/vhosts/amphoragames.com/httpdocs/en/wp-content/plugins/backwpup/vendor/microsoft/microsoft-graph/src/Beta/Microsoft/Graph/Model/AuditActivityInitiator.php&path=/var/www/vhosts/amphoragames.com/httpdocs/en/wp-content/plugins/backwpup/vendor/microsoft/microsoft-graph/src/Beta/Microsoft/Graph/Model HTTP/1.1" 200 3643 "-" "Mozilla/5.0 AppleWebKit/537.36 (KHTML, like Gecko; compatible; GPTBot/1.2; +https://openai.com/gptbot)"
216.73.216.32 - - [08/Nov/2025:07:43:09 +0000] "GET /scenario-1-rulebook-es?fileloc=%2Fvar%2Fwww%2Fvhosts%2Famphoragames.com%2Fhttpdocs%2Fen%2Fwp-content%2Fuploads%2F2016%2F10%2F20161008_205558-578x384.jpg&path=%2Fvar%2Fwww%2Fvhosts%2Famphoragames.com%2Fhttpdocs%2Fen%2Fwp-content%2Fuploads%2F2016%2F10 HTTP/1.1" 200 2855 "-" "Mozilla/5.0 AppleWebKit/537.36 (KHTML, like Gecko; compatible; ClaudeBot/1.0; +claudebot@anthropic.com)"
74.7.227.116 - - [08/Nov/2025:07:43:10 +0000] "GET /?fileloc=/var/www/vhosts/amphoragames.com/httpdocs/en/wp-content/plugins/backwpup/vendor/microsoft/microsoft-graph/src/Beta/Microsoft/Graph/Model/RemoveAccessApplyAction.php&path=/var/www/vhosts/amphoragames.com/httpdocs/en/wp-content/plugins/backwpup/vendor/microsoft/microsoft-graph/src/Beta/Microsoft/Graph/Model HTTP/1.1" 200 3193 "-" "Mozilla/5.0 AppleWebKit/537.36 (KHTML, like Gecko; compatible; GPTBot/1.2; +https://openai.com/gptbot)"
216.73.216.32 - - [08/Nov/2025:07:43:12 +0000] "GET /?path=%2Fvar%2Fwww%2Fvhosts%2Famphoragames.com%2Fhttpdocs%2Fwp-content%2Fthemes%2Ftwentytwentytwo%2Fassets%2Ffonts%2Fdm-sans HTTP/1.1" 200 3434 "-" "Mozilla/5.0 AppleWebKit/537.36 (KHTML, like Gecko; compatible; ClaudeBot/1.0; +claudebot@anthropic.com)"
74.7.227.116 - - [08/Nov/2025:07:43:14 +0000] "GET /?fileloc=/var/www/vhosts/amphoragames.com/httpdocs/en/wp-content/plugins/backwpup/vendor/microsoft/microsoft-graph/src/Beta/Microsoft/Graph/Model/BitLockerRecoveryOptions.php&path=/var/www/vhosts/amphoragames.com/httpdocs/en/wp-content/plugins/backwpup/vendor/microsoft/microsoft-graph/src/Beta/Microsoft/Graph/Model HTTP/1.1" 200 4144 "-" "Mozilla/5.0 AppleWebKit/537.36 (KHTML, like Gecko; compatible; GPTBot/1.2; +https://openai.com/gptbot)"
216.73.216.32 - - [08/Nov/2025:07:43:15 +0000] "GET /?fileloc=%2Fvar%2Fwww%2Fvhosts%2Famphoragames.com%2Fhttpdocs%2Fwp-content%2Fuploads%2F2017%2F05%2FDSC03845-600x630.jpg&path=%2Fvar%2Fwww%2Fvhosts%2Famphoragames.com%2Fhttpdocs%2Fwp-content%2Fuploads%2F2017%2F05 HTTP/1.1" 200 2846 "-" "Mozilla/5.0 AppleWebKit/537.36 (KHTML, like Gecko; compatible; ClaudeBot/1.0; +claudebot@anthropic.com)"
74.7.227.116 - - [08/Nov/2025:07:43:17 +0000] "GET /?fileloc=/var/www/vhosts/amphoragames.com/httpdocs/en/wp-content/plugins/backwpup/vendor/microsoft/microsoft-graph/src/Beta/Microsoft/Graph/Model/SimulationAutomation.php&path=/var/www/vhosts/amphoragames.com/httpdocs/en/wp-content/plugins/backwpup/vendor/microsoft/microsoft-graph/src/Beta/Microsoft/Graph/Model HTTP/1.1" 200 4299 "-" "Mozilla/5.0 AppleWebKit/537.36 (KHTML, like Gecko; compatible; GPTBot/1.2; +https://openai.com/gptbot)"
66.249.79.33 - - [08/Nov/2025:07:43:18 +0000] "GET /entity/43934191.shtm HTTP/1.1" 200 7813 "-" "Mozilla/5.0 (Linux; Android 6.0.1; Nexus 5X Build/MMB29P) AppleWebKit/537.36 (KHTML, like Gecko) Chrome/141.0.7390.122 Mobile Safari/537.36 (compatible; Googlebot/2.1; +http://www.google.com/bot.html)"
216.73.216.32 - - [08/Nov/2025:07:43:18 +0000] "GET /scenario-1-rulebook-es?fileloc=%2Fvar%2Fwww%2Fvhosts%2Famphoragames.com%2Fhttpdocs%2Fen%2Fwp-content%2Fuploads%2F2016%2F10%2F20161008_205650-578x384.jpg&path=%2Fvar%2Fwww%2Fvhosts%2Famphoragames.com%2Fhttpdocs%2Fen%2Fwp-content%2Fuploads%2F2016%2F10 HTTP/1.1" 200 2855 "-" "Mozilla/5.0 AppleWebKit/537.36 (KHTML, like Gecko; compatible; ClaudeBot/1.0; +claudebot@anthropic.com)"
74.7.227.116 - - [08/Nov/2025:07:43:20 +0000] "GET /?fileloc=/var/www/vhosts/amphoragames.com/httpdocs/en/wp-content/plugins/backwpup/vendor/microsoft/microsoft-graph/src/Beta/Microsoft/Graph/Model/InternalDomainFederation.php&path=/var/www/vhosts/amphoragames.com/httpdocs/en/wp-content/plugins/backwpup/vendor/microsoft/microsoft-graph/src/Beta/Microsoft/Graph/Model HTTP/1.1" 200 4728 "-" "Mozilla/5.0 AppleWebKit/537.36 (KHTML, like Gecko; compatible; GPTBot/1.2; +https://openai.com/gptbot)"
216.73.216.32 - - [08/Nov/2025:07:43:21 +0000] "GET /scenario-1-rulebook-es?fileloc=%2Fvar%2Fwww%2Fvhosts%2Famphoragames.com%2Fhttpdocs%2Fen%2Fwp-content%2Fuploads%2F2016%2F10%2F20161007_202257-100x100.jpg&path=%2Fvar%2Fwww%2Fvhosts%2Famphoragames.com%2Fhttpdocs%2Fen%2Fwp-content%2Fuploads%2F2016%2F10 HTTP/1.1" 200 2852 "-" "Mozilla/5.0 AppleWebKit/537.36 (KHTML, like Gecko; compatible; ClaudeBot/1.0; +claudebot@anthropic.com)"
74.7.227.116 - - [08/Nov/2025:07:43:23 +0000] "GET /?fileloc=/var/www/vhosts/amphoragames.com/httpdocs/en/wp-content/plugins/backwpup/vendor/microsoft/microsoft-graph/src/Beta/Microsoft/Graph/Model/GovernanceRoleAssignment.php&path=/var/www/vhosts/amphoragames.com/httpdocs/en/wp-content/plugins/backwpup/vendor/microsoft/microsoft-graph/src/Beta/Microsoft/Graph/Model HTTP/1.1" 200 4782 "-" "Mozilla/5.0 AppleWebKit/537.36 (KHTML, like Gecko; compatible; GPTBot/1.2; +https://openai.com/gptbot)"
216.73.216.32 - - [08/Nov/2025:07:43:24 +0000] "GET /img_20171011_133315_721?fileloc=%2Fvar%2Fwww%2Fvhosts%2Famphoragames.com%2Fhttpdocs%2Fwp-includes%2Fblocks%2Fcolumns%2Fblock.json&path=%2Fvar%2Fwww%2Fvhosts%2Famphoragames.com%2Fhttpdocs%2Fwp-includes%2Fblocks%2Fcolumns HTTP/1.1" 200 3533 "-" "Mozilla/5.0 AppleWebKit/537.36 (KHTML, like Gecko; compatible; ClaudeBot/1.0; +claudebot@anthropic.com)"
162.241.24.92 - - [08/Nov/2025:07:43:24 +0000] "POST /xmlrpc.php HTTP/1.1" 200 7772 "https://www.amphoragames.com" "Mozilla/5.0 (Macintosh; Intel Mac OS X 14_4_1) AppleWebKit/605.1.15 (KHTML, like Gecko) Version/17.3.1 Safari/605.1.15"
74.7.227.116 - - [08/Nov/2025:07:43:26 +0000] "GET /?fileloc=/var/www/vhosts/amphoragames.com/httpdocs/en/wp-content/plugins/backwpup/vendor/microsoft/microsoft-graph/src/Beta/Microsoft/Graph/Model/ServicePrincipal.php&path=/var/www/vhosts/amphoragames.com/httpdocs/en/wp-content/plugins/backwpup/vendor/microsoft/microsoft-graph/src/Beta/Microsoft/Graph/Model HTTP/1.1" 200 10218 "-" "Mozilla/5.0 AppleWebKit/537.36 (KHTML, like Gecko; compatible; GPTBot/1.2; +https://openai.com/gptbot)"
216.73.216.32 - - [08/Nov/2025:07:43:27 +0000] "GET /?fileloc=%2Fvar%2Fwww%2Fvhosts%2Famphoragames.com%2Fhttpdocs%2Fwp-content%2Fuploads%2F2017%2F05%2FDSC03845-578x434.jpg&path=%2Fvar%2Fwww%2Fvhosts%2Famphoragames.com%2Fhttpdocs%2Fwp-content%2Fuploads%2F2017%2F05 HTTP/1.1" 200 2846 "-" "Mozilla/5.0 AppleWebKit/537.36 (KHTML, like Gecko; compatible; ClaudeBot/1.0; +claudebot@anthropic.com)"
74.7.227.116 - - [08/Nov/2025:07:43:29 +0000] "GET /?fileloc=/var/www/vhosts/amphoragames.com/httpdocs/en/wp-content/plugins/backwpup/vendor/microsoft/microsoft-graph/src/Model/ChatMessageHostedContent.php&path=/var/www/vhosts/amphoragames.com/httpdocs/en/wp-content/plugins/backwpup/vendor/microsoft/microsoft-graph/src/Model HTTP/1.1" 200 3157 "-" "Mozilla/5.0 AppleWebKit/537.36 (KHTML, like Gecko; compatible; GPTBot/1.2; +https://openai.com/gptbot)"
216.73.216.32 - - [08/Nov/2025:07:43:30 +0000] "GET /img_20171011_133315_721?path=%2Fvar%2Fwww%2Fvhosts%2Famphoragames.com%2Fhttpdocs%2Fen%2Fwp-content%2Fthemes%2Fillyria HTTP/1.1" 200 3550 "-" "Mozilla/5.0 AppleWebKit/537.36 (KHTML, like Gecko; compatible; ClaudeBot/1.0; +claudebot@anthropic.com)"
74.7.227.116 - - [08/Nov/2025:07:43:32 +0000] "GET /?fileloc=/var/www/vhosts/amphoragames.com/httpdocs/en/wp-content/plugins/backwpup/vendor/microsoft/microsoft-graph/src/Model/MeetingAttendanceReport.php&path=/var/www/vhosts/amphoragames.com/httpdocs/en/wp-content/plugins/backwpup/vendor/microsoft/microsoft-graph/src/Model HTTP/1.1" 200 3703 "-" "Mozilla/5.0 AppleWebKit/537.36 (KHTML, like Gecko; compatible; GPTBot/1.2; +https://openai.com/gptbot)"
216.73.216.32 - - [08/Nov/2025:07:43:33 +0000] "GET /scenario-1-rulebook-es?fileloc=%2Fvar%2Fwww%2Fvhosts%2Famphoragames.com%2Fhttpdocs%2Fen%2Fwp-content%2Fuploads%2F2016%2F10%2F20161008_142425-300x225.jpg&path=%2Fvar%2Fwww%2Fvhosts%2Famphoragames.com%2Fhttpdocs%2Fen%2Fwp-content%2Fuploads%2F2016%2F10 HTTP/1.1" 200 2855 "-" "Mozilla/5.0 AppleWebKit/537.36 (KHTML, like Gecko; compatible; ClaudeBot/1.0; +claudebot@anthropic.com)"
74.7.227.116 - - [08/Nov/2025:07:43:35 +0000] "GET /?fileloc=/var/www/vhosts/amphoragames.com/httpdocs/en/wp-content/plugins/backwpup/vendor/microsoft/microsoft-graph/src/Beta/Microsoft/Graph/Model/UnifiedRbacResourceScope.php&path=/var/www/vhosts/amphoragames.com/httpdocs/en/wp-content/plugins/backwpup/vendor/microsoft/microsoft-graph/src/Beta/Microsoft/Graph/Model HTTP/1.1" 200 3470 "-" "Mozilla/5.0 AppleWebKit/537.36 (KHTML, like Gecko; compatible; GPTBot/1.2; +https://openai.com/gptbot)"
216.73.216.32 - - [08/Nov/2025:07:43:36 +0000] "GET /scenario-1-rulebook-es?fileloc=%2Fvar%2Fwww%2Fvhosts%2Famphoragames.com%2Fhttpdocs%2Fen%2Fwp-content%2Fuploads%2F2016%2F10%2F20161008_130711-600x450.jpg&path=%2Fvar%2Fwww%2Fvhosts%2Famphoragames.com%2Fhttpdocs%2Fen%2Fwp-content%2Fuploads%2F2016%2F10 HTTP/1.1" 200 2854 "-" "Mozilla/5.0 AppleWebKit/537.36 (KHTML, like Gecko; compatible; ClaudeBot/1.0; +claudebot@anthropic.com)"
74.7.227.116 - - [08/Nov/2025:07:43:39 +0000] "GET /?fileloc=/var/www/vhosts/amphoragames.com/httpdocs/en/wp-content/plugins/backwpup/vendor/microsoft/microsoft-graph/src/Beta/Microsoft/Graph/Model/AverageComparativeScore.php&path=/var/www/vhosts/amphoragames.com/httpdocs/en/wp-content/plugins/backwpup/vendor/microsoft/microsoft-graph/src/Beta/Microsoft/Graph/Model HTTP/1.1" 200 3436 "-" "Mozilla/5.0 AppleWebKit/537.36 (KHTML, like Gecko; compatible; GPTBot/1.2; +https://openai.com/gptbot)"
216.73.216.32 - - [08/Nov/2025:07:43:39 +0000] "GET /scenario-1-rulebook-es?fileloc=%2Fvar%2Fwww%2Fvhosts%2Famphoragames.com%2Fhttpdocs%2Fen%2Fwp-content%2Fuploads%2F2016%2F10%2F20161007_204808-150x150.jpg&path=%2Fvar%2Fwww%2Fvhosts%2Famphoragames.com%2Fhttpdocs%2Fen%2Fwp-content%2Fuploads%2F2016%2F10 HTTP/1.1" 200 2854 "-" "Mozilla/5.0 AppleWebKit/537.36 (KHTML, like Gecko; compatible; ClaudeBot/1.0; +claudebot@anthropic.com)"
216.73.216.32 - - [08/Nov/2025:07:43:42 +0000] "GET /scenario-1-rulebook-es?fileloc=%2Fvar%2Fwww%2Fvhosts%2Famphoragames.com%2Fhttpdocs%2Fen%2Fwp-content%2Fuploads%2F2016%2F10%2F20161007_204808-292x311.jpg&path=%2Fvar%2Fwww%2Fvhosts%2Famphoragames.com%2Fhttpdocs%2Fen%2Fwp-content%2Fuploads%2F2016%2F10 HTTP/1.1" 200 2855 "-" "Mozilla/5.0 AppleWebKit/537.36 (KHTML, like Gecko; compatible; ClaudeBot/1.0; +claudebot@anthropic.com)"
74.7.227.116 - - [08/Nov/2025:07:43:42 +0000] "GET /?fileloc=/var/www/vhosts/amphoragames.com/httpdocs/en/wp-content/plugins/backwpup/vendor/microsoft/microsoft-graph/src/Beta/Microsoft/Graph/Model/AccessReviewScope.php&path=/var/www/vhosts/amphoragames.com/httpdocs/en/wp-content/plugins/backwpup/vendor/microsoft/microsoft-graph/src/Beta/Microsoft/Graph/Model HTTP/1.1" 200 3186 "-" "Mozilla/5.0 AppleWebKit/537.36 (KHTML, like Gecko; compatible; GPTBot/1.2; +https://openai.com/gptbot)"
216.73.216.32 - - [08/Nov/2025:07:43:45 +0000] "GET /scenario-1-rulebook-es?fileloc=%2Fvar%2Fwww%2Fvhosts%2Famphoragames.com%2Fhttpdocs%2Fen%2Fwp-content%2Fuploads%2F2016%2F10%2F20161007_204811-578x434.jpg&path=%2Fvar%2Fwww%2Fvhosts%2Famphoragames.com%2Fhttpdocs%2Fen%2Fwp-content%2Fuploads%2F2016%2F10 HTTP/1.1" 200 2855 "-" "Mozilla/5.0 AppleWebKit/537.36 (KHTML, like Gecko; compatible; ClaudeBot/1.0; +claudebot@anthropic.com)"
74.7.227.116 - - [08/Nov/2025:07:43:45 +0000] "GET /?fileloc=/var/www/vhosts/amphoragames.com/httpdocs/en/wp-content/plugins/backwpup/vendor/microsoft/microsoft-graph/src/Model/DeviceManagementPartner.php&path=/var/www/vhosts/amphoragames.com/httpdocs/en/wp-content/plugins/backwpup/vendor/microsoft/microsoft-graph/src/Model HTTP/1.1" 200 4325 "-" "Mozilla/5.0 AppleWebKit/537.36 (KHTML, like Gecko; compatible; GPTBot/1.2; +https://openai.com/gptbot)"
216.73.216.32 - - [08/Nov/2025:07:43:48 +0000] "GET /?fileloc=%2Fvar%2Fwww%2Fvhosts%2Famphoragames.com%2Fhttpdocs%2Fwp-content%2Fuploads%2F2017%2F05%2FDSC03816-600x630.jpg&path=%2Fvar%2Fwww%2Fvhosts%2Famphoragames.com%2Fhttpdocs%2Fwp-content%2Fuploads%2F2017%2F05 HTTP/1.1" 200 2846 "-" "Mozilla/5.0 AppleWebKit/537.36 (KHTML, like Gecko; compatible; ClaudeBot/1.0; +claudebot@anthropic.com)"
74.7.227.116 - - [08/Nov/2025:07:43:48 +0000] "GET /?fileloc=/var/www/vhosts/amphoragames.com/httpdocs/en/wp-content/plugins/backwpup/vendor/microsoft/microsoft-graph/src/Beta/Microsoft/Graph/Model/ServiceHealthIssue.php&path=/var/www/vhosts/amphoragames.com/httpdocs/en/wp-content/plugins/backwpup/vendor/microsoft/microsoft-graph/src/Beta/Microsoft/Graph/Model HTTP/1.1" 200 4338 "-" "Mozilla/5.0 AppleWebKit/537.36 (KHTML, like Gecko; compatible; GPTBot/1.2; +https://openai.com/gptbot)"
43.167.239.66 - - [08/Nov/2025:07:43:50 +0000] "GET /?path=/var/www/vhosts/amphoragames.com/httpdocs/cgi-bin/cgi-bin HTTP/1.1" 200 6671 "-" "Mozilla/5.0 (iPhone; CPU iPhone OS 13_2_3 like Mac OS X) AppleWebKit/605.1.15 (KHTML, like Gecko) Version/13.0.3 Mobile/15E148 Safari/604.1"
216.73.216.32 - - [08/Nov/2025:07:43:51 +0000] "GET /scenario-1-rulebook-es?fileloc=%2Fvar%2Fwww%2Fvhosts%2Famphoragames.com%2Fhttpdocs%2Fen%2Fwp-content%2Fuploads%2F2016%2F10%2F20161007_221752-478x384.jpg&path=%2Fvar%2Fwww%2Fvhosts%2Famphoragames.com%2Fhttpdocs%2Fen%2Fwp-content%2Fuploads%2F2016%2F10 HTTP/1.1" 200 2855 "-" "Mozilla/5.0 AppleWebKit/537.36 (KHTML, like Gecko; compatible; ClaudeBot/1.0; +claudebot@anthropic.com)"
74.7.227.116 - - [08/Nov/2025:07:43:51 +0000] "GET /?fileloc=/var/www/vhosts/amphoragames.com/httpdocs/en/wp-content/plugins/backwpup/vendor/microsoft/microsoft-graph/src/Beta/Microsoft/Graph/TermStore/Model/RelationType.php&path=/var/www/vhosts/amphoragames.com/httpdocs/en/wp-content/plugins/backwpup/vendor/microsoft/microsoft-graph/src/Beta/Microsoft/Graph/TermStore/Model HTTP/1.1" 200 3264 "-" "Mozilla/5.0 AppleWebKit/537.36 (KHTML, like Gecko; compatible; GPTBot/1.2; +https://openai.com/gptbot)"
216.73.216.32 - - [08/Nov/2025:07:43:54 +0000] "GET /?fileloc=%2Fvar%2Fwww%2Fvhosts%2Famphoragames.com%2Fhttpdocs%2Fwp-content%2Fuploads%2F2017%2F05%2F20170106_132319-150x150.jpg&path=%2Fvar%2Fwww%2Fvhosts%2Famphoragames.com%2Fhttpdocs%2Fwp-content%2Fuploads%2F2017%2F05 HTTP/1.1" 200 2847 "-" "Mozilla/5.0 AppleWebKit/537.36 (KHTML, like Gecko; compatible; ClaudeBot/1.0; +claudebot@anthropic.com)"
74.7.227.116 - - [08/Nov/2025:07:43:54 +0000] "GET /?fileloc=/var/www/vhosts/amphoragames.com/httpdocs/en/wp-content/plugins/backwpup/vendor/microsoft/microsoft-graph/src/Beta/Microsoft/Graph/Model/PermissionsAnalytics.php&path=/var/www/vhosts/amphoragames.com/httpdocs/en/wp-content/plugins/backwpup/vendor/microsoft/microsoft-graph/src/Beta/Microsoft/Graph/Model HTTP/1.1" 200 3450 "-" "Mozilla/5.0 AppleWebKit/537.36 (KHTML, like Gecko; compatible; GPTBot/1.2; +https://openai.com/gptbot)"
216.73.216.32 - - [08/Nov/2025:07:43:57 +0000] "GET /scenario-1-rulebook-es?fileloc=%2Fvar%2Fwww%2Fvhosts%2Famphoragames.com%2Fhttpdocs%2Fen%2Fwp-content%2Fuploads%2F2016%2F10%2F20161007_204814-150x150.jpg&path=%2Fvar%2Fwww%2Fvhosts%2Famphoragames.com%2Fhttpdocs%2Fen%2Fwp-content%2Fuploads%2F2016%2F10 HTTP/1.1" 200 2854 "-" "Mozilla/5.0 AppleWebKit/537.36 (KHTML, like Gecko; compatible; ClaudeBot/1.0; +claudebot@anthropic.com)"
74.7.227.116 - - [08/Nov/2025:07:43:58 +0000] "GET /?fileloc=/var/www/vhosts/amphoragames.com/httpdocs/en/wp-content/plugins/backwpup/vendor/microsoft/microsoft-graph/src/Beta/Microsoft/Graph/Model/BrowserSiteHistory.php&path=/var/www/vhosts/amphoragames.com/httpdocs/en/wp-content/plugins/backwpup/vendor/microsoft/microsoft-graph/src/Beta/Microsoft/Graph/Model HTTP/1.1" 200 4476 "-" "Mozilla/5.0 AppleWebKit/537.36 (KHTML, like Gecko; compatible; GPTBot/1.2; +https://openai.com/gptbot)"
216.73.216.32 - - [08/Nov/2025:07:44:00 +0000] "GET /scenario-1-rulebook-es?fileloc=%2Fvar%2Fwww%2Fvhosts%2Famphoragames.com%2Fhttpdocs%2Fen%2Fwp-content%2Fuploads%2F2016%2F10%2F20161007_204814-292x311.jpg&path=%2Fvar%2Fwww%2Fvhosts%2Famphoragames.com%2Fhttpdocs%2Fen%2Fwp-content%2Fuploads%2F2016%2F10 HTTP/1.1" 200 2855 "-" "Mozilla/5.0 AppleWebKit/537.36 (KHTML, like Gecko; compatible; ClaudeBot/1.0; +claudebot@anthropic.com)"
74.7.227.116 - - [08/Nov/2025:07:44:01 +0000] "GET /?fileloc=/var/www/vhosts/amphoragames.com/httpdocs/en/wp-content/plugins/backwpup/vendor/microsoft/microsoft-graph/src/Beta/Microsoft/Graph/Model/WorkbookRangeFont.php&path=/var/www/vhosts/amphoragames.com/httpdocs/en/wp-content/plugins/backwpup/vendor/microsoft/microsoft-graph/src/Beta/Microsoft/Graph/Model HTTP/1.1" 200 3785 "-" "Mozilla/5.0 AppleWebKit/537.36 (KHTML, like Gecko; compatible; GPTBot/1.2; +https://openai.com/gptbot)"
216.73.216.32 - - [08/Nov/2025:07:44:03 +0000] "GET /?fileloc=%2Fvar%2Fwww%2Fvhosts%2Famphoragames.com%2Fhttpdocs%2Fwp-content%2Fuploads%2F2017%2F05%2FDSC03816-578x434.jpg&path=%2Fvar%2Fwww%2Fvhosts%2Famphoragames.com%2Fhttpdocs%2Fwp-content%2Fuploads%2F2017%2F05 HTTP/1.1" 200 2846 "-" "Mozilla/5.0 AppleWebKit/537.36 (KHTML, like Gecko; compatible; ClaudeBot/1.0; +claudebot@anthropic.com)"
74.7.227.116 - - [08/Nov/2025:07:44:04 +0000] "GET /?fileloc=/var/www/vhosts/amphoragames.com/httpdocs/en/wp-content/plugins/backwpup/vendor/microsoft/microsoft-graph/src/Beta/Microsoft/Graph/Model/BufferEncryptionResult.php&path=/var/www/vhosts/amphoragames.com/httpdocs/en/wp-content/plugins/backwpup/vendor/microsoft/microsoft-graph/src/Beta/Microsoft/Graph/Model HTTP/1.1" 200 3545 "-" "Mozilla/5.0 AppleWebKit/537.36 (KHTML, like Gecko; compatible; GPTBot/1.2; +https://openai.com/gptbot)"
216.73.216.32 - - [08/Nov/2025:07:44:06 +0000] "GET /?fileloc=%2Fvar%2Fwww%2Fvhosts%2Famphoragames.com%2Fhttpdocs%2Fwp-content%2Fuploads%2F2017%2F05%2FDSC03823-600x630.jpg&path=%2Fvar%2Fwww%2Fvhosts%2Famphoragames.com%2Fhttpdocs%2Fwp-content%2Fuploads%2F2017%2F05 HTTP/1.1" 200 2846 "-" "Mozilla/5.0 AppleWebKit/537.36 (KHTML, like Gecko; compatible; ClaudeBot/1.0; +claudebot@anthropic.com)"
74.7.227.116 - - [08/Nov/2025:07:44:07 +0000] "GET /?fileloc=/var/www/vhosts/amphoragames.com/httpdocs/en/wp-content/plugins/backwpup/vendor/microsoft/microsoft-graph/src/Beta/Microsoft/Graph/Model/PersonOrGroupColumn.php&path=/var/www/vhosts/amphoragames.com/httpdocs/en/wp-content/plugins/backwpup/vendor/microsoft/microsoft-graph/src/Beta/Microsoft/Graph/Model HTTP/1.1" 200 3634 "-" "Mozilla/5.0 AppleWebKit/537.36 (KHTML, like Gecko; compatible; GPTBot/1.2; +https://openai.com/gptbot)"
216.73.216.32 - - [08/Nov/2025:07:44:09 +0000] "GET /?fileloc=%2Fvar%2Fwww%2Fvhosts%2Famphoragames.com%2Fhttpdocs%2Fwp-content%2Fuploads%2F2016%2F10%2F20161008_003310-1024x768.jpg&path=%2Fvar%2Fwww%2Fvhosts%2Famphoragames.com%2Fhttpdocs%2Fwp-content%2Fuploads%2F2016%2F10 HTTP/1.1" 200 2848 "-" "Mozilla/5.0 AppleWebKit/537.36 (KHTML, like Gecko; compatible; ClaudeBot/1.0; +claudebot@anthropic.com)"
74.7.227.116 - - [08/Nov/2025:07:44:10 +0000] "GET /?fileloc=/var/www/vhosts/amphoragames.com/httpdocs/en/wp-content/plugins/backwpup/vendor/swiftmailer/swiftmailer/lib/classes/Swift/Mime/ContentEncoder.php&path=/var/www/vhosts/amphoragames.com/httpdocs/en/wp-content/plugins/backwpup/vendor/swiftmailer/swiftmailer/lib/classes/Swift/Mime HTTP/1.1" 200 3329 "-" "Mozilla/5.0 AppleWebKit/537.36 (KHTML, like Gecko; compatible; GPTBot/1.2; +https://openai.com/gptbot)"
216.73.216.32 - - [08/Nov/2025:07:44:12 +0000] "GET /?fileloc=%2Fvar%2Fwww%2Fvhosts%2Famphoragames.com%2Fhttpdocs%2Fwp-content%2Fuploads%2F2017%2F05%2FDSC03812-292x311.jpg&path=%2Fvar%2Fwww%2Fvhosts%2Famphoragames.com%2Fhttpdocs%2Fwp-content%2Fuploads%2F2017%2F05 HTTP/1.1" 200 2846 "-" "Mozilla/5.0 AppleWebKit/537.36 (KHTML, like Gecko; compatible; ClaudeBot/1.0; +claudebot@anthropic.com)"
66.249.79.37 - - [08/Nov/2025:07:44:13 +0000] "GET /pcmypage?callback=/product%2Fdetail%2FA3504040953 HTTP/1.1" 200 7813 "-" "Mozilla/5.0 (Linux; Android 6.0.1; Nexus 5X Build/MMB29P) AppleWebKit/537.36 (KHTML, like Gecko) Chrome/141.0.7390.122 Mobile Safari/537.36 (compatible; Googlebot/2.1; +http://www.google.com/bot.html)"
74.7.227.116 - - [08/Nov/2025:07:44:13 +0000] "GET /?fileloc=/var/www/vhosts/amphoragames.com/httpdocs/en/wp-content/plugins/backwpup/vendor/microsoft/microsoft-graph/src/Beta/Microsoft/Graph/Model/ComplianceStatus.php&path=/var/www/vhosts/amphoragames.com/httpdocs/en/wp-content/plugins/backwpup/vendor/microsoft/microsoft-graph/src/Beta/Microsoft/Graph/Model HTTP/1.1" 200 3358 "-" "Mozilla/5.0 AppleWebKit/537.36 (KHTML, like Gecko; compatible; GPTBot/1.2; +https://openai.com/gptbot)"
216.73.216.32 - - [08/Nov/2025:07:44:15 +0000] "GET /scenario-1-rulebook-es?fileloc=%2Fvar%2Fwww%2Fvhosts%2Famphoragames.com%2Fhttpdocs%2Fen%2Fwp-content%2Fuploads%2F2016%2F10%2F20161016_014758-292x311.jpg&path=%2Fvar%2Fwww%2Fvhosts%2Famphoragames.com%2Fhttpdocs%2Fen%2Fwp-content%2Fuploads%2F2016%2F10 HTTP/1.1" 200 2854 "-" "Mozilla/5.0 AppleWebKit/537.36 (KHTML, like Gecko; compatible; ClaudeBot/1.0; +claudebot@anthropic.com)"
74.7.227.116 - - [08/Nov/2025:07:44:16 +0000] "GET /?fileloc=/var/www/vhosts/amphoragames.com/httpdocs/en/wp-content/plugins/backwpup/vendor/swiftmailer/swiftmailer/lib/classes/Swift/Mime/SimpleMimeEntity.php&path=/var/www/vhosts/amphoragames.com/httpdocs/en/wp-content/plugins/backwpup/vendor/swiftmailer/swiftmailer/lib/classes/Swift/Mime HTTP/1.1" 200 7874 "-" "Mozilla/5.0 AppleWebKit/537.36 (KHTML, like Gecko; compatible; GPTBot/1.2; +https://openai.com/gptbot)"
216.73.216.32 - - [08/Nov/2025:07:44:18 +0000] "GET /?fileloc=%2Fvar%2Fwww%2Fvhosts%2Famphoragames.com%2Fhttpdocs%2Fwp-content%2Fuploads%2F2016%2F10%2F20161016_014739-500x375.jpg&path=%2Fvar%2Fwww%2Fvhosts%2Famphoragames.com%2Fhttpdocs%2Fwp-content%2Fuploads%2F2016%2F10 HTTP/1.1" 200 2847 "-" "Mozilla/5.0 AppleWebKit/537.36 (KHTML, like Gecko; compatible; ClaudeBot/1.0; +claudebot@anthropic.com)"
157.55.39.62 - - [08/Nov/2025:07:44:19 +0000] "GET /entity/1352587226.shtm HTTP/1.1" 200 7863 "-" "Mozilla/5.0 AppleWebKit/537.36 (KHTML, like Gecko; compatible; bingbot/2.0; +http://www.bing.com/bingbot.htm) Chrome/116.0.1938.76 Safari/537.36"
74.7.227.116 - - [08/Nov/2025:07:44:20 +0000] "GET /?fileloc=/var/www/vhosts/amphoragames.com/httpdocs/en/wp-content/plugins/backwpup/vendor/microsoft/microsoft-graph/src/Beta/Microsoft/Graph/Model/RatingFranceMoviesType.php&path=/var/www/vhosts/amphoragames.com/httpdocs/en/wp-content/plugins/backwpup/vendor/microsoft/microsoft-graph/src/Beta/Microsoft/Graph/Model HTTP/1.1" 200 3311 "-" "Mozilla/5.0 AppleWebKit/537.36 (KHTML, like Gecko; compatible; GPTBot/1.2; +https://openai.com/gptbot)"
216.73.216.32 - - [08/Nov/2025:07:44:21 +0000] "GET /scenario-1-rulebook-es?fileloc=%2Fvar%2Fwww%2Fvhosts%2Famphoragames.com%2Fhttpdocs%2Fen%2Fwp-content%2Fuploads%2F2016%2F10%2F20161007_202319-300x225.jpg&path=%2Fvar%2Fwww%2Fvhosts%2Famphoragames.com%2Fhttpdocs%2Fen%2Fwp-content%2Fuploads%2F2016%2F10 HTTP/1.1" 200 2855 "-" "Mozilla/5.0 AppleWebKit/537.36 (KHTML, like Gecko; compatible; ClaudeBot/1.0; +claudebot@anthropic.com)"
74.7.227.116 - - [08/Nov/2025:07:44:23 +0000] "GET /?fileloc=/var/www/vhosts/amphoragames.com/httpdocs/en/wp-content/plugins/backwpup/vendor/microsoft/microsoft-graph/src/Beta/Microsoft/Graph/Model/AuthenticationDetail.php&path=/var/www/vhosts/amphoragames.com/httpdocs/en/wp-content/plugins/backwpup/vendor/microsoft/microsoft-graph/src/Beta/Microsoft/Graph/Model HTTP/1.1" 200 4162 "-" "Mozilla/5.0 AppleWebKit/537.36 (KHTML, like Gecko; compatible; GPTBot/1.2; +https://openai.com/gptbot)"
216.73.216.32 - - [08/Nov/2025:07:44:24 +0000] "GET /scenario-1-rulebook-es?fileloc=%2Fvar%2Fwww%2Fvhosts%2Famphoragames.com%2Fhttpdocs%2Fen%2Fwp-content%2Fuploads%2F2016%2F10%2F20161016_014758-150x150.jpg&path=%2Fvar%2Fwww%2Fvhosts%2Famphoragames.com%2Fhttpdocs%2Fen%2Fwp-content%2Fuploads%2F2016%2F10 HTTP/1.1" 200 2853 "-" "Mozilla/5.0 AppleWebKit/537.36 (KHTML, like Gecko; compatible; ClaudeBot/1.0; +claudebot@anthropic.com)"
74.7.227.116 - - [08/Nov/2025:07:44:26 +0000] "GET /?fileloc=/var/www/vhosts/amphoragames.com/httpdocs/en/wp-content/plugins/backwpup/vendor/microsoft/microsoft-graph/src/Model/AttributeFlowBehavior.php&path=/var/www/vhosts/amphoragames.com/httpdocs/en/wp-content/plugins/backwpup/vendor/microsoft/microsoft-graph/src/Model HTTP/1.1" 200 3246 "-" "Mozilla/5.0 AppleWebKit/537.36 (KHTML, like Gecko; compatible; GPTBot/1.2; +https://openai.com/gptbot)"
216.73.216.32 - - [08/Nov/2025:07:44:27 +0000] "GET /?fileloc=%2Fvar%2Fwww%2Fvhosts%2Famphoragames.com%2Fhttpdocs%2Fwp-content%2Fuploads%2F2017%2F05%2FDSC03823-578x434.jpg&path=%2Fvar%2Fwww%2Fvhosts%2Famphoragames.com%2Fhttpdocs%2Fwp-content%2Fuploads%2F2017%2F05 HTTP/1.1" 200 2846 "-" "Mozilla/5.0 AppleWebKit/537.36 (KHTML, like Gecko; compatible; ClaudeBot/1.0; +claudebot@anthropic.com)"
74.7.227.116 - - [08/Nov/2025:07:44:29 +0000] "GET /?fileloc=/var/www/vhosts/amphoragames.com/httpdocs/en/wp-content/plugins/backwpup/vendor/microsoft/microsoft-graph/src/Beta/Microsoft/Graph/Model/IosUpdatesInstallStatus.php&path=/var/www/vhosts/amphoragames.com/httpdocs/en/wp-content/plugins/backwpup/vendor/microsoft/microsoft-graph/src/Beta/Microsoft/Graph/Model HTTP/1.1" 200 3716 "-" "Mozilla/5.0 AppleWebKit/537.36 (KHTML, like Gecko; compatible; GPTBot/1.2; +https://openai.com/gptbot)"
216.73.216.32 - - [08/Nov/2025:07:44:30 +0000] "GET /img_20171013_011536_651?fileloc=%2Fvar%2Fwww%2Fvhosts%2Famphoragames.com%2Fhttpdocs%2Fen%2Fwp-content%2Flanguages%2Fthemes%2Ftwentyfourteen-es_ES.po&path=%2Fvar%2Fwww%2Fvhosts%2Famphoragames.com%2Fhttpdocs%2Fen%2Fwp-content%2Flanguages%2Fthemes HTTP/1.1" 200 7640 "-" "Mozilla/5.0 AppleWebKit/537.36 (KHTML, like Gecko; compatible; ClaudeBot/1.0; +claudebot@anthropic.com)"
74.7.227.116 - - [08/Nov/2025:07:44:32 +0000] "GET /?fileloc=/var/www/vhosts/amphoragames.com/httpdocs/en/wp-content/plugins/backwpup/vendor/microsoft/microsoft-graph/src/Beta/Microsoft/Graph/Model/SynchronizationSchema.php&path=/var/www/vhosts/amphoragames.com/httpdocs/en/wp-content/plugins/backwpup/vendor/microsoft/microsoft-graph/src/Beta/Microsoft/Graph/Model HTTP/1.1" 200 3629 "-" "Mozilla/5.0 AppleWebKit/537.36 (KHTML, like Gecko; compatible; GPTBot/1.2; +https://openai.com/gptbot)"
216.73.216.32 - - [08/Nov/2025:07:44:33 +0000] "GET /?fileloc=%2Fvar%2Fwww%2Fvhosts%2Famphoragames.com%2Fhttpdocs%2Fwp-content%2Fuploads%2F2016%2F10%2F20161007_202316-478x384.jpg&path=%2Fvar%2Fwww%2Fvhosts%2Famphoragames.com%2Fhttpdocs%2Fwp-content%2Fuploads%2F2016%2F10 HTTP/1.1" 200 2848 "-" "Mozilla/5.0 AppleWebKit/537.36 (KHTML, like Gecko; compatible; ClaudeBot/1.0; +claudebot@anthropic.com)"
74.7.227.116 - - [08/Nov/2025:07:44:35 +0000] "GET /?fileloc=/var/www/vhosts/amphoragames.com/httpdocs/en/wp-content/plugins/backwpup/vendor/microsoft/microsoft-graph/src/Beta/Microsoft/Graph/Model/FederatedIdpMfaBehavior.php&path=/var/www/vhosts/amphoragames.com/httpdocs/en/wp-content/plugins/backwpup/vendor/microsoft/microsoft-graph/src/Beta/Microsoft/Graph/Model HTTP/1.1" 200 3363 "-" "Mozilla/5.0 AppleWebKit/537.36 (KHTML, like Gecko; compatible; GPTBot/1.2; +https://openai.com/gptbot)"
216.73.216.32 - - [08/Nov/2025:07:44:36 +0000] "GET /scenario-1-rulebook-es?fileloc=%2Fvar%2Fwww%2Fvhosts%2Famphoragames.com%2Fhttpdocs%2Fen%2Fwp-content%2Fuploads%2F2016%2F10%2F20161007_202351-600x480.jpg&path=%2Fvar%2Fwww%2Fvhosts%2Famphoragames.com%2Fhttpdocs%2Fen%2Fwp-content%2Fuploads%2F2016%2F10 HTTP/1.1" 200 2854 "-" "Mozilla/5.0 AppleWebKit/537.36 (KHTML, like Gecko; compatible; ClaudeBot/1.0; +claudebot@anthropic.com)"
74.7.227.116 - - [08/Nov/2025:07:44:38 +0000] "GET /?fileloc=/var/www/vhosts/amphoragames.com/httpdocs/en/wp-content/plugins/backwpup/vendor/microsoft/microsoft-graph/src/Model/PrintOperationStatus.php&path=/var/www/vhosts/amphoragames.com/httpdocs/en/wp-content/plugins/backwpup/vendor/microsoft/microsoft-graph/src/Model HTTP/1.1" 200 3565 "-" "Mozilla/5.0 AppleWebKit/537.36 (KHTML, like Gecko; compatible; GPTBot/1.2; +https://openai.com/gptbot)"
216.73.216.32 - - [08/Nov/2025:07:44:39 +0000] "GET /scenario-1-rulebook-es?fileloc=%2Fvar%2Fwww%2Fvhosts%2Famphoragames.com%2Fhttpdocs%2Fen%2Fwp-content%2Fuploads%2F2016%2F10%2F20161008_142425-600x450.jpg&path=%2Fvar%2Fwww%2Fvhosts%2Famphoragames.com%2Fhttpdocs%2Fen%2Fwp-content%2Fuploads%2F2016%2F10 HTTP/1.1" 200 2855 "-" "Mozilla/5.0 AppleWebKit/537.36 (KHTML, like Gecko; compatible; ClaudeBot/1.0; +claudebot@anthropic.com)"
74.7.227.116 - - [08/Nov/2025:07:44:41 +0000] "GET /?fileloc=/var/www/vhosts/amphoragames.com/httpdocs/en/wp-content/plugins/backwpup/vendor/microsoft/microsoft-graph/src/Beta/Microsoft/Graph/Model/SynchronizationSecret.php&path=/var/www/vhosts/amphoragames.com/httpdocs/en/wp-content/plugins/backwpup/vendor/microsoft/microsoft-graph/src/Beta/Microsoft/Graph/Model HTTP/1.1" 200 4143 "-" "Mozilla/5.0 AppleWebKit/537.36 (KHTML, like Gecko; compatible; GPTBot/1.2; +https://openai.com/gptbot)"
216.73.216.32 - - [08/Nov/2025:07:44:42 +0000] "GET /?fileloc=%2Fvar%2Fwww%2Fvhosts%2Famphoragames.com%2Fhttpdocs%2Fwp-content%2Fuploads%2F2016%2F10%2F20161008_003347-768x576.jpg&path=%2Fvar%2Fwww%2Fvhosts%2Famphoragames.com%2Fhttpdocs%2Fwp-content%2Fuploads%2F2016%2F10 HTTP/1.1" 200 2848 "-" "Mozilla/5.0 AppleWebKit/537.36 (KHTML, like Gecko; compatible; ClaudeBot/1.0; +claudebot@anthropic.com)"
74.7.227.116 - - [08/Nov/2025:07:44:45 +0000] "GET /?fileloc=/var/www/vhosts/amphoragames.com/httpdocs/en/wp-content/plugins/backwpup/vendor/microsoft/microsoft-graph/src/Beta/Microsoft/Graph/Model/WindowsStartMenuModeType.php&path=/var/www/vhosts/amphoragames.com/httpdocs/en/wp-content/plugins/backwpup/vendor/microsoft/microsoft-graph/src/Beta/Microsoft/Graph/Model HTTP/1.1" 200 3293 "-" "Mozilla/5.0 AppleWebKit/537.36 (KHTML, like Gecko; compatible; GPTBot/1.2; +https://openai.com/gptbot)"
216.73.216.32 - - [08/Nov/2025:07:44:45 +0000] "GET /scenario-1-rulebook-es?fileloc=%2Fvar%2Fwww%2Fvhosts%2Famphoragames.com%2Fhttpdocs%2Fen%2Fwp-content%2Fuploads%2F2016%2F10%2F20161009_125816-578x434.jpg&path=%2Fvar%2Fwww%2Fvhosts%2Famphoragames.com%2Fhttpdocs%2Fen%2Fwp-content%2Fuploads%2F2016%2F10 HTTP/1.1" 200 2855 "-" "Mozilla/5.0 AppleWebKit/537.36 (KHTML, like Gecko; compatible; ClaudeBot/1.0; +claudebot@anthropic.com)"
216.73.216.32 - - [08/Nov/2025:07:44:48 +0000] "GET /?fileloc=%2Fvar%2Fwww%2Fvhosts%2Famphoragames.com%2Fhttpdocs%2Fwp-content%2Fuploads%2F2017%2F05%2F20170106_133446-1024x768.jpg&path=%2Fvar%2Fwww%2Fvhosts%2Famphoragames.com%2Fhttpdocs%2Fwp-content%2Fuploads%2F2017%2F05 HTTP/1.1" 200 2849 "-" "Mozilla/5.0 AppleWebKit/537.36 (KHTML, like Gecko; compatible; ClaudeBot/1.0; +claudebot@anthropic.com)"
74.7.227.116 - - [08/Nov/2025:07:44:48 +0000] "GET /?fileloc=/var/www/vhosts/amphoragames.com/httpdocs/en/wp-content/plugins/backwpup/vendor/microsoft/microsoft-graph/src/Beta/Microsoft/Graph/Model/AutomaticRepliesMailTips.php&path=/var/www/vhosts/amphoragames.com/httpdocs/en/wp-content/plugins/backwpup/vendor/microsoft/microsoft-graph/src/Beta/Microsoft/Graph/Model HTTP/1.1" 200 3777 "-" "Mozilla/5.0 AppleWebKit/537.36 (KHTML, like Gecko; compatible; GPTBot/1.2; +https://openai.com/gptbot)"
157.55.39.62 - - [08/Nov/2025:07:44:50 +0000] "GET /entity/1345795944.shtm HTTP/1.1" 200 7863 "-" "Mozilla/5.0 AppleWebKit/537.36 (KHTML, like Gecko; compatible; bingbot/2.0; +http://www.bing.com/bingbot.htm) Chrome/116.0.1938.76 Safari/537.36"
216.73.216.32 - - [08/Nov/2025:07:44:51 +0000] "GET /scenario-1-rulebook-es?fileloc=%2Fvar%2Fwww%2Fvhosts%2Famphoragames.com%2Fhttpdocs%2Fen%2Fwp-content%2Fuploads%2F2016%2F10%2F20161008_142408-500x375.jpg&path=%2Fvar%2Fwww%2Fvhosts%2Famphoragames.com%2Fhttpdocs%2Fen%2Fwp-content%2Fuploads%2F2016%2F10 HTTP/1.1" 200 2855 "-" "Mozilla/5.0 AppleWebKit/537.36 (KHTML, like Gecko; compatible; ClaudeBot/1.0; +claudebot@anthropic.com)"
74.7.227.116 - - [08/Nov/2025:07:44:51 +0000] "GET /?fileloc=/var/www/vhosts/amphoragames.com/httpdocs/en/wp-content/plugins/backwpup/vendor/microsoft/microsoft-graph/src/Beta/Microsoft/Graph/Model/AdminWindowsUpdates.php&path=/var/www/vhosts/amphoragames.com/httpdocs/en/wp-content/plugins/backwpup/vendor/microsoft/microsoft-graph/src/Beta/Microsoft/Graph/Model HTTP/1.1" 200 3927 "-" "Mozilla/5.0 AppleWebKit/537.36 (KHTML, like Gecko; compatible; GPTBot/1.2; +https://openai.com/gptbot)"
216.73.216.32 - - [08/Nov/2025:07:44:54 +0000] "GET /?fileloc=%2Fvar%2Fwww%2Fvhosts%2Famphoragames.com%2Fhttpdocs%2Fwp-content%2Fuploads%2F2017%2F06%2FCore-1-990x500.jpg&path=%2Fvar%2Fwww%2Fvhosts%2Famphoragames.com%2Fhttpdocs%2Fwp-content%2Fuploads%2F2017%2F06 HTTP/1.1" 200 2843 "-" "Mozilla/5.0 AppleWebKit/537.36 (KHTML, like Gecko; compatible; ClaudeBot/1.0; +claudebot@anthropic.com)"
74.7.227.116 - - [08/Nov/2025:07:44:54 +0000] "GET /?fileloc=/var/www/vhosts/amphoragames.com/httpdocs/en/wp-content/plugins/backwpup/vendor/microsoft/microsoft-graph/src/Beta/Microsoft/Graph/Model/WorkbookSessionInfo.php&path=/var/www/vhosts/amphoragames.com/httpdocs/en/wp-content/plugins/backwpup/vendor/microsoft/microsoft-graph/src/Beta/Microsoft/Graph/Model HTTP/1.1" 200 3485 "-" "Mozilla/5.0 AppleWebKit/537.36 (KHTML, like Gecko; compatible; GPTBot/1.2; +https://openai.com/gptbot)"
216.73.216.32 - - [08/Nov/2025:07:44:57 +0000] "GET /scenario-1-rulebook-es?fileloc=%2Fvar%2Fwww%2Fvhosts%2Famphoragames.com%2Fhttpdocs%2Fen%2Fwp-content%2Fuploads%2F2016%2F10%2F20161007_202319-600x450.jpg&path=%2Fvar%2Fwww%2Fvhosts%2Famphoragames.com%2Fhttpdocs%2Fen%2Fwp-content%2Fuploads%2F2016%2F10 HTTP/1.1" 200 2855 "-" "Mozilla/5.0 AppleWebKit/537.36 (KHTML, like Gecko; compatible; ClaudeBot/1.0; +claudebot@anthropic.com)"
74.7.227.116 - - [08/Nov/2025:07:44:57 +0000] "GET /?fileloc=/var/www/vhosts/amphoragames.com/httpdocs/en/wp-content/plugins/backwpup/vendor/microsoft/microsoft-graph/src/Beta/Microsoft/Graph/Model/ItemActivityStat.php&path=/var/www/vhosts/amphoragames.com/httpdocs/en/wp-content/plugins/backwpup/vendor/microsoft/microsoft-graph/src/Beta/Microsoft/Graph/Model HTTP/1.1" 200 4278 "-" "Mozilla/5.0 AppleWebKit/537.36 (KHTML, like Gecko; compatible; GPTBot/1.2; +https://openai.com/gptbot)"
216.73.216.32 - - [08/Nov/2025:07:45:00 +0000] "GET /?fileloc=%2Fvar%2Fwww%2Fvhosts%2Famphoragames.com%2Fhttpdocs%2Fwp-content%2Fuploads%2F2017%2F05%2FDSC03847-500x972.jpg&path=%2Fvar%2Fwww%2Fvhosts%2Famphoragames.com%2Fhttpdocs%2Fwp-content%2Fuploads%2F2017%2F05 HTTP/1.1" 200 2846 "-" "Mozilla/5.0 AppleWebKit/537.36 (KHTML, like Gecko; compatible; ClaudeBot/1.0; +claudebot@anthropic.com)"
74.7.227.116 - - [08/Nov/2025:07:45:00 +0000] "GET /?fileloc=/var/www/vhosts/amphoragames.com/httpdocs/en/wp-content/plugins/backwpup/vendor/microsoft/microsoft-graph/src/Beta/Microsoft/Graph/Model/ProvisioningStatusInfo.php&path=/var/www/vhosts/amphoragames.com/httpdocs/en/wp-content/plugins/backwpup/vendor/microsoft/microsoft-graph/src/Beta/Microsoft/Graph/Model HTTP/1.1" 200 3646 "-" "Mozilla/5.0 AppleWebKit/537.36 (KHTML, like Gecko; compatible; GPTBot/1.2; +https://openai.com/gptbot)"
216.73.216.32 - - [08/Nov/2025:07:45:03 +0000] "GET /?fileloc=%2Fvar%2Fwww%2Fvhosts%2Famphoragames.com%2Fhttpdocs%2Fwp-content%2Fuploads%2F2019%2F10%2FBot%C3%B3n-reservar.jpg&path=%2Fvar%2Fwww%2Fvhosts%2Famphoragames.com%2Fhttpdocs%2Fwp-content%2Fuploads%2F2019%2F10 HTTP/1.1" 200 2846 "-" "Mozilla/5.0 AppleWebKit/537.36 (KHTML, like Gecko; compatible; ClaudeBot/1.0; +claudebot@anthropic.com)"
74.7.227.116 - - [08/Nov/2025:07:45:03 +0000] "GET /?fileloc=/var/www/vhosts/amphoragames.com/httpdocs/en/wp-content/plugins/backwpup/vendor/microsoft/microsoft-graph/src/Model/SharePointOneDriveOptions.php&path=/var/www/vhosts/amphoragames.com/httpdocs/en/wp-content/plugins/backwpup/vendor/microsoft/microsoft-graph/src/Model HTTP/1.1" 200 3480 "-" "Mozilla/5.0 AppleWebKit/537.36 (KHTML, like Gecko; compatible; GPTBot/1.2; +https://openai.com/gptbot)"
216.73.216.32 - - [08/Nov/2025:07:45:06 +0000] "GET /img_20171013_011536_651?fileloc=%2Fvar%2Fwww%2Fvhosts%2Famphoragames.com%2Fhttpdocs%2Fwp-includes%2Fblocks%2Fcolumn%2Fblock.json&path=%2Fvar%2Fwww%2Fvhosts%2Famphoragames.com%2Fhttpdocs%2Fwp-includes%2Fblocks%2Fcolumn HTTP/1.1" 200 3386 "-" "Mozilla/5.0 AppleWebKit/537.36 (KHTML, like Gecko; compatible; ClaudeBot/1.0; +claudebot@anthropic.com)"
74.7.227.116 - - [08/Nov/2025:07:45:07 +0000] "GET /?fileloc=/var/www/vhosts/amphoragames.com/httpdocs/en/wp-content/plugins/backwpup/vendor/microsoft/microsoft-graph/src/Beta/Microsoft/Graph/Model/PrintMultipageLayout.php&path=/var/www/vhosts/amphoragames.com/httpdocs/en/wp-content/plugins/backwpup/vendor/microsoft/microsoft-graph/src/Beta/Microsoft/Graph/Model HTTP/1.1" 200 3379 "-" "Mozilla/5.0 AppleWebKit/537.36 (KHTML, like Gecko; compatible; GPTBot/1.2; +https://openai.com/gptbot)"
216.73.216.32 - - [08/Nov/2025:07:45:09 +0000] "GET /?fileloc=%2Fvar%2Fwww%2Fvhosts%2Famphoragames.com%2Fhttpdocs%2Fwp-content%2Fuploads%2F2017%2F05%2FDSC03812-150x150.jpg&path=%2Fvar%2Fwww%2Fvhosts%2Famphoragames.com%2Fhttpdocs%2Fwp-content%2Fuploads%2F2017%2F05 HTTP/1.1" 200 2844 "-" "Mozilla/5.0 AppleWebKit/537.36 (KHTML, like Gecko; compatible; ClaudeBot/1.0; +claudebot@anthropic.com)"
74.7.227.116 - - [08/Nov/2025:07:45:10 +0000] "GET /?fileloc=/var/www/vhosts/amphoragames.com/httpdocs/en/wp-content/plugins/backwpup/vendor/microsoft/microsoft-graph/src/Model/ProvisioningStatusInfo.php&path=/var/www/vhosts/amphoragames.com/httpdocs/en/wp-content/plugins/backwpup/vendor/microsoft/microsoft-graph/src/Model HTTP/1.1" 200 3590 "-" "Mozilla/5.0 AppleWebKit/537.36 (KHTML, like Gecko; compatible; GPTBot/1.2; +https://openai.com/gptbot)"
216.73.216.32 - - [08/Nov/2025:07:45:12 +0000] "GET /scenario-1-rulebook-es?fileloc=%2Fvar%2Fwww%2Fvhosts%2Famphoragames.com%2Fhttpdocs%2Fen%2Fwp-content%2Fuploads%2F2016%2F10%2F20161007_221748-292x311.jpg&path=%2Fvar%2Fwww%2Fvhosts%2Famphoragames.com%2Fhttpdocs%2Fen%2Fwp-content%2Fuploads%2F2016%2F10 HTTP/1.1" 200 2855 "-" "Mozilla/5.0 AppleWebKit/537.36 (KHTML, like Gecko; compatible; ClaudeBot/1.0; +claudebot@anthropic.com)"
